{"id":128377,"date":"2022-06-14T00:38:15","date_gmt":"2022-06-13T22:38:15","guid":{"rendered":"https:\/\/marktxxl.de\/markt\/produkt\/led-stirnlampe-usb-wiederaufladbar-auinsky-led-kopflampe-mit-6-lichtmodi-2000-mah-akku-wasserdicht-leichtgewichts-superhell-stirnlampen-headlamp-fuer-joggen-camping-wandern-angeln-laufen\/"},"modified":"2023-04-11T04:02:08","modified_gmt":"2023-04-11T02:02:08","slug":"led-stirnlampe-usb-wiederaufladbar-auinsky-led-kopflampe-mit-6-lichtmodi-2000-mah-akku-wasserdicht-leichtgewichts-superhell-stirnlampen-headlamp-fuer-joggen-camping-wandern-angeln-laufen","status":"publish","type":"product","link":"https:\/\/marktxxl.de\/markt\/produkt\/led-stirnlampe-usb-wiederaufladbar-auinsky-led-kopflampe-mit-6-lichtmodi-2000-mah-akku-wasserdicht-leichtgewichts-superhell-stirnlampen-headlamp-fuer-joggen-camping-wandern-angeln-laufen\/","title":{"rendered":"AUINSKY LED Stirnlampe USB Wiederaufladbar, LED Kopflampe mit 6 Lichtmodi, 2000 mAh Akku, Wasserdicht Leichtgewichts\u2026"},"content":{"rendered":"<p>\u2600\u3010 USB Wiederaufladbar &amp; Lange Laufzeit \u3011Eingebauter Akku in 2000mAh Lithium-Ionen Akku h\u00e4lt lange Zeit, AUINSKY stirnlampe led \u00fcber das mitgelieferte USB Ladekabel, welches sich mit jeder stromf\u00fchrenden USB Steckdose verbinden l\u00e4sst.4-5 Betriebsstunden im Modus mit hoher Helligkeit und 40-50 Betriebsstunden im Rotlichtmodus.<br \/>\n\u2600\u3010 6 Beleuchtungsmodi Einstellen \u3011Der led kopflampe stirnlampe hat 6 Leuchtmodi: COB Seitenlicht &#8211; Hell \/ COB Seitenlicht &#8211; mittelhell \/ LED Hauptlicht &#8211; Hell \/ LED Hauptlicht &#8211; mittelhell \/ COB Seitenlicht &#8211; rotlicht \/ COB Seitenlicht &#8211; rotes blinken. Die Stirnlampe eignet sich sehr gut bei Arbeiten wo die Beleuchtung nochmal von vorn zus\u00e4tzlich erforderlich ist.<br \/>\n\u2600\u3010Weit Verbreitet und Bestes Geschenk\u3011 Weit verbreitet beim Camping, Reiten, Laufen, Nachtwandern, Bergsteigen, Angeln, Jagen, Lesen, Autoreparatur, Heimwerkerarbeiten oder Notsituationen wie Feuer, Hurrikan, Sturm, Stromausfall. Mit wasserfester Funktion (IPX5), dh es ist aus allen Winkeln gegen Spritzwasser gesch\u00fctzt, Sie m\u00fcssen sich keine Sorgen machen, wenn es unerwartet regnet oder schneit. Hinweis: Bitte laden Sie es vor dem ersten Gebrauch vollst\u00e4ndig auf.<br \/>\n\u2600\u3010 Komfortabel &amp; Leicht \u3011Die Jogging-Stirnlampe ist sehr klein und leicht, bequem zu tragen. Und unsere LED-Stirnlampe verf\u00fcgt \u00fcber ein verstellbares, dehnbares und elastisches Stirnband, das sich an Ihre Kopfgr\u00f6\u00dfe anpasst. Es kann ohne Beschwerden auf dem Kopf, Helm oder Helm getragen werden. Das verstellbare Stirnband passt allen Erwachsenen und sorgt daf\u00fcr, dass Ihr Kopf den besten bequemen Zustand erh\u00e4lt.<br \/>\n\u2600\u3010Fokussierten Strahler &amp; Weit Gestreutes Leuchtband\u3011 AUINSKY Weit Gestreutes Leuchtband bietet eine 90 \u00b0 Weitwinkelbeleuchtung, anstatt nur einen kleinen Bereich vor Ihnen zu beleuchten, und stellt sicher, dass Sie alles sehen, was gesehen werden muss. Sie k\u00f6nnen auch den Scheinwerfer verwenden, um sich auf einen bestimmten Punkt zu konzentrieren und weiter zu sehen. Ideal f\u00fcr Fern- oder praktische Arbeiten.<br \/>\n<div class=\"main-cross-sell\" data-asin=\"B09TW4H4Q8\">\n\n\t<div class=\"WooZone-cross-sell-loader\">\n\t\t<div>\n\t\t\t<div id=\"floatingBarsG\">\n\t\t\t\t<div class=\"blockG\" id=\"rotateG_01\"><\/div>\n\t\t\t\t<div class=\"blockG\" id=\"rotateG_02\"><\/div>\n\t\t\t\t<div class=\"blockG\" id=\"rotateG_03\"><\/div>\n\t\t\t\t<div class=\"blockG\" id=\"rotateG_04\"><\/div>\n\t\t\t\t<div class=\"blockG\" id=\"rotateG_05\"><\/div>\n\t\t\t\t<div class=\"blockG\" id=\"rotateG_06\"><\/div>\n\t\t\t\t<div class=\"blockG\" id=\"rotateG_07\"><\/div>\n\t\t\t\t<div class=\"blockG\" id=\"rotateG_08\"><\/div>\n\t\t\t<\/div>\n\t\t\t<div class=\"WooZone-cross-sell-loader-text\"><\/div>\n\t\t<\/div>\n\t<\/div>\n\n\t\t\n<\/div>\n<div style=\"clear:both;\"><\/div><\/p>\n","protected":false},"excerpt":{"rendered":"<p>\u2600\u3010 USB Wiederaufladbar &amp; Lange Laufzeit \u3011Eingebauter Akku in 2000mAh Lithium-Ionen Akku h\u00e4lt lange Zeit, AUINSKY stirnlampe led \u00fcber das mitgelieferte USB Ladekabel, welches sich mit jeder stromf\u00fchrenden USB Steckdose verbinden l\u00e4sst.4-5 Betriebsstunden im Modus mit hoher Helligkeit und 40-50 Betriebsstunden im Rotlichtmodus.<br \/>\n\u2600\u3010 6 Beleuchtungsmodi Einstellen \u3011Der led kopflampe stirnlampe hat 6 Leuchtmodi: COB Seitenlicht &#8211; Hell \/ COB Seitenlicht &#8211; mittelhell \/ LED Hauptlicht &#8211; Hell \/ LED Hauptlicht &#8211; mittelhell \/ COB Seitenlicht &#8211; rotlicht \/ COB Seitenlicht &#8211; rotes blinken. Die Stirnlampe eignet sich sehr gut bei Arbeiten wo die Beleuchtung nochmal von vorn zus\u00e4tzlich erforderlich ist.<br \/>\n\u2600\u3010Weit Verbreitet und Bestes Geschenk\u3011 Weit verbreitet beim Camping, Reiten, Laufen, Nachtwandern, Bergsteigen, Angeln, Jagen, Lesen, Autoreparatur, Heimwerkerarbeiten oder Notsituationen wie Feuer, Hurrikan, Sturm, Stromausfall. Mit wasserfester Funktion (IPX5), dh es ist aus allen Winkeln gegen Spritzwasser gesch\u00fctzt, Sie m\u00fcssen sich keine Sorgen machen, wenn es unerwartet regnet oder schneit. Hinweis: Bitte laden Sie es vor dem ersten Gebrauch vollst\u00e4ndig auf.<\/p>\n","protected":false},"featured_media":128378,"comment_status":"open","ping_status":"closed","template":"","meta":[],"product_brand":[],"product_cat":[2108],"product_tag":[],"class_list":{"0":"post-128377","1":"product","2":"type-product","3":"status-publish","4":"has-post-thumbnail","6":"product_cat-beleuchtung","7":"pa_brand-auinsky","8":"pa_manufacturer-auinsky","9":"pa_model-tg-td15801","11":"first","12":"instock","13":"shipping-taxable","14":"purchasable","15":"product-type-simple","16":"customify-col","17":"product-has-gallery"},"yoast_head":"<!-- This site is optimized with the Yoast SEO plugin v27.4 - https:\/\/yoast.com\/product\/yoast-seo-wordpress\/ -->\n<title>AUINSKY LED Stirnlampe USB Wiederaufladbar, LED Kopflampe mit 6 Lichtmodi, 2000 mAh Akku, Wasserdicht Leichtgewichts\u2026 - Markt-XXL<\/title>\n<meta name=\"description\" content=\"Markt-XXL AUINSKY LED Stirnlampe USB Wiederaufladbar, LED Kopflampe mit 6 Lichtmodi, 2000 mAh Akku, Wasserdicht Leichtgewichts\u2026\" \/>\n<meta name=\"robots\" content=\"index, follow, max-snippet:-1, max-image-preview:large, max-video-preview:-1\" \/>\n<link rel=\"canonical\" href=\"https:\/\/marktxxl.de\/markt\/produkt\/led-stirnlampe-usb-wiederaufladbar-auinsky-led-kopflampe-mit-6-lichtmodi-2000-mah-akku-wasserdicht-leichtgewichts-superhell-stirnlampen-headlamp-fuer-joggen-camping-wandern-angeln-laufen\/\" \/>\n<meta property=\"og:locale\" content=\"de_DE\" \/>\n<meta property=\"og:type\" content=\"article\" \/>\n<meta property=\"og:title\" content=\"AUINSKY LED Stirnlampe USB Wiederaufladbar, LED Kopflampe mit 6 Lichtmodi, 2000 mAh Akku, Wasserdicht Leichtgewichts\u2026 - Markt-XXL\" \/>\n<meta property=\"og:description\" content=\"Markt-XXL AUINSKY LED Stirnlampe USB Wiederaufladbar, LED Kopflampe mit 6 Lichtmodi, 2000 mAh Akku, Wasserdicht Leichtgewichts\u2026\" \/>\n<meta property=\"og:url\" content=\"https:\/\/marktxxl.de\/markt\/produkt\/led-stirnlampe-usb-wiederaufladbar-auinsky-led-kopflampe-mit-6-lichtmodi-2000-mah-akku-wasserdicht-leichtgewichts-superhell-stirnlampen-headlamp-fuer-joggen-camping-wandern-angeln-laufen\/\" \/>\n<meta property=\"og:site_name\" content=\"Markt-XXL\" \/>\n<meta property=\"article:modified_time\" content=\"2023-04-11T02:02:08+00:00\" \/>\n<meta property=\"og:image\" content=\"https:\/\/m.media-amazon.com\/images\/I\/41124yHWcgL._SL500_.jpg\" \/>\n\t<meta property=\"og:image:width\" content=\"500\" \/>\n\t<meta property=\"og:image:height\" content=\"500\" \/>\n\t<meta property=\"og:image:type\" content=\"image\/jpeg\" \/>\n<meta name=\"twitter:card\" content=\"summary_large_image\" \/>\n<meta name=\"twitter:label1\" content=\"Gesch\u00e4tzte Lesezeit\" \/>\n\t<meta name=\"twitter:data1\" content=\"1\u00a0Minute\" \/>\n<script type=\"application\/ld+json\" class=\"yoast-schema-graph\">{\"@context\":\"https:\\\/\\\/schema.org\",\"@graph\":[{\"@type\":\"WebPage\",\"@id\":\"https:\\\/\\\/marktxxl.de\\\/markt\\\/produkt\\\/led-stirnlampe-usb-wiederaufladbar-auinsky-led-kopflampe-mit-6-lichtmodi-2000-mah-akku-wasserdicht-leichtgewichts-superhell-stirnlampen-headlamp-fuer-joggen-camping-wandern-angeln-laufen\\\/\",\"url\":\"https:\\\/\\\/marktxxl.de\\\/markt\\\/produkt\\\/led-stirnlampe-usb-wiederaufladbar-auinsky-led-kopflampe-mit-6-lichtmodi-2000-mah-akku-wasserdicht-leichtgewichts-superhell-stirnlampen-headlamp-fuer-joggen-camping-wandern-angeln-laufen\\\/\",\"name\":\"AUINSKY LED Stirnlampe USB Wiederaufladbar, LED Kopflampe mit 6 Lichtmodi, 2000 mAh Akku, Wasserdicht Leichtgewichts\u2026 - Markt-XXL\",\"isPartOf\":{\"@id\":\"https:\\\/\\\/marktxxl.de\\\/markt\\\/#website\"},\"primaryImageOfPage\":{\"@id\":\"https:\\\/\\\/marktxxl.de\\\/markt\\\/produkt\\\/led-stirnlampe-usb-wiederaufladbar-auinsky-led-kopflampe-mit-6-lichtmodi-2000-mah-akku-wasserdicht-leichtgewichts-superhell-stirnlampen-headlamp-fuer-joggen-camping-wandern-angeln-laufen\\\/#primaryimage\"},\"image\":{\"@id\":\"https:\\\/\\\/marktxxl.de\\\/markt\\\/produkt\\\/led-stirnlampe-usb-wiederaufladbar-auinsky-led-kopflampe-mit-6-lichtmodi-2000-mah-akku-wasserdicht-leichtgewichts-superhell-stirnlampen-headlamp-fuer-joggen-camping-wandern-angeln-laufen\\\/#primaryimage\"},\"thumbnailUrl\":\"https:\\\/\\\/m.media-amazon.com\\\/images\\\/I\\\/41124yHWcgL._SL500_.jpg\",\"datePublished\":\"2022-06-13T22:38:15+00:00\",\"dateModified\":\"2023-04-11T02:02:08+00:00\",\"description\":\"Markt-XXL AUINSKY LED Stirnlampe USB Wiederaufladbar, LED Kopflampe mit 6 Lichtmodi, 2000 mAh Akku, Wasserdicht Leichtgewichts\u2026\",\"breadcrumb\":{\"@id\":\"https:\\\/\\\/marktxxl.de\\\/markt\\\/produkt\\\/led-stirnlampe-usb-wiederaufladbar-auinsky-led-kopflampe-mit-6-lichtmodi-2000-mah-akku-wasserdicht-leichtgewichts-superhell-stirnlampen-headlamp-fuer-joggen-camping-wandern-angeln-laufen\\\/#breadcrumb\"},\"inLanguage\":\"de\",\"potentialAction\":[{\"@type\":\"ReadAction\",\"target\":[\"https:\\\/\\\/marktxxl.de\\\/markt\\\/produkt\\\/led-stirnlampe-usb-wiederaufladbar-auinsky-led-kopflampe-mit-6-lichtmodi-2000-mah-akku-wasserdicht-leichtgewichts-superhell-stirnlampen-headlamp-fuer-joggen-camping-wandern-angeln-laufen\\\/\"]}]},{\"@type\":\"ImageObject\",\"inLanguage\":\"de\",\"@id\":\"https:\\\/\\\/marktxxl.de\\\/markt\\\/produkt\\\/led-stirnlampe-usb-wiederaufladbar-auinsky-led-kopflampe-mit-6-lichtmodi-2000-mah-akku-wasserdicht-leichtgewichts-superhell-stirnlampen-headlamp-fuer-joggen-camping-wandern-angeln-laufen\\\/#primaryimage\",\"url\":\"https:\\\/\\\/m.media-amazon.com\\\/images\\\/I\\\/41124yHWcgL._SL500_.jpg\",\"contentUrl\":\"https:\\\/\\\/m.media-amazon.com\\\/images\\\/I\\\/41124yHWcgL._SL500_.jpg\",\"width\":500,\"height\":500},{\"@type\":\"BreadcrumbList\",\"@id\":\"https:\\\/\\\/marktxxl.de\\\/markt\\\/produkt\\\/led-stirnlampe-usb-wiederaufladbar-auinsky-led-kopflampe-mit-6-lichtmodi-2000-mah-akku-wasserdicht-leichtgewichts-superhell-stirnlampen-headlamp-fuer-joggen-camping-wandern-angeln-laufen\\\/#breadcrumb\",\"itemListElement\":[{\"@type\":\"ListItem\",\"position\":1,\"name\":\"Startseite\",\"item\":\"https:\\\/\\\/marktxxl.de\\\/markt\\\/\"},{\"@type\":\"ListItem\",\"position\":2,\"name\":\"Markt\",\"item\":\"https:\\\/\\\/marktxxl.de\\\/markt\\\/\"},{\"@type\":\"ListItem\",\"position\":3,\"name\":\"AUINSKY LED Stirnlampe USB Wiederaufladbar, LED Kopflampe mit 6 Lichtmodi, 2000 mAh Akku, Wasserdicht Leichtgewichts\u2026\"}]},{\"@type\":\"WebSite\",\"@id\":\"https:\\\/\\\/marktxxl.de\\\/markt\\\/#website\",\"url\":\"https:\\\/\\\/marktxxl.de\\\/markt\\\/\",\"name\":\"Markt-XXL\",\"description\":\"Ihr Markt Online\",\"publisher\":{\"@id\":\"https:\\\/\\\/marktxxl.de\\\/markt\\\/#organization\"},\"potentialAction\":[{\"@type\":\"SearchAction\",\"target\":{\"@type\":\"EntryPoint\",\"urlTemplate\":\"https:\\\/\\\/marktxxl.de\\\/markt\\\/?s={search_term_string}\"},\"query-input\":{\"@type\":\"PropertyValueSpecification\",\"valueRequired\":true,\"valueName\":\"search_term_string\"}}],\"inLanguage\":\"de\"},{\"@type\":\"Organization\",\"@id\":\"https:\\\/\\\/marktxxl.de\\\/markt\\\/#organization\",\"name\":\"Markt-XXL\",\"url\":\"https:\\\/\\\/marktxxl.de\\\/markt\\\/\",\"logo\":{\"@type\":\"ImageObject\",\"inLanguage\":\"de\",\"@id\":\"https:\\\/\\\/marktxxl.de\\\/markt\\\/#\\\/schema\\\/logo\\\/image\\\/\",\"url\":\"https:\\\/\\\/marktxxl.de\\\/markt\\\/wp-content\\\/uploads\\\/sites\\\/3\\\/2020\\\/12\\\/logo.png\",\"contentUrl\":\"https:\\\/\\\/marktxxl.de\\\/markt\\\/wp-content\\\/uploads\\\/sites\\\/3\\\/2020\\\/12\\\/logo.png\",\"width\":200,\"height\":70,\"caption\":\"Markt-XXL\"},\"image\":{\"@id\":\"https:\\\/\\\/marktxxl.de\\\/markt\\\/#\\\/schema\\\/logo\\\/image\\\/\"}}]}<\/script>\n<!-- \/ Yoast SEO plugin. -->","yoast_head_json":{"title":"AUINSKY LED Stirnlampe USB Wiederaufladbar, LED Kopflampe mit 6 Lichtmodi, 2000 mAh Akku, Wasserdicht Leichtgewichts\u2026 - Markt-XXL","description":"Markt-XXL AUINSKY LED Stirnlampe USB Wiederaufladbar, LED Kopflampe mit 6 Lichtmodi, 2000 mAh Akku, Wasserdicht Leichtgewichts\u2026","robots":{"index":"index","follow":"follow","max-snippet":"max-snippet:-1","max-image-preview":"max-image-preview:large","max-video-preview":"max-video-preview:-1"},"canonical":"https:\/\/marktxxl.de\/markt\/produkt\/led-stirnlampe-usb-wiederaufladbar-auinsky-led-kopflampe-mit-6-lichtmodi-2000-mah-akku-wasserdicht-leichtgewichts-superhell-stirnlampen-headlamp-fuer-joggen-camping-wandern-angeln-laufen\/","og_locale":"de_DE","og_type":"article","og_title":"AUINSKY LED Stirnlampe USB Wiederaufladbar, LED Kopflampe mit 6 Lichtmodi, 2000 mAh Akku, Wasserdicht Leichtgewichts\u2026 - Markt-XXL","og_description":"Markt-XXL AUINSKY LED Stirnlampe USB Wiederaufladbar, LED Kopflampe mit 6 Lichtmodi, 2000 mAh Akku, Wasserdicht Leichtgewichts\u2026","og_url":"https:\/\/marktxxl.de\/markt\/produkt\/led-stirnlampe-usb-wiederaufladbar-auinsky-led-kopflampe-mit-6-lichtmodi-2000-mah-akku-wasserdicht-leichtgewichts-superhell-stirnlampen-headlamp-fuer-joggen-camping-wandern-angeln-laufen\/","og_site_name":"Markt-XXL","article_modified_time":"2023-04-11T02:02:08+00:00","og_image":[{"width":500,"height":500,"url":"https:\/\/m.media-amazon.com\/images\/I\/41124yHWcgL._SL500_.jpg","type":"image\/jpeg"}],"twitter_card":"summary_large_image","twitter_misc":{"Gesch\u00e4tzte Lesezeit":"1\u00a0Minute"},"schema":{"@context":"https:\/\/schema.org","@graph":[{"@type":"WebPage","@id":"https:\/\/marktxxl.de\/markt\/produkt\/led-stirnlampe-usb-wiederaufladbar-auinsky-led-kopflampe-mit-6-lichtmodi-2000-mah-akku-wasserdicht-leichtgewichts-superhell-stirnlampen-headlamp-fuer-joggen-camping-wandern-angeln-laufen\/","url":"https:\/\/marktxxl.de\/markt\/produkt\/led-stirnlampe-usb-wiederaufladbar-auinsky-led-kopflampe-mit-6-lichtmodi-2000-mah-akku-wasserdicht-leichtgewichts-superhell-stirnlampen-headlamp-fuer-joggen-camping-wandern-angeln-laufen\/","name":"AUINSKY LED Stirnlampe USB Wiederaufladbar, LED Kopflampe mit 6 Lichtmodi, 2000 mAh Akku, Wasserdicht Leichtgewichts\u2026 - Markt-XXL","isPartOf":{"@id":"https:\/\/marktxxl.de\/markt\/#website"},"primaryImageOfPage":{"@id":"https:\/\/marktxxl.de\/markt\/produkt\/led-stirnlampe-usb-wiederaufladbar-auinsky-led-kopflampe-mit-6-lichtmodi-2000-mah-akku-wasserdicht-leichtgewichts-superhell-stirnlampen-headlamp-fuer-joggen-camping-wandern-angeln-laufen\/#primaryimage"},"image":{"@id":"https:\/\/marktxxl.de\/markt\/produkt\/led-stirnlampe-usb-wiederaufladbar-auinsky-led-kopflampe-mit-6-lichtmodi-2000-mah-akku-wasserdicht-leichtgewichts-superhell-stirnlampen-headlamp-fuer-joggen-camping-wandern-angeln-laufen\/#primaryimage"},"thumbnailUrl":"https:\/\/m.media-amazon.com\/images\/I\/41124yHWcgL._SL500_.jpg","datePublished":"2022-06-13T22:38:15+00:00","dateModified":"2023-04-11T02:02:08+00:00","description":"Markt-XXL AUINSKY LED Stirnlampe USB Wiederaufladbar, LED Kopflampe mit 6 Lichtmodi, 2000 mAh Akku, Wasserdicht Leichtgewichts\u2026","breadcrumb":{"@id":"https:\/\/marktxxl.de\/markt\/produkt\/led-stirnlampe-usb-wiederaufladbar-auinsky-led-kopflampe-mit-6-lichtmodi-2000-mah-akku-wasserdicht-leichtgewichts-superhell-stirnlampen-headlamp-fuer-joggen-camping-wandern-angeln-laufen\/#breadcrumb"},"inLanguage":"de","potentialAction":[{"@type":"ReadAction","target":["https:\/\/marktxxl.de\/markt\/produkt\/led-stirnlampe-usb-wiederaufladbar-auinsky-led-kopflampe-mit-6-lichtmodi-2000-mah-akku-wasserdicht-leichtgewichts-superhell-stirnlampen-headlamp-fuer-joggen-camping-wandern-angeln-laufen\/"]}]},{"@type":"ImageObject","inLanguage":"de","@id":"https:\/\/marktxxl.de\/markt\/produkt\/led-stirnlampe-usb-wiederaufladbar-auinsky-led-kopflampe-mit-6-lichtmodi-2000-mah-akku-wasserdicht-leichtgewichts-superhell-stirnlampen-headlamp-fuer-joggen-camping-wandern-angeln-laufen\/#primaryimage","url":"https:\/\/m.media-amazon.com\/images\/I\/41124yHWcgL._SL500_.jpg","contentUrl":"https:\/\/m.media-amazon.com\/images\/I\/41124yHWcgL._SL500_.jpg","width":500,"height":500},{"@type":"BreadcrumbList","@id":"https:\/\/marktxxl.de\/markt\/produkt\/led-stirnlampe-usb-wiederaufladbar-auinsky-led-kopflampe-mit-6-lichtmodi-2000-mah-akku-wasserdicht-leichtgewichts-superhell-stirnlampen-headlamp-fuer-joggen-camping-wandern-angeln-laufen\/#breadcrumb","itemListElement":[{"@type":"ListItem","position":1,"name":"Startseite","item":"https:\/\/marktxxl.de\/markt\/"},{"@type":"ListItem","position":2,"name":"Markt","item":"https:\/\/marktxxl.de\/markt\/"},{"@type":"ListItem","position":3,"name":"AUINSKY LED Stirnlampe USB Wiederaufladbar, LED Kopflampe mit 6 Lichtmodi, 2000 mAh Akku, Wasserdicht Leichtgewichts\u2026"}]},{"@type":"WebSite","@id":"https:\/\/marktxxl.de\/markt\/#website","url":"https:\/\/marktxxl.de\/markt\/","name":"Markt-XXL","description":"Ihr Markt Online","publisher":{"@id":"https:\/\/marktxxl.de\/markt\/#organization"},"potentialAction":[{"@type":"SearchAction","target":{"@type":"EntryPoint","urlTemplate":"https:\/\/marktxxl.de\/markt\/?s={search_term_string}"},"query-input":{"@type":"PropertyValueSpecification","valueRequired":true,"valueName":"search_term_string"}}],"inLanguage":"de"},{"@type":"Organization","@id":"https:\/\/marktxxl.de\/markt\/#organization","name":"Markt-XXL","url":"https:\/\/marktxxl.de\/markt\/","logo":{"@type":"ImageObject","inLanguage":"de","@id":"https:\/\/marktxxl.de\/markt\/#\/schema\/logo\/image\/","url":"https:\/\/marktxxl.de\/markt\/wp-content\/uploads\/sites\/3\/2020\/12\/logo.png","contentUrl":"https:\/\/marktxxl.de\/markt\/wp-content\/uploads\/sites\/3\/2020\/12\/logo.png","width":200,"height":70,"caption":"Markt-XXL"},"image":{"@id":"https:\/\/marktxxl.de\/markt\/#\/schema\/logo\/image\/"}}]}},"_links":{"self":[{"href":"https:\/\/marktxxl.de\/markt\/wp-json\/wp\/v2\/product\/128377","targetHints":{"allow":["GET"]}}],"collection":[{"href":"https:\/\/marktxxl.de\/markt\/wp-json\/wp\/v2\/product"}],"about":[{"href":"https:\/\/marktxxl.de\/markt\/wp-json\/wp\/v2\/types\/product"}],"replies":[{"embeddable":true,"href":"https:\/\/marktxxl.de\/markt\/wp-json\/wp\/v2\/comments?post=128377"}],"wp:featuredmedia":[{"embeddable":true,"href":"https:\/\/marktxxl.de\/markt\/wp-json\/wp\/v2\/media\/128378"}],"wp:attachment":[{"href":"https:\/\/marktxxl.de\/markt\/wp-json\/wp\/v2\/media?parent=128377"}],"wp:term":[{"taxonomy":"product_brand","embeddable":true,"href":"https:\/\/marktxxl.de\/markt\/wp-json\/wp\/v2\/product_brand?post=128377"},{"taxonomy":"product_cat","embeddable":true,"href":"https:\/\/marktxxl.de\/markt\/wp-json\/wp\/v2\/product_cat?post=128377"},{"taxonomy":"product_tag","embeddable":true,"href":"https:\/\/marktxxl.de\/markt\/wp-json\/wp\/v2\/product_tag?post=128377"}],"curies":[{"name":"wp","href":"https:\/\/api.w.org\/{rel}","templated":true}]}}