{"id":128363,"date":"2022-06-14T00:37:58","date_gmt":"2022-06-13T22:37:58","guid":{"rendered":"https:\/\/marktxxl.de\/markt\/produkt\/sternenprojektor-fuer-kinder-nachtlicht-mit-timer-galaxie-lichtprojektor-mit-fernbedienung-astronaut-sternenhimmel-projektor-lampe-fuer-schlafzimmer-spielzimmer-heimkino-360-grad-drehbar\/"},"modified":"2023-04-11T04:02:08","modified_gmt":"2023-04-11T02:02:08","slug":"sternenprojektor-fuer-kinder-nachtlicht-mit-timer-galaxie-lichtprojektor-mit-fernbedienung-astronaut-sternenhimmel-projektor-lampe-fuer-schlafzimmer-spielzimmer-heimkino-360-grad-drehbar","status":"publish","type":"product","link":"https:\/\/marktxxl.de\/markt\/produkt\/sternenprojektor-fuer-kinder-nachtlicht-mit-timer-galaxie-lichtprojektor-mit-fernbedienung-astronaut-sternenhimmel-projektor-lampe-fuer-schlafzimmer-spielzimmer-heimkino-360-grad-drehbar\/","title":{"rendered":"Sternenprojektor f\u00fcr Kinder, Nachtlicht mit Timer, Galaxie Lichtprojektor mit Fernbedienung, Astronaut-Sternenhimmel\u2026"},"content":{"rendered":"<p>\ud83d\udc31\u200d\ud83d\ude80Innovativer Galaxie Projektor, bringt Ihnen das Weltraumerlebnis: Der Nachtlicht-Projektor wurde mit 7 atemberaubenden Nebeleffekten konzipiert, begleitet von funkelnden, gr\u00fcnen Sternen, projizieren Sie diese an die Wand oder Decke, der Lichtprojektor wird Ihnen eine farbenpr\u00e4chtige Galaxie bringen, eine friedliche und entspannende Atmosph\u00e4re erschaffen; dadurch haben Sie das Gef\u00fchl, durch die unendlichen Weiten zu reisen.<br \/>\n\ud83d\udc31\u200d\ud83d\ude80Zwei Steuermethoden mit Timer-Design, bequem und energiesparend: Sie k\u00f6nnen die Fernbedienung verwenden, um das Muster, die Helligkeit und die Blinkfrequenz anzupassen, um den von Ihnen bevorzugten Projektionseffekt individuell zu gestalten. Nebel- oder Sternenmuster k\u00f6nnen gleichzeitig oder separat verwendet werden. Au\u00dferdem k\u00f6nnen Sie den Timer auf 45 oder 90 Minuten einstellen, das Licht der Galaxie wird sich dann automatisch ausschalten, sobald Sie eingeschlafen sind, energiesparend<br \/>\nKreatives Design und Aufmachung, einfach zu bedienen: Design und Aufmachung sind neuartig und einzigartig, spiegeln das Thema Sternenhimmel und Galaxie wieder, nehmen Sie mit auf eine Reise durch die Weite des Sternenhimmels, der Astronautenkopf kann durch magnetische Anziehungskraft um 360\u00b0 gedreht werden. Der Astronaut ist vom Monduntergrund trennbar, die Arme k\u00f6nnen bewegt werden, durch langes dr\u00fccken der \u201eNebel&#8221;-Taste, wird der Nebel verschwinden, anschlie\u00dfend durch kurzes dr\u00fccken, wird dieser wiederhergestellt, genauso wie beim Sternenmuster, die Helligkeit und Geschwindigkeit sind einstellbar, einfach zu bedienen<br \/>\n\ud83d\udc31\u200d\ud83d\ude80F\u00fcr vielerlei Gelegenheiten geeignet, genie\u00dfen Sie Ihre Freizeit: Das Licht der Galaxie vom Sternenprojektor kann im Schlafzimmer, Spielzimmer, Heimkino, Musikzimmer erstrahlen, bietet Ihnen eine traumhafte Atmosph\u00e4re, wenn Sie schlafen, spielen, Filme schauen oder singen, usw. Der Galaxie-Projektor ist au\u00dferdem eine gute Wahl f\u00fcr Schlafzimmer, um Ihre Kinder zu begleiten, wenn diese schlafen gehen<br \/>\n\ud83d\udc31\u200d\u2642 Traumhafte Sternennacht: Der Astronauten-Nachtlicht-Sternenprojektor ist ein ideales Geschenk zu Weihnachten, Valentinstag, Geburtstagen, usw.; egal ob Kinder oder Erwachsene, sie werden es alle lieben. &#8211;<br \/>\n<div class=\"main-cross-sell\" data-asin=\"B09KC5MQHP\">\n\n\t<div class=\"WooZone-cross-sell-loader\">\n\t\t<div>\n\t\t\t<div id=\"floatingBarsG\">\n\t\t\t\t<div class=\"blockG\" id=\"rotateG_01\"><\/div>\n\t\t\t\t<div class=\"blockG\" id=\"rotateG_02\"><\/div>\n\t\t\t\t<div class=\"blockG\" id=\"rotateG_03\"><\/div>\n\t\t\t\t<div class=\"blockG\" id=\"rotateG_04\"><\/div>\n\t\t\t\t<div class=\"blockG\" id=\"rotateG_05\"><\/div>\n\t\t\t\t<div class=\"blockG\" id=\"rotateG_06\"><\/div>\n\t\t\t\t<div class=\"blockG\" id=\"rotateG_07\"><\/div>\n\t\t\t\t<div class=\"blockG\" id=\"rotateG_08\"><\/div>\n\t\t\t<\/div>\n\t\t\t<div class=\"WooZone-cross-sell-loader-text\"><\/div>\n\t\t<\/div>\n\t<\/div>\n\n\t\t\n<\/div>\n<div style=\"clear:both;\"><\/div><\/p>\n","protected":false},"excerpt":{"rendered":"<p>\ud83d\udc31\u200d\ud83d\ude80Innovativer Galaxie Projektor, bringt Ihnen das Weltraumerlebnis: Der Nachtlicht-Projektor wurde mit 7 atemberaubenden Nebeleffekten konzipiert, begleitet von funkelnden, gr\u00fcnen Sternen, projizieren Sie diese an die Wand oder Decke, der Lichtprojektor wird Ihnen eine farbenpr\u00e4chtige Galaxie bringen, eine friedliche und entspannende Atmosph\u00e4re erschaffen; dadurch haben Sie das Gef\u00fchl, durch die unendlichen Weiten zu reisen.<br \/>\n\ud83d\udc31\u200d\ud83d\ude80Zwei Steuermethoden mit Timer-Design, bequem und energiesparend: Sie k\u00f6nnen die Fernbedienung verwenden, um das Muster, die Helligkeit und die Blinkfrequenz anzupassen, um den von Ihnen bevorzugten Projektionseffekt individuell zu gestalten. Nebel- oder Sternenmuster k\u00f6nnen gleichzeitig oder separat verwendet werden. Au\u00dferdem k\u00f6nnen Sie den Timer auf 45 oder 90 Minuten einstellen, das Licht der Galaxie wird sich dann automatisch ausschalten, sobald Sie eingeschlafen sind, energiesparend<br \/>\nKreatives Design und Aufmachung, einfach zu bedienen: Design und Aufmachung sind neuartig und einzigartig, spiegeln das Thema Sternenhimmel und Galaxie wieder, nehmen Sie mit auf eine Reise durch die Weite des Sternenhimmels, der Astronautenkopf kann durch magnetische Anziehungskraft um 360\u00b0 gedreht werden. Der Astronaut ist vom Monduntergrund trennbar, die Arme k\u00f6nnen bewegt werden, durch langes dr\u00fccken der \u201eNebel&#8221;-Taste, wird der Nebel verschwinden, anschlie\u00dfend durch kurzes dr\u00fccken, wird dieser wiederhergestellt, genauso wie beim Sternenmuster, die Helligkeit und Geschwindigkeit sind einstellbar, einfach zu bedienen<\/p>\n","protected":false},"featured_media":128364,"comment_status":"open","ping_status":"closed","template":"","meta":[],"product_brand":[],"product_cat":[2108],"product_tag":[],"class_list":{"0":"post-128363","1":"product","2":"type-product","3":"status-publish","4":"has-post-thumbnail","6":"product_cat-beleuchtung","7":"pa_brand-pitras","8":"pa_height-4-52-zoll","9":"pa_length-4-72-zoll","10":"pa_manufacturer-pitras","11":"pa_model-tyd-yhy-001","12":"pa_width-4-84-zoll","14":"first","15":"instock","16":"shipping-taxable","17":"purchasable","18":"product-type-simple","19":"customify-col","20":"product-has-gallery"},"yoast_head":"<!-- This site is optimized with the Yoast SEO plugin v27.4 - https:\/\/yoast.com\/product\/yoast-seo-wordpress\/ -->\n<title>Sternenprojektor f\u00fcr Kinder, Nachtlicht mit Timer, Galaxie Lichtprojektor mit Fernbedienung, Astronaut-Sternenhimmel\u2026 - Markt-XXL<\/title>\n<meta name=\"description\" content=\"Markt-XXL Sternenprojektor f\u00fcr Kinder, Nachtlicht mit Timer, Galaxie Lichtprojektor mit Fernbedienung, Astronaut-Sternenhimmel\u2026\" \/>\n<meta name=\"robots\" content=\"index, follow, max-snippet:-1, max-image-preview:large, max-video-preview:-1\" \/>\n<link rel=\"canonical\" href=\"https:\/\/marktxxl.de\/markt\/produkt\/sternenprojektor-fuer-kinder-nachtlicht-mit-timer-galaxie-lichtprojektor-mit-fernbedienung-astronaut-sternenhimmel-projektor-lampe-fuer-schlafzimmer-spielzimmer-heimkino-360-grad-drehbar\/\" \/>\n<meta property=\"og:locale\" content=\"de_DE\" \/>\n<meta property=\"og:type\" content=\"article\" \/>\n<meta property=\"og:title\" content=\"Sternenprojektor f\u00fcr Kinder, Nachtlicht mit Timer, Galaxie Lichtprojektor mit Fernbedienung, Astronaut-Sternenhimmel\u2026 - Markt-XXL\" \/>\n<meta property=\"og:description\" content=\"Markt-XXL Sternenprojektor f\u00fcr Kinder, Nachtlicht mit Timer, Galaxie Lichtprojektor mit Fernbedienung, Astronaut-Sternenhimmel\u2026\" \/>\n<meta property=\"og:url\" content=\"https:\/\/marktxxl.de\/markt\/produkt\/sternenprojektor-fuer-kinder-nachtlicht-mit-timer-galaxie-lichtprojektor-mit-fernbedienung-astronaut-sternenhimmel-projektor-lampe-fuer-schlafzimmer-spielzimmer-heimkino-360-grad-drehbar\/\" \/>\n<meta property=\"og:site_name\" content=\"Markt-XXL\" \/>\n<meta property=\"article:modified_time\" content=\"2023-04-11T02:02:08+00:00\" \/>\n<meta property=\"og:image\" content=\"https:\/\/m.media-amazon.com\/images\/I\/51dpcK6mmBL._SL500_.jpg\" \/>\n\t<meta property=\"og:image:width\" content=\"500\" \/>\n\t<meta property=\"og:image:height\" content=\"500\" \/>\n\t<meta property=\"og:image:type\" content=\"image\/jpeg\" \/>\n<meta name=\"twitter:card\" content=\"summary_large_image\" \/>\n<meta name=\"twitter:label1\" content=\"Gesch\u00e4tzte Lesezeit\" \/>\n\t<meta name=\"twitter:data1\" content=\"1\u00a0Minute\" \/>\n<script type=\"application\/ld+json\" class=\"yoast-schema-graph\">{\"@context\":\"https:\\\/\\\/schema.org\",\"@graph\":[{\"@type\":\"WebPage\",\"@id\":\"https:\\\/\\\/marktxxl.de\\\/markt\\\/produkt\\\/sternenprojektor-fuer-kinder-nachtlicht-mit-timer-galaxie-lichtprojektor-mit-fernbedienung-astronaut-sternenhimmel-projektor-lampe-fuer-schlafzimmer-spielzimmer-heimkino-360-grad-drehbar\\\/\",\"url\":\"https:\\\/\\\/marktxxl.de\\\/markt\\\/produkt\\\/sternenprojektor-fuer-kinder-nachtlicht-mit-timer-galaxie-lichtprojektor-mit-fernbedienung-astronaut-sternenhimmel-projektor-lampe-fuer-schlafzimmer-spielzimmer-heimkino-360-grad-drehbar\\\/\",\"name\":\"Sternenprojektor f\u00fcr Kinder, Nachtlicht mit Timer, Galaxie Lichtprojektor mit Fernbedienung, Astronaut-Sternenhimmel\u2026 - Markt-XXL\",\"isPartOf\":{\"@id\":\"https:\\\/\\\/marktxxl.de\\\/markt\\\/#website\"},\"primaryImageOfPage\":{\"@id\":\"https:\\\/\\\/marktxxl.de\\\/markt\\\/produkt\\\/sternenprojektor-fuer-kinder-nachtlicht-mit-timer-galaxie-lichtprojektor-mit-fernbedienung-astronaut-sternenhimmel-projektor-lampe-fuer-schlafzimmer-spielzimmer-heimkino-360-grad-drehbar\\\/#primaryimage\"},\"image\":{\"@id\":\"https:\\\/\\\/marktxxl.de\\\/markt\\\/produkt\\\/sternenprojektor-fuer-kinder-nachtlicht-mit-timer-galaxie-lichtprojektor-mit-fernbedienung-astronaut-sternenhimmel-projektor-lampe-fuer-schlafzimmer-spielzimmer-heimkino-360-grad-drehbar\\\/#primaryimage\"},\"thumbnailUrl\":\"https:\\\/\\\/m.media-amazon.com\\\/images\\\/I\\\/51dpcK6mmBL._SL500_.jpg\",\"datePublished\":\"2022-06-13T22:37:58+00:00\",\"dateModified\":\"2023-04-11T02:02:08+00:00\",\"description\":\"Markt-XXL Sternenprojektor f\u00fcr Kinder, Nachtlicht mit Timer, Galaxie Lichtprojektor mit Fernbedienung, Astronaut-Sternenhimmel\u2026\",\"breadcrumb\":{\"@id\":\"https:\\\/\\\/marktxxl.de\\\/markt\\\/produkt\\\/sternenprojektor-fuer-kinder-nachtlicht-mit-timer-galaxie-lichtprojektor-mit-fernbedienung-astronaut-sternenhimmel-projektor-lampe-fuer-schlafzimmer-spielzimmer-heimkino-360-grad-drehbar\\\/#breadcrumb\"},\"inLanguage\":\"de\",\"potentialAction\":[{\"@type\":\"ReadAction\",\"target\":[\"https:\\\/\\\/marktxxl.de\\\/markt\\\/produkt\\\/sternenprojektor-fuer-kinder-nachtlicht-mit-timer-galaxie-lichtprojektor-mit-fernbedienung-astronaut-sternenhimmel-projektor-lampe-fuer-schlafzimmer-spielzimmer-heimkino-360-grad-drehbar\\\/\"]}]},{\"@type\":\"ImageObject\",\"inLanguage\":\"de\",\"@id\":\"https:\\\/\\\/marktxxl.de\\\/markt\\\/produkt\\\/sternenprojektor-fuer-kinder-nachtlicht-mit-timer-galaxie-lichtprojektor-mit-fernbedienung-astronaut-sternenhimmel-projektor-lampe-fuer-schlafzimmer-spielzimmer-heimkino-360-grad-drehbar\\\/#primaryimage\",\"url\":\"https:\\\/\\\/m.media-amazon.com\\\/images\\\/I\\\/51dpcK6mmBL._SL500_.jpg\",\"contentUrl\":\"https:\\\/\\\/m.media-amazon.com\\\/images\\\/I\\\/51dpcK6mmBL._SL500_.jpg\",\"width\":500,\"height\":500},{\"@type\":\"BreadcrumbList\",\"@id\":\"https:\\\/\\\/marktxxl.de\\\/markt\\\/produkt\\\/sternenprojektor-fuer-kinder-nachtlicht-mit-timer-galaxie-lichtprojektor-mit-fernbedienung-astronaut-sternenhimmel-projektor-lampe-fuer-schlafzimmer-spielzimmer-heimkino-360-grad-drehbar\\\/#breadcrumb\",\"itemListElement\":[{\"@type\":\"ListItem\",\"position\":1,\"name\":\"Startseite\",\"item\":\"https:\\\/\\\/marktxxl.de\\\/markt\\\/\"},{\"@type\":\"ListItem\",\"position\":2,\"name\":\"Markt\",\"item\":\"https:\\\/\\\/marktxxl.de\\\/markt\\\/\"},{\"@type\":\"ListItem\",\"position\":3,\"name\":\"Sternenprojektor f\u00fcr Kinder, Nachtlicht mit Timer, Galaxie Lichtprojektor mit Fernbedienung, Astronaut-Sternenhimmel\u2026\"}]},{\"@type\":\"WebSite\",\"@id\":\"https:\\\/\\\/marktxxl.de\\\/markt\\\/#website\",\"url\":\"https:\\\/\\\/marktxxl.de\\\/markt\\\/\",\"name\":\"Markt-XXL\",\"description\":\"Ihr Markt Online\",\"publisher\":{\"@id\":\"https:\\\/\\\/marktxxl.de\\\/markt\\\/#organization\"},\"potentialAction\":[{\"@type\":\"SearchAction\",\"target\":{\"@type\":\"EntryPoint\",\"urlTemplate\":\"https:\\\/\\\/marktxxl.de\\\/markt\\\/?s={search_term_string}\"},\"query-input\":{\"@type\":\"PropertyValueSpecification\",\"valueRequired\":true,\"valueName\":\"search_term_string\"}}],\"inLanguage\":\"de\"},{\"@type\":\"Organization\",\"@id\":\"https:\\\/\\\/marktxxl.de\\\/markt\\\/#organization\",\"name\":\"Markt-XXL\",\"url\":\"https:\\\/\\\/marktxxl.de\\\/markt\\\/\",\"logo\":{\"@type\":\"ImageObject\",\"inLanguage\":\"de\",\"@id\":\"https:\\\/\\\/marktxxl.de\\\/markt\\\/#\\\/schema\\\/logo\\\/image\\\/\",\"url\":\"https:\\\/\\\/marktxxl.de\\\/markt\\\/wp-content\\\/uploads\\\/sites\\\/3\\\/2020\\\/12\\\/logo.png\",\"contentUrl\":\"https:\\\/\\\/marktxxl.de\\\/markt\\\/wp-content\\\/uploads\\\/sites\\\/3\\\/2020\\\/12\\\/logo.png\",\"width\":200,\"height\":70,\"caption\":\"Markt-XXL\"},\"image\":{\"@id\":\"https:\\\/\\\/marktxxl.de\\\/markt\\\/#\\\/schema\\\/logo\\\/image\\\/\"}}]}<\/script>\n<!-- \/ Yoast SEO plugin. -->","yoast_head_json":{"title":"Sternenprojektor f\u00fcr Kinder, Nachtlicht mit Timer, Galaxie Lichtprojektor mit Fernbedienung, Astronaut-Sternenhimmel\u2026 - Markt-XXL","description":"Markt-XXL Sternenprojektor f\u00fcr Kinder, Nachtlicht mit Timer, Galaxie Lichtprojektor mit Fernbedienung, Astronaut-Sternenhimmel\u2026","robots":{"index":"index","follow":"follow","max-snippet":"max-snippet:-1","max-image-preview":"max-image-preview:large","max-video-preview":"max-video-preview:-1"},"canonical":"https:\/\/marktxxl.de\/markt\/produkt\/sternenprojektor-fuer-kinder-nachtlicht-mit-timer-galaxie-lichtprojektor-mit-fernbedienung-astronaut-sternenhimmel-projektor-lampe-fuer-schlafzimmer-spielzimmer-heimkino-360-grad-drehbar\/","og_locale":"de_DE","og_type":"article","og_title":"Sternenprojektor f\u00fcr Kinder, Nachtlicht mit Timer, Galaxie Lichtprojektor mit Fernbedienung, Astronaut-Sternenhimmel\u2026 - Markt-XXL","og_description":"Markt-XXL Sternenprojektor f\u00fcr Kinder, Nachtlicht mit Timer, Galaxie Lichtprojektor mit Fernbedienung, Astronaut-Sternenhimmel\u2026","og_url":"https:\/\/marktxxl.de\/markt\/produkt\/sternenprojektor-fuer-kinder-nachtlicht-mit-timer-galaxie-lichtprojektor-mit-fernbedienung-astronaut-sternenhimmel-projektor-lampe-fuer-schlafzimmer-spielzimmer-heimkino-360-grad-drehbar\/","og_site_name":"Markt-XXL","article_modified_time":"2023-04-11T02:02:08+00:00","og_image":[{"width":500,"height":500,"url":"https:\/\/m.media-amazon.com\/images\/I\/51dpcK6mmBL._SL500_.jpg","type":"image\/jpeg"}],"twitter_card":"summary_large_image","twitter_misc":{"Gesch\u00e4tzte Lesezeit":"1\u00a0Minute"},"schema":{"@context":"https:\/\/schema.org","@graph":[{"@type":"WebPage","@id":"https:\/\/marktxxl.de\/markt\/produkt\/sternenprojektor-fuer-kinder-nachtlicht-mit-timer-galaxie-lichtprojektor-mit-fernbedienung-astronaut-sternenhimmel-projektor-lampe-fuer-schlafzimmer-spielzimmer-heimkino-360-grad-drehbar\/","url":"https:\/\/marktxxl.de\/markt\/produkt\/sternenprojektor-fuer-kinder-nachtlicht-mit-timer-galaxie-lichtprojektor-mit-fernbedienung-astronaut-sternenhimmel-projektor-lampe-fuer-schlafzimmer-spielzimmer-heimkino-360-grad-drehbar\/","name":"Sternenprojektor f\u00fcr Kinder, Nachtlicht mit Timer, Galaxie Lichtprojektor mit Fernbedienung, Astronaut-Sternenhimmel\u2026 - Markt-XXL","isPartOf":{"@id":"https:\/\/marktxxl.de\/markt\/#website"},"primaryImageOfPage":{"@id":"https:\/\/marktxxl.de\/markt\/produkt\/sternenprojektor-fuer-kinder-nachtlicht-mit-timer-galaxie-lichtprojektor-mit-fernbedienung-astronaut-sternenhimmel-projektor-lampe-fuer-schlafzimmer-spielzimmer-heimkino-360-grad-drehbar\/#primaryimage"},"image":{"@id":"https:\/\/marktxxl.de\/markt\/produkt\/sternenprojektor-fuer-kinder-nachtlicht-mit-timer-galaxie-lichtprojektor-mit-fernbedienung-astronaut-sternenhimmel-projektor-lampe-fuer-schlafzimmer-spielzimmer-heimkino-360-grad-drehbar\/#primaryimage"},"thumbnailUrl":"https:\/\/m.media-amazon.com\/images\/I\/51dpcK6mmBL._SL500_.jpg","datePublished":"2022-06-13T22:37:58+00:00","dateModified":"2023-04-11T02:02:08+00:00","description":"Markt-XXL Sternenprojektor f\u00fcr Kinder, Nachtlicht mit Timer, Galaxie Lichtprojektor mit Fernbedienung, Astronaut-Sternenhimmel\u2026","breadcrumb":{"@id":"https:\/\/marktxxl.de\/markt\/produkt\/sternenprojektor-fuer-kinder-nachtlicht-mit-timer-galaxie-lichtprojektor-mit-fernbedienung-astronaut-sternenhimmel-projektor-lampe-fuer-schlafzimmer-spielzimmer-heimkino-360-grad-drehbar\/#breadcrumb"},"inLanguage":"de","potentialAction":[{"@type":"ReadAction","target":["https:\/\/marktxxl.de\/markt\/produkt\/sternenprojektor-fuer-kinder-nachtlicht-mit-timer-galaxie-lichtprojektor-mit-fernbedienung-astronaut-sternenhimmel-projektor-lampe-fuer-schlafzimmer-spielzimmer-heimkino-360-grad-drehbar\/"]}]},{"@type":"ImageObject","inLanguage":"de","@id":"https:\/\/marktxxl.de\/markt\/produkt\/sternenprojektor-fuer-kinder-nachtlicht-mit-timer-galaxie-lichtprojektor-mit-fernbedienung-astronaut-sternenhimmel-projektor-lampe-fuer-schlafzimmer-spielzimmer-heimkino-360-grad-drehbar\/#primaryimage","url":"https:\/\/m.media-amazon.com\/images\/I\/51dpcK6mmBL._SL500_.jpg","contentUrl":"https:\/\/m.media-amazon.com\/images\/I\/51dpcK6mmBL._SL500_.jpg","width":500,"height":500},{"@type":"BreadcrumbList","@id":"https:\/\/marktxxl.de\/markt\/produkt\/sternenprojektor-fuer-kinder-nachtlicht-mit-timer-galaxie-lichtprojektor-mit-fernbedienung-astronaut-sternenhimmel-projektor-lampe-fuer-schlafzimmer-spielzimmer-heimkino-360-grad-drehbar\/#breadcrumb","itemListElement":[{"@type":"ListItem","position":1,"name":"Startseite","item":"https:\/\/marktxxl.de\/markt\/"},{"@type":"ListItem","position":2,"name":"Markt","item":"https:\/\/marktxxl.de\/markt\/"},{"@type":"ListItem","position":3,"name":"Sternenprojektor f\u00fcr Kinder, Nachtlicht mit Timer, Galaxie Lichtprojektor mit Fernbedienung, Astronaut-Sternenhimmel\u2026"}]},{"@type":"WebSite","@id":"https:\/\/marktxxl.de\/markt\/#website","url":"https:\/\/marktxxl.de\/markt\/","name":"Markt-XXL","description":"Ihr Markt Online","publisher":{"@id":"https:\/\/marktxxl.de\/markt\/#organization"},"potentialAction":[{"@type":"SearchAction","target":{"@type":"EntryPoint","urlTemplate":"https:\/\/marktxxl.de\/markt\/?s={search_term_string}"},"query-input":{"@type":"PropertyValueSpecification","valueRequired":true,"valueName":"search_term_string"}}],"inLanguage":"de"},{"@type":"Organization","@id":"https:\/\/marktxxl.de\/markt\/#organization","name":"Markt-XXL","url":"https:\/\/marktxxl.de\/markt\/","logo":{"@type":"ImageObject","inLanguage":"de","@id":"https:\/\/marktxxl.de\/markt\/#\/schema\/logo\/image\/","url":"https:\/\/marktxxl.de\/markt\/wp-content\/uploads\/sites\/3\/2020\/12\/logo.png","contentUrl":"https:\/\/marktxxl.de\/markt\/wp-content\/uploads\/sites\/3\/2020\/12\/logo.png","width":200,"height":70,"caption":"Markt-XXL"},"image":{"@id":"https:\/\/marktxxl.de\/markt\/#\/schema\/logo\/image\/"}}]}},"_links":{"self":[{"href":"https:\/\/marktxxl.de\/markt\/wp-json\/wp\/v2\/product\/128363","targetHints":{"allow":["GET"]}}],"collection":[{"href":"https:\/\/marktxxl.de\/markt\/wp-json\/wp\/v2\/product"}],"about":[{"href":"https:\/\/marktxxl.de\/markt\/wp-json\/wp\/v2\/types\/product"}],"replies":[{"embeddable":true,"href":"https:\/\/marktxxl.de\/markt\/wp-json\/wp\/v2\/comments?post=128363"}],"wp:featuredmedia":[{"embeddable":true,"href":"https:\/\/marktxxl.de\/markt\/wp-json\/wp\/v2\/media\/128364"}],"wp:attachment":[{"href":"https:\/\/marktxxl.de\/markt\/wp-json\/wp\/v2\/media?parent=128363"}],"wp:term":[{"taxonomy":"product_brand","embeddable":true,"href":"https:\/\/marktxxl.de\/markt\/wp-json\/wp\/v2\/product_brand?post=128363"},{"taxonomy":"product_cat","embeddable":true,"href":"https:\/\/marktxxl.de\/markt\/wp-json\/wp\/v2\/product_cat?post=128363"},{"taxonomy":"product_tag","embeddable":true,"href":"https:\/\/marktxxl.de\/markt\/wp-json\/wp\/v2\/product_tag?post=128363"}],"curies":[{"name":"wp","href":"https:\/\/api.w.org\/{rel}","templated":true}]}}