{"id":128123,"date":"2022-06-14T00:04:46","date_gmt":"2022-06-13T22:04:46","guid":{"rendered":"https:\/\/marktxxl.de\/markt\/produkt\/wollhuhn-oeko-jungen-buben-maedchen-cooles-elastisches-stirnband-haarband-bequem-jersey-baumwolle-viele-motive-21215152\/"},"modified":"2023-04-11T04:02:02","modified_gmt":"2023-04-11T02:02:02","slug":"wollhuhn-oeko-jungen-buben-maedchen-cooles-elastisches-stirnband-haarband-bequem-jersey-baumwolle-viele-motive-21215152","status":"publish","type":"product","link":"https:\/\/marktxxl.de\/markt\/produkt\/wollhuhn-oeko-jungen-buben-maedchen-cooles-elastisches-stirnband-haarband-bequem-jersey-baumwolle-viele-motive-21215152\/","title":{"rendered":"Wollhuhn \u00d6KO Jungen\/Buben\/M\u00e4dchen Cooles Elastisches Stirnband\/Haarband Bequem Zweilagig Jersey Oder Fleece Viele Motive\u2026"},"content":{"rendered":"<p>Handgemachtes Stirnband mit coolem Motiv. Das Band besteht aus zwei Lagen Baumwoll-Jersey, rein aus \u00d6kostoffen. Geeignet f\u00fcr k\u00fchle Sommertage, die \u00dcbergangszeiten, bei Wind und Wetter und milde Wintertage.<br \/>\nViele verschiedene Motive. Sehr angenehmes, weiches Material. Aus Baumwolle, daher auch hautfreundlich.<br \/>\nOb als modisches Accessoire in der Schule oder in der Freizeit, beim Sport oder Radfahren. Passt auch unter den Fahrradhelm. Sch\u00fctzt die Ohren gegen Wind und Wetter auch unter der Anorakkapuze.<br \/>\nMa\u00dfe ca. 9 mal 25 (50) cm, dehnbar bis ca 58 cm. F\u00fcr Kinder ab ca. drei Jahren, wegen der Dehnbarkeit auch f\u00fcr Damen geeignet. Das Haarband kann auch in der H\u00e4lfte umgeschlagen als schmales Haarband getragen werden.<br \/>\nMit Liebe handgemacht in Waldburg, Deutschland.<br \/>\n<div class=\"main-cross-sell\" data-asin=\"B09HY3SL56\">\n\n\t<div class=\"WooZone-cross-sell-loader\">\n\t\t<div>\n\t\t\t<div id=\"floatingBarsG\">\n\t\t\t\t<div class=\"blockG\" id=\"rotateG_01\"><\/div>\n\t\t\t\t<div class=\"blockG\" id=\"rotateG_02\"><\/div>\n\t\t\t\t<div class=\"blockG\" id=\"rotateG_03\"><\/div>\n\t\t\t\t<div class=\"blockG\" id=\"rotateG_04\"><\/div>\n\t\t\t\t<div class=\"blockG\" id=\"rotateG_05\"><\/div>\n\t\t\t\t<div class=\"blockG\" id=\"rotateG_06\"><\/div>\n\t\t\t\t<div class=\"blockG\" id=\"rotateG_07\"><\/div>\n\t\t\t\t<div class=\"blockG\" id=\"rotateG_08\"><\/div>\n\t\t\t<\/div>\n\t\t\t<div class=\"WooZone-cross-sell-loader-text\"><\/div>\n\t\t<\/div>\n\t<\/div>\n\n\t\t\n<\/div>\n<div style=\"clear:both;\"><\/div><\/p>\n","protected":false},"excerpt":{"rendered":"<p>Handgemachtes Stirnband mit coolem Motiv. Das Band besteht aus zwei Lagen Baumwoll-Jersey, rein aus \u00d6kostoffen. Geeignet f\u00fcr k\u00fchle Sommertage, die \u00dcbergangszeiten, bei Wind und Wetter und milde Wintertage.<br \/>\nViele verschiedene Motive. Sehr angenehmes, weiches Material. Aus Baumwolle, daher auch hautfreundlich.<br \/>\nOb als modisches Accessoire in der Schule oder in der Freizeit, beim Sport oder Radfahren. Passt auch unter den Fahrradhelm. Sch\u00fctzt die Ohren gegen Wind und Wetter auch unter der Anorakkapuze.<\/p>\n","protected":false},"featured_media":128124,"comment_status":"open","ping_status":"closed","template":"","meta":[],"product_brand":[],"product_cat":[1186,3990],"product_tag":[],"class_list":{"0":"post-128123","1":"product","2":"type-product","3":"status-publish","4":"has-post-thumbnail","6":"product_cat-bekleidung","7":"product_cat-maedchen","8":"pa_brand-wollhuhn","9":"pa_manufacturer-wollhuhn","11":"first","12":"instock","13":"shipping-taxable","14":"purchasable","15":"product-type-simple","16":"customify-col","17":"product-has-gallery"},"yoast_head":"<!-- This site is optimized with the Yoast SEO plugin v27.4 - https:\/\/yoast.com\/product\/yoast-seo-wordpress\/ -->\n<title>Wollhuhn \u00d6KO Jungen\/Buben\/M\u00e4dchen Cooles Elastisches Stirnband\/Haarband Bequem Zweilagig Jersey Oder Fleece Viele Motive\u2026 - Markt-XXL<\/title>\n<meta name=\"description\" content=\"Markt-XXL Wollhuhn \u00d6KO Jungen\/Buben\/M\u00e4dchen Cooles Elastisches Stirnband\/Haarband Bequem Zweilagig Jersey Oder Fleece Viele Motive\u2026\" \/>\n<meta name=\"robots\" content=\"index, follow, max-snippet:-1, max-image-preview:large, max-video-preview:-1\" \/>\n<link rel=\"canonical\" href=\"https:\/\/marktxxl.de\/markt\/produkt\/wollhuhn-oeko-jungen-buben-maedchen-cooles-elastisches-stirnband-haarband-bequem-jersey-baumwolle-viele-motive-21215152\/\" \/>\n<meta property=\"og:locale\" content=\"de_DE\" \/>\n<meta property=\"og:type\" content=\"article\" \/>\n<meta property=\"og:title\" content=\"Wollhuhn \u00d6KO Jungen\/Buben\/M\u00e4dchen Cooles Elastisches Stirnband\/Haarband Bequem Zweilagig Jersey Oder Fleece Viele Motive\u2026 - Markt-XXL\" \/>\n<meta property=\"og:description\" content=\"Markt-XXL Wollhuhn \u00d6KO Jungen\/Buben\/M\u00e4dchen Cooles Elastisches Stirnband\/Haarband Bequem Zweilagig Jersey Oder Fleece Viele Motive\u2026\" \/>\n<meta property=\"og:url\" content=\"https:\/\/marktxxl.de\/markt\/produkt\/wollhuhn-oeko-jungen-buben-maedchen-cooles-elastisches-stirnband-haarband-bequem-jersey-baumwolle-viele-motive-21215152\/\" \/>\n<meta property=\"og:site_name\" content=\"Markt-XXL\" \/>\n<meta property=\"article:modified_time\" content=\"2023-04-11T02:02:02+00:00\" \/>\n<meta property=\"og:image\" content=\"https:\/\/m.media-amazon.com\/images\/I\/5150oocWZ6L._SL500_.jpg\" \/>\n\t<meta property=\"og:image:width\" content=\"500\" \/>\n\t<meta property=\"og:image:height\" content=\"500\" \/>\n\t<meta property=\"og:image:type\" content=\"image\/jpeg\" \/>\n<meta name=\"twitter:card\" content=\"summary_large_image\" \/>\n<meta name=\"twitter:label1\" content=\"Gesch\u00e4tzte Lesezeit\" \/>\n\t<meta name=\"twitter:data1\" content=\"1\u00a0Minute\" \/>\n<script type=\"application\/ld+json\" class=\"yoast-schema-graph\">{\"@context\":\"https:\\\/\\\/schema.org\",\"@graph\":[{\"@type\":\"WebPage\",\"@id\":\"https:\\\/\\\/marktxxl.de\\\/markt\\\/produkt\\\/wollhuhn-oeko-jungen-buben-maedchen-cooles-elastisches-stirnband-haarband-bequem-jersey-baumwolle-viele-motive-21215152\\\/\",\"url\":\"https:\\\/\\\/marktxxl.de\\\/markt\\\/produkt\\\/wollhuhn-oeko-jungen-buben-maedchen-cooles-elastisches-stirnband-haarband-bequem-jersey-baumwolle-viele-motive-21215152\\\/\",\"name\":\"Wollhuhn \u00d6KO Jungen\\\/Buben\\\/M\u00e4dchen Cooles Elastisches Stirnband\\\/Haarband Bequem Zweilagig Jersey Oder Fleece Viele Motive\u2026 - Markt-XXL\",\"isPartOf\":{\"@id\":\"https:\\\/\\\/marktxxl.de\\\/markt\\\/#website\"},\"primaryImageOfPage\":{\"@id\":\"https:\\\/\\\/marktxxl.de\\\/markt\\\/produkt\\\/wollhuhn-oeko-jungen-buben-maedchen-cooles-elastisches-stirnband-haarband-bequem-jersey-baumwolle-viele-motive-21215152\\\/#primaryimage\"},\"image\":{\"@id\":\"https:\\\/\\\/marktxxl.de\\\/markt\\\/produkt\\\/wollhuhn-oeko-jungen-buben-maedchen-cooles-elastisches-stirnband-haarband-bequem-jersey-baumwolle-viele-motive-21215152\\\/#primaryimage\"},\"thumbnailUrl\":\"https:\\\/\\\/m.media-amazon.com\\\/images\\\/I\\\/5150oocWZ6L._SL500_.jpg\",\"datePublished\":\"2022-06-13T22:04:46+00:00\",\"dateModified\":\"2023-04-11T02:02:02+00:00\",\"description\":\"Markt-XXL Wollhuhn \u00d6KO Jungen\\\/Buben\\\/M\u00e4dchen Cooles Elastisches Stirnband\\\/Haarband Bequem Zweilagig Jersey Oder Fleece Viele Motive\u2026\",\"breadcrumb\":{\"@id\":\"https:\\\/\\\/marktxxl.de\\\/markt\\\/produkt\\\/wollhuhn-oeko-jungen-buben-maedchen-cooles-elastisches-stirnband-haarband-bequem-jersey-baumwolle-viele-motive-21215152\\\/#breadcrumb\"},\"inLanguage\":\"de\",\"potentialAction\":[{\"@type\":\"ReadAction\",\"target\":[\"https:\\\/\\\/marktxxl.de\\\/markt\\\/produkt\\\/wollhuhn-oeko-jungen-buben-maedchen-cooles-elastisches-stirnband-haarband-bequem-jersey-baumwolle-viele-motive-21215152\\\/\"]}]},{\"@type\":\"ImageObject\",\"inLanguage\":\"de\",\"@id\":\"https:\\\/\\\/marktxxl.de\\\/markt\\\/produkt\\\/wollhuhn-oeko-jungen-buben-maedchen-cooles-elastisches-stirnband-haarband-bequem-jersey-baumwolle-viele-motive-21215152\\\/#primaryimage\",\"url\":\"https:\\\/\\\/m.media-amazon.com\\\/images\\\/I\\\/5150oocWZ6L._SL500_.jpg\",\"contentUrl\":\"https:\\\/\\\/m.media-amazon.com\\\/images\\\/I\\\/5150oocWZ6L._SL500_.jpg\",\"width\":500,\"height\":500},{\"@type\":\"BreadcrumbList\",\"@id\":\"https:\\\/\\\/marktxxl.de\\\/markt\\\/produkt\\\/wollhuhn-oeko-jungen-buben-maedchen-cooles-elastisches-stirnband-haarband-bequem-jersey-baumwolle-viele-motive-21215152\\\/#breadcrumb\",\"itemListElement\":[{\"@type\":\"ListItem\",\"position\":1,\"name\":\"Startseite\",\"item\":\"https:\\\/\\\/marktxxl.de\\\/markt\\\/\"},{\"@type\":\"ListItem\",\"position\":2,\"name\":\"Markt\",\"item\":\"https:\\\/\\\/marktxxl.de\\\/markt\\\/\"},{\"@type\":\"ListItem\",\"position\":3,\"name\":\"Wollhuhn \u00d6KO Jungen\\\/Buben\\\/M\u00e4dchen Cooles Elastisches Stirnband\\\/Haarband Bequem Zweilagig Jersey Oder Fleece Viele Motive\u2026\"}]},{\"@type\":\"WebSite\",\"@id\":\"https:\\\/\\\/marktxxl.de\\\/markt\\\/#website\",\"url\":\"https:\\\/\\\/marktxxl.de\\\/markt\\\/\",\"name\":\"Markt-XXL\",\"description\":\"Ihr Markt Online\",\"publisher\":{\"@id\":\"https:\\\/\\\/marktxxl.de\\\/markt\\\/#organization\"},\"potentialAction\":[{\"@type\":\"SearchAction\",\"target\":{\"@type\":\"EntryPoint\",\"urlTemplate\":\"https:\\\/\\\/marktxxl.de\\\/markt\\\/?s={search_term_string}\"},\"query-input\":{\"@type\":\"PropertyValueSpecification\",\"valueRequired\":true,\"valueName\":\"search_term_string\"}}],\"inLanguage\":\"de\"},{\"@type\":\"Organization\",\"@id\":\"https:\\\/\\\/marktxxl.de\\\/markt\\\/#organization\",\"name\":\"Markt-XXL\",\"url\":\"https:\\\/\\\/marktxxl.de\\\/markt\\\/\",\"logo\":{\"@type\":\"ImageObject\",\"inLanguage\":\"de\",\"@id\":\"https:\\\/\\\/marktxxl.de\\\/markt\\\/#\\\/schema\\\/logo\\\/image\\\/\",\"url\":\"https:\\\/\\\/marktxxl.de\\\/markt\\\/wp-content\\\/uploads\\\/sites\\\/3\\\/2020\\\/12\\\/logo.png\",\"contentUrl\":\"https:\\\/\\\/marktxxl.de\\\/markt\\\/wp-content\\\/uploads\\\/sites\\\/3\\\/2020\\\/12\\\/logo.png\",\"width\":200,\"height\":70,\"caption\":\"Markt-XXL\"},\"image\":{\"@id\":\"https:\\\/\\\/marktxxl.de\\\/markt\\\/#\\\/schema\\\/logo\\\/image\\\/\"}}]}<\/script>\n<!-- \/ Yoast SEO plugin. -->","yoast_head_json":{"title":"Wollhuhn \u00d6KO Jungen\/Buben\/M\u00e4dchen Cooles Elastisches Stirnband\/Haarband Bequem Zweilagig Jersey Oder Fleece Viele Motive\u2026 - Markt-XXL","description":"Markt-XXL Wollhuhn \u00d6KO Jungen\/Buben\/M\u00e4dchen Cooles Elastisches Stirnband\/Haarband Bequem Zweilagig Jersey Oder Fleece Viele Motive\u2026","robots":{"index":"index","follow":"follow","max-snippet":"max-snippet:-1","max-image-preview":"max-image-preview:large","max-video-preview":"max-video-preview:-1"},"canonical":"https:\/\/marktxxl.de\/markt\/produkt\/wollhuhn-oeko-jungen-buben-maedchen-cooles-elastisches-stirnband-haarband-bequem-jersey-baumwolle-viele-motive-21215152\/","og_locale":"de_DE","og_type":"article","og_title":"Wollhuhn \u00d6KO Jungen\/Buben\/M\u00e4dchen Cooles Elastisches Stirnband\/Haarband Bequem Zweilagig Jersey Oder Fleece Viele Motive\u2026 - Markt-XXL","og_description":"Markt-XXL Wollhuhn \u00d6KO Jungen\/Buben\/M\u00e4dchen Cooles Elastisches Stirnband\/Haarband Bequem Zweilagig Jersey Oder Fleece Viele Motive\u2026","og_url":"https:\/\/marktxxl.de\/markt\/produkt\/wollhuhn-oeko-jungen-buben-maedchen-cooles-elastisches-stirnband-haarband-bequem-jersey-baumwolle-viele-motive-21215152\/","og_site_name":"Markt-XXL","article_modified_time":"2023-04-11T02:02:02+00:00","og_image":[{"width":500,"height":500,"url":"https:\/\/m.media-amazon.com\/images\/I\/5150oocWZ6L._SL500_.jpg","type":"image\/jpeg"}],"twitter_card":"summary_large_image","twitter_misc":{"Gesch\u00e4tzte Lesezeit":"1\u00a0Minute"},"schema":{"@context":"https:\/\/schema.org","@graph":[{"@type":"WebPage","@id":"https:\/\/marktxxl.de\/markt\/produkt\/wollhuhn-oeko-jungen-buben-maedchen-cooles-elastisches-stirnband-haarband-bequem-jersey-baumwolle-viele-motive-21215152\/","url":"https:\/\/marktxxl.de\/markt\/produkt\/wollhuhn-oeko-jungen-buben-maedchen-cooles-elastisches-stirnband-haarband-bequem-jersey-baumwolle-viele-motive-21215152\/","name":"Wollhuhn \u00d6KO Jungen\/Buben\/M\u00e4dchen Cooles Elastisches Stirnband\/Haarband Bequem Zweilagig Jersey Oder Fleece Viele Motive\u2026 - Markt-XXL","isPartOf":{"@id":"https:\/\/marktxxl.de\/markt\/#website"},"primaryImageOfPage":{"@id":"https:\/\/marktxxl.de\/markt\/produkt\/wollhuhn-oeko-jungen-buben-maedchen-cooles-elastisches-stirnband-haarband-bequem-jersey-baumwolle-viele-motive-21215152\/#primaryimage"},"image":{"@id":"https:\/\/marktxxl.de\/markt\/produkt\/wollhuhn-oeko-jungen-buben-maedchen-cooles-elastisches-stirnband-haarband-bequem-jersey-baumwolle-viele-motive-21215152\/#primaryimage"},"thumbnailUrl":"https:\/\/m.media-amazon.com\/images\/I\/5150oocWZ6L._SL500_.jpg","datePublished":"2022-06-13T22:04:46+00:00","dateModified":"2023-04-11T02:02:02+00:00","description":"Markt-XXL Wollhuhn \u00d6KO Jungen\/Buben\/M\u00e4dchen Cooles Elastisches Stirnband\/Haarband Bequem Zweilagig Jersey Oder Fleece Viele Motive\u2026","breadcrumb":{"@id":"https:\/\/marktxxl.de\/markt\/produkt\/wollhuhn-oeko-jungen-buben-maedchen-cooles-elastisches-stirnband-haarband-bequem-jersey-baumwolle-viele-motive-21215152\/#breadcrumb"},"inLanguage":"de","potentialAction":[{"@type":"ReadAction","target":["https:\/\/marktxxl.de\/markt\/produkt\/wollhuhn-oeko-jungen-buben-maedchen-cooles-elastisches-stirnband-haarband-bequem-jersey-baumwolle-viele-motive-21215152\/"]}]},{"@type":"ImageObject","inLanguage":"de","@id":"https:\/\/marktxxl.de\/markt\/produkt\/wollhuhn-oeko-jungen-buben-maedchen-cooles-elastisches-stirnband-haarband-bequem-jersey-baumwolle-viele-motive-21215152\/#primaryimage","url":"https:\/\/m.media-amazon.com\/images\/I\/5150oocWZ6L._SL500_.jpg","contentUrl":"https:\/\/m.media-amazon.com\/images\/I\/5150oocWZ6L._SL500_.jpg","width":500,"height":500},{"@type":"BreadcrumbList","@id":"https:\/\/marktxxl.de\/markt\/produkt\/wollhuhn-oeko-jungen-buben-maedchen-cooles-elastisches-stirnband-haarband-bequem-jersey-baumwolle-viele-motive-21215152\/#breadcrumb","itemListElement":[{"@type":"ListItem","position":1,"name":"Startseite","item":"https:\/\/marktxxl.de\/markt\/"},{"@type":"ListItem","position":2,"name":"Markt","item":"https:\/\/marktxxl.de\/markt\/"},{"@type":"ListItem","position":3,"name":"Wollhuhn \u00d6KO Jungen\/Buben\/M\u00e4dchen Cooles Elastisches Stirnband\/Haarband Bequem Zweilagig Jersey Oder Fleece Viele Motive\u2026"}]},{"@type":"WebSite","@id":"https:\/\/marktxxl.de\/markt\/#website","url":"https:\/\/marktxxl.de\/markt\/","name":"Markt-XXL","description":"Ihr Markt Online","publisher":{"@id":"https:\/\/marktxxl.de\/markt\/#organization"},"potentialAction":[{"@type":"SearchAction","target":{"@type":"EntryPoint","urlTemplate":"https:\/\/marktxxl.de\/markt\/?s={search_term_string}"},"query-input":{"@type":"PropertyValueSpecification","valueRequired":true,"valueName":"search_term_string"}}],"inLanguage":"de"},{"@type":"Organization","@id":"https:\/\/marktxxl.de\/markt\/#organization","name":"Markt-XXL","url":"https:\/\/marktxxl.de\/markt\/","logo":{"@type":"ImageObject","inLanguage":"de","@id":"https:\/\/marktxxl.de\/markt\/#\/schema\/logo\/image\/","url":"https:\/\/marktxxl.de\/markt\/wp-content\/uploads\/sites\/3\/2020\/12\/logo.png","contentUrl":"https:\/\/marktxxl.de\/markt\/wp-content\/uploads\/sites\/3\/2020\/12\/logo.png","width":200,"height":70,"caption":"Markt-XXL"},"image":{"@id":"https:\/\/marktxxl.de\/markt\/#\/schema\/logo\/image\/"}}]}},"_links":{"self":[{"href":"https:\/\/marktxxl.de\/markt\/wp-json\/wp\/v2\/product\/128123","targetHints":{"allow":["GET"]}}],"collection":[{"href":"https:\/\/marktxxl.de\/markt\/wp-json\/wp\/v2\/product"}],"about":[{"href":"https:\/\/marktxxl.de\/markt\/wp-json\/wp\/v2\/types\/product"}],"replies":[{"embeddable":true,"href":"https:\/\/marktxxl.de\/markt\/wp-json\/wp\/v2\/comments?post=128123"}],"wp:featuredmedia":[{"embeddable":true,"href":"https:\/\/marktxxl.de\/markt\/wp-json\/wp\/v2\/media\/128124"}],"wp:attachment":[{"href":"https:\/\/marktxxl.de\/markt\/wp-json\/wp\/v2\/media?parent=128123"}],"wp:term":[{"taxonomy":"product_brand","embeddable":true,"href":"https:\/\/marktxxl.de\/markt\/wp-json\/wp\/v2\/product_brand?post=128123"},{"taxonomy":"product_cat","embeddable":true,"href":"https:\/\/marktxxl.de\/markt\/wp-json\/wp\/v2\/product_cat?post=128123"},{"taxonomy":"product_tag","embeddable":true,"href":"https:\/\/marktxxl.de\/markt\/wp-json\/wp\/v2\/product_tag?post=128123"}],"curies":[{"name":"wp","href":"https:\/\/api.w.org\/{rel}","templated":true}]}}