{"id":126541,"date":"2022-06-13T21:51:09","date_gmt":"2022-06-13T19:51:09","guid":{"rendered":"https:\/\/marktxxl.de\/markt\/produkt\/kiinde-aufbewahrungsbeutel-fuer-muttermilch-zum-pumpen-einfrieren-und-fuettern-direktpumpe-direkte-fuetterung-vorsterilisiert\/"},"modified":"2023-04-10T04:01:19","modified_gmt":"2023-04-10T02:01:19","slug":"kiinde-aufbewahrungsbeutel-fuer-muttermilch-zum-pumpen-einfrieren-und-fuettern-direktpumpe-direkte-fuetterung-vorsterilisiert","status":"publish","type":"product","link":"https:\/\/marktxxl.de\/markt\/produkt\/kiinde-aufbewahrungsbeutel-fuer-muttermilch-zum-pumpen-einfrieren-und-fuettern-direktpumpe-direkte-fuetterung-vorsterilisiert\/","title":{"rendered":"Kiinde Aufbewahrungsbeutel f\u00fcr Muttermilch zum Pumpen, Einfrieren und F\u00fcttern. Direktpumpe, direkte F\u00fctterung\u2026"},"content":{"rendered":"<p>Direktpumpe, einfrieren, W\u00e4rme und F\u00fctterung: Pumpen, lagern und f\u00fcttern Sie mit dem gleichen Quetschbeutel mit unseren Drehverschluss-Adaptern, Kozii-Flaschenw\u00e4rmer, Kiinde Squeeze Natural Fl\u00e4schchen und Active Latch Nippel.<br \/>\nGewindekappen beseitigen Milchauslaufs: Die Kiinde Twist-Beutel verf\u00fcgen \u00fcber Gewindekappen, um Ihre Milch sicher zu halten. Sie k\u00f6nnen Ihre Milch sicher von der Arbeit zu Hause in unserem K\u00fchler \u00fcbertragen, ohne sich Gedanken \u00fcber Leckagen machen zu m\u00fcssen.<br \/>\nVorsterilisierte und recycelbare Materialien: Das Kiinde Muttermilch-Aufbewahrungssystem erm\u00f6glicht es Ihnen, alle aus dem gleichen Milchbeutel zu pumpen, aufzubewahren und zu f\u00fcttern. Recyceln Sie einfach die Muttermilch-Aufbewahrungstasche und waschen Sie die Brustwarze.<br \/>\nMa\u00dfe direkt auf der Tasche: Die Kiinde Twist-Beutel enthalten Markierungen, damit Sie die Aufnahme Ihres Kindes genau \u00fcberwachen k\u00f6nnen. Erh\u00e4ltlich in den Gr\u00f6\u00dfen 170 g und 227 ml.<br \/>\nTolles Geschenk zur Babyparty: Neue Eltern sind immer auf der Suche nach sicheren und effektiven Produkten f\u00fcr den Einsatz \u00fcber die Jahre des Kleinkinds, was Kiinde Twist und Foodii-Systeme zu einem tollen Geschenk f\u00fcr Babypartys macht.<br \/>\n<div class=\"main-cross-sell\" data-asin=\"B00CXPYWCC\">\n\n\t<div class=\"WooZone-cross-sell-loader\">\n\t\t<div>\n\t\t\t<div id=\"floatingBarsG\">\n\t\t\t\t<div class=\"blockG\" id=\"rotateG_01\"><\/div>\n\t\t\t\t<div class=\"blockG\" id=\"rotateG_02\"><\/div>\n\t\t\t\t<div class=\"blockG\" id=\"rotateG_03\"><\/div>\n\t\t\t\t<div class=\"blockG\" id=\"rotateG_04\"><\/div>\n\t\t\t\t<div class=\"blockG\" id=\"rotateG_05\"><\/div>\n\t\t\t\t<div class=\"blockG\" id=\"rotateG_06\"><\/div>\n\t\t\t\t<div class=\"blockG\" id=\"rotateG_07\"><\/div>\n\t\t\t\t<div class=\"blockG\" id=\"rotateG_08\"><\/div>\n\t\t\t<\/div>\n\t\t\t<div class=\"WooZone-cross-sell-loader-text\"><\/div>\n\t\t<\/div>\n\t<\/div>\n\n\t\t\n<\/div>\n<div style=\"clear:both;\"><\/div><\/p>\n","protected":false},"excerpt":{"rendered":"<p>Direktpumpe, einfrieren, W\u00e4rme und F\u00fctterung: Pumpen, lagern und f\u00fcttern Sie mit dem gleichen Quetschbeutel mit unseren Drehverschluss-Adaptern, Kozii-Flaschenw\u00e4rmer, Kiinde Squeeze Natural Fl\u00e4schchen und Active Latch Nippel.<br \/>\nGewindekappen beseitigen Milchauslaufs: Die Kiinde Twist-Beutel verf\u00fcgen \u00fcber Gewindekappen, um Ihre Milch sicher zu halten. Sie k\u00f6nnen Ihre Milch sicher von der Arbeit zu Hause in unserem K\u00fchler \u00fcbertragen, ohne sich Gedanken \u00fcber Leckagen machen zu m\u00fcssen.<br \/>\nVorsterilisierte und recycelbare Materialien: Das Kiinde Muttermilch-Aufbewahrungssystem erm\u00f6glicht es Ihnen, alle aus dem gleichen Milchbeutel zu pumpen, aufzubewahren und zu f\u00fcttern. Recyceln Sie einfach die Muttermilch-Aufbewahrungstasche und waschen Sie die Brustwarze.<\/p>\n","protected":false},"featured_media":126542,"comment_status":"open","ping_status":"closed","template":"","meta":[],"product_brand":[],"product_cat":[21,9520],"product_tag":[],"class_list":{"0":"post-126541","1":"product","2":"type-product","3":"status-publish","4":"has-post-thumbnail","6":"product_cat-baby","7":"product_cat-wickeln-baby","8":"pa_binding-babyartikel","9":"pa_brand-kiinde","10":"pa_color-fassungsvermoegen-170-ml","11":"pa_height-6-3-zoll","12":"pa_length-12-2-zoll","13":"pa_manufacturer-kiinde","14":"pa_model-tw-n-040-na","15":"pa_size-6-ounce-pack-of-40","16":"pa_weight-1-19-pfund","17":"pa_width-6-2-zoll","19":"first","20":"instock","21":"shipping-taxable","22":"purchasable","23":"product-type-simple","24":"customify-col","25":"product-has-gallery"},"yoast_head":"<!-- This site is optimized with the Yoast SEO plugin v27.4 - https:\/\/yoast.com\/product\/yoast-seo-wordpress\/ -->\n<title>Kiinde Aufbewahrungsbeutel f\u00fcr Muttermilch zum Pumpen, Einfrieren und F\u00fcttern. Direktpumpe, direkte F\u00fctterung\u2026 - Markt-XXL<\/title>\n<meta name=\"description\" content=\"Markt-XXL Kiinde Aufbewahrungsbeutel f\u00fcr Muttermilch zum Pumpen, Einfrieren und F\u00fcttern. Direktpumpe, direkte F\u00fctterung\u2026\" \/>\n<meta name=\"robots\" content=\"index, follow, max-snippet:-1, max-image-preview:large, max-video-preview:-1\" \/>\n<link rel=\"canonical\" href=\"https:\/\/marktxxl.de\/markt\/produkt\/kiinde-aufbewahrungsbeutel-fuer-muttermilch-zum-pumpen-einfrieren-und-fuettern-direktpumpe-direkte-fuetterung-vorsterilisiert\/\" \/>\n<meta property=\"og:locale\" content=\"de_DE\" \/>\n<meta property=\"og:type\" content=\"article\" \/>\n<meta property=\"og:title\" content=\"Kiinde Aufbewahrungsbeutel f\u00fcr Muttermilch zum Pumpen, Einfrieren und F\u00fcttern. Direktpumpe, direkte F\u00fctterung\u2026 - Markt-XXL\" \/>\n<meta property=\"og:description\" content=\"Markt-XXL Kiinde Aufbewahrungsbeutel f\u00fcr Muttermilch zum Pumpen, Einfrieren und F\u00fcttern. Direktpumpe, direkte F\u00fctterung\u2026\" \/>\n<meta property=\"og:url\" content=\"https:\/\/marktxxl.de\/markt\/produkt\/kiinde-aufbewahrungsbeutel-fuer-muttermilch-zum-pumpen-einfrieren-und-fuettern-direktpumpe-direkte-fuetterung-vorsterilisiert\/\" \/>\n<meta property=\"og:site_name\" content=\"Markt-XXL\" \/>\n<meta property=\"article:modified_time\" content=\"2023-04-10T02:01:19+00:00\" \/>\n<meta property=\"og:image\" content=\"https:\/\/m.media-amazon.com\/images\/I\/31e14p6LqwL._SL500_.jpg\" \/>\n\t<meta property=\"og:image:width\" content=\"500\" \/>\n\t<meta property=\"og:image:height\" content=\"409\" \/>\n\t<meta property=\"og:image:type\" content=\"image\/jpeg\" \/>\n<meta name=\"twitter:card\" content=\"summary_large_image\" \/>\n<meta name=\"twitter:label1\" content=\"Gesch\u00e4tzte Lesezeit\" \/>\n\t<meta name=\"twitter:data1\" content=\"1\u00a0Minute\" \/>\n<script type=\"application\/ld+json\" class=\"yoast-schema-graph\">{\"@context\":\"https:\\\/\\\/schema.org\",\"@graph\":[{\"@type\":\"WebPage\",\"@id\":\"https:\\\/\\\/marktxxl.de\\\/markt\\\/produkt\\\/kiinde-aufbewahrungsbeutel-fuer-muttermilch-zum-pumpen-einfrieren-und-fuettern-direktpumpe-direkte-fuetterung-vorsterilisiert\\\/\",\"url\":\"https:\\\/\\\/marktxxl.de\\\/markt\\\/produkt\\\/kiinde-aufbewahrungsbeutel-fuer-muttermilch-zum-pumpen-einfrieren-und-fuettern-direktpumpe-direkte-fuetterung-vorsterilisiert\\\/\",\"name\":\"Kiinde Aufbewahrungsbeutel f\u00fcr Muttermilch zum Pumpen, Einfrieren und F\u00fcttern. Direktpumpe, direkte F\u00fctterung\u2026 - Markt-XXL\",\"isPartOf\":{\"@id\":\"https:\\\/\\\/marktxxl.de\\\/markt\\\/#website\"},\"primaryImageOfPage\":{\"@id\":\"https:\\\/\\\/marktxxl.de\\\/markt\\\/produkt\\\/kiinde-aufbewahrungsbeutel-fuer-muttermilch-zum-pumpen-einfrieren-und-fuettern-direktpumpe-direkte-fuetterung-vorsterilisiert\\\/#primaryimage\"},\"image\":{\"@id\":\"https:\\\/\\\/marktxxl.de\\\/markt\\\/produkt\\\/kiinde-aufbewahrungsbeutel-fuer-muttermilch-zum-pumpen-einfrieren-und-fuettern-direktpumpe-direkte-fuetterung-vorsterilisiert\\\/#primaryimage\"},\"thumbnailUrl\":\"https:\\\/\\\/m.media-amazon.com\\\/images\\\/I\\\/31e14p6LqwL._SL500_.jpg\",\"datePublished\":\"2022-06-13T19:51:09+00:00\",\"dateModified\":\"2023-04-10T02:01:19+00:00\",\"description\":\"Markt-XXL Kiinde Aufbewahrungsbeutel f\u00fcr Muttermilch zum Pumpen, Einfrieren und F\u00fcttern. Direktpumpe, direkte F\u00fctterung\u2026\",\"breadcrumb\":{\"@id\":\"https:\\\/\\\/marktxxl.de\\\/markt\\\/produkt\\\/kiinde-aufbewahrungsbeutel-fuer-muttermilch-zum-pumpen-einfrieren-und-fuettern-direktpumpe-direkte-fuetterung-vorsterilisiert\\\/#breadcrumb\"},\"inLanguage\":\"de\",\"potentialAction\":[{\"@type\":\"ReadAction\",\"target\":[\"https:\\\/\\\/marktxxl.de\\\/markt\\\/produkt\\\/kiinde-aufbewahrungsbeutel-fuer-muttermilch-zum-pumpen-einfrieren-und-fuettern-direktpumpe-direkte-fuetterung-vorsterilisiert\\\/\"]}]},{\"@type\":\"ImageObject\",\"inLanguage\":\"de\",\"@id\":\"https:\\\/\\\/marktxxl.de\\\/markt\\\/produkt\\\/kiinde-aufbewahrungsbeutel-fuer-muttermilch-zum-pumpen-einfrieren-und-fuettern-direktpumpe-direkte-fuetterung-vorsterilisiert\\\/#primaryimage\",\"url\":\"https:\\\/\\\/m.media-amazon.com\\\/images\\\/I\\\/31e14p6LqwL._SL500_.jpg\",\"contentUrl\":\"https:\\\/\\\/m.media-amazon.com\\\/images\\\/I\\\/31e14p6LqwL._SL500_.jpg\",\"width\":500,\"height\":409},{\"@type\":\"BreadcrumbList\",\"@id\":\"https:\\\/\\\/marktxxl.de\\\/markt\\\/produkt\\\/kiinde-aufbewahrungsbeutel-fuer-muttermilch-zum-pumpen-einfrieren-und-fuettern-direktpumpe-direkte-fuetterung-vorsterilisiert\\\/#breadcrumb\",\"itemListElement\":[{\"@type\":\"ListItem\",\"position\":1,\"name\":\"Startseite\",\"item\":\"https:\\\/\\\/marktxxl.de\\\/markt\\\/\"},{\"@type\":\"ListItem\",\"position\":2,\"name\":\"Markt\",\"item\":\"https:\\\/\\\/marktxxl.de\\\/markt\\\/\"},{\"@type\":\"ListItem\",\"position\":3,\"name\":\"Kiinde Aufbewahrungsbeutel f\u00fcr Muttermilch zum Pumpen, Einfrieren und F\u00fcttern. Direktpumpe, direkte F\u00fctterung\u2026\"}]},{\"@type\":\"WebSite\",\"@id\":\"https:\\\/\\\/marktxxl.de\\\/markt\\\/#website\",\"url\":\"https:\\\/\\\/marktxxl.de\\\/markt\\\/\",\"name\":\"Markt-XXL\",\"description\":\"Ihr Markt Online\",\"publisher\":{\"@id\":\"https:\\\/\\\/marktxxl.de\\\/markt\\\/#organization\"},\"potentialAction\":[{\"@type\":\"SearchAction\",\"target\":{\"@type\":\"EntryPoint\",\"urlTemplate\":\"https:\\\/\\\/marktxxl.de\\\/markt\\\/?s={search_term_string}\"},\"query-input\":{\"@type\":\"PropertyValueSpecification\",\"valueRequired\":true,\"valueName\":\"search_term_string\"}}],\"inLanguage\":\"de\"},{\"@type\":\"Organization\",\"@id\":\"https:\\\/\\\/marktxxl.de\\\/markt\\\/#organization\",\"name\":\"Markt-XXL\",\"url\":\"https:\\\/\\\/marktxxl.de\\\/markt\\\/\",\"logo\":{\"@type\":\"ImageObject\",\"inLanguage\":\"de\",\"@id\":\"https:\\\/\\\/marktxxl.de\\\/markt\\\/#\\\/schema\\\/logo\\\/image\\\/\",\"url\":\"https:\\\/\\\/marktxxl.de\\\/markt\\\/wp-content\\\/uploads\\\/sites\\\/3\\\/2020\\\/12\\\/logo.png\",\"contentUrl\":\"https:\\\/\\\/marktxxl.de\\\/markt\\\/wp-content\\\/uploads\\\/sites\\\/3\\\/2020\\\/12\\\/logo.png\",\"width\":200,\"height\":70,\"caption\":\"Markt-XXL\"},\"image\":{\"@id\":\"https:\\\/\\\/marktxxl.de\\\/markt\\\/#\\\/schema\\\/logo\\\/image\\\/\"}}]}<\/script>\n<!-- \/ Yoast SEO plugin. -->","yoast_head_json":{"title":"Kiinde Aufbewahrungsbeutel f\u00fcr Muttermilch zum Pumpen, Einfrieren und F\u00fcttern. Direktpumpe, direkte F\u00fctterung\u2026 - Markt-XXL","description":"Markt-XXL Kiinde Aufbewahrungsbeutel f\u00fcr Muttermilch zum Pumpen, Einfrieren und F\u00fcttern. Direktpumpe, direkte F\u00fctterung\u2026","robots":{"index":"index","follow":"follow","max-snippet":"max-snippet:-1","max-image-preview":"max-image-preview:large","max-video-preview":"max-video-preview:-1"},"canonical":"https:\/\/marktxxl.de\/markt\/produkt\/kiinde-aufbewahrungsbeutel-fuer-muttermilch-zum-pumpen-einfrieren-und-fuettern-direktpumpe-direkte-fuetterung-vorsterilisiert\/","og_locale":"de_DE","og_type":"article","og_title":"Kiinde Aufbewahrungsbeutel f\u00fcr Muttermilch zum Pumpen, Einfrieren und F\u00fcttern. Direktpumpe, direkte F\u00fctterung\u2026 - Markt-XXL","og_description":"Markt-XXL Kiinde Aufbewahrungsbeutel f\u00fcr Muttermilch zum Pumpen, Einfrieren und F\u00fcttern. Direktpumpe, direkte F\u00fctterung\u2026","og_url":"https:\/\/marktxxl.de\/markt\/produkt\/kiinde-aufbewahrungsbeutel-fuer-muttermilch-zum-pumpen-einfrieren-und-fuettern-direktpumpe-direkte-fuetterung-vorsterilisiert\/","og_site_name":"Markt-XXL","article_modified_time":"2023-04-10T02:01:19+00:00","og_image":[{"width":500,"height":409,"url":"https:\/\/m.media-amazon.com\/images\/I\/31e14p6LqwL._SL500_.jpg","type":"image\/jpeg"}],"twitter_card":"summary_large_image","twitter_misc":{"Gesch\u00e4tzte Lesezeit":"1\u00a0Minute"},"schema":{"@context":"https:\/\/schema.org","@graph":[{"@type":"WebPage","@id":"https:\/\/marktxxl.de\/markt\/produkt\/kiinde-aufbewahrungsbeutel-fuer-muttermilch-zum-pumpen-einfrieren-und-fuettern-direktpumpe-direkte-fuetterung-vorsterilisiert\/","url":"https:\/\/marktxxl.de\/markt\/produkt\/kiinde-aufbewahrungsbeutel-fuer-muttermilch-zum-pumpen-einfrieren-und-fuettern-direktpumpe-direkte-fuetterung-vorsterilisiert\/","name":"Kiinde Aufbewahrungsbeutel f\u00fcr Muttermilch zum Pumpen, Einfrieren und F\u00fcttern. Direktpumpe, direkte F\u00fctterung\u2026 - Markt-XXL","isPartOf":{"@id":"https:\/\/marktxxl.de\/markt\/#website"},"primaryImageOfPage":{"@id":"https:\/\/marktxxl.de\/markt\/produkt\/kiinde-aufbewahrungsbeutel-fuer-muttermilch-zum-pumpen-einfrieren-und-fuettern-direktpumpe-direkte-fuetterung-vorsterilisiert\/#primaryimage"},"image":{"@id":"https:\/\/marktxxl.de\/markt\/produkt\/kiinde-aufbewahrungsbeutel-fuer-muttermilch-zum-pumpen-einfrieren-und-fuettern-direktpumpe-direkte-fuetterung-vorsterilisiert\/#primaryimage"},"thumbnailUrl":"https:\/\/m.media-amazon.com\/images\/I\/31e14p6LqwL._SL500_.jpg","datePublished":"2022-06-13T19:51:09+00:00","dateModified":"2023-04-10T02:01:19+00:00","description":"Markt-XXL Kiinde Aufbewahrungsbeutel f\u00fcr Muttermilch zum Pumpen, Einfrieren und F\u00fcttern. Direktpumpe, direkte F\u00fctterung\u2026","breadcrumb":{"@id":"https:\/\/marktxxl.de\/markt\/produkt\/kiinde-aufbewahrungsbeutel-fuer-muttermilch-zum-pumpen-einfrieren-und-fuettern-direktpumpe-direkte-fuetterung-vorsterilisiert\/#breadcrumb"},"inLanguage":"de","potentialAction":[{"@type":"ReadAction","target":["https:\/\/marktxxl.de\/markt\/produkt\/kiinde-aufbewahrungsbeutel-fuer-muttermilch-zum-pumpen-einfrieren-und-fuettern-direktpumpe-direkte-fuetterung-vorsterilisiert\/"]}]},{"@type":"ImageObject","inLanguage":"de","@id":"https:\/\/marktxxl.de\/markt\/produkt\/kiinde-aufbewahrungsbeutel-fuer-muttermilch-zum-pumpen-einfrieren-und-fuettern-direktpumpe-direkte-fuetterung-vorsterilisiert\/#primaryimage","url":"https:\/\/m.media-amazon.com\/images\/I\/31e14p6LqwL._SL500_.jpg","contentUrl":"https:\/\/m.media-amazon.com\/images\/I\/31e14p6LqwL._SL500_.jpg","width":500,"height":409},{"@type":"BreadcrumbList","@id":"https:\/\/marktxxl.de\/markt\/produkt\/kiinde-aufbewahrungsbeutel-fuer-muttermilch-zum-pumpen-einfrieren-und-fuettern-direktpumpe-direkte-fuetterung-vorsterilisiert\/#breadcrumb","itemListElement":[{"@type":"ListItem","position":1,"name":"Startseite","item":"https:\/\/marktxxl.de\/markt\/"},{"@type":"ListItem","position":2,"name":"Markt","item":"https:\/\/marktxxl.de\/markt\/"},{"@type":"ListItem","position":3,"name":"Kiinde Aufbewahrungsbeutel f\u00fcr Muttermilch zum Pumpen, Einfrieren und F\u00fcttern. Direktpumpe, direkte F\u00fctterung\u2026"}]},{"@type":"WebSite","@id":"https:\/\/marktxxl.de\/markt\/#website","url":"https:\/\/marktxxl.de\/markt\/","name":"Markt-XXL","description":"Ihr Markt Online","publisher":{"@id":"https:\/\/marktxxl.de\/markt\/#organization"},"potentialAction":[{"@type":"SearchAction","target":{"@type":"EntryPoint","urlTemplate":"https:\/\/marktxxl.de\/markt\/?s={search_term_string}"},"query-input":{"@type":"PropertyValueSpecification","valueRequired":true,"valueName":"search_term_string"}}],"inLanguage":"de"},{"@type":"Organization","@id":"https:\/\/marktxxl.de\/markt\/#organization","name":"Markt-XXL","url":"https:\/\/marktxxl.de\/markt\/","logo":{"@type":"ImageObject","inLanguage":"de","@id":"https:\/\/marktxxl.de\/markt\/#\/schema\/logo\/image\/","url":"https:\/\/marktxxl.de\/markt\/wp-content\/uploads\/sites\/3\/2020\/12\/logo.png","contentUrl":"https:\/\/marktxxl.de\/markt\/wp-content\/uploads\/sites\/3\/2020\/12\/logo.png","width":200,"height":70,"caption":"Markt-XXL"},"image":{"@id":"https:\/\/marktxxl.de\/markt\/#\/schema\/logo\/image\/"}}]}},"_links":{"self":[{"href":"https:\/\/marktxxl.de\/markt\/wp-json\/wp\/v2\/product\/126541","targetHints":{"allow":["GET"]}}],"collection":[{"href":"https:\/\/marktxxl.de\/markt\/wp-json\/wp\/v2\/product"}],"about":[{"href":"https:\/\/marktxxl.de\/markt\/wp-json\/wp\/v2\/types\/product"}],"replies":[{"embeddable":true,"href":"https:\/\/marktxxl.de\/markt\/wp-json\/wp\/v2\/comments?post=126541"}],"wp:featuredmedia":[{"embeddable":true,"href":"https:\/\/marktxxl.de\/markt\/wp-json\/wp\/v2\/media\/126542"}],"wp:attachment":[{"href":"https:\/\/marktxxl.de\/markt\/wp-json\/wp\/v2\/media?parent=126541"}],"wp:term":[{"taxonomy":"product_brand","embeddable":true,"href":"https:\/\/marktxxl.de\/markt\/wp-json\/wp\/v2\/product_brand?post=126541"},{"taxonomy":"product_cat","embeddable":true,"href":"https:\/\/marktxxl.de\/markt\/wp-json\/wp\/v2\/product_cat?post=126541"},{"taxonomy":"product_tag","embeddable":true,"href":"https:\/\/marktxxl.de\/markt\/wp-json\/wp\/v2\/product_tag?post=126541"}],"curies":[{"name":"wp","href":"https:\/\/api.w.org\/{rel}","templated":true}]}}