{"id":125689,"date":"2022-06-13T20:40:08","date_gmt":"2022-06-13T18:40:08","guid":{"rendered":"https:\/\/marktxxl.de\/markt\/produkt\/rolly-toys-13-210-2-toys-babyrutscher-rollyminitrac-deutz-agrokid-mit-ablagefach-ergonomische-fahrzeugkontur-lenkrad-mit-hupe-ab-1-%c2%bd-jahren-geeignet-132102\/"},"modified":"2023-04-03T02:25:24","modified_gmt":"2023-04-03T00:25:24","slug":"rolly-toys-13-210-2-toys-babyrutscher-rollyminitrac-deutz-agrokid-mit-ablagefach-ergonomische-fahrzeugkontur-lenkrad-mit-hupe-ab-1-%c2%bd-jahren-geeignet-132102","status":"publish","type":"product","link":"https:\/\/marktxxl.de\/markt\/produkt\/rolly-toys-13-210-2-toys-babyrutscher-rollyminitrac-deutz-agrokid-mit-ablagefach-ergonomische-fahrzeugkontur-lenkrad-mit-hupe-ab-1-%c2%bd-jahren-geeignet-132102\/","title":{"rendered":"Rolly Toys 13 210 2 Toys Babyrutscher rollyMinitrac Deutz Agrokid (mit Ablagefach, ergonomische Fahrzeugkontur, Lenkrad\u2026"},"content":{"rendered":"<p>Praktisch: Dieser Kleinkindrutscher besitzt nicht nur eine \u00f6ffenbare Motorhaube, sondern auch ein sich darunter befindendes Ablagefach, um kleinere Dinge transportieren zu k\u00f6nnen<br \/>\nMinitrac: Die Kniemulde und die ergonomische Fahrzeugkontur des Minitraktors eignen sich perfekt f\u00fcr die kleinsten Landwirte ab 1 1\/2 Jahren<br \/>\nAusger\u00fcstet: Mit Heckkupplung, Fl\u00fcsterlaufreifen, einem Lenkrad mit Hupe, der \u00f6ffenbaren Motorhaube und der Achsschenkellenkung steht dieser Kinderrutscher einem Pedaltraktor in nichts nach<br \/>\nQualit\u00e4t: Von Anfang an war es das erkl\u00e4rte Ziel von rollyToys, Kinder und ihre Eltern in aller Welt mit qualitativ hochwertigem und sch\u00f6nem Spielzeug zu erfreuen<br \/>\nDie Rolly Toys Spielzeuge werden bereits bei der Produktion auf Qualit\u00e4t und Funktionssicherheit gepr\u00fcft<br \/>\n<div class=\"main-cross-sell\" data-asin=\"B000RZF5Q2\">\n\n\t<div class=\"WooZone-cross-sell-loader\">\n\t\t<div>\n\t\t\t<div id=\"floatingBarsG\">\n\t\t\t\t<div class=\"blockG\" id=\"rotateG_01\"><\/div>\n\t\t\t\t<div class=\"blockG\" id=\"rotateG_02\"><\/div>\n\t\t\t\t<div class=\"blockG\" id=\"rotateG_03\"><\/div>\n\t\t\t\t<div class=\"blockG\" id=\"rotateG_04\"><\/div>\n\t\t\t\t<div class=\"blockG\" id=\"rotateG_05\"><\/div>\n\t\t\t\t<div class=\"blockG\" id=\"rotateG_06\"><\/div>\n\t\t\t\t<div class=\"blockG\" id=\"rotateG_07\"><\/div>\n\t\t\t\t<div class=\"blockG\" id=\"rotateG_08\"><\/div>\n\t\t\t<\/div>\n\t\t\t<div class=\"WooZone-cross-sell-loader-text\"><\/div>\n\t\t<\/div>\n\t<\/div>\n\n\t\t\n<\/div>\n<div style=\"clear:both;\"><\/div><\/p>\n","protected":false},"excerpt":{"rendered":"<p>Praktisch: Dieser Kleinkindrutscher besitzt nicht nur eine \u00f6ffenbare Motorhaube, sondern auch ein sich darunter befindendes Ablagefach, um kleinere Dinge transportieren zu k\u00f6nnen<br \/>\nMinitrac: Die Kniemulde und die ergonomische Fahrzeugkontur des Minitraktors eignen sich perfekt f\u00fcr die kleinsten Landwirte ab 1 1\/2 Jahren<br \/>\nAusger\u00fcstet: Mit Heckkupplung, Fl\u00fcsterlaufreifen, einem Lenkrad mit Hupe, der \u00f6ffenbaren Motorhaube und der Achsschenkellenkung steht dieser Kinderrutscher einem Pedaltraktor in nichts nach<\/p>\n","protected":false},"featured_media":125690,"comment_status":"open","ping_status":"closed","template":"","meta":[],"product_brand":[],"product_cat":[21,9143],"product_tag":[],"class_list":{"0":"post-125689","1":"product","2":"type-product","3":"status-publish","4":"has-post-thumbnail","6":"product_cat-baby","7":"product_cat-entdecken-bewegen-baby","8":"pa_binding-spielzeug","9":"pa_brand-rolly-toys","10":"pa_color-gruen","11":"pa_height-153-54330693-zoll","12":"pa_length-232-28346433-zoll","13":"pa_manufacturer-rolly-toys","14":"pa_model-rolly132102","15":"pa_weight-9-259415004-pfund","16":"pa_width-116-141732165-zoll","18":"first","19":"instock","20":"shipping-taxable","21":"purchasable","22":"product-type-simple","23":"customify-col","24":"product-has-gallery"},"yoast_head":"<!-- This site is optimized with the Yoast SEO plugin v27.4 - https:\/\/yoast.com\/product\/yoast-seo-wordpress\/ -->\n<title>Rolly Toys 13 210 2 Toys Babyrutscher rollyMinitrac Deutz Agrokid (mit Ablagefach, ergonomische Fahrzeugkontur, Lenkrad\u2026 - Markt-XXL<\/title>\n<meta name=\"description\" content=\"Markt-XXL Rolly Toys 13 210 2 Toys Babyrutscher rollyMinitrac Deutz Agrokid (mit Ablagefach, ergonomische Fahrzeugkontur, Lenkrad\u2026\" \/>\n<meta name=\"robots\" content=\"index, follow, max-snippet:-1, max-image-preview:large, max-video-preview:-1\" \/>\n<link rel=\"canonical\" href=\"https:\/\/marktxxl.de\/markt\/produkt\/rolly-toys-13-210-2-toys-babyrutscher-rollyminitrac-deutz-agrokid-mit-ablagefach-ergonomische-fahrzeugkontur-lenkrad-mit-hupe-ab-1-\u00bd-jahren-geeignet-132102\/\" \/>\n<meta property=\"og:locale\" content=\"de_DE\" \/>\n<meta property=\"og:type\" content=\"article\" \/>\n<meta property=\"og:title\" content=\"Rolly Toys 13 210 2 Toys Babyrutscher rollyMinitrac Deutz Agrokid (mit Ablagefach, ergonomische Fahrzeugkontur, Lenkrad\u2026 - Markt-XXL\" \/>\n<meta property=\"og:description\" content=\"Markt-XXL Rolly Toys 13 210 2 Toys Babyrutscher rollyMinitrac Deutz Agrokid (mit Ablagefach, ergonomische Fahrzeugkontur, Lenkrad\u2026\" \/>\n<meta property=\"og:url\" content=\"https:\/\/marktxxl.de\/markt\/produkt\/rolly-toys-13-210-2-toys-babyrutscher-rollyminitrac-deutz-agrokid-mit-ablagefach-ergonomische-fahrzeugkontur-lenkrad-mit-hupe-ab-1-\u00bd-jahren-geeignet-132102\/\" \/>\n<meta property=\"og:site_name\" content=\"Markt-XXL\" \/>\n<meta property=\"article:modified_time\" content=\"2023-04-03T00:25:24+00:00\" \/>\n<meta property=\"og:image\" content=\"https:\/\/m.media-amazon.com\/images\/I\/41uc-5tifnL._SL500_.jpg\" \/>\n\t<meta property=\"og:image:width\" content=\"500\" \/>\n\t<meta property=\"og:image:height\" content=\"354\" \/>\n\t<meta property=\"og:image:type\" content=\"image\/jpeg\" \/>\n<meta name=\"twitter:card\" content=\"summary_large_image\" \/>\n<meta name=\"twitter:label1\" content=\"Gesch\u00e4tzte Lesezeit\" \/>\n\t<meta name=\"twitter:data1\" content=\"1\u00a0Minute\" \/>\n<script type=\"application\/ld+json\" class=\"yoast-schema-graph\">{\"@context\":\"https:\\\/\\\/schema.org\",\"@graph\":[{\"@type\":\"WebPage\",\"@id\":\"https:\\\/\\\/marktxxl.de\\\/markt\\\/produkt\\\/rolly-toys-13-210-2-toys-babyrutscher-rollyminitrac-deutz-agrokid-mit-ablagefach-ergonomische-fahrzeugkontur-lenkrad-mit-hupe-ab-1-%c2%bd-jahren-geeignet-132102\\\/\",\"url\":\"https:\\\/\\\/marktxxl.de\\\/markt\\\/produkt\\\/rolly-toys-13-210-2-toys-babyrutscher-rollyminitrac-deutz-agrokid-mit-ablagefach-ergonomische-fahrzeugkontur-lenkrad-mit-hupe-ab-1-%c2%bd-jahren-geeignet-132102\\\/\",\"name\":\"Rolly Toys 13 210 2 Toys Babyrutscher rollyMinitrac Deutz Agrokid (mit Ablagefach, ergonomische Fahrzeugkontur, Lenkrad\u2026 - Markt-XXL\",\"isPartOf\":{\"@id\":\"https:\\\/\\\/marktxxl.de\\\/markt\\\/#website\"},\"primaryImageOfPage\":{\"@id\":\"https:\\\/\\\/marktxxl.de\\\/markt\\\/produkt\\\/rolly-toys-13-210-2-toys-babyrutscher-rollyminitrac-deutz-agrokid-mit-ablagefach-ergonomische-fahrzeugkontur-lenkrad-mit-hupe-ab-1-%c2%bd-jahren-geeignet-132102\\\/#primaryimage\"},\"image\":{\"@id\":\"https:\\\/\\\/marktxxl.de\\\/markt\\\/produkt\\\/rolly-toys-13-210-2-toys-babyrutscher-rollyminitrac-deutz-agrokid-mit-ablagefach-ergonomische-fahrzeugkontur-lenkrad-mit-hupe-ab-1-%c2%bd-jahren-geeignet-132102\\\/#primaryimage\"},\"thumbnailUrl\":\"https:\\\/\\\/m.media-amazon.com\\\/images\\\/I\\\/41uc-5tifnL._SL500_.jpg\",\"datePublished\":\"2022-06-13T18:40:08+00:00\",\"dateModified\":\"2023-04-03T00:25:24+00:00\",\"description\":\"Markt-XXL Rolly Toys 13 210 2 Toys Babyrutscher rollyMinitrac Deutz Agrokid (mit Ablagefach, ergonomische Fahrzeugkontur, Lenkrad\u2026\",\"breadcrumb\":{\"@id\":\"https:\\\/\\\/marktxxl.de\\\/markt\\\/produkt\\\/rolly-toys-13-210-2-toys-babyrutscher-rollyminitrac-deutz-agrokid-mit-ablagefach-ergonomische-fahrzeugkontur-lenkrad-mit-hupe-ab-1-%c2%bd-jahren-geeignet-132102\\\/#breadcrumb\"},\"inLanguage\":\"de\",\"potentialAction\":[{\"@type\":\"ReadAction\",\"target\":[\"https:\\\/\\\/marktxxl.de\\\/markt\\\/produkt\\\/rolly-toys-13-210-2-toys-babyrutscher-rollyminitrac-deutz-agrokid-mit-ablagefach-ergonomische-fahrzeugkontur-lenkrad-mit-hupe-ab-1-%c2%bd-jahren-geeignet-132102\\\/\"]}]},{\"@type\":\"ImageObject\",\"inLanguage\":\"de\",\"@id\":\"https:\\\/\\\/marktxxl.de\\\/markt\\\/produkt\\\/rolly-toys-13-210-2-toys-babyrutscher-rollyminitrac-deutz-agrokid-mit-ablagefach-ergonomische-fahrzeugkontur-lenkrad-mit-hupe-ab-1-%c2%bd-jahren-geeignet-132102\\\/#primaryimage\",\"url\":\"https:\\\/\\\/m.media-amazon.com\\\/images\\\/I\\\/41uc-5tifnL._SL500_.jpg\",\"contentUrl\":\"https:\\\/\\\/m.media-amazon.com\\\/images\\\/I\\\/41uc-5tifnL._SL500_.jpg\",\"width\":500,\"height\":354},{\"@type\":\"BreadcrumbList\",\"@id\":\"https:\\\/\\\/marktxxl.de\\\/markt\\\/produkt\\\/rolly-toys-13-210-2-toys-babyrutscher-rollyminitrac-deutz-agrokid-mit-ablagefach-ergonomische-fahrzeugkontur-lenkrad-mit-hupe-ab-1-%c2%bd-jahren-geeignet-132102\\\/#breadcrumb\",\"itemListElement\":[{\"@type\":\"ListItem\",\"position\":1,\"name\":\"Startseite\",\"item\":\"https:\\\/\\\/marktxxl.de\\\/markt\\\/\"},{\"@type\":\"ListItem\",\"position\":2,\"name\":\"Markt\",\"item\":\"https:\\\/\\\/marktxxl.de\\\/markt\\\/\"},{\"@type\":\"ListItem\",\"position\":3,\"name\":\"Rolly Toys 13 210 2 Toys Babyrutscher rollyMinitrac Deutz Agrokid (mit Ablagefach, ergonomische Fahrzeugkontur, Lenkrad\u2026\"}]},{\"@type\":\"WebSite\",\"@id\":\"https:\\\/\\\/marktxxl.de\\\/markt\\\/#website\",\"url\":\"https:\\\/\\\/marktxxl.de\\\/markt\\\/\",\"name\":\"Markt-XXL\",\"description\":\"Ihr Markt Online\",\"publisher\":{\"@id\":\"https:\\\/\\\/marktxxl.de\\\/markt\\\/#organization\"},\"potentialAction\":[{\"@type\":\"SearchAction\",\"target\":{\"@type\":\"EntryPoint\",\"urlTemplate\":\"https:\\\/\\\/marktxxl.de\\\/markt\\\/?s={search_term_string}\"},\"query-input\":{\"@type\":\"PropertyValueSpecification\",\"valueRequired\":true,\"valueName\":\"search_term_string\"}}],\"inLanguage\":\"de\"},{\"@type\":\"Organization\",\"@id\":\"https:\\\/\\\/marktxxl.de\\\/markt\\\/#organization\",\"name\":\"Markt-XXL\",\"url\":\"https:\\\/\\\/marktxxl.de\\\/markt\\\/\",\"logo\":{\"@type\":\"ImageObject\",\"inLanguage\":\"de\",\"@id\":\"https:\\\/\\\/marktxxl.de\\\/markt\\\/#\\\/schema\\\/logo\\\/image\\\/\",\"url\":\"https:\\\/\\\/marktxxl.de\\\/markt\\\/wp-content\\\/uploads\\\/sites\\\/3\\\/2020\\\/12\\\/logo.png\",\"contentUrl\":\"https:\\\/\\\/marktxxl.de\\\/markt\\\/wp-content\\\/uploads\\\/sites\\\/3\\\/2020\\\/12\\\/logo.png\",\"width\":200,\"height\":70,\"caption\":\"Markt-XXL\"},\"image\":{\"@id\":\"https:\\\/\\\/marktxxl.de\\\/markt\\\/#\\\/schema\\\/logo\\\/image\\\/\"}}]}<\/script>\n<!-- \/ Yoast SEO plugin. -->","yoast_head_json":{"title":"Rolly Toys 13 210 2 Toys Babyrutscher rollyMinitrac Deutz Agrokid (mit Ablagefach, ergonomische Fahrzeugkontur, Lenkrad\u2026 - Markt-XXL","description":"Markt-XXL Rolly Toys 13 210 2 Toys Babyrutscher rollyMinitrac Deutz Agrokid (mit Ablagefach, ergonomische Fahrzeugkontur, Lenkrad\u2026","robots":{"index":"index","follow":"follow","max-snippet":"max-snippet:-1","max-image-preview":"max-image-preview:large","max-video-preview":"max-video-preview:-1"},"canonical":"https:\/\/marktxxl.de\/markt\/produkt\/rolly-toys-13-210-2-toys-babyrutscher-rollyminitrac-deutz-agrokid-mit-ablagefach-ergonomische-fahrzeugkontur-lenkrad-mit-hupe-ab-1-\u00bd-jahren-geeignet-132102\/","og_locale":"de_DE","og_type":"article","og_title":"Rolly Toys 13 210 2 Toys Babyrutscher rollyMinitrac Deutz Agrokid (mit Ablagefach, ergonomische Fahrzeugkontur, Lenkrad\u2026 - Markt-XXL","og_description":"Markt-XXL Rolly Toys 13 210 2 Toys Babyrutscher rollyMinitrac Deutz Agrokid (mit Ablagefach, ergonomische Fahrzeugkontur, Lenkrad\u2026","og_url":"https:\/\/marktxxl.de\/markt\/produkt\/rolly-toys-13-210-2-toys-babyrutscher-rollyminitrac-deutz-agrokid-mit-ablagefach-ergonomische-fahrzeugkontur-lenkrad-mit-hupe-ab-1-\u00bd-jahren-geeignet-132102\/","og_site_name":"Markt-XXL","article_modified_time":"2023-04-03T00:25:24+00:00","og_image":[{"width":500,"height":354,"url":"https:\/\/m.media-amazon.com\/images\/I\/41uc-5tifnL._SL500_.jpg","type":"image\/jpeg"}],"twitter_card":"summary_large_image","twitter_misc":{"Gesch\u00e4tzte Lesezeit":"1\u00a0Minute"},"schema":{"@context":"https:\/\/schema.org","@graph":[{"@type":"WebPage","@id":"https:\/\/marktxxl.de\/markt\/produkt\/rolly-toys-13-210-2-toys-babyrutscher-rollyminitrac-deutz-agrokid-mit-ablagefach-ergonomische-fahrzeugkontur-lenkrad-mit-hupe-ab-1-%c2%bd-jahren-geeignet-132102\/","url":"https:\/\/marktxxl.de\/markt\/produkt\/rolly-toys-13-210-2-toys-babyrutscher-rollyminitrac-deutz-agrokid-mit-ablagefach-ergonomische-fahrzeugkontur-lenkrad-mit-hupe-ab-1-%c2%bd-jahren-geeignet-132102\/","name":"Rolly Toys 13 210 2 Toys Babyrutscher rollyMinitrac Deutz Agrokid (mit Ablagefach, ergonomische Fahrzeugkontur, Lenkrad\u2026 - Markt-XXL","isPartOf":{"@id":"https:\/\/marktxxl.de\/markt\/#website"},"primaryImageOfPage":{"@id":"https:\/\/marktxxl.de\/markt\/produkt\/rolly-toys-13-210-2-toys-babyrutscher-rollyminitrac-deutz-agrokid-mit-ablagefach-ergonomische-fahrzeugkontur-lenkrad-mit-hupe-ab-1-%c2%bd-jahren-geeignet-132102\/#primaryimage"},"image":{"@id":"https:\/\/marktxxl.de\/markt\/produkt\/rolly-toys-13-210-2-toys-babyrutscher-rollyminitrac-deutz-agrokid-mit-ablagefach-ergonomische-fahrzeugkontur-lenkrad-mit-hupe-ab-1-%c2%bd-jahren-geeignet-132102\/#primaryimage"},"thumbnailUrl":"https:\/\/m.media-amazon.com\/images\/I\/41uc-5tifnL._SL500_.jpg","datePublished":"2022-06-13T18:40:08+00:00","dateModified":"2023-04-03T00:25:24+00:00","description":"Markt-XXL Rolly Toys 13 210 2 Toys Babyrutscher rollyMinitrac Deutz Agrokid (mit Ablagefach, ergonomische Fahrzeugkontur, Lenkrad\u2026","breadcrumb":{"@id":"https:\/\/marktxxl.de\/markt\/produkt\/rolly-toys-13-210-2-toys-babyrutscher-rollyminitrac-deutz-agrokid-mit-ablagefach-ergonomische-fahrzeugkontur-lenkrad-mit-hupe-ab-1-%c2%bd-jahren-geeignet-132102\/#breadcrumb"},"inLanguage":"de","potentialAction":[{"@type":"ReadAction","target":["https:\/\/marktxxl.de\/markt\/produkt\/rolly-toys-13-210-2-toys-babyrutscher-rollyminitrac-deutz-agrokid-mit-ablagefach-ergonomische-fahrzeugkontur-lenkrad-mit-hupe-ab-1-%c2%bd-jahren-geeignet-132102\/"]}]},{"@type":"ImageObject","inLanguage":"de","@id":"https:\/\/marktxxl.de\/markt\/produkt\/rolly-toys-13-210-2-toys-babyrutscher-rollyminitrac-deutz-agrokid-mit-ablagefach-ergonomische-fahrzeugkontur-lenkrad-mit-hupe-ab-1-%c2%bd-jahren-geeignet-132102\/#primaryimage","url":"https:\/\/m.media-amazon.com\/images\/I\/41uc-5tifnL._SL500_.jpg","contentUrl":"https:\/\/m.media-amazon.com\/images\/I\/41uc-5tifnL._SL500_.jpg","width":500,"height":354},{"@type":"BreadcrumbList","@id":"https:\/\/marktxxl.de\/markt\/produkt\/rolly-toys-13-210-2-toys-babyrutscher-rollyminitrac-deutz-agrokid-mit-ablagefach-ergonomische-fahrzeugkontur-lenkrad-mit-hupe-ab-1-%c2%bd-jahren-geeignet-132102\/#breadcrumb","itemListElement":[{"@type":"ListItem","position":1,"name":"Startseite","item":"https:\/\/marktxxl.de\/markt\/"},{"@type":"ListItem","position":2,"name":"Markt","item":"https:\/\/marktxxl.de\/markt\/"},{"@type":"ListItem","position":3,"name":"Rolly Toys 13 210 2 Toys Babyrutscher rollyMinitrac Deutz Agrokid (mit Ablagefach, ergonomische Fahrzeugkontur, Lenkrad\u2026"}]},{"@type":"WebSite","@id":"https:\/\/marktxxl.de\/markt\/#website","url":"https:\/\/marktxxl.de\/markt\/","name":"Markt-XXL","description":"Ihr Markt Online","publisher":{"@id":"https:\/\/marktxxl.de\/markt\/#organization"},"potentialAction":[{"@type":"SearchAction","target":{"@type":"EntryPoint","urlTemplate":"https:\/\/marktxxl.de\/markt\/?s={search_term_string}"},"query-input":{"@type":"PropertyValueSpecification","valueRequired":true,"valueName":"search_term_string"}}],"inLanguage":"de"},{"@type":"Organization","@id":"https:\/\/marktxxl.de\/markt\/#organization","name":"Markt-XXL","url":"https:\/\/marktxxl.de\/markt\/","logo":{"@type":"ImageObject","inLanguage":"de","@id":"https:\/\/marktxxl.de\/markt\/#\/schema\/logo\/image\/","url":"https:\/\/marktxxl.de\/markt\/wp-content\/uploads\/sites\/3\/2020\/12\/logo.png","contentUrl":"https:\/\/marktxxl.de\/markt\/wp-content\/uploads\/sites\/3\/2020\/12\/logo.png","width":200,"height":70,"caption":"Markt-XXL"},"image":{"@id":"https:\/\/marktxxl.de\/markt\/#\/schema\/logo\/image\/"}}]}},"_links":{"self":[{"href":"https:\/\/marktxxl.de\/markt\/wp-json\/wp\/v2\/product\/125689","targetHints":{"allow":["GET"]}}],"collection":[{"href":"https:\/\/marktxxl.de\/markt\/wp-json\/wp\/v2\/product"}],"about":[{"href":"https:\/\/marktxxl.de\/markt\/wp-json\/wp\/v2\/types\/product"}],"replies":[{"embeddable":true,"href":"https:\/\/marktxxl.de\/markt\/wp-json\/wp\/v2\/comments?post=125689"}],"wp:featuredmedia":[{"embeddable":true,"href":"https:\/\/marktxxl.de\/markt\/wp-json\/wp\/v2\/media\/125690"}],"wp:attachment":[{"href":"https:\/\/marktxxl.de\/markt\/wp-json\/wp\/v2\/media?parent=125689"}],"wp:term":[{"taxonomy":"product_brand","embeddable":true,"href":"https:\/\/marktxxl.de\/markt\/wp-json\/wp\/v2\/product_brand?post=125689"},{"taxonomy":"product_cat","embeddable":true,"href":"https:\/\/marktxxl.de\/markt\/wp-json\/wp\/v2\/product_cat?post=125689"},{"taxonomy":"product_tag","embeddable":true,"href":"https:\/\/marktxxl.de\/markt\/wp-json\/wp\/v2\/product_tag?post=125689"}],"curies":[{"name":"wp","href":"https:\/\/api.w.org\/{rel}","templated":true}]}}