{"id":125602,"date":"2022-06-13T20:37:38","date_gmt":"2022-06-13T18:37:38","guid":{"rendered":"https:\/\/marktxxl.de\/markt\/produkt\/infantino-flip-4-in-1-trage-mit-waschbarem-laetzchen-ergonomisch-umwandelbar-mit-dem-gesicht-nach-innen-und-aussen-vorder-und-rueckentrage-fuer-neugeborene-und-aeltere-babys-35-145-kg\/"},"modified":"2023-04-03T02:25:23","modified_gmt":"2023-04-03T00:25:23","slug":"infantino-flip-4-in-1-trage-mit-waschbarem-laetzchen-ergonomisch-umwandelbar-mit-dem-gesicht-nach-innen-und-aussen-vorder-und-rueckentrage-fuer-neugeborene-und-aeltere-babys-35-145-kg","status":"publish","type":"product","link":"https:\/\/marktxxl.de\/markt\/produkt\/infantino-flip-4-in-1-trage-mit-waschbarem-laetzchen-ergonomisch-umwandelbar-mit-dem-gesicht-nach-innen-und-aussen-vorder-und-rueckentrage-fuer-neugeborene-und-aeltere-babys-35-145-kg\/","title":{"rendered":"Infantino Flip 4-in-1 Trage mit waschbarem L\u00e4tzchen &#8211; Ergonomisch, umwandelbar, mit dem Gesicht nach innen und au\u00dfen\u2026"},"content":{"rendered":"<p>Design: 4-in-1-Trage mit verstellbarem, ergonomischem Sitz, Schultergurten und H\u00fcftgurt, um das Gewicht auf die H\u00fcften des Tr\u00e4gers zu verlagern. Das abnehmbare L\u00e4tzchen hilft auch, die Babytrage sauber zu halten und kann.<br \/>\nTragepositionen: Verstellbare Tragespositionen mit Gesicht zum Tragenden oder nach vorne gerichtet f\u00fcr Neugeborene und \u00e4ltere Babys mit einem Gewicht von 3,5 bis 14,5kg<br \/>\nVorteile und Anwendung: Haben Sie die H\u00e4nde frei f\u00fcr Ihr Kind und f\u00f6rdern Sie damit die Entwicklung Ihres Kindes und Ihre Beziehung zu Ihrem Kind. Ob Sie Besorgungen machen oder spazieren gehen, N\u00e4he ist der sch\u00f6nste Platz.<br \/>\nVerstellbar: Mit zwei verschiedenen Sitzm\u00f6glichkeiten passt sich diese Babyschale mit dem breiten, st\u00fctzenden Gurt an den K\u00f6rper des Tragenden an. Entwickelt f\u00fcr alle K\u00f6rper und Lebensstile<br \/>\nIntelligent gestaltete Produkte f\u00fcr Eltern: Bei Infantino haben wir Spa\u00df daran, geniale Produkte zu entwickeln, die von Eltern auf der ganzen Welt genutzt und geliebt werden<br \/>\n<div class=\"main-cross-sell\" data-asin=\"B07XMN3SK6\">\n\n\t<div class=\"WooZone-cross-sell-loader\">\n\t\t<div>\n\t\t\t<div id=\"floatingBarsG\">\n\t\t\t\t<div class=\"blockG\" id=\"rotateG_01\"><\/div>\n\t\t\t\t<div class=\"blockG\" id=\"rotateG_02\"><\/div>\n\t\t\t\t<div class=\"blockG\" id=\"rotateG_03\"><\/div>\n\t\t\t\t<div class=\"blockG\" id=\"rotateG_04\"><\/div>\n\t\t\t\t<div class=\"blockG\" id=\"rotateG_05\"><\/div>\n\t\t\t\t<div class=\"blockG\" id=\"rotateG_06\"><\/div>\n\t\t\t\t<div class=\"blockG\" id=\"rotateG_07\"><\/div>\n\t\t\t\t<div class=\"blockG\" id=\"rotateG_08\"><\/div>\n\t\t\t<\/div>\n\t\t\t<div class=\"WooZone-cross-sell-loader-text\"><\/div>\n\t\t<\/div>\n\t<\/div>\n\n\t\t\n<\/div>\n<div style=\"clear:both;\"><\/div><\/p>\n","protected":false},"excerpt":{"rendered":"<p>Design: 4-in-1-Trage mit verstellbarem, ergonomischem Sitz, Schultergurten und H\u00fcftgurt, um das Gewicht auf die H\u00fcften des Tr\u00e4gers zu verlagern. Das abnehmbare L\u00e4tzchen hilft auch, die Babytrage sauber zu halten und kann.<br \/>\nTragepositionen: Verstellbare Tragespositionen mit Gesicht zum Tragenden oder nach vorne gerichtet f\u00fcr Neugeborene und \u00e4ltere Babys mit einem Gewicht von 3,5 bis 14,5kg<br \/>\nVorteile und Anwendung: Haben Sie die H\u00e4nde frei f\u00fcr Ihr Kind und f\u00f6rdern Sie damit die Entwicklung Ihres Kindes und Ihre Beziehung zu Ihrem Kind. Ob Sie Besorgungen machen oder spazieren gehen, N\u00e4he ist der sch\u00f6nste Platz.<\/p>\n","protected":false},"featured_media":125603,"comment_status":"open","ping_status":"closed","template":"","meta":[],"product_brand":[],"product_cat":[21,9074],"product_tag":[],"class_list":{"0":"post-125602","1":"product","2":"type-product","3":"status-publish","4":"has-post-thumbnail","6":"product_cat-baby","7":"product_cat-babytragen-baby","8":"pa_binding-babyartikel","9":"pa_brand-infantino","10":"pa_color-schwarz","11":"pa_height-10-zoll","12":"pa_length-10-zoll","13":"pa_manufacturer-infantino","14":"pa_model-500-183j","15":"pa_size-1-unite-lot-de-1","16":"pa_width-4-zoll","18":"first","19":"instock","20":"shipping-taxable","21":"purchasable","22":"product-type-simple","23":"customify-col","24":"product-has-gallery"},"yoast_head":"<!-- This site is optimized with the Yoast SEO plugin v27.4 - https:\/\/yoast.com\/product\/yoast-seo-wordpress\/ -->\n<title>Infantino Flip 4-in-1 Trage mit waschbarem L\u00e4tzchen - Ergonomisch, umwandelbar, mit dem Gesicht nach innen und au\u00dfen\u2026 - Markt-XXL<\/title>\n<meta name=\"description\" content=\"Markt-XXL Infantino Flip 4-in-1 Trage mit waschbarem L\u00e4tzchen - Ergonomisch, umwandelbar, mit dem Gesicht nach innen und au\u00dfen\u2026\" \/>\n<meta name=\"robots\" content=\"index, follow, max-snippet:-1, max-image-preview:large, max-video-preview:-1\" \/>\n<link rel=\"canonical\" href=\"https:\/\/marktxxl.de\/markt\/produkt\/infantino-flip-4-in-1-trage-mit-waschbarem-laetzchen-ergonomisch-umwandelbar-mit-dem-gesicht-nach-innen-und-aussen-vorder-und-rueckentrage-fuer-neugeborene-und-aeltere-babys-35-145-kg\/\" \/>\n<meta property=\"og:locale\" content=\"de_DE\" \/>\n<meta property=\"og:type\" content=\"article\" \/>\n<meta property=\"og:title\" content=\"Infantino Flip 4-in-1 Trage mit waschbarem L\u00e4tzchen - Ergonomisch, umwandelbar, mit dem Gesicht nach innen und au\u00dfen\u2026 - Markt-XXL\" \/>\n<meta property=\"og:description\" content=\"Markt-XXL Infantino Flip 4-in-1 Trage mit waschbarem L\u00e4tzchen - Ergonomisch, umwandelbar, mit dem Gesicht nach innen und au\u00dfen\u2026\" \/>\n<meta property=\"og:url\" content=\"https:\/\/marktxxl.de\/markt\/produkt\/infantino-flip-4-in-1-trage-mit-waschbarem-laetzchen-ergonomisch-umwandelbar-mit-dem-gesicht-nach-innen-und-aussen-vorder-und-rueckentrage-fuer-neugeborene-und-aeltere-babys-35-145-kg\/\" \/>\n<meta property=\"og:site_name\" content=\"Markt-XXL\" \/>\n<meta property=\"article:modified_time\" content=\"2023-04-03T00:25:23+00:00\" \/>\n<meta property=\"og:image\" content=\"https:\/\/m.media-amazon.com\/images\/I\/41PCQLKw7UL._SL500_.jpg\" \/>\n\t<meta property=\"og:image:width\" content=\"500\" \/>\n\t<meta property=\"og:image:height\" content=\"500\" \/>\n\t<meta property=\"og:image:type\" content=\"image\/jpeg\" \/>\n<meta name=\"twitter:card\" content=\"summary_large_image\" \/>\n<meta name=\"twitter:label1\" content=\"Gesch\u00e4tzte Lesezeit\" \/>\n\t<meta name=\"twitter:data1\" content=\"1\u00a0Minute\" \/>\n<script type=\"application\/ld+json\" class=\"yoast-schema-graph\">{\"@context\":\"https:\\\/\\\/schema.org\",\"@graph\":[{\"@type\":\"WebPage\",\"@id\":\"https:\\\/\\\/marktxxl.de\\\/markt\\\/produkt\\\/infantino-flip-4-in-1-trage-mit-waschbarem-laetzchen-ergonomisch-umwandelbar-mit-dem-gesicht-nach-innen-und-aussen-vorder-und-rueckentrage-fuer-neugeborene-und-aeltere-babys-35-145-kg\\\/\",\"url\":\"https:\\\/\\\/marktxxl.de\\\/markt\\\/produkt\\\/infantino-flip-4-in-1-trage-mit-waschbarem-laetzchen-ergonomisch-umwandelbar-mit-dem-gesicht-nach-innen-und-aussen-vorder-und-rueckentrage-fuer-neugeborene-und-aeltere-babys-35-145-kg\\\/\",\"name\":\"Infantino Flip 4-in-1 Trage mit waschbarem L\u00e4tzchen - Ergonomisch, umwandelbar, mit dem Gesicht nach innen und au\u00dfen\u2026 - Markt-XXL\",\"isPartOf\":{\"@id\":\"https:\\\/\\\/marktxxl.de\\\/markt\\\/#website\"},\"primaryImageOfPage\":{\"@id\":\"https:\\\/\\\/marktxxl.de\\\/markt\\\/produkt\\\/infantino-flip-4-in-1-trage-mit-waschbarem-laetzchen-ergonomisch-umwandelbar-mit-dem-gesicht-nach-innen-und-aussen-vorder-und-rueckentrage-fuer-neugeborene-und-aeltere-babys-35-145-kg\\\/#primaryimage\"},\"image\":{\"@id\":\"https:\\\/\\\/marktxxl.de\\\/markt\\\/produkt\\\/infantino-flip-4-in-1-trage-mit-waschbarem-laetzchen-ergonomisch-umwandelbar-mit-dem-gesicht-nach-innen-und-aussen-vorder-und-rueckentrage-fuer-neugeborene-und-aeltere-babys-35-145-kg\\\/#primaryimage\"},\"thumbnailUrl\":\"https:\\\/\\\/m.media-amazon.com\\\/images\\\/I\\\/41PCQLKw7UL._SL500_.jpg\",\"datePublished\":\"2022-06-13T18:37:38+00:00\",\"dateModified\":\"2023-04-03T00:25:23+00:00\",\"description\":\"Markt-XXL Infantino Flip 4-in-1 Trage mit waschbarem L\u00e4tzchen - Ergonomisch, umwandelbar, mit dem Gesicht nach innen und au\u00dfen\u2026\",\"breadcrumb\":{\"@id\":\"https:\\\/\\\/marktxxl.de\\\/markt\\\/produkt\\\/infantino-flip-4-in-1-trage-mit-waschbarem-laetzchen-ergonomisch-umwandelbar-mit-dem-gesicht-nach-innen-und-aussen-vorder-und-rueckentrage-fuer-neugeborene-und-aeltere-babys-35-145-kg\\\/#breadcrumb\"},\"inLanguage\":\"de\",\"potentialAction\":[{\"@type\":\"ReadAction\",\"target\":[\"https:\\\/\\\/marktxxl.de\\\/markt\\\/produkt\\\/infantino-flip-4-in-1-trage-mit-waschbarem-laetzchen-ergonomisch-umwandelbar-mit-dem-gesicht-nach-innen-und-aussen-vorder-und-rueckentrage-fuer-neugeborene-und-aeltere-babys-35-145-kg\\\/\"]}]},{\"@type\":\"ImageObject\",\"inLanguage\":\"de\",\"@id\":\"https:\\\/\\\/marktxxl.de\\\/markt\\\/produkt\\\/infantino-flip-4-in-1-trage-mit-waschbarem-laetzchen-ergonomisch-umwandelbar-mit-dem-gesicht-nach-innen-und-aussen-vorder-und-rueckentrage-fuer-neugeborene-und-aeltere-babys-35-145-kg\\\/#primaryimage\",\"url\":\"https:\\\/\\\/m.media-amazon.com\\\/images\\\/I\\\/41PCQLKw7UL._SL500_.jpg\",\"contentUrl\":\"https:\\\/\\\/m.media-amazon.com\\\/images\\\/I\\\/41PCQLKw7UL._SL500_.jpg\",\"width\":500,\"height\":500},{\"@type\":\"BreadcrumbList\",\"@id\":\"https:\\\/\\\/marktxxl.de\\\/markt\\\/produkt\\\/infantino-flip-4-in-1-trage-mit-waschbarem-laetzchen-ergonomisch-umwandelbar-mit-dem-gesicht-nach-innen-und-aussen-vorder-und-rueckentrage-fuer-neugeborene-und-aeltere-babys-35-145-kg\\\/#breadcrumb\",\"itemListElement\":[{\"@type\":\"ListItem\",\"position\":1,\"name\":\"Startseite\",\"item\":\"https:\\\/\\\/marktxxl.de\\\/markt\\\/\"},{\"@type\":\"ListItem\",\"position\":2,\"name\":\"Markt\",\"item\":\"https:\\\/\\\/marktxxl.de\\\/markt\\\/\"},{\"@type\":\"ListItem\",\"position\":3,\"name\":\"Infantino Flip 4-in-1 Trage mit waschbarem L\u00e4tzchen &#8211; Ergonomisch, umwandelbar, mit dem Gesicht nach innen und au\u00dfen\u2026\"}]},{\"@type\":\"WebSite\",\"@id\":\"https:\\\/\\\/marktxxl.de\\\/markt\\\/#website\",\"url\":\"https:\\\/\\\/marktxxl.de\\\/markt\\\/\",\"name\":\"Markt-XXL\",\"description\":\"Ihr Markt Online\",\"publisher\":{\"@id\":\"https:\\\/\\\/marktxxl.de\\\/markt\\\/#organization\"},\"potentialAction\":[{\"@type\":\"SearchAction\",\"target\":{\"@type\":\"EntryPoint\",\"urlTemplate\":\"https:\\\/\\\/marktxxl.de\\\/markt\\\/?s={search_term_string}\"},\"query-input\":{\"@type\":\"PropertyValueSpecification\",\"valueRequired\":true,\"valueName\":\"search_term_string\"}}],\"inLanguage\":\"de\"},{\"@type\":\"Organization\",\"@id\":\"https:\\\/\\\/marktxxl.de\\\/markt\\\/#organization\",\"name\":\"Markt-XXL\",\"url\":\"https:\\\/\\\/marktxxl.de\\\/markt\\\/\",\"logo\":{\"@type\":\"ImageObject\",\"inLanguage\":\"de\",\"@id\":\"https:\\\/\\\/marktxxl.de\\\/markt\\\/#\\\/schema\\\/logo\\\/image\\\/\",\"url\":\"https:\\\/\\\/marktxxl.de\\\/markt\\\/wp-content\\\/uploads\\\/sites\\\/3\\\/2020\\\/12\\\/logo.png\",\"contentUrl\":\"https:\\\/\\\/marktxxl.de\\\/markt\\\/wp-content\\\/uploads\\\/sites\\\/3\\\/2020\\\/12\\\/logo.png\",\"width\":200,\"height\":70,\"caption\":\"Markt-XXL\"},\"image\":{\"@id\":\"https:\\\/\\\/marktxxl.de\\\/markt\\\/#\\\/schema\\\/logo\\\/image\\\/\"}}]}<\/script>\n<!-- \/ Yoast SEO plugin. -->","yoast_head_json":{"title":"Infantino Flip 4-in-1 Trage mit waschbarem L\u00e4tzchen - Ergonomisch, umwandelbar, mit dem Gesicht nach innen und au\u00dfen\u2026 - Markt-XXL","description":"Markt-XXL Infantino Flip 4-in-1 Trage mit waschbarem L\u00e4tzchen - Ergonomisch, umwandelbar, mit dem Gesicht nach innen und au\u00dfen\u2026","robots":{"index":"index","follow":"follow","max-snippet":"max-snippet:-1","max-image-preview":"max-image-preview:large","max-video-preview":"max-video-preview:-1"},"canonical":"https:\/\/marktxxl.de\/markt\/produkt\/infantino-flip-4-in-1-trage-mit-waschbarem-laetzchen-ergonomisch-umwandelbar-mit-dem-gesicht-nach-innen-und-aussen-vorder-und-rueckentrage-fuer-neugeborene-und-aeltere-babys-35-145-kg\/","og_locale":"de_DE","og_type":"article","og_title":"Infantino Flip 4-in-1 Trage mit waschbarem L\u00e4tzchen - Ergonomisch, umwandelbar, mit dem Gesicht nach innen und au\u00dfen\u2026 - Markt-XXL","og_description":"Markt-XXL Infantino Flip 4-in-1 Trage mit waschbarem L\u00e4tzchen - Ergonomisch, umwandelbar, mit dem Gesicht nach innen und au\u00dfen\u2026","og_url":"https:\/\/marktxxl.de\/markt\/produkt\/infantino-flip-4-in-1-trage-mit-waschbarem-laetzchen-ergonomisch-umwandelbar-mit-dem-gesicht-nach-innen-und-aussen-vorder-und-rueckentrage-fuer-neugeborene-und-aeltere-babys-35-145-kg\/","og_site_name":"Markt-XXL","article_modified_time":"2023-04-03T00:25:23+00:00","og_image":[{"width":500,"height":500,"url":"https:\/\/m.media-amazon.com\/images\/I\/41PCQLKw7UL._SL500_.jpg","type":"image\/jpeg"}],"twitter_card":"summary_large_image","twitter_misc":{"Gesch\u00e4tzte Lesezeit":"1\u00a0Minute"},"schema":{"@context":"https:\/\/schema.org","@graph":[{"@type":"WebPage","@id":"https:\/\/marktxxl.de\/markt\/produkt\/infantino-flip-4-in-1-trage-mit-waschbarem-laetzchen-ergonomisch-umwandelbar-mit-dem-gesicht-nach-innen-und-aussen-vorder-und-rueckentrage-fuer-neugeborene-und-aeltere-babys-35-145-kg\/","url":"https:\/\/marktxxl.de\/markt\/produkt\/infantino-flip-4-in-1-trage-mit-waschbarem-laetzchen-ergonomisch-umwandelbar-mit-dem-gesicht-nach-innen-und-aussen-vorder-und-rueckentrage-fuer-neugeborene-und-aeltere-babys-35-145-kg\/","name":"Infantino Flip 4-in-1 Trage mit waschbarem L\u00e4tzchen - Ergonomisch, umwandelbar, mit dem Gesicht nach innen und au\u00dfen\u2026 - Markt-XXL","isPartOf":{"@id":"https:\/\/marktxxl.de\/markt\/#website"},"primaryImageOfPage":{"@id":"https:\/\/marktxxl.de\/markt\/produkt\/infantino-flip-4-in-1-trage-mit-waschbarem-laetzchen-ergonomisch-umwandelbar-mit-dem-gesicht-nach-innen-und-aussen-vorder-und-rueckentrage-fuer-neugeborene-und-aeltere-babys-35-145-kg\/#primaryimage"},"image":{"@id":"https:\/\/marktxxl.de\/markt\/produkt\/infantino-flip-4-in-1-trage-mit-waschbarem-laetzchen-ergonomisch-umwandelbar-mit-dem-gesicht-nach-innen-und-aussen-vorder-und-rueckentrage-fuer-neugeborene-und-aeltere-babys-35-145-kg\/#primaryimage"},"thumbnailUrl":"https:\/\/m.media-amazon.com\/images\/I\/41PCQLKw7UL._SL500_.jpg","datePublished":"2022-06-13T18:37:38+00:00","dateModified":"2023-04-03T00:25:23+00:00","description":"Markt-XXL Infantino Flip 4-in-1 Trage mit waschbarem L\u00e4tzchen - Ergonomisch, umwandelbar, mit dem Gesicht nach innen und au\u00dfen\u2026","breadcrumb":{"@id":"https:\/\/marktxxl.de\/markt\/produkt\/infantino-flip-4-in-1-trage-mit-waschbarem-laetzchen-ergonomisch-umwandelbar-mit-dem-gesicht-nach-innen-und-aussen-vorder-und-rueckentrage-fuer-neugeborene-und-aeltere-babys-35-145-kg\/#breadcrumb"},"inLanguage":"de","potentialAction":[{"@type":"ReadAction","target":["https:\/\/marktxxl.de\/markt\/produkt\/infantino-flip-4-in-1-trage-mit-waschbarem-laetzchen-ergonomisch-umwandelbar-mit-dem-gesicht-nach-innen-und-aussen-vorder-und-rueckentrage-fuer-neugeborene-und-aeltere-babys-35-145-kg\/"]}]},{"@type":"ImageObject","inLanguage":"de","@id":"https:\/\/marktxxl.de\/markt\/produkt\/infantino-flip-4-in-1-trage-mit-waschbarem-laetzchen-ergonomisch-umwandelbar-mit-dem-gesicht-nach-innen-und-aussen-vorder-und-rueckentrage-fuer-neugeborene-und-aeltere-babys-35-145-kg\/#primaryimage","url":"https:\/\/m.media-amazon.com\/images\/I\/41PCQLKw7UL._SL500_.jpg","contentUrl":"https:\/\/m.media-amazon.com\/images\/I\/41PCQLKw7UL._SL500_.jpg","width":500,"height":500},{"@type":"BreadcrumbList","@id":"https:\/\/marktxxl.de\/markt\/produkt\/infantino-flip-4-in-1-trage-mit-waschbarem-laetzchen-ergonomisch-umwandelbar-mit-dem-gesicht-nach-innen-und-aussen-vorder-und-rueckentrage-fuer-neugeborene-und-aeltere-babys-35-145-kg\/#breadcrumb","itemListElement":[{"@type":"ListItem","position":1,"name":"Startseite","item":"https:\/\/marktxxl.de\/markt\/"},{"@type":"ListItem","position":2,"name":"Markt","item":"https:\/\/marktxxl.de\/markt\/"},{"@type":"ListItem","position":3,"name":"Infantino Flip 4-in-1 Trage mit waschbarem L\u00e4tzchen &#8211; Ergonomisch, umwandelbar, mit dem Gesicht nach innen und au\u00dfen\u2026"}]},{"@type":"WebSite","@id":"https:\/\/marktxxl.de\/markt\/#website","url":"https:\/\/marktxxl.de\/markt\/","name":"Markt-XXL","description":"Ihr Markt Online","publisher":{"@id":"https:\/\/marktxxl.de\/markt\/#organization"},"potentialAction":[{"@type":"SearchAction","target":{"@type":"EntryPoint","urlTemplate":"https:\/\/marktxxl.de\/markt\/?s={search_term_string}"},"query-input":{"@type":"PropertyValueSpecification","valueRequired":true,"valueName":"search_term_string"}}],"inLanguage":"de"},{"@type":"Organization","@id":"https:\/\/marktxxl.de\/markt\/#organization","name":"Markt-XXL","url":"https:\/\/marktxxl.de\/markt\/","logo":{"@type":"ImageObject","inLanguage":"de","@id":"https:\/\/marktxxl.de\/markt\/#\/schema\/logo\/image\/","url":"https:\/\/marktxxl.de\/markt\/wp-content\/uploads\/sites\/3\/2020\/12\/logo.png","contentUrl":"https:\/\/marktxxl.de\/markt\/wp-content\/uploads\/sites\/3\/2020\/12\/logo.png","width":200,"height":70,"caption":"Markt-XXL"},"image":{"@id":"https:\/\/marktxxl.de\/markt\/#\/schema\/logo\/image\/"}}]}},"_links":{"self":[{"href":"https:\/\/marktxxl.de\/markt\/wp-json\/wp\/v2\/product\/125602","targetHints":{"allow":["GET"]}}],"collection":[{"href":"https:\/\/marktxxl.de\/markt\/wp-json\/wp\/v2\/product"}],"about":[{"href":"https:\/\/marktxxl.de\/markt\/wp-json\/wp\/v2\/types\/product"}],"replies":[{"embeddable":true,"href":"https:\/\/marktxxl.de\/markt\/wp-json\/wp\/v2\/comments?post=125602"}],"wp:featuredmedia":[{"embeddable":true,"href":"https:\/\/marktxxl.de\/markt\/wp-json\/wp\/v2\/media\/125603"}],"wp:attachment":[{"href":"https:\/\/marktxxl.de\/markt\/wp-json\/wp\/v2\/media?parent=125602"}],"wp:term":[{"taxonomy":"product_brand","embeddable":true,"href":"https:\/\/marktxxl.de\/markt\/wp-json\/wp\/v2\/product_brand?post=125602"},{"taxonomy":"product_cat","embeddable":true,"href":"https:\/\/marktxxl.de\/markt\/wp-json\/wp\/v2\/product_cat?post=125602"},{"taxonomy":"product_tag","embeddable":true,"href":"https:\/\/marktxxl.de\/markt\/wp-json\/wp\/v2\/product_tag?post=125602"}],"curies":[{"name":"wp","href":"https:\/\/api.w.org\/{rel}","templated":true}]}}