{"id":125543,"date":"2022-06-13T20:34:22","date_gmt":"2022-06-13T18:34:22","guid":{"rendered":"https:\/\/marktxxl.de\/markt\/produkt\/bamboo-organics-bambus-waschlappen-fuer-babys-weich-hypoallergen-fuer-empfindliche-haut-6-stueck\/"},"modified":"2023-04-03T02:25:21","modified_gmt":"2023-04-03T00:25:21","slug":"bamboo-organics-bambus-waschlappen-fuer-babys-weich-hypoallergen-fuer-empfindliche-haut-6-stueck","status":"publish","type":"product","link":"https:\/\/marktxxl.de\/markt\/produkt\/bamboo-organics-bambus-waschlappen-fuer-babys-weich-hypoallergen-fuer-empfindliche-haut-6-stueck\/","title":{"rendered":"Bamboo Organics &#8211; Bambus-Waschlappen f\u00fcr Babys &#8211; Weich &amp; hypoallergen &#8211; f\u00fcr empfindliche Haut &#8211; 6 St\u00fcck"},"content":{"rendered":"<p>NAT\u00dcRLICHE BAMBUS-WASCHLAPPEN F\u00dcR BABYS: Bamboo Organics pr\u00e4sentiert Ihnen stolz die Premium-Waschlappen. Unsere ultraweichen und extrem saugf\u00e4higen Waschlappen werden aus den weichsten, hypoallergenen nat\u00fcrlichen Bambusfasern hergestellt und sind zu 100\u00a0% frei von Chemikalien und Farbstoffen. Da wird das Baden zum Vergn\u00fcgen. Die 25 x 25 cm gro\u00dfen Waschlappen sind ideal f\u00fcr Bad und unterwegs. Geben Sie sich nicht mit rauen Waschlappen zufrieden und wechseln Sie zu nat\u00fcrlicher Weichheit.<br \/>\nWEICHE NATURFASERN IN BIO-QUALIT\u00c4T: Unsere Babywaschlappen bestehen aus den leichtesten und weichsten Bambusfasern, die auf dem Markt erh\u00e4ltlich sind. Ein Muss f\u00fcr Babys mit trockener, empfindlicher Haut oder Ekzemen. Bambusfasern sch\u00fctzen vor Bakterien und Pilzen, was sie nicht nur zum weichsten, sondern auch zum sichersten Material f\u00fcr Handt\u00fccher, Waschlappen und Feuchtt\u00fccher f\u00fcr Babys macht. Geben Sie der zarten Haut Ihres Babys mit diesen Premium-Waschlappen die Weichheit, die es verdient.<br \/>\nUMWELTFREUNDLICHE WIEDERVERWENDBARE NAT\u00dcRLICHE BABYT\u00dcCHER: Im Gegensatz zu Einweg-Wascht\u00fcchern, in denen oft potentiell sch\u00e4dliche Chemikalien stecken, sind unsere Bambus-Waschlappen frei von Chemikalien und zu 100\u00a0% biologisch abbaubar. Das ist gut f\u00fcr Ihr Bay, aber auch f\u00fcr Umwelt. Unsere Waschlappen eignen sich auch als wiederverwendbare Babyt\u00fccher. Verschwenden Sie nicht l\u00e4nger Geld f\u00fcr Feuchtt\u00fccher voller Chemikalien, die nur M\u00fclldeponien f\u00fcllen, sondern setzen Sie auf nat\u00fcrliche Produkte.<br \/>\nPERFEKT F\u00dcR BABYPARTIES &amp; GESCHENKETISCHE: Bambus-Waschlappen f\u00fcr Babys sind das perfekte Geschenk f\u00fcr Babypartys und Geschenketische. Unsere neutralen Pastellt\u00f6ne machen diese Baby-Waschlappen ideal f\u00fcr Jungen und M\u00e4dchen, sodass Sie beim Schenken nicht mehr \u00fcber das Geschlecht gr\u00fcbeln m\u00fcssen. Schenken Sie etwas Nachhaltiges: Egal, ob es um Versch\u00fcttetes, schnelles Waschen oder ein sanftes Bad geht &#8211; die Baby-Waschlappen von Bamboo Organics sind der Aufgabe garantiert gewachsen.<br \/>\nIHRE ZUFRIEDENHEIT UND DIE IHRES BABYS SIND GARANTIERT: Wir von Bamboo Organics wissen, dass Sie uns darin vertrauen, Ihnen die und hochwertigsten Baby-Badeprodukte zu bieten, die auf dem Markt erh\u00e4ltlich sind. Wir nehmen das sehr ernst und stehen mit einer 100-prozentigen Kundenzufriedenheitsgarantie hinter jedem einzelnen unserer Babywaschlappen. Sollten Sie zu irgendwann mit Ihren Waschlappen unzufrieden sein, senden Sie sie einfach zur\u00fcck und Sie bekommen den kompletten Kaufpreis erstattet.<br \/>\n<div class=\"main-cross-sell\" data-asin=\"B00T6W1ZBG\">\n\n\t<div class=\"WooZone-cross-sell-loader\">\n\t\t<div>\n\t\t\t<div id=\"floatingBarsG\">\n\t\t\t\t<div class=\"blockG\" id=\"rotateG_01\"><\/div>\n\t\t\t\t<div class=\"blockG\" id=\"rotateG_02\"><\/div>\n\t\t\t\t<div class=\"blockG\" id=\"rotateG_03\"><\/div>\n\t\t\t\t<div class=\"blockG\" id=\"rotateG_04\"><\/div>\n\t\t\t\t<div class=\"blockG\" id=\"rotateG_05\"><\/div>\n\t\t\t\t<div class=\"blockG\" id=\"rotateG_06\"><\/div>\n\t\t\t\t<div class=\"blockG\" id=\"rotateG_07\"><\/div>\n\t\t\t\t<div class=\"blockG\" id=\"rotateG_08\"><\/div>\n\t\t\t<\/div>\n\t\t\t<div class=\"WooZone-cross-sell-loader-text\"><\/div>\n\t\t<\/div>\n\t<\/div>\n\n\t\t\n<\/div>\n<div style=\"clear:both;\"><\/div><\/p>\n","protected":false},"excerpt":{"rendered":"<p>NAT\u00dcRLICHE BAMBUS-WASCHLAPPEN F\u00dcR BABYS: Bamboo Organics pr\u00e4sentiert Ihnen stolz die Premium-Waschlappen. Unsere ultraweichen und extrem saugf\u00e4higen Waschlappen werden aus den weichsten, hypoallergenen nat\u00fcrlichen Bambusfasern hergestellt und sind zu 100\u00a0% frei von Chemikalien und Farbstoffen. Da wird das Baden zum Vergn\u00fcgen. Die 25 x 25 cm gro\u00dfen Waschlappen sind ideal f\u00fcr Bad und unterwegs. Geben Sie sich nicht mit rauen Waschlappen zufrieden und wechseln Sie zu nat\u00fcrlicher Weichheit.<br \/>\nWEICHE NATURFASERN IN BIO-QUALIT\u00c4T: Unsere Babywaschlappen bestehen aus den leichtesten und weichsten Bambusfasern, die auf dem Markt erh\u00e4ltlich sind. Ein Muss f\u00fcr Babys mit trockener, empfindlicher Haut oder Ekzemen. Bambusfasern sch\u00fctzen vor Bakterien und Pilzen, was sie nicht nur zum weichsten, sondern auch zum sichersten Material f\u00fcr Handt\u00fccher, Waschlappen und Feuchtt\u00fccher f\u00fcr Babys macht. Geben Sie der zarten Haut Ihres Babys mit diesen Premium-Waschlappen die Weichheit, die es verdient.<br \/>\nUMWELTFREUNDLICHE WIEDERVERWENDBARE NAT\u00dcRLICHE BABYT\u00dcCHER: Im Gegensatz zu Einweg-Wascht\u00fcchern, in denen oft potentiell sch\u00e4dliche Chemikalien stecken, sind unsere Bambus-Waschlappen frei von Chemikalien und zu 100\u00a0% biologisch abbaubar. Das ist gut f\u00fcr Ihr Bay, aber auch f\u00fcr Umwelt. Unsere Waschlappen eignen sich auch als wiederverwendbare Babyt\u00fccher. Verschwenden Sie nicht l\u00e4nger Geld f\u00fcr Feuchtt\u00fccher voller Chemikalien, die nur M\u00fclldeponien f\u00fcllen, sondern setzen Sie auf nat\u00fcrliche Produkte.<\/p>\n","protected":false},"featured_media":125544,"comment_status":"open","ping_status":"closed","template":"","meta":[],"product_brand":[],"product_cat":[21,9009],"product_tag":[],"class_list":{"0":"post-125543","1":"product","2":"type-product","3":"status-publish","4":"has-post-thumbnail","6":"product_cat-baby","7":"product_cat-babypflege-baby","8":"pa_binding-babyartikel","9":"pa_brand-bamboo-organics","10":"pa_color-verschiedene-geschlechtsneutrale-farben","11":"pa_height-5-25-zoll","12":"pa_languages-unbekannt-englisch","13":"pa_length-10-5-zoll","14":"pa_manufacturer-c-l-brands","15":"pa_model-36191","16":"pa_width-1-25-zoll","18":"first","19":"instock","20":"shipping-taxable","21":"purchasable","22":"product-type-simple","23":"customify-col","24":"product-has-gallery"},"yoast_head":"<!-- This site is optimized with the Yoast SEO plugin v27.4 - https:\/\/yoast.com\/product\/yoast-seo-wordpress\/ -->\n<title>Bamboo Organics - Bambus-Waschlappen f\u00fcr Babys - Weich &amp; hypoallergen - f\u00fcr empfindliche Haut - 6 St\u00fcck - Markt-XXL<\/title>\n<meta name=\"description\" content=\"Markt-XXL Bamboo Organics - Bambus-Waschlappen f\u00fcr Babys - Weich &amp; hypoallergen - f\u00fcr empfindliche Haut - 6 St\u00fcck\" \/>\n<meta name=\"robots\" content=\"index, follow, max-snippet:-1, max-image-preview:large, max-video-preview:-1\" \/>\n<link rel=\"canonical\" href=\"https:\/\/marktxxl.de\/markt\/produkt\/bamboo-organics-bambus-waschlappen-fuer-babys-weich-hypoallergen-fuer-empfindliche-haut-6-stueck\/\" \/>\n<meta property=\"og:locale\" content=\"de_DE\" \/>\n<meta property=\"og:type\" content=\"article\" \/>\n<meta property=\"og:title\" content=\"Bamboo Organics - Bambus-Waschlappen f\u00fcr Babys - Weich &amp; hypoallergen - f\u00fcr empfindliche Haut - 6 St\u00fcck - Markt-XXL\" \/>\n<meta property=\"og:description\" content=\"Markt-XXL Bamboo Organics - Bambus-Waschlappen f\u00fcr Babys - Weich &amp; hypoallergen - f\u00fcr empfindliche Haut - 6 St\u00fcck\" \/>\n<meta property=\"og:url\" content=\"https:\/\/marktxxl.de\/markt\/produkt\/bamboo-organics-bambus-waschlappen-fuer-babys-weich-hypoallergen-fuer-empfindliche-haut-6-stueck\/\" \/>\n<meta property=\"og:site_name\" content=\"Markt-XXL\" \/>\n<meta property=\"article:modified_time\" content=\"2023-04-03T00:25:21+00:00\" \/>\n<meta property=\"og:image\" content=\"https:\/\/m.media-amazon.com\/images\/I\/41z-lvvZ0lL._SL500_.jpg\" \/>\n\t<meta property=\"og:image:width\" content=\"500\" \/>\n\t<meta property=\"og:image:height\" content=\"500\" \/>\n\t<meta property=\"og:image:type\" content=\"image\/jpeg\" \/>\n<meta name=\"twitter:card\" content=\"summary_large_image\" \/>\n<meta name=\"twitter:label1\" content=\"Gesch\u00e4tzte Lesezeit\" \/>\n\t<meta name=\"twitter:data1\" content=\"2\u00a0Minuten\" \/>\n<script type=\"application\/ld+json\" class=\"yoast-schema-graph\">{\"@context\":\"https:\\\/\\\/schema.org\",\"@graph\":[{\"@type\":\"WebPage\",\"@id\":\"https:\\\/\\\/marktxxl.de\\\/markt\\\/produkt\\\/bamboo-organics-bambus-waschlappen-fuer-babys-weich-hypoallergen-fuer-empfindliche-haut-6-stueck\\\/\",\"url\":\"https:\\\/\\\/marktxxl.de\\\/markt\\\/produkt\\\/bamboo-organics-bambus-waschlappen-fuer-babys-weich-hypoallergen-fuer-empfindliche-haut-6-stueck\\\/\",\"name\":\"Bamboo Organics - Bambus-Waschlappen f\u00fcr Babys - Weich &amp; hypoallergen - f\u00fcr empfindliche Haut - 6 St\u00fcck - Markt-XXL\",\"isPartOf\":{\"@id\":\"https:\\\/\\\/marktxxl.de\\\/markt\\\/#website\"},\"primaryImageOfPage\":{\"@id\":\"https:\\\/\\\/marktxxl.de\\\/markt\\\/produkt\\\/bamboo-organics-bambus-waschlappen-fuer-babys-weich-hypoallergen-fuer-empfindliche-haut-6-stueck\\\/#primaryimage\"},\"image\":{\"@id\":\"https:\\\/\\\/marktxxl.de\\\/markt\\\/produkt\\\/bamboo-organics-bambus-waschlappen-fuer-babys-weich-hypoallergen-fuer-empfindliche-haut-6-stueck\\\/#primaryimage\"},\"thumbnailUrl\":\"https:\\\/\\\/m.media-amazon.com\\\/images\\\/I\\\/41z-lvvZ0lL._SL500_.jpg\",\"datePublished\":\"2022-06-13T18:34:22+00:00\",\"dateModified\":\"2023-04-03T00:25:21+00:00\",\"description\":\"Markt-XXL Bamboo Organics - Bambus-Waschlappen f\u00fcr Babys - Weich &amp; hypoallergen - f\u00fcr empfindliche Haut - 6 St\u00fcck\",\"breadcrumb\":{\"@id\":\"https:\\\/\\\/marktxxl.de\\\/markt\\\/produkt\\\/bamboo-organics-bambus-waschlappen-fuer-babys-weich-hypoallergen-fuer-empfindliche-haut-6-stueck\\\/#breadcrumb\"},\"inLanguage\":\"de\",\"potentialAction\":[{\"@type\":\"ReadAction\",\"target\":[\"https:\\\/\\\/marktxxl.de\\\/markt\\\/produkt\\\/bamboo-organics-bambus-waschlappen-fuer-babys-weich-hypoallergen-fuer-empfindliche-haut-6-stueck\\\/\"]}]},{\"@type\":\"ImageObject\",\"inLanguage\":\"de\",\"@id\":\"https:\\\/\\\/marktxxl.de\\\/markt\\\/produkt\\\/bamboo-organics-bambus-waschlappen-fuer-babys-weich-hypoallergen-fuer-empfindliche-haut-6-stueck\\\/#primaryimage\",\"url\":\"https:\\\/\\\/m.media-amazon.com\\\/images\\\/I\\\/41z-lvvZ0lL._SL500_.jpg\",\"contentUrl\":\"https:\\\/\\\/m.media-amazon.com\\\/images\\\/I\\\/41z-lvvZ0lL._SL500_.jpg\",\"width\":500,\"height\":500},{\"@type\":\"BreadcrumbList\",\"@id\":\"https:\\\/\\\/marktxxl.de\\\/markt\\\/produkt\\\/bamboo-organics-bambus-waschlappen-fuer-babys-weich-hypoallergen-fuer-empfindliche-haut-6-stueck\\\/#breadcrumb\",\"itemListElement\":[{\"@type\":\"ListItem\",\"position\":1,\"name\":\"Startseite\",\"item\":\"https:\\\/\\\/marktxxl.de\\\/markt\\\/\"},{\"@type\":\"ListItem\",\"position\":2,\"name\":\"Markt\",\"item\":\"https:\\\/\\\/marktxxl.de\\\/markt\\\/\"},{\"@type\":\"ListItem\",\"position\":3,\"name\":\"Bamboo Organics &#8211; Bambus-Waschlappen f\u00fcr Babys &#8211; Weich &amp; hypoallergen &#8211; f\u00fcr empfindliche Haut &#8211; 6 St\u00fcck\"}]},{\"@type\":\"WebSite\",\"@id\":\"https:\\\/\\\/marktxxl.de\\\/markt\\\/#website\",\"url\":\"https:\\\/\\\/marktxxl.de\\\/markt\\\/\",\"name\":\"Markt-XXL\",\"description\":\"Ihr Markt Online\",\"publisher\":{\"@id\":\"https:\\\/\\\/marktxxl.de\\\/markt\\\/#organization\"},\"potentialAction\":[{\"@type\":\"SearchAction\",\"target\":{\"@type\":\"EntryPoint\",\"urlTemplate\":\"https:\\\/\\\/marktxxl.de\\\/markt\\\/?s={search_term_string}\"},\"query-input\":{\"@type\":\"PropertyValueSpecification\",\"valueRequired\":true,\"valueName\":\"search_term_string\"}}],\"inLanguage\":\"de\"},{\"@type\":\"Organization\",\"@id\":\"https:\\\/\\\/marktxxl.de\\\/markt\\\/#organization\",\"name\":\"Markt-XXL\",\"url\":\"https:\\\/\\\/marktxxl.de\\\/markt\\\/\",\"logo\":{\"@type\":\"ImageObject\",\"inLanguage\":\"de\",\"@id\":\"https:\\\/\\\/marktxxl.de\\\/markt\\\/#\\\/schema\\\/logo\\\/image\\\/\",\"url\":\"https:\\\/\\\/marktxxl.de\\\/markt\\\/wp-content\\\/uploads\\\/sites\\\/3\\\/2020\\\/12\\\/logo.png\",\"contentUrl\":\"https:\\\/\\\/marktxxl.de\\\/markt\\\/wp-content\\\/uploads\\\/sites\\\/3\\\/2020\\\/12\\\/logo.png\",\"width\":200,\"height\":70,\"caption\":\"Markt-XXL\"},\"image\":{\"@id\":\"https:\\\/\\\/marktxxl.de\\\/markt\\\/#\\\/schema\\\/logo\\\/image\\\/\"}}]}<\/script>\n<!-- \/ Yoast SEO plugin. -->","yoast_head_json":{"title":"Bamboo Organics - Bambus-Waschlappen f\u00fcr Babys - Weich &amp; hypoallergen - f\u00fcr empfindliche Haut - 6 St\u00fcck - Markt-XXL","description":"Markt-XXL Bamboo Organics - Bambus-Waschlappen f\u00fcr Babys - Weich &amp; hypoallergen - f\u00fcr empfindliche Haut - 6 St\u00fcck","robots":{"index":"index","follow":"follow","max-snippet":"max-snippet:-1","max-image-preview":"max-image-preview:large","max-video-preview":"max-video-preview:-1"},"canonical":"https:\/\/marktxxl.de\/markt\/produkt\/bamboo-organics-bambus-waschlappen-fuer-babys-weich-hypoallergen-fuer-empfindliche-haut-6-stueck\/","og_locale":"de_DE","og_type":"article","og_title":"Bamboo Organics - Bambus-Waschlappen f\u00fcr Babys - Weich &amp; hypoallergen - f\u00fcr empfindliche Haut - 6 St\u00fcck - Markt-XXL","og_description":"Markt-XXL Bamboo Organics - Bambus-Waschlappen f\u00fcr Babys - Weich &amp; hypoallergen - f\u00fcr empfindliche Haut - 6 St\u00fcck","og_url":"https:\/\/marktxxl.de\/markt\/produkt\/bamboo-organics-bambus-waschlappen-fuer-babys-weich-hypoallergen-fuer-empfindliche-haut-6-stueck\/","og_site_name":"Markt-XXL","article_modified_time":"2023-04-03T00:25:21+00:00","og_image":[{"width":500,"height":500,"url":"https:\/\/m.media-amazon.com\/images\/I\/41z-lvvZ0lL._SL500_.jpg","type":"image\/jpeg"}],"twitter_card":"summary_large_image","twitter_misc":{"Gesch\u00e4tzte Lesezeit":"2\u00a0Minuten"},"schema":{"@context":"https:\/\/schema.org","@graph":[{"@type":"WebPage","@id":"https:\/\/marktxxl.de\/markt\/produkt\/bamboo-organics-bambus-waschlappen-fuer-babys-weich-hypoallergen-fuer-empfindliche-haut-6-stueck\/","url":"https:\/\/marktxxl.de\/markt\/produkt\/bamboo-organics-bambus-waschlappen-fuer-babys-weich-hypoallergen-fuer-empfindliche-haut-6-stueck\/","name":"Bamboo Organics - Bambus-Waschlappen f\u00fcr Babys - Weich &amp; hypoallergen - f\u00fcr empfindliche Haut - 6 St\u00fcck - Markt-XXL","isPartOf":{"@id":"https:\/\/marktxxl.de\/markt\/#website"},"primaryImageOfPage":{"@id":"https:\/\/marktxxl.de\/markt\/produkt\/bamboo-organics-bambus-waschlappen-fuer-babys-weich-hypoallergen-fuer-empfindliche-haut-6-stueck\/#primaryimage"},"image":{"@id":"https:\/\/marktxxl.de\/markt\/produkt\/bamboo-organics-bambus-waschlappen-fuer-babys-weich-hypoallergen-fuer-empfindliche-haut-6-stueck\/#primaryimage"},"thumbnailUrl":"https:\/\/m.media-amazon.com\/images\/I\/41z-lvvZ0lL._SL500_.jpg","datePublished":"2022-06-13T18:34:22+00:00","dateModified":"2023-04-03T00:25:21+00:00","description":"Markt-XXL Bamboo Organics - Bambus-Waschlappen f\u00fcr Babys - Weich &amp; hypoallergen - f\u00fcr empfindliche Haut - 6 St\u00fcck","breadcrumb":{"@id":"https:\/\/marktxxl.de\/markt\/produkt\/bamboo-organics-bambus-waschlappen-fuer-babys-weich-hypoallergen-fuer-empfindliche-haut-6-stueck\/#breadcrumb"},"inLanguage":"de","potentialAction":[{"@type":"ReadAction","target":["https:\/\/marktxxl.de\/markt\/produkt\/bamboo-organics-bambus-waschlappen-fuer-babys-weich-hypoallergen-fuer-empfindliche-haut-6-stueck\/"]}]},{"@type":"ImageObject","inLanguage":"de","@id":"https:\/\/marktxxl.de\/markt\/produkt\/bamboo-organics-bambus-waschlappen-fuer-babys-weich-hypoallergen-fuer-empfindliche-haut-6-stueck\/#primaryimage","url":"https:\/\/m.media-amazon.com\/images\/I\/41z-lvvZ0lL._SL500_.jpg","contentUrl":"https:\/\/m.media-amazon.com\/images\/I\/41z-lvvZ0lL._SL500_.jpg","width":500,"height":500},{"@type":"BreadcrumbList","@id":"https:\/\/marktxxl.de\/markt\/produkt\/bamboo-organics-bambus-waschlappen-fuer-babys-weich-hypoallergen-fuer-empfindliche-haut-6-stueck\/#breadcrumb","itemListElement":[{"@type":"ListItem","position":1,"name":"Startseite","item":"https:\/\/marktxxl.de\/markt\/"},{"@type":"ListItem","position":2,"name":"Markt","item":"https:\/\/marktxxl.de\/markt\/"},{"@type":"ListItem","position":3,"name":"Bamboo Organics &#8211; Bambus-Waschlappen f\u00fcr Babys &#8211; Weich &amp; hypoallergen &#8211; f\u00fcr empfindliche Haut &#8211; 6 St\u00fcck"}]},{"@type":"WebSite","@id":"https:\/\/marktxxl.de\/markt\/#website","url":"https:\/\/marktxxl.de\/markt\/","name":"Markt-XXL","description":"Ihr Markt Online","publisher":{"@id":"https:\/\/marktxxl.de\/markt\/#organization"},"potentialAction":[{"@type":"SearchAction","target":{"@type":"EntryPoint","urlTemplate":"https:\/\/marktxxl.de\/markt\/?s={search_term_string}"},"query-input":{"@type":"PropertyValueSpecification","valueRequired":true,"valueName":"search_term_string"}}],"inLanguage":"de"},{"@type":"Organization","@id":"https:\/\/marktxxl.de\/markt\/#organization","name":"Markt-XXL","url":"https:\/\/marktxxl.de\/markt\/","logo":{"@type":"ImageObject","inLanguage":"de","@id":"https:\/\/marktxxl.de\/markt\/#\/schema\/logo\/image\/","url":"https:\/\/marktxxl.de\/markt\/wp-content\/uploads\/sites\/3\/2020\/12\/logo.png","contentUrl":"https:\/\/marktxxl.de\/markt\/wp-content\/uploads\/sites\/3\/2020\/12\/logo.png","width":200,"height":70,"caption":"Markt-XXL"},"image":{"@id":"https:\/\/marktxxl.de\/markt\/#\/schema\/logo\/image\/"}}]}},"_links":{"self":[{"href":"https:\/\/marktxxl.de\/markt\/wp-json\/wp\/v2\/product\/125543","targetHints":{"allow":["GET"]}}],"collection":[{"href":"https:\/\/marktxxl.de\/markt\/wp-json\/wp\/v2\/product"}],"about":[{"href":"https:\/\/marktxxl.de\/markt\/wp-json\/wp\/v2\/types\/product"}],"replies":[{"embeddable":true,"href":"https:\/\/marktxxl.de\/markt\/wp-json\/wp\/v2\/comments?post=125543"}],"wp:featuredmedia":[{"embeddable":true,"href":"https:\/\/marktxxl.de\/markt\/wp-json\/wp\/v2\/media\/125544"}],"wp:attachment":[{"href":"https:\/\/marktxxl.de\/markt\/wp-json\/wp\/v2\/media?parent=125543"}],"wp:term":[{"taxonomy":"product_brand","embeddable":true,"href":"https:\/\/marktxxl.de\/markt\/wp-json\/wp\/v2\/product_brand?post=125543"},{"taxonomy":"product_cat","embeddable":true,"href":"https:\/\/marktxxl.de\/markt\/wp-json\/wp\/v2\/product_cat?post=125543"},{"taxonomy":"product_tag","embeddable":true,"href":"https:\/\/marktxxl.de\/markt\/wp-json\/wp\/v2\/product_tag?post=125543"}],"curies":[{"name":"wp","href":"https:\/\/api.w.org\/{rel}","templated":true}]}}