{"id":125187,"date":"2022-06-13T19:58:42","date_gmt":"2022-06-13T17:58:42","guid":{"rendered":"https:\/\/marktxxl.de\/markt\/produkt\/dreamgirl-damen-opaque-seamless-criss-cross-teddy-and-matching-stockings-dessous-set-schwarz-einheitsgroesse\/"},"modified":"2023-04-03T02:25:15","modified_gmt":"2023-04-03T00:25:15","slug":"dreamgirl-damen-opaque-seamless-criss-cross-teddy-and-matching-stockings-dessous-set-schwarz-einheitsgroesse","status":"publish","type":"product","link":"https:\/\/marktxxl.de\/markt\/produkt\/dreamgirl-damen-opaque-seamless-criss-cross-teddy-and-matching-stockings-dessous-set-schwarz-einheitsgroesse\/","title":{"rendered":"Dreamgirl Tank Top Erotische Dessous-Sets Schwarz Einheitsgr\u00f6\u00dfe"},"content":{"rendered":"<p>Dieser unglaublich sexy, blickdichte nahtlose Teddy verf\u00fcgt \u00fcber ein hochgeschlossenes Styling mit festen Schultergurten, vorne nach hinten \u00fcberkreuzten Details und einen Tanga-R\u00fccken.<br \/>\nInklusive passenden \u00fcberkreuzten Str\u00fcmpfen.<br \/>\nPerfekt f\u00fcr Jahrestagsgeschenke, Brautdessous, Feiertage, Flitterwochen, m\u00e4dchenhafte Geschenke oder romantische Abende.<br \/>\nDreamgirl bietet eine gro\u00dfe Auswahl an einzigartigen, international gelobten Dessous-Stilen. Alle Dreamgirl-Kollektionen werden in Los Angeles, Kalifornien entworfen und mit hochwertigen Stoffen, Bes\u00e4tzen und Verzierungen hergestellt.<br \/>\nDreamgirl widmet sich der Erf\u00fcllung von Tr\u00e4umen und W\u00fcnschen. F\u00fcr Frauen aller Altersgruppen und Gr\u00f6\u00dfen. Es bietet ausgew\u00e4hlte Stile in Gr\u00f6\u00dfen von XS bis \u00dcbergr\u00f6\u00dfe 3X. F\u00fcr weitere Details zur Ermittlung Ihrer perfekten Gr\u00f6\u00dfe, sehen Sie sich bitte unsere Gr\u00f6\u00dfentabelle an.<br \/>\n<div class=\"main-cross-sell\" data-asin=\"B07MRL5VK1\">\n\n\t<div class=\"WooZone-cross-sell-loader\">\n\t\t<div>\n\t\t\t<div id=\"floatingBarsG\">\n\t\t\t\t<div class=\"blockG\" id=\"rotateG_01\"><\/div>\n\t\t\t\t<div class=\"blockG\" id=\"rotateG_02\"><\/div>\n\t\t\t\t<div class=\"blockG\" id=\"rotateG_03\"><\/div>\n\t\t\t\t<div class=\"blockG\" id=\"rotateG_04\"><\/div>\n\t\t\t\t<div class=\"blockG\" id=\"rotateG_05\"><\/div>\n\t\t\t\t<div class=\"blockG\" id=\"rotateG_06\"><\/div>\n\t\t\t\t<div class=\"blockG\" id=\"rotateG_07\"><\/div>\n\t\t\t\t<div class=\"blockG\" id=\"rotateG_08\"><\/div>\n\t\t\t<\/div>\n\t\t\t<div class=\"WooZone-cross-sell-loader-text\"><\/div>\n\t\t<\/div>\n\t<\/div>\n\n\t\t\n<\/div>\n<div style=\"clear:both;\"><\/div><\/p>\n","protected":false},"excerpt":{"rendered":"<p>Dieser unglaublich sexy, blickdichte nahtlose Teddy verf\u00fcgt \u00fcber ein hochgeschlossenes Styling mit festen Schultergurten, vorne nach hinten \u00fcberkreuzten Details und einen Tanga-R\u00fccken.<br \/>\nInklusive passenden \u00fcberkreuzten Str\u00fcmpfen.<br \/>\nPerfekt f\u00fcr Jahrestagsgeschenke, Brautdessous, Feiertage, Flitterwochen, m\u00e4dchenhafte Geschenke oder romantische Abende.<\/p>\n","protected":false},"featured_media":125188,"comment_status":"open","ping_status":"closed","template":"","meta":[],"product_brand":[],"product_cat":[652],"product_tag":[],"class_list":{"0":"post-125187","1":"product","2":"type-product","3":"status-publish","4":"has-post-thumbnail","6":"product_cat-erotik-markt-xxl","7":"pa_binding-textilien","8":"pa_brand-dreamgirl","9":"pa_color-schwarz","10":"pa_height-1-zoll","11":"pa_length-5-zoll","12":"pa_manufacturer-dreamgirl","13":"pa_model-3623","14":"pa_size-einheitsgroesse","15":"pa_width-9-zoll","17":"first","18":"instock","19":"shipping-taxable","20":"purchasable","21":"product-type-simple","22":"customify-col","23":"product-has-gallery"},"yoast_head":"<!-- This site is optimized with the Yoast SEO plugin v27.4 - https:\/\/yoast.com\/product\/yoast-seo-wordpress\/ -->\n<title>Dreamgirl Tank Top Erotische Dessous-Sets Schwarz Einheitsgr\u00f6\u00dfe - Markt-XXL<\/title>\n<meta name=\"description\" content=\"Markt-XXL Dreamgirl Tank Top Erotische Dessous-Sets Schwarz Einheitsgr\u00f6\u00dfe\" \/>\n<meta name=\"robots\" content=\"index, follow, max-snippet:-1, max-image-preview:large, max-video-preview:-1\" \/>\n<link rel=\"canonical\" href=\"https:\/\/marktxxl.de\/markt\/produkt\/dreamgirl-damen-opaque-seamless-criss-cross-teddy-and-matching-stockings-dessous-set-schwarz-einheitsgroesse\/\" \/>\n<meta property=\"og:locale\" content=\"de_DE\" \/>\n<meta property=\"og:type\" content=\"article\" \/>\n<meta property=\"og:title\" content=\"Dreamgirl Tank Top Erotische Dessous-Sets Schwarz Einheitsgr\u00f6\u00dfe - Markt-XXL\" \/>\n<meta property=\"og:description\" content=\"Markt-XXL Dreamgirl Tank Top Erotische Dessous-Sets Schwarz Einheitsgr\u00f6\u00dfe\" \/>\n<meta property=\"og:url\" content=\"https:\/\/marktxxl.de\/markt\/produkt\/dreamgirl-damen-opaque-seamless-criss-cross-teddy-and-matching-stockings-dessous-set-schwarz-einheitsgroesse\/\" \/>\n<meta property=\"og:site_name\" content=\"Markt-XXL\" \/>\n<meta property=\"article:modified_time\" content=\"2023-04-03T00:25:15+00:00\" \/>\n<meta property=\"og:image\" content=\"https:\/\/m.media-amazon.com\/images\/I\/41fmVAknyVL._SL500_.jpg\" \/>\n\t<meta property=\"og:image:width\" content=\"375\" \/>\n\t<meta property=\"og:image:height\" content=\"500\" \/>\n\t<meta property=\"og:image:type\" content=\"image\/jpeg\" \/>\n<meta name=\"twitter:card\" content=\"summary_large_image\" \/>\n<meta name=\"twitter:label1\" content=\"Gesch\u00e4tzte Lesezeit\" \/>\n\t<meta name=\"twitter:data1\" content=\"1\u00a0Minute\" \/>\n<script type=\"application\/ld+json\" class=\"yoast-schema-graph\">{\"@context\":\"https:\\\/\\\/schema.org\",\"@graph\":[{\"@type\":\"WebPage\",\"@id\":\"https:\\\/\\\/marktxxl.de\\\/markt\\\/produkt\\\/dreamgirl-damen-opaque-seamless-criss-cross-teddy-and-matching-stockings-dessous-set-schwarz-einheitsgroesse\\\/\",\"url\":\"https:\\\/\\\/marktxxl.de\\\/markt\\\/produkt\\\/dreamgirl-damen-opaque-seamless-criss-cross-teddy-and-matching-stockings-dessous-set-schwarz-einheitsgroesse\\\/\",\"name\":\"Dreamgirl Tank Top Erotische Dessous-Sets Schwarz Einheitsgr\u00f6\u00dfe - Markt-XXL\",\"isPartOf\":{\"@id\":\"https:\\\/\\\/marktxxl.de\\\/markt\\\/#website\"},\"primaryImageOfPage\":{\"@id\":\"https:\\\/\\\/marktxxl.de\\\/markt\\\/produkt\\\/dreamgirl-damen-opaque-seamless-criss-cross-teddy-and-matching-stockings-dessous-set-schwarz-einheitsgroesse\\\/#primaryimage\"},\"image\":{\"@id\":\"https:\\\/\\\/marktxxl.de\\\/markt\\\/produkt\\\/dreamgirl-damen-opaque-seamless-criss-cross-teddy-and-matching-stockings-dessous-set-schwarz-einheitsgroesse\\\/#primaryimage\"},\"thumbnailUrl\":\"https:\\\/\\\/m.media-amazon.com\\\/images\\\/I\\\/41fmVAknyVL._SL500_.jpg\",\"datePublished\":\"2022-06-13T17:58:42+00:00\",\"dateModified\":\"2023-04-03T00:25:15+00:00\",\"description\":\"Markt-XXL Dreamgirl Tank Top Erotische Dessous-Sets Schwarz Einheitsgr\u00f6\u00dfe\",\"breadcrumb\":{\"@id\":\"https:\\\/\\\/marktxxl.de\\\/markt\\\/produkt\\\/dreamgirl-damen-opaque-seamless-criss-cross-teddy-and-matching-stockings-dessous-set-schwarz-einheitsgroesse\\\/#breadcrumb\"},\"inLanguage\":\"de\",\"potentialAction\":[{\"@type\":\"ReadAction\",\"target\":[\"https:\\\/\\\/marktxxl.de\\\/markt\\\/produkt\\\/dreamgirl-damen-opaque-seamless-criss-cross-teddy-and-matching-stockings-dessous-set-schwarz-einheitsgroesse\\\/\"]}]},{\"@type\":\"ImageObject\",\"inLanguage\":\"de\",\"@id\":\"https:\\\/\\\/marktxxl.de\\\/markt\\\/produkt\\\/dreamgirl-damen-opaque-seamless-criss-cross-teddy-and-matching-stockings-dessous-set-schwarz-einheitsgroesse\\\/#primaryimage\",\"url\":\"https:\\\/\\\/m.media-amazon.com\\\/images\\\/I\\\/41fmVAknyVL._SL500_.jpg\",\"contentUrl\":\"https:\\\/\\\/m.media-amazon.com\\\/images\\\/I\\\/41fmVAknyVL._SL500_.jpg\",\"width\":375,\"height\":500},{\"@type\":\"BreadcrumbList\",\"@id\":\"https:\\\/\\\/marktxxl.de\\\/markt\\\/produkt\\\/dreamgirl-damen-opaque-seamless-criss-cross-teddy-and-matching-stockings-dessous-set-schwarz-einheitsgroesse\\\/#breadcrumb\",\"itemListElement\":[{\"@type\":\"ListItem\",\"position\":1,\"name\":\"Startseite\",\"item\":\"https:\\\/\\\/marktxxl.de\\\/markt\\\/\"},{\"@type\":\"ListItem\",\"position\":2,\"name\":\"Markt\",\"item\":\"https:\\\/\\\/marktxxl.de\\\/markt\\\/\"},{\"@type\":\"ListItem\",\"position\":3,\"name\":\"Dreamgirl Tank Top Erotische Dessous-Sets Schwarz Einheitsgr\u00f6\u00dfe\"}]},{\"@type\":\"WebSite\",\"@id\":\"https:\\\/\\\/marktxxl.de\\\/markt\\\/#website\",\"url\":\"https:\\\/\\\/marktxxl.de\\\/markt\\\/\",\"name\":\"Markt-XXL\",\"description\":\"Ihr Markt Online\",\"publisher\":{\"@id\":\"https:\\\/\\\/marktxxl.de\\\/markt\\\/#organization\"},\"potentialAction\":[{\"@type\":\"SearchAction\",\"target\":{\"@type\":\"EntryPoint\",\"urlTemplate\":\"https:\\\/\\\/marktxxl.de\\\/markt\\\/?s={search_term_string}\"},\"query-input\":{\"@type\":\"PropertyValueSpecification\",\"valueRequired\":true,\"valueName\":\"search_term_string\"}}],\"inLanguage\":\"de\"},{\"@type\":\"Organization\",\"@id\":\"https:\\\/\\\/marktxxl.de\\\/markt\\\/#organization\",\"name\":\"Markt-XXL\",\"url\":\"https:\\\/\\\/marktxxl.de\\\/markt\\\/\",\"logo\":{\"@type\":\"ImageObject\",\"inLanguage\":\"de\",\"@id\":\"https:\\\/\\\/marktxxl.de\\\/markt\\\/#\\\/schema\\\/logo\\\/image\\\/\",\"url\":\"https:\\\/\\\/marktxxl.de\\\/markt\\\/wp-content\\\/uploads\\\/sites\\\/3\\\/2020\\\/12\\\/logo.png\",\"contentUrl\":\"https:\\\/\\\/marktxxl.de\\\/markt\\\/wp-content\\\/uploads\\\/sites\\\/3\\\/2020\\\/12\\\/logo.png\",\"width\":200,\"height\":70,\"caption\":\"Markt-XXL\"},\"image\":{\"@id\":\"https:\\\/\\\/marktxxl.de\\\/markt\\\/#\\\/schema\\\/logo\\\/image\\\/\"}}]}<\/script>\n<!-- \/ Yoast SEO plugin. -->","yoast_head_json":{"title":"Dreamgirl Tank Top Erotische Dessous-Sets Schwarz Einheitsgr\u00f6\u00dfe - Markt-XXL","description":"Markt-XXL Dreamgirl Tank Top Erotische Dessous-Sets Schwarz Einheitsgr\u00f6\u00dfe","robots":{"index":"index","follow":"follow","max-snippet":"max-snippet:-1","max-image-preview":"max-image-preview:large","max-video-preview":"max-video-preview:-1"},"canonical":"https:\/\/marktxxl.de\/markt\/produkt\/dreamgirl-damen-opaque-seamless-criss-cross-teddy-and-matching-stockings-dessous-set-schwarz-einheitsgroesse\/","og_locale":"de_DE","og_type":"article","og_title":"Dreamgirl Tank Top Erotische Dessous-Sets Schwarz Einheitsgr\u00f6\u00dfe - Markt-XXL","og_description":"Markt-XXL Dreamgirl Tank Top Erotische Dessous-Sets Schwarz Einheitsgr\u00f6\u00dfe","og_url":"https:\/\/marktxxl.de\/markt\/produkt\/dreamgirl-damen-opaque-seamless-criss-cross-teddy-and-matching-stockings-dessous-set-schwarz-einheitsgroesse\/","og_site_name":"Markt-XXL","article_modified_time":"2023-04-03T00:25:15+00:00","og_image":[{"width":375,"height":500,"url":"https:\/\/m.media-amazon.com\/images\/I\/41fmVAknyVL._SL500_.jpg","type":"image\/jpeg"}],"twitter_card":"summary_large_image","twitter_misc":{"Gesch\u00e4tzte Lesezeit":"1\u00a0Minute"},"schema":{"@context":"https:\/\/schema.org","@graph":[{"@type":"WebPage","@id":"https:\/\/marktxxl.de\/markt\/produkt\/dreamgirl-damen-opaque-seamless-criss-cross-teddy-and-matching-stockings-dessous-set-schwarz-einheitsgroesse\/","url":"https:\/\/marktxxl.de\/markt\/produkt\/dreamgirl-damen-opaque-seamless-criss-cross-teddy-and-matching-stockings-dessous-set-schwarz-einheitsgroesse\/","name":"Dreamgirl Tank Top Erotische Dessous-Sets Schwarz Einheitsgr\u00f6\u00dfe - Markt-XXL","isPartOf":{"@id":"https:\/\/marktxxl.de\/markt\/#website"},"primaryImageOfPage":{"@id":"https:\/\/marktxxl.de\/markt\/produkt\/dreamgirl-damen-opaque-seamless-criss-cross-teddy-and-matching-stockings-dessous-set-schwarz-einheitsgroesse\/#primaryimage"},"image":{"@id":"https:\/\/marktxxl.de\/markt\/produkt\/dreamgirl-damen-opaque-seamless-criss-cross-teddy-and-matching-stockings-dessous-set-schwarz-einheitsgroesse\/#primaryimage"},"thumbnailUrl":"https:\/\/m.media-amazon.com\/images\/I\/41fmVAknyVL._SL500_.jpg","datePublished":"2022-06-13T17:58:42+00:00","dateModified":"2023-04-03T00:25:15+00:00","description":"Markt-XXL Dreamgirl Tank Top Erotische Dessous-Sets Schwarz Einheitsgr\u00f6\u00dfe","breadcrumb":{"@id":"https:\/\/marktxxl.de\/markt\/produkt\/dreamgirl-damen-opaque-seamless-criss-cross-teddy-and-matching-stockings-dessous-set-schwarz-einheitsgroesse\/#breadcrumb"},"inLanguage":"de","potentialAction":[{"@type":"ReadAction","target":["https:\/\/marktxxl.de\/markt\/produkt\/dreamgirl-damen-opaque-seamless-criss-cross-teddy-and-matching-stockings-dessous-set-schwarz-einheitsgroesse\/"]}]},{"@type":"ImageObject","inLanguage":"de","@id":"https:\/\/marktxxl.de\/markt\/produkt\/dreamgirl-damen-opaque-seamless-criss-cross-teddy-and-matching-stockings-dessous-set-schwarz-einheitsgroesse\/#primaryimage","url":"https:\/\/m.media-amazon.com\/images\/I\/41fmVAknyVL._SL500_.jpg","contentUrl":"https:\/\/m.media-amazon.com\/images\/I\/41fmVAknyVL._SL500_.jpg","width":375,"height":500},{"@type":"BreadcrumbList","@id":"https:\/\/marktxxl.de\/markt\/produkt\/dreamgirl-damen-opaque-seamless-criss-cross-teddy-and-matching-stockings-dessous-set-schwarz-einheitsgroesse\/#breadcrumb","itemListElement":[{"@type":"ListItem","position":1,"name":"Startseite","item":"https:\/\/marktxxl.de\/markt\/"},{"@type":"ListItem","position":2,"name":"Markt","item":"https:\/\/marktxxl.de\/markt\/"},{"@type":"ListItem","position":3,"name":"Dreamgirl Tank Top Erotische Dessous-Sets Schwarz Einheitsgr\u00f6\u00dfe"}]},{"@type":"WebSite","@id":"https:\/\/marktxxl.de\/markt\/#website","url":"https:\/\/marktxxl.de\/markt\/","name":"Markt-XXL","description":"Ihr Markt Online","publisher":{"@id":"https:\/\/marktxxl.de\/markt\/#organization"},"potentialAction":[{"@type":"SearchAction","target":{"@type":"EntryPoint","urlTemplate":"https:\/\/marktxxl.de\/markt\/?s={search_term_string}"},"query-input":{"@type":"PropertyValueSpecification","valueRequired":true,"valueName":"search_term_string"}}],"inLanguage":"de"},{"@type":"Organization","@id":"https:\/\/marktxxl.de\/markt\/#organization","name":"Markt-XXL","url":"https:\/\/marktxxl.de\/markt\/","logo":{"@type":"ImageObject","inLanguage":"de","@id":"https:\/\/marktxxl.de\/markt\/#\/schema\/logo\/image\/","url":"https:\/\/marktxxl.de\/markt\/wp-content\/uploads\/sites\/3\/2020\/12\/logo.png","contentUrl":"https:\/\/marktxxl.de\/markt\/wp-content\/uploads\/sites\/3\/2020\/12\/logo.png","width":200,"height":70,"caption":"Markt-XXL"},"image":{"@id":"https:\/\/marktxxl.de\/markt\/#\/schema\/logo\/image\/"}}]}},"_links":{"self":[{"href":"https:\/\/marktxxl.de\/markt\/wp-json\/wp\/v2\/product\/125187","targetHints":{"allow":["GET"]}}],"collection":[{"href":"https:\/\/marktxxl.de\/markt\/wp-json\/wp\/v2\/product"}],"about":[{"href":"https:\/\/marktxxl.de\/markt\/wp-json\/wp\/v2\/types\/product"}],"replies":[{"embeddable":true,"href":"https:\/\/marktxxl.de\/markt\/wp-json\/wp\/v2\/comments?post=125187"}],"wp:featuredmedia":[{"embeddable":true,"href":"https:\/\/marktxxl.de\/markt\/wp-json\/wp\/v2\/media\/125188"}],"wp:attachment":[{"href":"https:\/\/marktxxl.de\/markt\/wp-json\/wp\/v2\/media?parent=125187"}],"wp:term":[{"taxonomy":"product_brand","embeddable":true,"href":"https:\/\/marktxxl.de\/markt\/wp-json\/wp\/v2\/product_brand?post=125187"},{"taxonomy":"product_cat","embeddable":true,"href":"https:\/\/marktxxl.de\/markt\/wp-json\/wp\/v2\/product_cat?post=125187"},{"taxonomy":"product_tag","embeddable":true,"href":"https:\/\/marktxxl.de\/markt\/wp-json\/wp\/v2\/product_tag?post=125187"}],"curies":[{"name":"wp","href":"https:\/\/api.w.org\/{rel}","templated":true}]}}