{"id":125130,"date":"2022-06-13T19:55:55","date_gmt":"2022-06-13T17:55:55","guid":{"rendered":"https:\/\/marktxxl.de\/markt\/produkt\/douper-reusable-vaginal-cleansing-system-for-women100-safe-600ml-capacity-with-extra-2-nozzle-tips\/"},"modified":"2023-04-03T02:25:14","modified_gmt":"2023-04-03T00:25:14","slug":"douper-reusable-vaginal-cleansing-system-for-women100-safe-600ml-capacity-with-extra-2-nozzle-tips","status":"publish","type":"product","link":"https:\/\/marktxxl.de\/markt\/produkt\/douper-reusable-vaginal-cleansing-system-for-women100-safe-600ml-capacity-with-extra-2-nozzle-tips\/","title":{"rendered":"Douper Reusable Vaginal Cleansing System For Women,100% Safe, 600Ml Capacity With Extra 2 Nozzle Tips"},"content":{"rendered":"<p>Tiefenrein\u00a0\u2013\u00a0Die Premium Anal-\/ Vaginaldusche ist alles, was sie jemals brauchen werden. Gro\u00dfe Kapazit\u00e4t f\u00fcr mehrere Einl\u00e4ufe pro Sitzung. Dies ist ein gro\u00dfer Vorteil, wenn Sie eine gr\u00fcndliche Darmreinigung machen wollen.<br \/>\nPremium Qualit\u00e4t\u00a0\u2013\u00a0Design, das ein Leben lang h\u00e4lt und viele Jahre nutzbar ist. Medizinische Qualit\u00e4t, hergestellt nach ISO-Standards, wird mit jeglichem Zubeh\u00f6r f\u00fcr eine Darmreinigung geliefert. Dies ist die Art von Einlaufger\u00e4ten, wie sie in vielen Krankenh\u00e4usern und Profi-Kliniken genutzt wird.<br \/>\nLeicht zu reinigen\u00a0\u2013\u00a0Nach Ende des Einlaufs ist die Reinigung dank des auseinanderzunehmenden Designs ein Kinderspiel. Einfach die D\u00fcse vom Pumpk\u00f6rper entfernen, jede Einheit mit Seife und warmem Wasser reinigen und trocknen lassen.<br \/>\nVielseitig\u00a0\u2013\u00a0extra lange Schl\u00e4uche, manuelle Druckkontrolle f\u00fcr einfache Handhabung. Dieses Reinigungs- und Detox-Kit ist ideal f\u00fcr unterwegs und kann verwendet werden f\u00fcr Wasser- und\/oder Kaffee-Einl\u00e4ufe in oder au\u00dferhalb der Dusche.<br \/>\nKomfortable D\u00fcse\u00a0\u2013\u00a0Die D\u00fcse besteht aus d\u00fcnnem und flexiblem Gummi mit 9\u00a0L\u00f6chern f\u00fcr eine 360\u00a0Grad Reinigung und ein komfortableres Einf\u00fchren. Die Pumpe bietet totale Kontrolle \u00fcber das Tempo, in dem die Fl\u00fcssigkeit eindringt. Besonders sicher und mehr Komfort.<br \/>\n<div class=\"main-cross-sell\" data-asin=\"B01MT6TWJD\">\n\n\t<div class=\"WooZone-cross-sell-loader\">\n\t\t<div>\n\t\t\t<div id=\"floatingBarsG\">\n\t\t\t\t<div class=\"blockG\" id=\"rotateG_01\"><\/div>\n\t\t\t\t<div class=\"blockG\" id=\"rotateG_02\"><\/div>\n\t\t\t\t<div class=\"blockG\" id=\"rotateG_03\"><\/div>\n\t\t\t\t<div class=\"blockG\" id=\"rotateG_04\"><\/div>\n\t\t\t\t<div class=\"blockG\" id=\"rotateG_05\"><\/div>\n\t\t\t\t<div class=\"blockG\" id=\"rotateG_06\"><\/div>\n\t\t\t\t<div class=\"blockG\" id=\"rotateG_07\"><\/div>\n\t\t\t\t<div class=\"blockG\" id=\"rotateG_08\"><\/div>\n\t\t\t<\/div>\n\t\t\t<div class=\"WooZone-cross-sell-loader-text\"><\/div>\n\t\t<\/div>\n\t<\/div>\n\n\t\t\n<\/div>\n<div style=\"clear:both;\"><\/div><\/p>\n","protected":false},"excerpt":{"rendered":"<p>Tiefenrein\u00a0\u2013\u00a0Die Premium Anal-\/ Vaginaldusche ist alles, was sie jemals brauchen werden. Gro\u00dfe Kapazit\u00e4t f\u00fcr mehrere Einl\u00e4ufe pro Sitzung. Dies ist ein gro\u00dfer Vorteil, wenn Sie eine gr\u00fcndliche Darmreinigung machen wollen.<br \/>\nPremium Qualit\u00e4t\u00a0\u2013\u00a0Design, das ein Leben lang h\u00e4lt und viele Jahre nutzbar ist. Medizinische Qualit\u00e4t, hergestellt nach ISO-Standards, wird mit jeglichem Zubeh\u00f6r f\u00fcr eine Darmreinigung geliefert. Dies ist die Art von Einlaufger\u00e4ten, wie sie in vielen Krankenh\u00e4usern und Profi-Kliniken genutzt wird.<br \/>\nLeicht zu reinigen\u00a0\u2013\u00a0Nach Ende des Einlaufs ist die Reinigung dank des auseinanderzunehmenden Designs ein Kinderspiel. Einfach die D\u00fcse vom Pumpk\u00f6rper entfernen, jede Einheit mit Seife und warmem Wasser reinigen und trocknen lassen.<\/p>\n","protected":false},"featured_media":125131,"comment_status":"open","ping_status":"closed","template":"","meta":[],"product_brand":[],"product_cat":[652,2977],"product_tag":[],"class_list":{"0":"post-125130","1":"product","2":"type-product","3":"status-publish","4":"has-post-thumbnail","6":"product_cat-erotik-markt-xxl","7":"product_cat-sexspielzeug","8":"pa_binding-badartikel","9":"pa_brand-douperltd","10":"pa_color-blau","11":"pa_manufacturer-hpc039-600","13":"first","14":"instock","15":"shipping-taxable","16":"purchasable","17":"product-type-simple","18":"customify-col","19":"product-has-gallery"},"yoast_head":"<!-- This site is optimized with the Yoast SEO plugin v27.4 - https:\/\/yoast.com\/product\/yoast-seo-wordpress\/ -->\n<title>Douper Reusable Vaginal Cleansing System For Women,100% Safe, 600Ml Capacity With Extra 2 Nozzle Tips - Markt-XXL<\/title>\n<meta name=\"description\" content=\"Markt-XXL Douper Reusable Vaginal Cleansing System For Women,100% Safe, 600Ml Capacity With Extra 2 Nozzle Tips\" \/>\n<meta name=\"robots\" content=\"index, follow, max-snippet:-1, max-image-preview:large, max-video-preview:-1\" \/>\n<link rel=\"canonical\" href=\"https:\/\/marktxxl.de\/markt\/produkt\/douper-reusable-vaginal-cleansing-system-for-women100-safe-600ml-capacity-with-extra-2-nozzle-tips\/\" \/>\n<meta property=\"og:locale\" content=\"de_DE\" \/>\n<meta property=\"og:type\" content=\"article\" \/>\n<meta property=\"og:title\" content=\"Douper Reusable Vaginal Cleansing System For Women,100% Safe, 600Ml Capacity With Extra 2 Nozzle Tips - Markt-XXL\" \/>\n<meta property=\"og:description\" content=\"Markt-XXL Douper Reusable Vaginal Cleansing System For Women,100% Safe, 600Ml Capacity With Extra 2 Nozzle Tips\" \/>\n<meta property=\"og:url\" content=\"https:\/\/marktxxl.de\/markt\/produkt\/douper-reusable-vaginal-cleansing-system-for-women100-safe-600ml-capacity-with-extra-2-nozzle-tips\/\" \/>\n<meta property=\"og:site_name\" content=\"Markt-XXL\" \/>\n<meta property=\"article:modified_time\" content=\"2023-04-03T00:25:14+00:00\" \/>\n<meta property=\"og:image\" content=\"https:\/\/m.media-amazon.com\/images\/I\/41TrnxlOeCL._SL500_.jpg\" \/>\n\t<meta property=\"og:image:width\" content=\"500\" \/>\n\t<meta property=\"og:image:height\" content=\"500\" \/>\n\t<meta property=\"og:image:type\" content=\"image\/jpeg\" \/>\n<meta name=\"twitter:card\" content=\"summary_large_image\" \/>\n<meta name=\"twitter:label1\" content=\"Gesch\u00e4tzte Lesezeit\" \/>\n\t<meta name=\"twitter:data1\" content=\"1\u00a0Minute\" \/>\n<script type=\"application\/ld+json\" class=\"yoast-schema-graph\">{\"@context\":\"https:\\\/\\\/schema.org\",\"@graph\":[{\"@type\":\"WebPage\",\"@id\":\"https:\\\/\\\/marktxxl.de\\\/markt\\\/produkt\\\/douper-reusable-vaginal-cleansing-system-for-women100-safe-600ml-capacity-with-extra-2-nozzle-tips\\\/\",\"url\":\"https:\\\/\\\/marktxxl.de\\\/markt\\\/produkt\\\/douper-reusable-vaginal-cleansing-system-for-women100-safe-600ml-capacity-with-extra-2-nozzle-tips\\\/\",\"name\":\"Douper Reusable Vaginal Cleansing System For Women,100% Safe, 600Ml Capacity With Extra 2 Nozzle Tips - Markt-XXL\",\"isPartOf\":{\"@id\":\"https:\\\/\\\/marktxxl.de\\\/markt\\\/#website\"},\"primaryImageOfPage\":{\"@id\":\"https:\\\/\\\/marktxxl.de\\\/markt\\\/produkt\\\/douper-reusable-vaginal-cleansing-system-for-women100-safe-600ml-capacity-with-extra-2-nozzle-tips\\\/#primaryimage\"},\"image\":{\"@id\":\"https:\\\/\\\/marktxxl.de\\\/markt\\\/produkt\\\/douper-reusable-vaginal-cleansing-system-for-women100-safe-600ml-capacity-with-extra-2-nozzle-tips\\\/#primaryimage\"},\"thumbnailUrl\":\"https:\\\/\\\/m.media-amazon.com\\\/images\\\/I\\\/41TrnxlOeCL._SL500_.jpg\",\"datePublished\":\"2022-06-13T17:55:55+00:00\",\"dateModified\":\"2023-04-03T00:25:14+00:00\",\"description\":\"Markt-XXL Douper Reusable Vaginal Cleansing System For Women,100% Safe, 600Ml Capacity With Extra 2 Nozzle Tips\",\"breadcrumb\":{\"@id\":\"https:\\\/\\\/marktxxl.de\\\/markt\\\/produkt\\\/douper-reusable-vaginal-cleansing-system-for-women100-safe-600ml-capacity-with-extra-2-nozzle-tips\\\/#breadcrumb\"},\"inLanguage\":\"de\",\"potentialAction\":[{\"@type\":\"ReadAction\",\"target\":[\"https:\\\/\\\/marktxxl.de\\\/markt\\\/produkt\\\/douper-reusable-vaginal-cleansing-system-for-women100-safe-600ml-capacity-with-extra-2-nozzle-tips\\\/\"]}]},{\"@type\":\"ImageObject\",\"inLanguage\":\"de\",\"@id\":\"https:\\\/\\\/marktxxl.de\\\/markt\\\/produkt\\\/douper-reusable-vaginal-cleansing-system-for-women100-safe-600ml-capacity-with-extra-2-nozzle-tips\\\/#primaryimage\",\"url\":\"https:\\\/\\\/m.media-amazon.com\\\/images\\\/I\\\/41TrnxlOeCL._SL500_.jpg\",\"contentUrl\":\"https:\\\/\\\/m.media-amazon.com\\\/images\\\/I\\\/41TrnxlOeCL._SL500_.jpg\",\"width\":500,\"height\":500},{\"@type\":\"BreadcrumbList\",\"@id\":\"https:\\\/\\\/marktxxl.de\\\/markt\\\/produkt\\\/douper-reusable-vaginal-cleansing-system-for-women100-safe-600ml-capacity-with-extra-2-nozzle-tips\\\/#breadcrumb\",\"itemListElement\":[{\"@type\":\"ListItem\",\"position\":1,\"name\":\"Startseite\",\"item\":\"https:\\\/\\\/marktxxl.de\\\/markt\\\/\"},{\"@type\":\"ListItem\",\"position\":2,\"name\":\"Markt\",\"item\":\"https:\\\/\\\/marktxxl.de\\\/markt\\\/\"},{\"@type\":\"ListItem\",\"position\":3,\"name\":\"Douper Reusable Vaginal Cleansing System For Women,100% Safe, 600Ml Capacity With Extra 2 Nozzle Tips\"}]},{\"@type\":\"WebSite\",\"@id\":\"https:\\\/\\\/marktxxl.de\\\/markt\\\/#website\",\"url\":\"https:\\\/\\\/marktxxl.de\\\/markt\\\/\",\"name\":\"Markt-XXL\",\"description\":\"Ihr Markt Online\",\"publisher\":{\"@id\":\"https:\\\/\\\/marktxxl.de\\\/markt\\\/#organization\"},\"potentialAction\":[{\"@type\":\"SearchAction\",\"target\":{\"@type\":\"EntryPoint\",\"urlTemplate\":\"https:\\\/\\\/marktxxl.de\\\/markt\\\/?s={search_term_string}\"},\"query-input\":{\"@type\":\"PropertyValueSpecification\",\"valueRequired\":true,\"valueName\":\"search_term_string\"}}],\"inLanguage\":\"de\"},{\"@type\":\"Organization\",\"@id\":\"https:\\\/\\\/marktxxl.de\\\/markt\\\/#organization\",\"name\":\"Markt-XXL\",\"url\":\"https:\\\/\\\/marktxxl.de\\\/markt\\\/\",\"logo\":{\"@type\":\"ImageObject\",\"inLanguage\":\"de\",\"@id\":\"https:\\\/\\\/marktxxl.de\\\/markt\\\/#\\\/schema\\\/logo\\\/image\\\/\",\"url\":\"https:\\\/\\\/marktxxl.de\\\/markt\\\/wp-content\\\/uploads\\\/sites\\\/3\\\/2020\\\/12\\\/logo.png\",\"contentUrl\":\"https:\\\/\\\/marktxxl.de\\\/markt\\\/wp-content\\\/uploads\\\/sites\\\/3\\\/2020\\\/12\\\/logo.png\",\"width\":200,\"height\":70,\"caption\":\"Markt-XXL\"},\"image\":{\"@id\":\"https:\\\/\\\/marktxxl.de\\\/markt\\\/#\\\/schema\\\/logo\\\/image\\\/\"}}]}<\/script>\n<!-- \/ Yoast SEO plugin. -->","yoast_head_json":{"title":"Douper Reusable Vaginal Cleansing System For Women,100% Safe, 600Ml Capacity With Extra 2 Nozzle Tips - Markt-XXL","description":"Markt-XXL Douper Reusable Vaginal Cleansing System For Women,100% Safe, 600Ml Capacity With Extra 2 Nozzle Tips","robots":{"index":"index","follow":"follow","max-snippet":"max-snippet:-1","max-image-preview":"max-image-preview:large","max-video-preview":"max-video-preview:-1"},"canonical":"https:\/\/marktxxl.de\/markt\/produkt\/douper-reusable-vaginal-cleansing-system-for-women100-safe-600ml-capacity-with-extra-2-nozzle-tips\/","og_locale":"de_DE","og_type":"article","og_title":"Douper Reusable Vaginal Cleansing System For Women,100% Safe, 600Ml Capacity With Extra 2 Nozzle Tips - Markt-XXL","og_description":"Markt-XXL Douper Reusable Vaginal Cleansing System For Women,100% Safe, 600Ml Capacity With Extra 2 Nozzle Tips","og_url":"https:\/\/marktxxl.de\/markt\/produkt\/douper-reusable-vaginal-cleansing-system-for-women100-safe-600ml-capacity-with-extra-2-nozzle-tips\/","og_site_name":"Markt-XXL","article_modified_time":"2023-04-03T00:25:14+00:00","og_image":[{"width":500,"height":500,"url":"https:\/\/m.media-amazon.com\/images\/I\/41TrnxlOeCL._SL500_.jpg","type":"image\/jpeg"}],"twitter_card":"summary_large_image","twitter_misc":{"Gesch\u00e4tzte Lesezeit":"1\u00a0Minute"},"schema":{"@context":"https:\/\/schema.org","@graph":[{"@type":"WebPage","@id":"https:\/\/marktxxl.de\/markt\/produkt\/douper-reusable-vaginal-cleansing-system-for-women100-safe-600ml-capacity-with-extra-2-nozzle-tips\/","url":"https:\/\/marktxxl.de\/markt\/produkt\/douper-reusable-vaginal-cleansing-system-for-women100-safe-600ml-capacity-with-extra-2-nozzle-tips\/","name":"Douper Reusable Vaginal Cleansing System For Women,100% Safe, 600Ml Capacity With Extra 2 Nozzle Tips - Markt-XXL","isPartOf":{"@id":"https:\/\/marktxxl.de\/markt\/#website"},"primaryImageOfPage":{"@id":"https:\/\/marktxxl.de\/markt\/produkt\/douper-reusable-vaginal-cleansing-system-for-women100-safe-600ml-capacity-with-extra-2-nozzle-tips\/#primaryimage"},"image":{"@id":"https:\/\/marktxxl.de\/markt\/produkt\/douper-reusable-vaginal-cleansing-system-for-women100-safe-600ml-capacity-with-extra-2-nozzle-tips\/#primaryimage"},"thumbnailUrl":"https:\/\/m.media-amazon.com\/images\/I\/41TrnxlOeCL._SL500_.jpg","datePublished":"2022-06-13T17:55:55+00:00","dateModified":"2023-04-03T00:25:14+00:00","description":"Markt-XXL Douper Reusable Vaginal Cleansing System For Women,100% Safe, 600Ml Capacity With Extra 2 Nozzle Tips","breadcrumb":{"@id":"https:\/\/marktxxl.de\/markt\/produkt\/douper-reusable-vaginal-cleansing-system-for-women100-safe-600ml-capacity-with-extra-2-nozzle-tips\/#breadcrumb"},"inLanguage":"de","potentialAction":[{"@type":"ReadAction","target":["https:\/\/marktxxl.de\/markt\/produkt\/douper-reusable-vaginal-cleansing-system-for-women100-safe-600ml-capacity-with-extra-2-nozzle-tips\/"]}]},{"@type":"ImageObject","inLanguage":"de","@id":"https:\/\/marktxxl.de\/markt\/produkt\/douper-reusable-vaginal-cleansing-system-for-women100-safe-600ml-capacity-with-extra-2-nozzle-tips\/#primaryimage","url":"https:\/\/m.media-amazon.com\/images\/I\/41TrnxlOeCL._SL500_.jpg","contentUrl":"https:\/\/m.media-amazon.com\/images\/I\/41TrnxlOeCL._SL500_.jpg","width":500,"height":500},{"@type":"BreadcrumbList","@id":"https:\/\/marktxxl.de\/markt\/produkt\/douper-reusable-vaginal-cleansing-system-for-women100-safe-600ml-capacity-with-extra-2-nozzle-tips\/#breadcrumb","itemListElement":[{"@type":"ListItem","position":1,"name":"Startseite","item":"https:\/\/marktxxl.de\/markt\/"},{"@type":"ListItem","position":2,"name":"Markt","item":"https:\/\/marktxxl.de\/markt\/"},{"@type":"ListItem","position":3,"name":"Douper Reusable Vaginal Cleansing System For Women,100% Safe, 600Ml Capacity With Extra 2 Nozzle Tips"}]},{"@type":"WebSite","@id":"https:\/\/marktxxl.de\/markt\/#website","url":"https:\/\/marktxxl.de\/markt\/","name":"Markt-XXL","description":"Ihr Markt Online","publisher":{"@id":"https:\/\/marktxxl.de\/markt\/#organization"},"potentialAction":[{"@type":"SearchAction","target":{"@type":"EntryPoint","urlTemplate":"https:\/\/marktxxl.de\/markt\/?s={search_term_string}"},"query-input":{"@type":"PropertyValueSpecification","valueRequired":true,"valueName":"search_term_string"}}],"inLanguage":"de"},{"@type":"Organization","@id":"https:\/\/marktxxl.de\/markt\/#organization","name":"Markt-XXL","url":"https:\/\/marktxxl.de\/markt\/","logo":{"@type":"ImageObject","inLanguage":"de","@id":"https:\/\/marktxxl.de\/markt\/#\/schema\/logo\/image\/","url":"https:\/\/marktxxl.de\/markt\/wp-content\/uploads\/sites\/3\/2020\/12\/logo.png","contentUrl":"https:\/\/marktxxl.de\/markt\/wp-content\/uploads\/sites\/3\/2020\/12\/logo.png","width":200,"height":70,"caption":"Markt-XXL"},"image":{"@id":"https:\/\/marktxxl.de\/markt\/#\/schema\/logo\/image\/"}}]}},"_links":{"self":[{"href":"https:\/\/marktxxl.de\/markt\/wp-json\/wp\/v2\/product\/125130","targetHints":{"allow":["GET"]}}],"collection":[{"href":"https:\/\/marktxxl.de\/markt\/wp-json\/wp\/v2\/product"}],"about":[{"href":"https:\/\/marktxxl.de\/markt\/wp-json\/wp\/v2\/types\/product"}],"replies":[{"embeddable":true,"href":"https:\/\/marktxxl.de\/markt\/wp-json\/wp\/v2\/comments?post=125130"}],"wp:featuredmedia":[{"embeddable":true,"href":"https:\/\/marktxxl.de\/markt\/wp-json\/wp\/v2\/media\/125131"}],"wp:attachment":[{"href":"https:\/\/marktxxl.de\/markt\/wp-json\/wp\/v2\/media?parent=125130"}],"wp:term":[{"taxonomy":"product_brand","embeddable":true,"href":"https:\/\/marktxxl.de\/markt\/wp-json\/wp\/v2\/product_brand?post=125130"},{"taxonomy":"product_cat","embeddable":true,"href":"https:\/\/marktxxl.de\/markt\/wp-json\/wp\/v2\/product_cat?post=125130"},{"taxonomy":"product_tag","embeddable":true,"href":"https:\/\/marktxxl.de\/markt\/wp-json\/wp\/v2\/product_tag?post=125130"}],"curies":[{"name":"wp","href":"https:\/\/api.w.org\/{rel}","templated":true}]}}