{"id":124745,"date":"2022-05-15T12:10:34","date_gmt":"2022-05-15T10:10:34","guid":{"rendered":"https:\/\/marktxxl.de\/markt\/produkt\/playmobil-city-life-70741-abenteuerspielplatz-mit-schiffswrack-ab-4-jahren\/"},"modified":"2023-04-09T03:34:37","modified_gmt":"2023-04-09T01:34:37","slug":"playmobil-city-life-70741-abenteuerspielplatz-mit-schiffswrack-ab-4-jahren","status":"publish","type":"product","link":"https:\/\/marktxxl.de\/markt\/produkt\/playmobil-city-life-70741-abenteuerspielplatz-mit-schiffswrack-ab-4-jahren\/","title":{"rendered":"PLAYMOBIL City Life 70741 Abenteuerspielplatz mit Schiffswrack, Ab 4 Jahren"},"content":{"rendered":"<p>Spielspa\u00df im Freien: PLAYMOBIL Abenteuerspielplatz mit Schiffswrack, zahlreichen Attraktionen und Spielzeug zum Toben sowie mit Vater und 2 Kindern<br \/>\n1 Schiffswrack mit Versteck, drehbarem Kletternetz und Steuerrad, 1 drehbarer Hochsitz mit Fernrohr, 1 Schaukel, 1 Rutsche, 1 Wippe, 1 Roller uvm.<br \/>\nSpielfiguren-Set f\u00fcr Kinder ab 4 Jahren: Optimal f\u00fcr Kinderh\u00e4nde durch altersgerechte Gr\u00f6\u00dfe und angenehme Haptik mit abgerundeten Kanten<br \/>\nT\u00e4glich bespielbar: Anleitung zum Aufbau gemeinsam mit den Eltern, hochwertige Qualit\u00e4t und robustes Design, Reinigung der Teile (ohne Aufkleber) unter flie\u00dfendem Wasser ohne chemische Mittel<br \/>\nLieferumfang: 1x PLAYMOBIL City Life Abenteuerspielplatz mit Schiffswrack, 73-teiliges Spielfiguren-Set mit Anleitung: 1 Schiffswrack, 3 Figuren, 69 Zubeh\u00f6rteile, Material: Kunststoff, LxTxH Bodenplatte mit Schiffswrack (ohne Fahne und Kletternetz): ca. 43x23x16,5 cm, Gewicht: 654 g, 70741<br \/>\n<div class=\"main-cross-sell\" data-asin=\"B08KTN5VCB\">\n\n\t<div class=\"WooZone-cross-sell-loader\">\n\t\t<div>\n\t\t\t<div id=\"floatingBarsG\">\n\t\t\t\t<div class=\"blockG\" id=\"rotateG_01\"><\/div>\n\t\t\t\t<div class=\"blockG\" id=\"rotateG_02\"><\/div>\n\t\t\t\t<div class=\"blockG\" id=\"rotateG_03\"><\/div>\n\t\t\t\t<div class=\"blockG\" id=\"rotateG_04\"><\/div>\n\t\t\t\t<div class=\"blockG\" id=\"rotateG_05\"><\/div>\n\t\t\t\t<div class=\"blockG\" id=\"rotateG_06\"><\/div>\n\t\t\t\t<div class=\"blockG\" id=\"rotateG_07\"><\/div>\n\t\t\t\t<div class=\"blockG\" id=\"rotateG_08\"><\/div>\n\t\t\t<\/div>\n\t\t\t<div class=\"WooZone-cross-sell-loader-text\"><\/div>\n\t\t<\/div>\n\t<\/div>\n\n\t\t\n<\/div>\n<div style=\"clear:both;\"><\/div><\/p>\n","protected":false},"excerpt":{"rendered":"<p>Spielspa\u00df im Freien: PLAYMOBIL Abenteuerspielplatz mit Schiffswrack, zahlreichen Attraktionen und Spielzeug zum Toben sowie mit Vater und 2 Kindern<br \/>\n1 Schiffswrack mit Versteck, drehbarem Kletternetz und Steuerrad, 1 drehbarer Hochsitz mit Fernrohr, 1 Schaukel, 1 Rutsche, 1 Wippe, 1 Roller uvm.<br \/>\nSpielfiguren-Set f\u00fcr Kinder ab 4 Jahren: Optimal f\u00fcr Kinderh\u00e4nde durch altersgerechte Gr\u00f6\u00dfe und angenehme Haptik mit abgerundeten Kanten<\/p>\n","protected":false},"featured_media":124746,"comment_status":"open","ping_status":"closed","template":"","meta":[],"product_brand":[],"product_cat":[21,8879],"product_tag":[],"class_list":{"0":"post-124745","1":"product","2":"type-product","3":"status-publish","4":"has-post-thumbnail","6":"product_cat-baby","7":"product_cat-baby-kleinkindspielzeug-baby","8":"pa_binding-spielzeug","9":"pa_brand-playmobil","10":"pa_height-4-68503-zoll","11":"pa_languages-handbuch-mehrsprachig","12":"pa_length-18-1102-zoll","13":"pa_manufacturer-playmobil","14":"pa_model-36047","15":"pa_size-34201","16":"pa_warranty-keine-angabe","17":"pa_weight-1-8298367746-pfund","18":"pa_width-11-18108-zoll","20":"first","21":"instock","22":"shipping-taxable","23":"purchasable","24":"product-type-simple","25":"customify-col","26":"product-has-gallery"},"yoast_head":"<!-- This site is optimized with the Yoast SEO plugin v27.3 - https:\/\/yoast.com\/product\/yoast-seo-wordpress\/ -->\n<title>PLAYMOBIL City Life 70741 Abenteuerspielplatz mit Schiffswrack, Ab 4 Jahren - Markt-XXL<\/title>\n<meta name=\"description\" content=\"Markt-XXL PLAYMOBIL City Life 70741 Abenteuerspielplatz mit Schiffswrack, Ab 4 Jahren\" \/>\n<meta name=\"robots\" content=\"index, follow, max-snippet:-1, max-image-preview:large, max-video-preview:-1\" \/>\n<link rel=\"canonical\" href=\"https:\/\/marktxxl.de\/markt\/produkt\/playmobil-city-life-70741-abenteuerspielplatz-mit-schiffswrack-ab-4-jahren\/\" \/>\n<meta property=\"og:locale\" content=\"de_DE\" \/>\n<meta property=\"og:type\" content=\"article\" \/>\n<meta property=\"og:title\" content=\"PLAYMOBIL City Life 70741 Abenteuerspielplatz mit Schiffswrack, Ab 4 Jahren - Markt-XXL\" \/>\n<meta property=\"og:description\" content=\"Markt-XXL PLAYMOBIL City Life 70741 Abenteuerspielplatz mit Schiffswrack, Ab 4 Jahren\" \/>\n<meta property=\"og:url\" content=\"https:\/\/marktxxl.de\/markt\/produkt\/playmobil-city-life-70741-abenteuerspielplatz-mit-schiffswrack-ab-4-jahren\/\" \/>\n<meta property=\"og:site_name\" content=\"Markt-XXL\" \/>\n<meta property=\"article:modified_time\" content=\"2023-04-09T01:34:37+00:00\" \/>\n<meta property=\"og:image\" content=\"https:\/\/m.media-amazon.com\/images\/I\/51CCmTPWFAL._SL500_.jpg\" \/>\n\t<meta property=\"og:image:width\" content=\"500\" \/>\n\t<meta property=\"og:image:height\" content=\"443\" \/>\n\t<meta property=\"og:image:type\" content=\"image\/jpeg\" \/>\n<meta name=\"twitter:card\" content=\"summary_large_image\" \/>\n<meta name=\"twitter:label1\" content=\"Gesch\u00e4tzte Lesezeit\" \/>\n\t<meta name=\"twitter:data1\" content=\"1\u00a0Minute\" \/>\n<script type=\"application\/ld+json\" class=\"yoast-schema-graph\">{\"@context\":\"https:\\\/\\\/schema.org\",\"@graph\":[{\"@type\":\"WebPage\",\"@id\":\"https:\\\/\\\/marktxxl.de\\\/markt\\\/produkt\\\/playmobil-city-life-70741-abenteuerspielplatz-mit-schiffswrack-ab-4-jahren\\\/\",\"url\":\"https:\\\/\\\/marktxxl.de\\\/markt\\\/produkt\\\/playmobil-city-life-70741-abenteuerspielplatz-mit-schiffswrack-ab-4-jahren\\\/\",\"name\":\"PLAYMOBIL City Life 70741 Abenteuerspielplatz mit Schiffswrack, Ab 4 Jahren - Markt-XXL\",\"isPartOf\":{\"@id\":\"https:\\\/\\\/marktxxl.de\\\/markt\\\/#website\"},\"primaryImageOfPage\":{\"@id\":\"https:\\\/\\\/marktxxl.de\\\/markt\\\/produkt\\\/playmobil-city-life-70741-abenteuerspielplatz-mit-schiffswrack-ab-4-jahren\\\/#primaryimage\"},\"image\":{\"@id\":\"https:\\\/\\\/marktxxl.de\\\/markt\\\/produkt\\\/playmobil-city-life-70741-abenteuerspielplatz-mit-schiffswrack-ab-4-jahren\\\/#primaryimage\"},\"thumbnailUrl\":\"https:\\\/\\\/m.media-amazon.com\\\/images\\\/I\\\/51CCmTPWFAL._SL500_.jpg\",\"datePublished\":\"2022-05-15T10:10:34+00:00\",\"dateModified\":\"2023-04-09T01:34:37+00:00\",\"description\":\"Markt-XXL PLAYMOBIL City Life 70741 Abenteuerspielplatz mit Schiffswrack, Ab 4 Jahren\",\"breadcrumb\":{\"@id\":\"https:\\\/\\\/marktxxl.de\\\/markt\\\/produkt\\\/playmobil-city-life-70741-abenteuerspielplatz-mit-schiffswrack-ab-4-jahren\\\/#breadcrumb\"},\"inLanguage\":\"de\",\"potentialAction\":[{\"@type\":\"ReadAction\",\"target\":[\"https:\\\/\\\/marktxxl.de\\\/markt\\\/produkt\\\/playmobil-city-life-70741-abenteuerspielplatz-mit-schiffswrack-ab-4-jahren\\\/\"]}]},{\"@type\":\"ImageObject\",\"inLanguage\":\"de\",\"@id\":\"https:\\\/\\\/marktxxl.de\\\/markt\\\/produkt\\\/playmobil-city-life-70741-abenteuerspielplatz-mit-schiffswrack-ab-4-jahren\\\/#primaryimage\",\"url\":\"https:\\\/\\\/m.media-amazon.com\\\/images\\\/I\\\/51CCmTPWFAL._SL500_.jpg\",\"contentUrl\":\"https:\\\/\\\/m.media-amazon.com\\\/images\\\/I\\\/51CCmTPWFAL._SL500_.jpg\",\"width\":500,\"height\":443},{\"@type\":\"BreadcrumbList\",\"@id\":\"https:\\\/\\\/marktxxl.de\\\/markt\\\/produkt\\\/playmobil-city-life-70741-abenteuerspielplatz-mit-schiffswrack-ab-4-jahren\\\/#breadcrumb\",\"itemListElement\":[{\"@type\":\"ListItem\",\"position\":1,\"name\":\"Startseite\",\"item\":\"https:\\\/\\\/marktxxl.de\\\/markt\\\/\"},{\"@type\":\"ListItem\",\"position\":2,\"name\":\"Markt\",\"item\":\"https:\\\/\\\/marktxxl.de\\\/markt\\\/\"},{\"@type\":\"ListItem\",\"position\":3,\"name\":\"PLAYMOBIL City Life 70741 Abenteuerspielplatz mit Schiffswrack, Ab 4 Jahren\"}]},{\"@type\":\"WebSite\",\"@id\":\"https:\\\/\\\/marktxxl.de\\\/markt\\\/#website\",\"url\":\"https:\\\/\\\/marktxxl.de\\\/markt\\\/\",\"name\":\"Markt-XXL\",\"description\":\"Ihr Markt Online\",\"publisher\":{\"@id\":\"https:\\\/\\\/marktxxl.de\\\/markt\\\/#organization\"},\"potentialAction\":[{\"@type\":\"SearchAction\",\"target\":{\"@type\":\"EntryPoint\",\"urlTemplate\":\"https:\\\/\\\/marktxxl.de\\\/markt\\\/?s={search_term_string}\"},\"query-input\":{\"@type\":\"PropertyValueSpecification\",\"valueRequired\":true,\"valueName\":\"search_term_string\"}}],\"inLanguage\":\"de\"},{\"@type\":\"Organization\",\"@id\":\"https:\\\/\\\/marktxxl.de\\\/markt\\\/#organization\",\"name\":\"Markt-XXL\",\"url\":\"https:\\\/\\\/marktxxl.de\\\/markt\\\/\",\"logo\":{\"@type\":\"ImageObject\",\"inLanguage\":\"de\",\"@id\":\"https:\\\/\\\/marktxxl.de\\\/markt\\\/#\\\/schema\\\/logo\\\/image\\\/\",\"url\":\"https:\\\/\\\/marktxxl.de\\\/markt\\\/wp-content\\\/uploads\\\/sites\\\/3\\\/2020\\\/12\\\/logo.png\",\"contentUrl\":\"https:\\\/\\\/marktxxl.de\\\/markt\\\/wp-content\\\/uploads\\\/sites\\\/3\\\/2020\\\/12\\\/logo.png\",\"width\":200,\"height\":70,\"caption\":\"Markt-XXL\"},\"image\":{\"@id\":\"https:\\\/\\\/marktxxl.de\\\/markt\\\/#\\\/schema\\\/logo\\\/image\\\/\"}}]}<\/script>\n<!-- \/ Yoast SEO plugin. -->","yoast_head_json":{"title":"PLAYMOBIL City Life 70741 Abenteuerspielplatz mit Schiffswrack, Ab 4 Jahren - Markt-XXL","description":"Markt-XXL PLAYMOBIL City Life 70741 Abenteuerspielplatz mit Schiffswrack, Ab 4 Jahren","robots":{"index":"index","follow":"follow","max-snippet":"max-snippet:-1","max-image-preview":"max-image-preview:large","max-video-preview":"max-video-preview:-1"},"canonical":"https:\/\/marktxxl.de\/markt\/produkt\/playmobil-city-life-70741-abenteuerspielplatz-mit-schiffswrack-ab-4-jahren\/","og_locale":"de_DE","og_type":"article","og_title":"PLAYMOBIL City Life 70741 Abenteuerspielplatz mit Schiffswrack, Ab 4 Jahren - Markt-XXL","og_description":"Markt-XXL PLAYMOBIL City Life 70741 Abenteuerspielplatz mit Schiffswrack, Ab 4 Jahren","og_url":"https:\/\/marktxxl.de\/markt\/produkt\/playmobil-city-life-70741-abenteuerspielplatz-mit-schiffswrack-ab-4-jahren\/","og_site_name":"Markt-XXL","article_modified_time":"2023-04-09T01:34:37+00:00","og_image":[{"width":500,"height":443,"url":"https:\/\/m.media-amazon.com\/images\/I\/51CCmTPWFAL._SL500_.jpg","type":"image\/jpeg"}],"twitter_card":"summary_large_image","twitter_misc":{"Gesch\u00e4tzte Lesezeit":"1\u00a0Minute"},"schema":{"@context":"https:\/\/schema.org","@graph":[{"@type":"WebPage","@id":"https:\/\/marktxxl.de\/markt\/produkt\/playmobil-city-life-70741-abenteuerspielplatz-mit-schiffswrack-ab-4-jahren\/","url":"https:\/\/marktxxl.de\/markt\/produkt\/playmobil-city-life-70741-abenteuerspielplatz-mit-schiffswrack-ab-4-jahren\/","name":"PLAYMOBIL City Life 70741 Abenteuerspielplatz mit Schiffswrack, Ab 4 Jahren - Markt-XXL","isPartOf":{"@id":"https:\/\/marktxxl.de\/markt\/#website"},"primaryImageOfPage":{"@id":"https:\/\/marktxxl.de\/markt\/produkt\/playmobil-city-life-70741-abenteuerspielplatz-mit-schiffswrack-ab-4-jahren\/#primaryimage"},"image":{"@id":"https:\/\/marktxxl.de\/markt\/produkt\/playmobil-city-life-70741-abenteuerspielplatz-mit-schiffswrack-ab-4-jahren\/#primaryimage"},"thumbnailUrl":"https:\/\/m.media-amazon.com\/images\/I\/51CCmTPWFAL._SL500_.jpg","datePublished":"2022-05-15T10:10:34+00:00","dateModified":"2023-04-09T01:34:37+00:00","description":"Markt-XXL PLAYMOBIL City Life 70741 Abenteuerspielplatz mit Schiffswrack, Ab 4 Jahren","breadcrumb":{"@id":"https:\/\/marktxxl.de\/markt\/produkt\/playmobil-city-life-70741-abenteuerspielplatz-mit-schiffswrack-ab-4-jahren\/#breadcrumb"},"inLanguage":"de","potentialAction":[{"@type":"ReadAction","target":["https:\/\/marktxxl.de\/markt\/produkt\/playmobil-city-life-70741-abenteuerspielplatz-mit-schiffswrack-ab-4-jahren\/"]}]},{"@type":"ImageObject","inLanguage":"de","@id":"https:\/\/marktxxl.de\/markt\/produkt\/playmobil-city-life-70741-abenteuerspielplatz-mit-schiffswrack-ab-4-jahren\/#primaryimage","url":"https:\/\/m.media-amazon.com\/images\/I\/51CCmTPWFAL._SL500_.jpg","contentUrl":"https:\/\/m.media-amazon.com\/images\/I\/51CCmTPWFAL._SL500_.jpg","width":500,"height":443},{"@type":"BreadcrumbList","@id":"https:\/\/marktxxl.de\/markt\/produkt\/playmobil-city-life-70741-abenteuerspielplatz-mit-schiffswrack-ab-4-jahren\/#breadcrumb","itemListElement":[{"@type":"ListItem","position":1,"name":"Startseite","item":"https:\/\/marktxxl.de\/markt\/"},{"@type":"ListItem","position":2,"name":"Markt","item":"https:\/\/marktxxl.de\/markt\/"},{"@type":"ListItem","position":3,"name":"PLAYMOBIL City Life 70741 Abenteuerspielplatz mit Schiffswrack, Ab 4 Jahren"}]},{"@type":"WebSite","@id":"https:\/\/marktxxl.de\/markt\/#website","url":"https:\/\/marktxxl.de\/markt\/","name":"Markt-XXL","description":"Ihr Markt Online","publisher":{"@id":"https:\/\/marktxxl.de\/markt\/#organization"},"potentialAction":[{"@type":"SearchAction","target":{"@type":"EntryPoint","urlTemplate":"https:\/\/marktxxl.de\/markt\/?s={search_term_string}"},"query-input":{"@type":"PropertyValueSpecification","valueRequired":true,"valueName":"search_term_string"}}],"inLanguage":"de"},{"@type":"Organization","@id":"https:\/\/marktxxl.de\/markt\/#organization","name":"Markt-XXL","url":"https:\/\/marktxxl.de\/markt\/","logo":{"@type":"ImageObject","inLanguage":"de","@id":"https:\/\/marktxxl.de\/markt\/#\/schema\/logo\/image\/","url":"https:\/\/marktxxl.de\/markt\/wp-content\/uploads\/sites\/3\/2020\/12\/logo.png","contentUrl":"https:\/\/marktxxl.de\/markt\/wp-content\/uploads\/sites\/3\/2020\/12\/logo.png","width":200,"height":70,"caption":"Markt-XXL"},"image":{"@id":"https:\/\/marktxxl.de\/markt\/#\/schema\/logo\/image\/"}}]}},"_links":{"self":[{"href":"https:\/\/marktxxl.de\/markt\/wp-json\/wp\/v2\/product\/124745","targetHints":{"allow":["GET"]}}],"collection":[{"href":"https:\/\/marktxxl.de\/markt\/wp-json\/wp\/v2\/product"}],"about":[{"href":"https:\/\/marktxxl.de\/markt\/wp-json\/wp\/v2\/types\/product"}],"replies":[{"embeddable":true,"href":"https:\/\/marktxxl.de\/markt\/wp-json\/wp\/v2\/comments?post=124745"}],"wp:featuredmedia":[{"embeddable":true,"href":"https:\/\/marktxxl.de\/markt\/wp-json\/wp\/v2\/media\/124746"}],"wp:attachment":[{"href":"https:\/\/marktxxl.de\/markt\/wp-json\/wp\/v2\/media?parent=124745"}],"wp:term":[{"taxonomy":"product_brand","embeddable":true,"href":"https:\/\/marktxxl.de\/markt\/wp-json\/wp\/v2\/product_brand?post=124745"},{"taxonomy":"product_cat","embeddable":true,"href":"https:\/\/marktxxl.de\/markt\/wp-json\/wp\/v2\/product_cat?post=124745"},{"taxonomy":"product_tag","embeddable":true,"href":"https:\/\/marktxxl.de\/markt\/wp-json\/wp\/v2\/product_tag?post=124745"}],"curies":[{"name":"wp","href":"https:\/\/api.w.org\/{rel}","templated":true}]}}