{"id":124270,"date":"2022-05-15T11:47:30","date_gmt":"2022-05-15T09:47:30","guid":{"rendered":"https:\/\/marktxxl.de\/markt\/produkt\/suiek-damen-baumwoll-tanktop-mit-regal-bh-still-camisole-marineblau-anthrazit-streifen-3er-pack-mittel\/"},"modified":"2023-04-09T03:34:30","modified_gmt":"2023-04-09T01:34:30","slug":"suiek-damen-baumwoll-tanktop-mit-regal-bh-still-camisole-marineblau-anthrazit-streifen-3er-pack-mittel","status":"publish","type":"product","link":"https:\/\/marktxxl.de\/markt\/produkt\/suiek-damen-baumwoll-tanktop-mit-regal-bh-still-camisole-marineblau-anthrazit-streifen-3er-pack-mittel\/","title":{"rendered":"Womens Cotton Maternity Nursing Tank Tops with Shelf Bra Breastfeeding Camisole Shirts"},"content":{"rendered":"<p>&#8220;Die B\u00fcste mit doppellagigem Baumwollstoff, als Still-BH&#8221; und der Unterbrust mit Gummiband, geeignet f\u00fcr alle Brustgr\u00f6\u00dfen. &#8211; Bietet zus\u00e4tzlichen Platz, wenn Ihre Milch eintritt, engt sie nie Ihre Br\u00fcste ein oder dr\u00fcckt.<br \/>\nVerstellbare und hochelastische Schultergurte<br \/>\nClips \u2013 sehr einfach mit einer Hand zu entfernen.<br \/>\nRacerback &#8211; bequem, verhindert das Abrutschen der Schultergurte.<br \/>\nLockere Taille \u2013 speziell zum Verstecken des unteren Bauchbereichs f\u00fcr postpartale M\u00fctter und es passt sich dem wachsenden Bauch w\u00e4hrend der Schwangerschaft gut an.<br \/>\n<div class=\"main-cross-sell\" data-asin=\"B07KB1TCK6\">\n\n\t<div class=\"WooZone-cross-sell-loader\">\n\t\t<div>\n\t\t\t<div id=\"floatingBarsG\">\n\t\t\t\t<div class=\"blockG\" id=\"rotateG_01\"><\/div>\n\t\t\t\t<div class=\"blockG\" id=\"rotateG_02\"><\/div>\n\t\t\t\t<div class=\"blockG\" id=\"rotateG_03\"><\/div>\n\t\t\t\t<div class=\"blockG\" id=\"rotateG_04\"><\/div>\n\t\t\t\t<div class=\"blockG\" id=\"rotateG_05\"><\/div>\n\t\t\t\t<div class=\"blockG\" id=\"rotateG_06\"><\/div>\n\t\t\t\t<div class=\"blockG\" id=\"rotateG_07\"><\/div>\n\t\t\t\t<div class=\"blockG\" id=\"rotateG_08\"><\/div>\n\t\t\t<\/div>\n\t\t\t<div class=\"WooZone-cross-sell-loader-text\"><\/div>\n\t\t<\/div>\n\t<\/div>\n\n\t\t\n<\/div>\n<div style=\"clear:both;\"><\/div><\/p>\n","protected":false},"excerpt":{"rendered":"<p>&#8220;Die B\u00fcste mit doppellagigem Baumwollstoff, als Still-BH&#8221; und der Unterbrust mit Gummiband, geeignet f\u00fcr alle Brustgr\u00f6\u00dfen. &#8211; Bietet zus\u00e4tzlichen Platz, wenn Ihre Milch eintritt, engt sie nie Ihre Br\u00fcste ein oder dr\u00fcckt.<br \/>\nVerstellbare und hochelastische Schultergurte<br \/>\nClips \u2013 sehr einfach mit einer Hand zu entfernen.<\/p>\n","protected":false},"featured_media":124271,"comment_status":"open","ping_status":"closed","template":"","meta":[],"product_brand":[],"product_cat":[21,9478],"product_tag":[],"class_list":{"0":"post-124270","1":"product","2":"type-product","3":"status-publish","4":"has-post-thumbnail","6":"product_cat-baby","7":"product_cat-umstandskleidung-baby","8":"pa_binding-textilien","9":"pa_brand-suiek","10":"pa_color-marineblau-plus-anthrazit-plus-streifen-3er-pack","11":"pa_size-m","13":"first","14":"instock","15":"shipping-taxable","16":"purchasable","17":"product-type-simple","18":"customify-col","19":"product-has-gallery"},"yoast_head":"<!-- This site is optimized with the Yoast SEO plugin v27.4 - https:\/\/yoast.com\/product\/yoast-seo-wordpress\/ -->\n<title>Womens Cotton Maternity Nursing Tank Tops with Shelf Bra Breastfeeding Camisole Shirts - Markt-XXL<\/title>\n<meta name=\"description\" content=\"Markt-XXL Womens Cotton Maternity Nursing Tank Tops with Shelf Bra Breastfeeding Camisole Shirts\" \/>\n<meta name=\"robots\" content=\"index, follow, max-snippet:-1, max-image-preview:large, max-video-preview:-1\" \/>\n<link rel=\"canonical\" href=\"https:\/\/marktxxl.de\/markt\/produkt\/suiek-damen-baumwoll-tanktop-mit-regal-bh-still-camisole-marineblau-anthrazit-streifen-3er-pack-mittel\/\" \/>\n<meta property=\"og:locale\" content=\"de_DE\" \/>\n<meta property=\"og:type\" content=\"article\" \/>\n<meta property=\"og:title\" content=\"Womens Cotton Maternity Nursing Tank Tops with Shelf Bra Breastfeeding Camisole Shirts - Markt-XXL\" \/>\n<meta property=\"og:description\" content=\"Markt-XXL Womens Cotton Maternity Nursing Tank Tops with Shelf Bra Breastfeeding Camisole Shirts\" \/>\n<meta property=\"og:url\" content=\"https:\/\/marktxxl.de\/markt\/produkt\/suiek-damen-baumwoll-tanktop-mit-regal-bh-still-camisole-marineblau-anthrazit-streifen-3er-pack-mittel\/\" \/>\n<meta property=\"og:site_name\" content=\"Markt-XXL\" \/>\n<meta property=\"article:modified_time\" content=\"2023-04-09T01:34:30+00:00\" \/>\n<meta property=\"og:image\" content=\"https:\/\/m.media-amazon.com\/images\/I\/51gclAKYRvS._SL500_.jpg\" \/>\n\t<meta property=\"og:image:width\" content=\"475\" \/>\n\t<meta property=\"og:image:height\" content=\"500\" \/>\n\t<meta property=\"og:image:type\" content=\"image\/jpeg\" \/>\n<meta name=\"twitter:card\" content=\"summary_large_image\" \/>\n<script type=\"application\/ld+json\" class=\"yoast-schema-graph\">{\"@context\":\"https:\\\/\\\/schema.org\",\"@graph\":[{\"@type\":\"WebPage\",\"@id\":\"https:\\\/\\\/marktxxl.de\\\/markt\\\/produkt\\\/suiek-damen-baumwoll-tanktop-mit-regal-bh-still-camisole-marineblau-anthrazit-streifen-3er-pack-mittel\\\/\",\"url\":\"https:\\\/\\\/marktxxl.de\\\/markt\\\/produkt\\\/suiek-damen-baumwoll-tanktop-mit-regal-bh-still-camisole-marineblau-anthrazit-streifen-3er-pack-mittel\\\/\",\"name\":\"Womens Cotton Maternity Nursing Tank Tops with Shelf Bra Breastfeeding Camisole Shirts - Markt-XXL\",\"isPartOf\":{\"@id\":\"https:\\\/\\\/marktxxl.de\\\/markt\\\/#website\"},\"primaryImageOfPage\":{\"@id\":\"https:\\\/\\\/marktxxl.de\\\/markt\\\/produkt\\\/suiek-damen-baumwoll-tanktop-mit-regal-bh-still-camisole-marineblau-anthrazit-streifen-3er-pack-mittel\\\/#primaryimage\"},\"image\":{\"@id\":\"https:\\\/\\\/marktxxl.de\\\/markt\\\/produkt\\\/suiek-damen-baumwoll-tanktop-mit-regal-bh-still-camisole-marineblau-anthrazit-streifen-3er-pack-mittel\\\/#primaryimage\"},\"thumbnailUrl\":\"https:\\\/\\\/m.media-amazon.com\\\/images\\\/I\\\/51gclAKYRvS._SL500_.jpg\",\"datePublished\":\"2022-05-15T09:47:30+00:00\",\"dateModified\":\"2023-04-09T01:34:30+00:00\",\"description\":\"Markt-XXL Womens Cotton Maternity Nursing Tank Tops with Shelf Bra Breastfeeding Camisole Shirts\",\"breadcrumb\":{\"@id\":\"https:\\\/\\\/marktxxl.de\\\/markt\\\/produkt\\\/suiek-damen-baumwoll-tanktop-mit-regal-bh-still-camisole-marineblau-anthrazit-streifen-3er-pack-mittel\\\/#breadcrumb\"},\"inLanguage\":\"de\",\"potentialAction\":[{\"@type\":\"ReadAction\",\"target\":[\"https:\\\/\\\/marktxxl.de\\\/markt\\\/produkt\\\/suiek-damen-baumwoll-tanktop-mit-regal-bh-still-camisole-marineblau-anthrazit-streifen-3er-pack-mittel\\\/\"]}]},{\"@type\":\"ImageObject\",\"inLanguage\":\"de\",\"@id\":\"https:\\\/\\\/marktxxl.de\\\/markt\\\/produkt\\\/suiek-damen-baumwoll-tanktop-mit-regal-bh-still-camisole-marineblau-anthrazit-streifen-3er-pack-mittel\\\/#primaryimage\",\"url\":\"https:\\\/\\\/m.media-amazon.com\\\/images\\\/I\\\/51gclAKYRvS._SL500_.jpg\",\"contentUrl\":\"https:\\\/\\\/m.media-amazon.com\\\/images\\\/I\\\/51gclAKYRvS._SL500_.jpg\",\"width\":475,\"height\":500},{\"@type\":\"BreadcrumbList\",\"@id\":\"https:\\\/\\\/marktxxl.de\\\/markt\\\/produkt\\\/suiek-damen-baumwoll-tanktop-mit-regal-bh-still-camisole-marineblau-anthrazit-streifen-3er-pack-mittel\\\/#breadcrumb\",\"itemListElement\":[{\"@type\":\"ListItem\",\"position\":1,\"name\":\"Startseite\",\"item\":\"https:\\\/\\\/marktxxl.de\\\/markt\\\/\"},{\"@type\":\"ListItem\",\"position\":2,\"name\":\"Markt\",\"item\":\"https:\\\/\\\/marktxxl.de\\\/markt\\\/\"},{\"@type\":\"ListItem\",\"position\":3,\"name\":\"Womens Cotton Maternity Nursing Tank Tops with Shelf Bra Breastfeeding Camisole Shirts\"}]},{\"@type\":\"WebSite\",\"@id\":\"https:\\\/\\\/marktxxl.de\\\/markt\\\/#website\",\"url\":\"https:\\\/\\\/marktxxl.de\\\/markt\\\/\",\"name\":\"Markt-XXL\",\"description\":\"Ihr Markt Online\",\"publisher\":{\"@id\":\"https:\\\/\\\/marktxxl.de\\\/markt\\\/#organization\"},\"potentialAction\":[{\"@type\":\"SearchAction\",\"target\":{\"@type\":\"EntryPoint\",\"urlTemplate\":\"https:\\\/\\\/marktxxl.de\\\/markt\\\/?s={search_term_string}\"},\"query-input\":{\"@type\":\"PropertyValueSpecification\",\"valueRequired\":true,\"valueName\":\"search_term_string\"}}],\"inLanguage\":\"de\"},{\"@type\":\"Organization\",\"@id\":\"https:\\\/\\\/marktxxl.de\\\/markt\\\/#organization\",\"name\":\"Markt-XXL\",\"url\":\"https:\\\/\\\/marktxxl.de\\\/markt\\\/\",\"logo\":{\"@type\":\"ImageObject\",\"inLanguage\":\"de\",\"@id\":\"https:\\\/\\\/marktxxl.de\\\/markt\\\/#\\\/schema\\\/logo\\\/image\\\/\",\"url\":\"https:\\\/\\\/marktxxl.de\\\/markt\\\/wp-content\\\/uploads\\\/sites\\\/3\\\/2020\\\/12\\\/logo.png\",\"contentUrl\":\"https:\\\/\\\/marktxxl.de\\\/markt\\\/wp-content\\\/uploads\\\/sites\\\/3\\\/2020\\\/12\\\/logo.png\",\"width\":200,\"height\":70,\"caption\":\"Markt-XXL\"},\"image\":{\"@id\":\"https:\\\/\\\/marktxxl.de\\\/markt\\\/#\\\/schema\\\/logo\\\/image\\\/\"}}]}<\/script>\n<!-- \/ Yoast SEO plugin. -->","yoast_head_json":{"title":"Womens Cotton Maternity Nursing Tank Tops with Shelf Bra Breastfeeding Camisole Shirts - Markt-XXL","description":"Markt-XXL Womens Cotton Maternity Nursing Tank Tops with Shelf Bra Breastfeeding Camisole Shirts","robots":{"index":"index","follow":"follow","max-snippet":"max-snippet:-1","max-image-preview":"max-image-preview:large","max-video-preview":"max-video-preview:-1"},"canonical":"https:\/\/marktxxl.de\/markt\/produkt\/suiek-damen-baumwoll-tanktop-mit-regal-bh-still-camisole-marineblau-anthrazit-streifen-3er-pack-mittel\/","og_locale":"de_DE","og_type":"article","og_title":"Womens Cotton Maternity Nursing Tank Tops with Shelf Bra Breastfeeding Camisole Shirts - Markt-XXL","og_description":"Markt-XXL Womens Cotton Maternity Nursing Tank Tops with Shelf Bra Breastfeeding Camisole Shirts","og_url":"https:\/\/marktxxl.de\/markt\/produkt\/suiek-damen-baumwoll-tanktop-mit-regal-bh-still-camisole-marineblau-anthrazit-streifen-3er-pack-mittel\/","og_site_name":"Markt-XXL","article_modified_time":"2023-04-09T01:34:30+00:00","og_image":[{"width":475,"height":500,"url":"https:\/\/m.media-amazon.com\/images\/I\/51gclAKYRvS._SL500_.jpg","type":"image\/jpeg"}],"twitter_card":"summary_large_image","schema":{"@context":"https:\/\/schema.org","@graph":[{"@type":"WebPage","@id":"https:\/\/marktxxl.de\/markt\/produkt\/suiek-damen-baumwoll-tanktop-mit-regal-bh-still-camisole-marineblau-anthrazit-streifen-3er-pack-mittel\/","url":"https:\/\/marktxxl.de\/markt\/produkt\/suiek-damen-baumwoll-tanktop-mit-regal-bh-still-camisole-marineblau-anthrazit-streifen-3er-pack-mittel\/","name":"Womens Cotton Maternity Nursing Tank Tops with Shelf Bra Breastfeeding Camisole Shirts - Markt-XXL","isPartOf":{"@id":"https:\/\/marktxxl.de\/markt\/#website"},"primaryImageOfPage":{"@id":"https:\/\/marktxxl.de\/markt\/produkt\/suiek-damen-baumwoll-tanktop-mit-regal-bh-still-camisole-marineblau-anthrazit-streifen-3er-pack-mittel\/#primaryimage"},"image":{"@id":"https:\/\/marktxxl.de\/markt\/produkt\/suiek-damen-baumwoll-tanktop-mit-regal-bh-still-camisole-marineblau-anthrazit-streifen-3er-pack-mittel\/#primaryimage"},"thumbnailUrl":"https:\/\/m.media-amazon.com\/images\/I\/51gclAKYRvS._SL500_.jpg","datePublished":"2022-05-15T09:47:30+00:00","dateModified":"2023-04-09T01:34:30+00:00","description":"Markt-XXL Womens Cotton Maternity Nursing Tank Tops with Shelf Bra Breastfeeding Camisole Shirts","breadcrumb":{"@id":"https:\/\/marktxxl.de\/markt\/produkt\/suiek-damen-baumwoll-tanktop-mit-regal-bh-still-camisole-marineblau-anthrazit-streifen-3er-pack-mittel\/#breadcrumb"},"inLanguage":"de","potentialAction":[{"@type":"ReadAction","target":["https:\/\/marktxxl.de\/markt\/produkt\/suiek-damen-baumwoll-tanktop-mit-regal-bh-still-camisole-marineblau-anthrazit-streifen-3er-pack-mittel\/"]}]},{"@type":"ImageObject","inLanguage":"de","@id":"https:\/\/marktxxl.de\/markt\/produkt\/suiek-damen-baumwoll-tanktop-mit-regal-bh-still-camisole-marineblau-anthrazit-streifen-3er-pack-mittel\/#primaryimage","url":"https:\/\/m.media-amazon.com\/images\/I\/51gclAKYRvS._SL500_.jpg","contentUrl":"https:\/\/m.media-amazon.com\/images\/I\/51gclAKYRvS._SL500_.jpg","width":475,"height":500},{"@type":"BreadcrumbList","@id":"https:\/\/marktxxl.de\/markt\/produkt\/suiek-damen-baumwoll-tanktop-mit-regal-bh-still-camisole-marineblau-anthrazit-streifen-3er-pack-mittel\/#breadcrumb","itemListElement":[{"@type":"ListItem","position":1,"name":"Startseite","item":"https:\/\/marktxxl.de\/markt\/"},{"@type":"ListItem","position":2,"name":"Markt","item":"https:\/\/marktxxl.de\/markt\/"},{"@type":"ListItem","position":3,"name":"Womens Cotton Maternity Nursing Tank Tops with Shelf Bra Breastfeeding Camisole Shirts"}]},{"@type":"WebSite","@id":"https:\/\/marktxxl.de\/markt\/#website","url":"https:\/\/marktxxl.de\/markt\/","name":"Markt-XXL","description":"Ihr Markt Online","publisher":{"@id":"https:\/\/marktxxl.de\/markt\/#organization"},"potentialAction":[{"@type":"SearchAction","target":{"@type":"EntryPoint","urlTemplate":"https:\/\/marktxxl.de\/markt\/?s={search_term_string}"},"query-input":{"@type":"PropertyValueSpecification","valueRequired":true,"valueName":"search_term_string"}}],"inLanguage":"de"},{"@type":"Organization","@id":"https:\/\/marktxxl.de\/markt\/#organization","name":"Markt-XXL","url":"https:\/\/marktxxl.de\/markt\/","logo":{"@type":"ImageObject","inLanguage":"de","@id":"https:\/\/marktxxl.de\/markt\/#\/schema\/logo\/image\/","url":"https:\/\/marktxxl.de\/markt\/wp-content\/uploads\/sites\/3\/2020\/12\/logo.png","contentUrl":"https:\/\/marktxxl.de\/markt\/wp-content\/uploads\/sites\/3\/2020\/12\/logo.png","width":200,"height":70,"caption":"Markt-XXL"},"image":{"@id":"https:\/\/marktxxl.de\/markt\/#\/schema\/logo\/image\/"}}]}},"_links":{"self":[{"href":"https:\/\/marktxxl.de\/markt\/wp-json\/wp\/v2\/product\/124270","targetHints":{"allow":["GET"]}}],"collection":[{"href":"https:\/\/marktxxl.de\/markt\/wp-json\/wp\/v2\/product"}],"about":[{"href":"https:\/\/marktxxl.de\/markt\/wp-json\/wp\/v2\/types\/product"}],"replies":[{"embeddable":true,"href":"https:\/\/marktxxl.de\/markt\/wp-json\/wp\/v2\/comments?post=124270"}],"wp:featuredmedia":[{"embeddable":true,"href":"https:\/\/marktxxl.de\/markt\/wp-json\/wp\/v2\/media\/124271"}],"wp:attachment":[{"href":"https:\/\/marktxxl.de\/markt\/wp-json\/wp\/v2\/media?parent=124270"}],"wp:term":[{"taxonomy":"product_brand","embeddable":true,"href":"https:\/\/marktxxl.de\/markt\/wp-json\/wp\/v2\/product_brand?post=124270"},{"taxonomy":"product_cat","embeddable":true,"href":"https:\/\/marktxxl.de\/markt\/wp-json\/wp\/v2\/product_cat?post=124270"},{"taxonomy":"product_tag","embeddable":true,"href":"https:\/\/marktxxl.de\/markt\/wp-json\/wp\/v2\/product_tag?post=124270"}],"curies":[{"name":"wp","href":"https:\/\/api.w.org\/{rel}","templated":true}]}}