{"id":123790,"date":"2022-05-15T11:25:32","date_gmt":"2022-05-15T09:25:32","guid":{"rendered":"https:\/\/marktxxl.de\/markt\/produkt\/10-accudoctor-schwangerschaftstest-hcg-10-mliu-ml-fruehtest-schwangerschaftsteststreifen-10-miu-ml-schwangerschaftsfruehtest-ultra-sensitive-10-test\/"},"modified":"2023-04-11T03:55:16","modified_gmt":"2023-04-11T01:55:16","slug":"10-accudoctor-schwangerschaftstest-hcg-10-mliu-ml-fruehtest-schwangerschaftsteststreifen-10-miu-ml-schwangerschaftsfruehtest-ultra-sensitive-10-test","status":"publish","type":"product","link":"https:\/\/marktxxl.de\/markt\/produkt\/10-accudoctor-schwangerschaftstest-hcg-10-mliu-ml-fruehtest-schwangerschaftsteststreifen-10-miu-ml-schwangerschaftsfruehtest-ultra-sensitive-10-test\/","title":{"rendered":"10 Accudoctor Schwangerschaftstest hcg Test 10 miu ml Schwangerschaftsfr\u00fchtest 10 miu ml sst Fr\u00fchtest Schwangerschaft\u2026"},"content":{"rendered":"<p>\u260510 ACCUDOCTOR Schwangerschaftstests zur SICHERER FESTSTELLUNG DER SCHWANGERSCHAFT Mehr als 99% zuverl\u00e4ssig ab dem F\u00e4lligkeitstag der Periode<br \/>\n\u2605SCHNELLES &amp; KLARES ERGEBNIS Optimale Sensitivit\u00e4t:10 mlU\/m und Ergebnisse in 3 Minuten<br \/>\n\u2605FR\u00dcHTEST Bis zu sechs Tage vor dem Ausbleiben der Periode testen<br \/>\n\u2605So PR\u00c4ZISE wie ein Schwangerschaftstest beim Arzt. Wir vertrieben an Praxis, Kliniken und Privatlabore<br \/>\n\u2605 ZUFRIEDENHEITSGARANTIE: Die Accudoctor Test werden von Fachleuten der Branche entwickelt, und wir sind sicher, dass die Tests korrekt funktionieren. Wenn es jedoch nicht Ihren Erwartungen entsprach oder Sie w\u00e4hrend des Tests einen Zwischenfall hatten, k\u00f6nnen Sie uns gerne kontaktieren, um eine L\u00f6sung zu finden. Der Accudoctor-Test wird in Kliniken, Sozialzentren, Unternehmen, Entgiftungskliniken und Selbsthilfegruppen eingesetzt. Alle unsere Tests haben ein CE-Zertifikat.<br \/>\n<div class=\"main-cross-sell\" data-asin=\"B09HMQX633\">\n\n\t<div class=\"WooZone-cross-sell-loader\">\n\t\t<div>\n\t\t\t<div id=\"floatingBarsG\">\n\t\t\t\t<div class=\"blockG\" id=\"rotateG_01\"><\/div>\n\t\t\t\t<div class=\"blockG\" id=\"rotateG_02\"><\/div>\n\t\t\t\t<div class=\"blockG\" id=\"rotateG_03\"><\/div>\n\t\t\t\t<div class=\"blockG\" id=\"rotateG_04\"><\/div>\n\t\t\t\t<div class=\"blockG\" id=\"rotateG_05\"><\/div>\n\t\t\t\t<div class=\"blockG\" id=\"rotateG_06\"><\/div>\n\t\t\t\t<div class=\"blockG\" id=\"rotateG_07\"><\/div>\n\t\t\t\t<div class=\"blockG\" id=\"rotateG_08\"><\/div>\n\t\t\t<\/div>\n\t\t\t<div class=\"WooZone-cross-sell-loader-text\"><\/div>\n\t\t<\/div>\n\t<\/div>\n\n\t\t\n<\/div>\n<div style=\"clear:both;\"><\/div><\/p>\n","protected":false},"excerpt":{"rendered":"<p>\u260510 ACCUDOCTOR Schwangerschaftstests zur SICHERER FESTSTELLUNG DER SCHWANGERSCHAFT Mehr als 99% zuverl\u00e4ssig ab dem F\u00e4lligkeitstag der Periode<br \/>\n\u2605SCHNELLES &amp; KLARES ERGEBNIS Optimale Sensitivit\u00e4t:10 mlU\/m und Ergebnisse in 3 Minuten<br \/>\n\u2605FR\u00dcHTEST Bis zu sechs Tage vor dem Ausbleiben der Periode testen<\/p>\n","protected":false},"featured_media":123791,"comment_status":"open","ping_status":"closed","template":"","meta":[],"product_brand":[],"product_cat":[566,6291],"product_tag":[],"class_list":{"0":"post-123790","1":"product","2":"type-product","3":"status-publish","4":"has-post-thumbnail","6":"product_cat-drogerie-koerperpflege","7":"product_cat-schwangerschaft","8":"pa_brand-accudoctor-check-test","9":"pa_manufacturer-accudoctor","10":"pa_size-10-stueck-1er-pack","12":"first","13":"instock","14":"shipping-taxable","15":"purchasable","16":"product-type-simple","17":"customify-col","18":"product-has-gallery"},"yoast_head":"<!-- This site is optimized with the Yoast SEO plugin v27.4 - https:\/\/yoast.com\/product\/yoast-seo-wordpress\/ -->\n<title>10 Accudoctor Schwangerschaftstest hcg Test 10 miu ml Schwangerschaftsfr\u00fchtest 10 miu ml sst Fr\u00fchtest Schwangerschaft\u2026 - Markt-XXL<\/title>\n<meta name=\"description\" content=\"Markt-XXL 10 Accudoctor Schwangerschaftstest hcg Test 10 miu ml Schwangerschaftsfr\u00fchtest 10 miu ml sst Fr\u00fchtest Schwangerschaft\u2026\" \/>\n<meta name=\"robots\" content=\"index, follow, max-snippet:-1, max-image-preview:large, max-video-preview:-1\" \/>\n<link rel=\"canonical\" href=\"https:\/\/marktxxl.de\/markt\/produkt\/10-accudoctor-schwangerschaftstest-hcg-10-mliu-ml-fruehtest-schwangerschaftsteststreifen-10-miu-ml-schwangerschaftsfruehtest-ultra-sensitive-10-test\/\" \/>\n<meta property=\"og:locale\" content=\"de_DE\" \/>\n<meta property=\"og:type\" content=\"article\" \/>\n<meta property=\"og:title\" content=\"10 Accudoctor Schwangerschaftstest hcg Test 10 miu ml Schwangerschaftsfr\u00fchtest 10 miu ml sst Fr\u00fchtest Schwangerschaft\u2026 - Markt-XXL\" \/>\n<meta property=\"og:description\" content=\"Markt-XXL 10 Accudoctor Schwangerschaftstest hcg Test 10 miu ml Schwangerschaftsfr\u00fchtest 10 miu ml sst Fr\u00fchtest Schwangerschaft\u2026\" \/>\n<meta property=\"og:url\" content=\"https:\/\/marktxxl.de\/markt\/produkt\/10-accudoctor-schwangerschaftstest-hcg-10-mliu-ml-fruehtest-schwangerschaftsteststreifen-10-miu-ml-schwangerschaftsfruehtest-ultra-sensitive-10-test\/\" \/>\n<meta property=\"og:site_name\" content=\"Markt-XXL\" \/>\n<meta property=\"article:modified_time\" content=\"2023-04-11T01:55:16+00:00\" \/>\n<meta property=\"og:image\" content=\"https:\/\/m.media-amazon.com\/images\/I\/41ltTQHgpjL._SL500_.jpg\" \/>\n\t<meta property=\"og:image:width\" content=\"500\" \/>\n\t<meta property=\"og:image:height\" content=\"456\" \/>\n\t<meta property=\"og:image:type\" content=\"image\/jpeg\" \/>\n<meta name=\"twitter:card\" content=\"summary_large_image\" \/>\n<meta name=\"twitter:label1\" content=\"Gesch\u00e4tzte Lesezeit\" \/>\n\t<meta name=\"twitter:data1\" content=\"1\u00a0Minute\" \/>\n<script type=\"application\/ld+json\" class=\"yoast-schema-graph\">{\"@context\":\"https:\\\/\\\/schema.org\",\"@graph\":[{\"@type\":\"WebPage\",\"@id\":\"https:\\\/\\\/marktxxl.de\\\/markt\\\/produkt\\\/10-accudoctor-schwangerschaftstest-hcg-10-mliu-ml-fruehtest-schwangerschaftsteststreifen-10-miu-ml-schwangerschaftsfruehtest-ultra-sensitive-10-test\\\/\",\"url\":\"https:\\\/\\\/marktxxl.de\\\/markt\\\/produkt\\\/10-accudoctor-schwangerschaftstest-hcg-10-mliu-ml-fruehtest-schwangerschaftsteststreifen-10-miu-ml-schwangerschaftsfruehtest-ultra-sensitive-10-test\\\/\",\"name\":\"10 Accudoctor Schwangerschaftstest hcg Test 10 miu ml Schwangerschaftsfr\u00fchtest 10 miu ml sst Fr\u00fchtest Schwangerschaft\u2026 - Markt-XXL\",\"isPartOf\":{\"@id\":\"https:\\\/\\\/marktxxl.de\\\/markt\\\/#website\"},\"primaryImageOfPage\":{\"@id\":\"https:\\\/\\\/marktxxl.de\\\/markt\\\/produkt\\\/10-accudoctor-schwangerschaftstest-hcg-10-mliu-ml-fruehtest-schwangerschaftsteststreifen-10-miu-ml-schwangerschaftsfruehtest-ultra-sensitive-10-test\\\/#primaryimage\"},\"image\":{\"@id\":\"https:\\\/\\\/marktxxl.de\\\/markt\\\/produkt\\\/10-accudoctor-schwangerschaftstest-hcg-10-mliu-ml-fruehtest-schwangerschaftsteststreifen-10-miu-ml-schwangerschaftsfruehtest-ultra-sensitive-10-test\\\/#primaryimage\"},\"thumbnailUrl\":\"https:\\\/\\\/m.media-amazon.com\\\/images\\\/I\\\/41ltTQHgpjL._SL500_.jpg\",\"datePublished\":\"2022-05-15T09:25:32+00:00\",\"dateModified\":\"2023-04-11T01:55:16+00:00\",\"description\":\"Markt-XXL 10 Accudoctor Schwangerschaftstest hcg Test 10 miu ml Schwangerschaftsfr\u00fchtest 10 miu ml sst Fr\u00fchtest Schwangerschaft\u2026\",\"breadcrumb\":{\"@id\":\"https:\\\/\\\/marktxxl.de\\\/markt\\\/produkt\\\/10-accudoctor-schwangerschaftstest-hcg-10-mliu-ml-fruehtest-schwangerschaftsteststreifen-10-miu-ml-schwangerschaftsfruehtest-ultra-sensitive-10-test\\\/#breadcrumb\"},\"inLanguage\":\"de\",\"potentialAction\":[{\"@type\":\"ReadAction\",\"target\":[\"https:\\\/\\\/marktxxl.de\\\/markt\\\/produkt\\\/10-accudoctor-schwangerschaftstest-hcg-10-mliu-ml-fruehtest-schwangerschaftsteststreifen-10-miu-ml-schwangerschaftsfruehtest-ultra-sensitive-10-test\\\/\"]}]},{\"@type\":\"ImageObject\",\"inLanguage\":\"de\",\"@id\":\"https:\\\/\\\/marktxxl.de\\\/markt\\\/produkt\\\/10-accudoctor-schwangerschaftstest-hcg-10-mliu-ml-fruehtest-schwangerschaftsteststreifen-10-miu-ml-schwangerschaftsfruehtest-ultra-sensitive-10-test\\\/#primaryimage\",\"url\":\"https:\\\/\\\/m.media-amazon.com\\\/images\\\/I\\\/41ltTQHgpjL._SL500_.jpg\",\"contentUrl\":\"https:\\\/\\\/m.media-amazon.com\\\/images\\\/I\\\/41ltTQHgpjL._SL500_.jpg\",\"width\":500,\"height\":456},{\"@type\":\"BreadcrumbList\",\"@id\":\"https:\\\/\\\/marktxxl.de\\\/markt\\\/produkt\\\/10-accudoctor-schwangerschaftstest-hcg-10-mliu-ml-fruehtest-schwangerschaftsteststreifen-10-miu-ml-schwangerschaftsfruehtest-ultra-sensitive-10-test\\\/#breadcrumb\",\"itemListElement\":[{\"@type\":\"ListItem\",\"position\":1,\"name\":\"Startseite\",\"item\":\"https:\\\/\\\/marktxxl.de\\\/markt\\\/\"},{\"@type\":\"ListItem\",\"position\":2,\"name\":\"Markt\",\"item\":\"https:\\\/\\\/marktxxl.de\\\/markt\\\/\"},{\"@type\":\"ListItem\",\"position\":3,\"name\":\"10 Accudoctor Schwangerschaftstest hcg Test 10 miu ml Schwangerschaftsfr\u00fchtest 10 miu ml sst Fr\u00fchtest Schwangerschaft\u2026\"}]},{\"@type\":\"WebSite\",\"@id\":\"https:\\\/\\\/marktxxl.de\\\/markt\\\/#website\",\"url\":\"https:\\\/\\\/marktxxl.de\\\/markt\\\/\",\"name\":\"Markt-XXL\",\"description\":\"Ihr Markt Online\",\"publisher\":{\"@id\":\"https:\\\/\\\/marktxxl.de\\\/markt\\\/#organization\"},\"potentialAction\":[{\"@type\":\"SearchAction\",\"target\":{\"@type\":\"EntryPoint\",\"urlTemplate\":\"https:\\\/\\\/marktxxl.de\\\/markt\\\/?s={search_term_string}\"},\"query-input\":{\"@type\":\"PropertyValueSpecification\",\"valueRequired\":true,\"valueName\":\"search_term_string\"}}],\"inLanguage\":\"de\"},{\"@type\":\"Organization\",\"@id\":\"https:\\\/\\\/marktxxl.de\\\/markt\\\/#organization\",\"name\":\"Markt-XXL\",\"url\":\"https:\\\/\\\/marktxxl.de\\\/markt\\\/\",\"logo\":{\"@type\":\"ImageObject\",\"inLanguage\":\"de\",\"@id\":\"https:\\\/\\\/marktxxl.de\\\/markt\\\/#\\\/schema\\\/logo\\\/image\\\/\",\"url\":\"https:\\\/\\\/marktxxl.de\\\/markt\\\/wp-content\\\/uploads\\\/sites\\\/3\\\/2020\\\/12\\\/logo.png\",\"contentUrl\":\"https:\\\/\\\/marktxxl.de\\\/markt\\\/wp-content\\\/uploads\\\/sites\\\/3\\\/2020\\\/12\\\/logo.png\",\"width\":200,\"height\":70,\"caption\":\"Markt-XXL\"},\"image\":{\"@id\":\"https:\\\/\\\/marktxxl.de\\\/markt\\\/#\\\/schema\\\/logo\\\/image\\\/\"}}]}<\/script>\n<!-- \/ Yoast SEO plugin. -->","yoast_head_json":{"title":"10 Accudoctor Schwangerschaftstest hcg Test 10 miu ml Schwangerschaftsfr\u00fchtest 10 miu ml sst Fr\u00fchtest Schwangerschaft\u2026 - Markt-XXL","description":"Markt-XXL 10 Accudoctor Schwangerschaftstest hcg Test 10 miu ml Schwangerschaftsfr\u00fchtest 10 miu ml sst Fr\u00fchtest Schwangerschaft\u2026","robots":{"index":"index","follow":"follow","max-snippet":"max-snippet:-1","max-image-preview":"max-image-preview:large","max-video-preview":"max-video-preview:-1"},"canonical":"https:\/\/marktxxl.de\/markt\/produkt\/10-accudoctor-schwangerschaftstest-hcg-10-mliu-ml-fruehtest-schwangerschaftsteststreifen-10-miu-ml-schwangerschaftsfruehtest-ultra-sensitive-10-test\/","og_locale":"de_DE","og_type":"article","og_title":"10 Accudoctor Schwangerschaftstest hcg Test 10 miu ml Schwangerschaftsfr\u00fchtest 10 miu ml sst Fr\u00fchtest Schwangerschaft\u2026 - Markt-XXL","og_description":"Markt-XXL 10 Accudoctor Schwangerschaftstest hcg Test 10 miu ml Schwangerschaftsfr\u00fchtest 10 miu ml sst Fr\u00fchtest Schwangerschaft\u2026","og_url":"https:\/\/marktxxl.de\/markt\/produkt\/10-accudoctor-schwangerschaftstest-hcg-10-mliu-ml-fruehtest-schwangerschaftsteststreifen-10-miu-ml-schwangerschaftsfruehtest-ultra-sensitive-10-test\/","og_site_name":"Markt-XXL","article_modified_time":"2023-04-11T01:55:16+00:00","og_image":[{"width":500,"height":456,"url":"https:\/\/m.media-amazon.com\/images\/I\/41ltTQHgpjL._SL500_.jpg","type":"image\/jpeg"}],"twitter_card":"summary_large_image","twitter_misc":{"Gesch\u00e4tzte Lesezeit":"1\u00a0Minute"},"schema":{"@context":"https:\/\/schema.org","@graph":[{"@type":"WebPage","@id":"https:\/\/marktxxl.de\/markt\/produkt\/10-accudoctor-schwangerschaftstest-hcg-10-mliu-ml-fruehtest-schwangerschaftsteststreifen-10-miu-ml-schwangerschaftsfruehtest-ultra-sensitive-10-test\/","url":"https:\/\/marktxxl.de\/markt\/produkt\/10-accudoctor-schwangerschaftstest-hcg-10-mliu-ml-fruehtest-schwangerschaftsteststreifen-10-miu-ml-schwangerschaftsfruehtest-ultra-sensitive-10-test\/","name":"10 Accudoctor Schwangerschaftstest hcg Test 10 miu ml Schwangerschaftsfr\u00fchtest 10 miu ml sst Fr\u00fchtest Schwangerschaft\u2026 - Markt-XXL","isPartOf":{"@id":"https:\/\/marktxxl.de\/markt\/#website"},"primaryImageOfPage":{"@id":"https:\/\/marktxxl.de\/markt\/produkt\/10-accudoctor-schwangerschaftstest-hcg-10-mliu-ml-fruehtest-schwangerschaftsteststreifen-10-miu-ml-schwangerschaftsfruehtest-ultra-sensitive-10-test\/#primaryimage"},"image":{"@id":"https:\/\/marktxxl.de\/markt\/produkt\/10-accudoctor-schwangerschaftstest-hcg-10-mliu-ml-fruehtest-schwangerschaftsteststreifen-10-miu-ml-schwangerschaftsfruehtest-ultra-sensitive-10-test\/#primaryimage"},"thumbnailUrl":"https:\/\/m.media-amazon.com\/images\/I\/41ltTQHgpjL._SL500_.jpg","datePublished":"2022-05-15T09:25:32+00:00","dateModified":"2023-04-11T01:55:16+00:00","description":"Markt-XXL 10 Accudoctor Schwangerschaftstest hcg Test 10 miu ml Schwangerschaftsfr\u00fchtest 10 miu ml sst Fr\u00fchtest Schwangerschaft\u2026","breadcrumb":{"@id":"https:\/\/marktxxl.de\/markt\/produkt\/10-accudoctor-schwangerschaftstest-hcg-10-mliu-ml-fruehtest-schwangerschaftsteststreifen-10-miu-ml-schwangerschaftsfruehtest-ultra-sensitive-10-test\/#breadcrumb"},"inLanguage":"de","potentialAction":[{"@type":"ReadAction","target":["https:\/\/marktxxl.de\/markt\/produkt\/10-accudoctor-schwangerschaftstest-hcg-10-mliu-ml-fruehtest-schwangerschaftsteststreifen-10-miu-ml-schwangerschaftsfruehtest-ultra-sensitive-10-test\/"]}]},{"@type":"ImageObject","inLanguage":"de","@id":"https:\/\/marktxxl.de\/markt\/produkt\/10-accudoctor-schwangerschaftstest-hcg-10-mliu-ml-fruehtest-schwangerschaftsteststreifen-10-miu-ml-schwangerschaftsfruehtest-ultra-sensitive-10-test\/#primaryimage","url":"https:\/\/m.media-amazon.com\/images\/I\/41ltTQHgpjL._SL500_.jpg","contentUrl":"https:\/\/m.media-amazon.com\/images\/I\/41ltTQHgpjL._SL500_.jpg","width":500,"height":456},{"@type":"BreadcrumbList","@id":"https:\/\/marktxxl.de\/markt\/produkt\/10-accudoctor-schwangerschaftstest-hcg-10-mliu-ml-fruehtest-schwangerschaftsteststreifen-10-miu-ml-schwangerschaftsfruehtest-ultra-sensitive-10-test\/#breadcrumb","itemListElement":[{"@type":"ListItem","position":1,"name":"Startseite","item":"https:\/\/marktxxl.de\/markt\/"},{"@type":"ListItem","position":2,"name":"Markt","item":"https:\/\/marktxxl.de\/markt\/"},{"@type":"ListItem","position":3,"name":"10 Accudoctor Schwangerschaftstest hcg Test 10 miu ml Schwangerschaftsfr\u00fchtest 10 miu ml sst Fr\u00fchtest Schwangerschaft\u2026"}]},{"@type":"WebSite","@id":"https:\/\/marktxxl.de\/markt\/#website","url":"https:\/\/marktxxl.de\/markt\/","name":"Markt-XXL","description":"Ihr Markt Online","publisher":{"@id":"https:\/\/marktxxl.de\/markt\/#organization"},"potentialAction":[{"@type":"SearchAction","target":{"@type":"EntryPoint","urlTemplate":"https:\/\/marktxxl.de\/markt\/?s={search_term_string}"},"query-input":{"@type":"PropertyValueSpecification","valueRequired":true,"valueName":"search_term_string"}}],"inLanguage":"de"},{"@type":"Organization","@id":"https:\/\/marktxxl.de\/markt\/#organization","name":"Markt-XXL","url":"https:\/\/marktxxl.de\/markt\/","logo":{"@type":"ImageObject","inLanguage":"de","@id":"https:\/\/marktxxl.de\/markt\/#\/schema\/logo\/image\/","url":"https:\/\/marktxxl.de\/markt\/wp-content\/uploads\/sites\/3\/2020\/12\/logo.png","contentUrl":"https:\/\/marktxxl.de\/markt\/wp-content\/uploads\/sites\/3\/2020\/12\/logo.png","width":200,"height":70,"caption":"Markt-XXL"},"image":{"@id":"https:\/\/marktxxl.de\/markt\/#\/schema\/logo\/image\/"}}]}},"_links":{"self":[{"href":"https:\/\/marktxxl.de\/markt\/wp-json\/wp\/v2\/product\/123790","targetHints":{"allow":["GET"]}}],"collection":[{"href":"https:\/\/marktxxl.de\/markt\/wp-json\/wp\/v2\/product"}],"about":[{"href":"https:\/\/marktxxl.de\/markt\/wp-json\/wp\/v2\/types\/product"}],"replies":[{"embeddable":true,"href":"https:\/\/marktxxl.de\/markt\/wp-json\/wp\/v2\/comments?post=123790"}],"wp:featuredmedia":[{"embeddable":true,"href":"https:\/\/marktxxl.de\/markt\/wp-json\/wp\/v2\/media\/123791"}],"wp:attachment":[{"href":"https:\/\/marktxxl.de\/markt\/wp-json\/wp\/v2\/media?parent=123790"}],"wp:term":[{"taxonomy":"product_brand","embeddable":true,"href":"https:\/\/marktxxl.de\/markt\/wp-json\/wp\/v2\/product_brand?post=123790"},{"taxonomy":"product_cat","embeddable":true,"href":"https:\/\/marktxxl.de\/markt\/wp-json\/wp\/v2\/product_cat?post=123790"},{"taxonomy":"product_tag","embeddable":true,"href":"https:\/\/marktxxl.de\/markt\/wp-json\/wp\/v2\/product_tag?post=123790"}],"curies":[{"name":"wp","href":"https:\/\/api.w.org\/{rel}","templated":true}]}}