{"id":123172,"date":"2022-05-15T10:56:01","date_gmt":"2022-05-15T08:56:01","guid":{"rendered":"https:\/\/marktxxl.de\/markt\/produkt\/medmax-huelle-fuer-freestyle-libre-2-libre-reader-blutzuckermessgeraet-leichte-stossfeste-anti-rutsch-silikon-schutzhuelle-cover-mit-erhabener-abschraegung\/"},"modified":"2023-04-09T03:32:40","modified_gmt":"2023-04-09T01:32:40","slug":"medmax-huelle-fuer-freestyle-libre-2-libre-reader-blutzuckermessgeraet-leichte-stossfeste-anti-rutsch-silikon-schutzhuelle-cover-mit-erhabener-abschraegung","status":"publish","type":"product","link":"https:\/\/marktxxl.de\/markt\/produkt\/medmax-huelle-fuer-freestyle-libre-2-libre-reader-blutzuckermessgeraet-leichte-stossfeste-anti-rutsch-silikon-schutzhuelle-cover-mit-erhabener-abschraegung\/","title":{"rendered":"MEDMAX H\u00fclle f\u00fcr Freestyle Libre 3 \/ Libre 2 \/ Libre Reader Blutzuckermessger\u00e4t, Leichte sto\u00dffeste Anti-Rutsch Silikon\u2026"},"content":{"rendered":"<p>Kompatibilit\u00e4t &#8211; Speziell f\u00fcr Freestyle Libre 2 oder Libre Reader entwickelt. Lieferinhalt: Schutzh\u00fclle aus Silikon (Freestyle Libre Ger\u00e4t nicht im Lieferumfang enthalten!)<br \/>\nPr\u00e4ziser Ausschnitt &#8211; Pr\u00e4zise Ausschnitte erm\u00f6glichen einen einfachen Zugriff auf alle Tasten, Anschl\u00fcsse und Funktionen. Einfach zu installieren und f\u00fcgt Ihrem Freestyle Libre oder Libre 2 kein Volumen hinzu und bietet gleichzeitig einen hervorragenden Schutz vor Besch\u00e4digungen.<br \/>\nPremium-Silikon &#8211; Hergestellt aus flexiblem Silikon, langlebig und weich, bietet hervorragenden Grip und Fallschutz und verhindert, dass Ihre Insulinpumpe herumrutscht.<br \/>\nVoller Schutz &#8211; Mit einzigartigen rutschfesten Mustern, die leicht zu greifen sind, verhindern Sie, dass die Insulinpumpe verrutscht. Full-Edge-Design bietet vollst\u00e4ndigen Schutz und unterst\u00fctzt dennoch den Betrieb aller Ports. Erh\u00f6hte L\u00fcnette zum Schutz des Bildschirms vor Kratzern.<br \/>\nTolle Geschenkideen &#8211; Wenn Sie Freestyle Libre 2 oder Libre schon l\u00e4nger verwenden, wissen Sie, wie rutschig die Insulinpumpen sein k\u00f6nnen und wie vorsichtig Sie diese Insulinpumpe vor Besch\u00e4digungen sch\u00fctzen m\u00fcssen. Durch die Verwendung dieser MEDMAX Silikonh\u00fclle k\u00f6nnen Sie Ihr Ger\u00e4t vor Besch\u00e4digungen oder Kratzern sch\u00fctzen. Perfektes Geschenk f\u00fcr Freunde und Familie, die den Freestyle Libre 2 oder Libre Reader haben.<br \/>\n<div class=\"main-cross-sell\" data-asin=\"B09KXSS5L1\">\n\n\t<div class=\"WooZone-cross-sell-loader\">\n\t\t<div>\n\t\t\t<div id=\"floatingBarsG\">\n\t\t\t\t<div class=\"blockG\" id=\"rotateG_01\"><\/div>\n\t\t\t\t<div class=\"blockG\" id=\"rotateG_02\"><\/div>\n\t\t\t\t<div class=\"blockG\" id=\"rotateG_03\"><\/div>\n\t\t\t\t<div class=\"blockG\" id=\"rotateG_04\"><\/div>\n\t\t\t\t<div class=\"blockG\" id=\"rotateG_05\"><\/div>\n\t\t\t\t<div class=\"blockG\" id=\"rotateG_06\"><\/div>\n\t\t\t\t<div class=\"blockG\" id=\"rotateG_07\"><\/div>\n\t\t\t\t<div class=\"blockG\" id=\"rotateG_08\"><\/div>\n\t\t\t<\/div>\n\t\t\t<div class=\"WooZone-cross-sell-loader-text\"><\/div>\n\t\t<\/div>\n\t<\/div>\n\n\t\t\n<\/div>\n<div style=\"clear:both;\"><\/div><\/p>\n","protected":false},"excerpt":{"rendered":"<p>Kompatibilit\u00e4t &#8211; Speziell f\u00fcr Freestyle Libre 2 oder Libre Reader entwickelt. Lieferinhalt: Schutzh\u00fclle aus Silikon (Freestyle Libre Ger\u00e4t nicht im Lieferumfang enthalten!)<br \/>\nPr\u00e4ziser Ausschnitt &#8211; Pr\u00e4zise Ausschnitte erm\u00f6glichen einen einfachen Zugriff auf alle Tasten, Anschl\u00fcsse und Funktionen. Einfach zu installieren und f\u00fcgt Ihrem Freestyle Libre oder Libre 2 kein Volumen hinzu und bietet gleichzeitig einen hervorragenden Schutz vor Besch\u00e4digungen.<br \/>\nPremium-Silikon &#8211; Hergestellt aus flexiblem Silikon, langlebig und weich, bietet hervorragenden Grip und Fallschutz und verhindert, dass Ihre Insulinpumpe herumrutscht.<\/p>\n","protected":false},"featured_media":123173,"comment_status":"open","ping_status":"closed","template":"","meta":[],"product_brand":[],"product_cat":[566,5908],"product_tag":[],"class_list":{"0":"post-123172","1":"product","2":"type-product","3":"status-publish","4":"has-post-thumbnail","6":"product_cat-drogerie-koerperpflege","7":"product_cat-medizinische-geraete-verbrauchsmaterialien","8":"pa_brand-medmax","9":"pa_manufacturer-medmax","11":"first","12":"instock","13":"shipping-taxable","14":"purchasable","15":"product-type-simple","16":"customify-col","17":"product-has-gallery"},"yoast_head":"<!-- This site is optimized with the Yoast SEO plugin v27.4 - https:\/\/yoast.com\/product\/yoast-seo-wordpress\/ -->\n<title>MEDMAX H\u00fclle f\u00fcr Freestyle Libre 3 \/ Libre 2 \/ Libre Reader Blutzuckermessger\u00e4t, Leichte sto\u00dffeste Anti-Rutsch Silikon\u2026 - Markt-XXL<\/title>\n<meta name=\"description\" content=\"Markt-XXL MEDMAX H\u00fclle f\u00fcr Freestyle Libre 3 \/ Libre 2 \/ Libre Reader Blutzuckermessger\u00e4t, Leichte sto\u00dffeste Anti-Rutsch Silikon\u2026\" \/>\n<meta name=\"robots\" content=\"index, follow, max-snippet:-1, max-image-preview:large, max-video-preview:-1\" \/>\n<link rel=\"canonical\" href=\"https:\/\/marktxxl.de\/markt\/produkt\/medmax-huelle-fuer-freestyle-libre-2-libre-reader-blutzuckermessgeraet-leichte-stossfeste-anti-rutsch-silikon-schutzhuelle-cover-mit-erhabener-abschraegung\/\" \/>\n<meta property=\"og:locale\" content=\"de_DE\" \/>\n<meta property=\"og:type\" content=\"article\" \/>\n<meta property=\"og:title\" content=\"MEDMAX H\u00fclle f\u00fcr Freestyle Libre 3 \/ Libre 2 \/ Libre Reader Blutzuckermessger\u00e4t, Leichte sto\u00dffeste Anti-Rutsch Silikon\u2026 - Markt-XXL\" \/>\n<meta property=\"og:description\" content=\"Markt-XXL MEDMAX H\u00fclle f\u00fcr Freestyle Libre 3 \/ Libre 2 \/ Libre Reader Blutzuckermessger\u00e4t, Leichte sto\u00dffeste Anti-Rutsch Silikon\u2026\" \/>\n<meta property=\"og:url\" content=\"https:\/\/marktxxl.de\/markt\/produkt\/medmax-huelle-fuer-freestyle-libre-2-libre-reader-blutzuckermessgeraet-leichte-stossfeste-anti-rutsch-silikon-schutzhuelle-cover-mit-erhabener-abschraegung\/\" \/>\n<meta property=\"og:site_name\" content=\"Markt-XXL\" \/>\n<meta property=\"article:modified_time\" content=\"2023-04-09T01:32:40+00:00\" \/>\n<meta property=\"og:image\" content=\"https:\/\/m.media-amazon.com\/images\/I\/41ou6XMjKkL._SL500_.jpg\" \/>\n\t<meta property=\"og:image:width\" content=\"500\" \/>\n\t<meta property=\"og:image:height\" content=\"500\" \/>\n\t<meta property=\"og:image:type\" content=\"image\/jpeg\" \/>\n<meta name=\"twitter:card\" content=\"summary_large_image\" \/>\n<meta name=\"twitter:label1\" content=\"Gesch\u00e4tzte Lesezeit\" \/>\n\t<meta name=\"twitter:data1\" content=\"1\u00a0Minute\" \/>\n<script type=\"application\/ld+json\" class=\"yoast-schema-graph\">{\"@context\":\"https:\\\/\\\/schema.org\",\"@graph\":[{\"@type\":\"WebPage\",\"@id\":\"https:\\\/\\\/marktxxl.de\\\/markt\\\/produkt\\\/medmax-huelle-fuer-freestyle-libre-2-libre-reader-blutzuckermessgeraet-leichte-stossfeste-anti-rutsch-silikon-schutzhuelle-cover-mit-erhabener-abschraegung\\\/\",\"url\":\"https:\\\/\\\/marktxxl.de\\\/markt\\\/produkt\\\/medmax-huelle-fuer-freestyle-libre-2-libre-reader-blutzuckermessgeraet-leichte-stossfeste-anti-rutsch-silikon-schutzhuelle-cover-mit-erhabener-abschraegung\\\/\",\"name\":\"MEDMAX H\u00fclle f\u00fcr Freestyle Libre 3 \\\/ Libre 2 \\\/ Libre Reader Blutzuckermessger\u00e4t, Leichte sto\u00dffeste Anti-Rutsch Silikon\u2026 - Markt-XXL\",\"isPartOf\":{\"@id\":\"https:\\\/\\\/marktxxl.de\\\/markt\\\/#website\"},\"primaryImageOfPage\":{\"@id\":\"https:\\\/\\\/marktxxl.de\\\/markt\\\/produkt\\\/medmax-huelle-fuer-freestyle-libre-2-libre-reader-blutzuckermessgeraet-leichte-stossfeste-anti-rutsch-silikon-schutzhuelle-cover-mit-erhabener-abschraegung\\\/#primaryimage\"},\"image\":{\"@id\":\"https:\\\/\\\/marktxxl.de\\\/markt\\\/produkt\\\/medmax-huelle-fuer-freestyle-libre-2-libre-reader-blutzuckermessgeraet-leichte-stossfeste-anti-rutsch-silikon-schutzhuelle-cover-mit-erhabener-abschraegung\\\/#primaryimage\"},\"thumbnailUrl\":\"https:\\\/\\\/m.media-amazon.com\\\/images\\\/I\\\/41ou6XMjKkL._SL500_.jpg\",\"datePublished\":\"2022-05-15T08:56:01+00:00\",\"dateModified\":\"2023-04-09T01:32:40+00:00\",\"description\":\"Markt-XXL MEDMAX H\u00fclle f\u00fcr Freestyle Libre 3 \\\/ Libre 2 \\\/ Libre Reader Blutzuckermessger\u00e4t, Leichte sto\u00dffeste Anti-Rutsch Silikon\u2026\",\"breadcrumb\":{\"@id\":\"https:\\\/\\\/marktxxl.de\\\/markt\\\/produkt\\\/medmax-huelle-fuer-freestyle-libre-2-libre-reader-blutzuckermessgeraet-leichte-stossfeste-anti-rutsch-silikon-schutzhuelle-cover-mit-erhabener-abschraegung\\\/#breadcrumb\"},\"inLanguage\":\"de\",\"potentialAction\":[{\"@type\":\"ReadAction\",\"target\":[\"https:\\\/\\\/marktxxl.de\\\/markt\\\/produkt\\\/medmax-huelle-fuer-freestyle-libre-2-libre-reader-blutzuckermessgeraet-leichte-stossfeste-anti-rutsch-silikon-schutzhuelle-cover-mit-erhabener-abschraegung\\\/\"]}]},{\"@type\":\"ImageObject\",\"inLanguage\":\"de\",\"@id\":\"https:\\\/\\\/marktxxl.de\\\/markt\\\/produkt\\\/medmax-huelle-fuer-freestyle-libre-2-libre-reader-blutzuckermessgeraet-leichte-stossfeste-anti-rutsch-silikon-schutzhuelle-cover-mit-erhabener-abschraegung\\\/#primaryimage\",\"url\":\"https:\\\/\\\/m.media-amazon.com\\\/images\\\/I\\\/41ou6XMjKkL._SL500_.jpg\",\"contentUrl\":\"https:\\\/\\\/m.media-amazon.com\\\/images\\\/I\\\/41ou6XMjKkL._SL500_.jpg\",\"width\":500,\"height\":500},{\"@type\":\"BreadcrumbList\",\"@id\":\"https:\\\/\\\/marktxxl.de\\\/markt\\\/produkt\\\/medmax-huelle-fuer-freestyle-libre-2-libre-reader-blutzuckermessgeraet-leichte-stossfeste-anti-rutsch-silikon-schutzhuelle-cover-mit-erhabener-abschraegung\\\/#breadcrumb\",\"itemListElement\":[{\"@type\":\"ListItem\",\"position\":1,\"name\":\"Startseite\",\"item\":\"https:\\\/\\\/marktxxl.de\\\/markt\\\/\"},{\"@type\":\"ListItem\",\"position\":2,\"name\":\"Markt\",\"item\":\"https:\\\/\\\/marktxxl.de\\\/markt\\\/\"},{\"@type\":\"ListItem\",\"position\":3,\"name\":\"MEDMAX H\u00fclle f\u00fcr Freestyle Libre 3 \\\/ Libre 2 \\\/ Libre Reader Blutzuckermessger\u00e4t, Leichte sto\u00dffeste Anti-Rutsch Silikon\u2026\"}]},{\"@type\":\"WebSite\",\"@id\":\"https:\\\/\\\/marktxxl.de\\\/markt\\\/#website\",\"url\":\"https:\\\/\\\/marktxxl.de\\\/markt\\\/\",\"name\":\"Markt-XXL\",\"description\":\"Ihr Markt Online\",\"publisher\":{\"@id\":\"https:\\\/\\\/marktxxl.de\\\/markt\\\/#organization\"},\"potentialAction\":[{\"@type\":\"SearchAction\",\"target\":{\"@type\":\"EntryPoint\",\"urlTemplate\":\"https:\\\/\\\/marktxxl.de\\\/markt\\\/?s={search_term_string}\"},\"query-input\":{\"@type\":\"PropertyValueSpecification\",\"valueRequired\":true,\"valueName\":\"search_term_string\"}}],\"inLanguage\":\"de\"},{\"@type\":\"Organization\",\"@id\":\"https:\\\/\\\/marktxxl.de\\\/markt\\\/#organization\",\"name\":\"Markt-XXL\",\"url\":\"https:\\\/\\\/marktxxl.de\\\/markt\\\/\",\"logo\":{\"@type\":\"ImageObject\",\"inLanguage\":\"de\",\"@id\":\"https:\\\/\\\/marktxxl.de\\\/markt\\\/#\\\/schema\\\/logo\\\/image\\\/\",\"url\":\"https:\\\/\\\/marktxxl.de\\\/markt\\\/wp-content\\\/uploads\\\/sites\\\/3\\\/2020\\\/12\\\/logo.png\",\"contentUrl\":\"https:\\\/\\\/marktxxl.de\\\/markt\\\/wp-content\\\/uploads\\\/sites\\\/3\\\/2020\\\/12\\\/logo.png\",\"width\":200,\"height\":70,\"caption\":\"Markt-XXL\"},\"image\":{\"@id\":\"https:\\\/\\\/marktxxl.de\\\/markt\\\/#\\\/schema\\\/logo\\\/image\\\/\"}}]}<\/script>\n<!-- \/ Yoast SEO plugin. -->","yoast_head_json":{"title":"MEDMAX H\u00fclle f\u00fcr Freestyle Libre 3 \/ Libre 2 \/ Libre Reader Blutzuckermessger\u00e4t, Leichte sto\u00dffeste Anti-Rutsch Silikon\u2026 - Markt-XXL","description":"Markt-XXL MEDMAX H\u00fclle f\u00fcr Freestyle Libre 3 \/ Libre 2 \/ Libre Reader Blutzuckermessger\u00e4t, Leichte sto\u00dffeste Anti-Rutsch Silikon\u2026","robots":{"index":"index","follow":"follow","max-snippet":"max-snippet:-1","max-image-preview":"max-image-preview:large","max-video-preview":"max-video-preview:-1"},"canonical":"https:\/\/marktxxl.de\/markt\/produkt\/medmax-huelle-fuer-freestyle-libre-2-libre-reader-blutzuckermessgeraet-leichte-stossfeste-anti-rutsch-silikon-schutzhuelle-cover-mit-erhabener-abschraegung\/","og_locale":"de_DE","og_type":"article","og_title":"MEDMAX H\u00fclle f\u00fcr Freestyle Libre 3 \/ Libre 2 \/ Libre Reader Blutzuckermessger\u00e4t, Leichte sto\u00dffeste Anti-Rutsch Silikon\u2026 - Markt-XXL","og_description":"Markt-XXL MEDMAX H\u00fclle f\u00fcr Freestyle Libre 3 \/ Libre 2 \/ Libre Reader Blutzuckermessger\u00e4t, Leichte sto\u00dffeste Anti-Rutsch Silikon\u2026","og_url":"https:\/\/marktxxl.de\/markt\/produkt\/medmax-huelle-fuer-freestyle-libre-2-libre-reader-blutzuckermessgeraet-leichte-stossfeste-anti-rutsch-silikon-schutzhuelle-cover-mit-erhabener-abschraegung\/","og_site_name":"Markt-XXL","article_modified_time":"2023-04-09T01:32:40+00:00","og_image":[{"width":500,"height":500,"url":"https:\/\/m.media-amazon.com\/images\/I\/41ou6XMjKkL._SL500_.jpg","type":"image\/jpeg"}],"twitter_card":"summary_large_image","twitter_misc":{"Gesch\u00e4tzte Lesezeit":"1\u00a0Minute"},"schema":{"@context":"https:\/\/schema.org","@graph":[{"@type":"WebPage","@id":"https:\/\/marktxxl.de\/markt\/produkt\/medmax-huelle-fuer-freestyle-libre-2-libre-reader-blutzuckermessgeraet-leichte-stossfeste-anti-rutsch-silikon-schutzhuelle-cover-mit-erhabener-abschraegung\/","url":"https:\/\/marktxxl.de\/markt\/produkt\/medmax-huelle-fuer-freestyle-libre-2-libre-reader-blutzuckermessgeraet-leichte-stossfeste-anti-rutsch-silikon-schutzhuelle-cover-mit-erhabener-abschraegung\/","name":"MEDMAX H\u00fclle f\u00fcr Freestyle Libre 3 \/ Libre 2 \/ Libre Reader Blutzuckermessger\u00e4t, Leichte sto\u00dffeste Anti-Rutsch Silikon\u2026 - Markt-XXL","isPartOf":{"@id":"https:\/\/marktxxl.de\/markt\/#website"},"primaryImageOfPage":{"@id":"https:\/\/marktxxl.de\/markt\/produkt\/medmax-huelle-fuer-freestyle-libre-2-libre-reader-blutzuckermessgeraet-leichte-stossfeste-anti-rutsch-silikon-schutzhuelle-cover-mit-erhabener-abschraegung\/#primaryimage"},"image":{"@id":"https:\/\/marktxxl.de\/markt\/produkt\/medmax-huelle-fuer-freestyle-libre-2-libre-reader-blutzuckermessgeraet-leichte-stossfeste-anti-rutsch-silikon-schutzhuelle-cover-mit-erhabener-abschraegung\/#primaryimage"},"thumbnailUrl":"https:\/\/m.media-amazon.com\/images\/I\/41ou6XMjKkL._SL500_.jpg","datePublished":"2022-05-15T08:56:01+00:00","dateModified":"2023-04-09T01:32:40+00:00","description":"Markt-XXL MEDMAX H\u00fclle f\u00fcr Freestyle Libre 3 \/ Libre 2 \/ Libre Reader Blutzuckermessger\u00e4t, Leichte sto\u00dffeste Anti-Rutsch Silikon\u2026","breadcrumb":{"@id":"https:\/\/marktxxl.de\/markt\/produkt\/medmax-huelle-fuer-freestyle-libre-2-libre-reader-blutzuckermessgeraet-leichte-stossfeste-anti-rutsch-silikon-schutzhuelle-cover-mit-erhabener-abschraegung\/#breadcrumb"},"inLanguage":"de","potentialAction":[{"@type":"ReadAction","target":["https:\/\/marktxxl.de\/markt\/produkt\/medmax-huelle-fuer-freestyle-libre-2-libre-reader-blutzuckermessgeraet-leichte-stossfeste-anti-rutsch-silikon-schutzhuelle-cover-mit-erhabener-abschraegung\/"]}]},{"@type":"ImageObject","inLanguage":"de","@id":"https:\/\/marktxxl.de\/markt\/produkt\/medmax-huelle-fuer-freestyle-libre-2-libre-reader-blutzuckermessgeraet-leichte-stossfeste-anti-rutsch-silikon-schutzhuelle-cover-mit-erhabener-abschraegung\/#primaryimage","url":"https:\/\/m.media-amazon.com\/images\/I\/41ou6XMjKkL._SL500_.jpg","contentUrl":"https:\/\/m.media-amazon.com\/images\/I\/41ou6XMjKkL._SL500_.jpg","width":500,"height":500},{"@type":"BreadcrumbList","@id":"https:\/\/marktxxl.de\/markt\/produkt\/medmax-huelle-fuer-freestyle-libre-2-libre-reader-blutzuckermessgeraet-leichte-stossfeste-anti-rutsch-silikon-schutzhuelle-cover-mit-erhabener-abschraegung\/#breadcrumb","itemListElement":[{"@type":"ListItem","position":1,"name":"Startseite","item":"https:\/\/marktxxl.de\/markt\/"},{"@type":"ListItem","position":2,"name":"Markt","item":"https:\/\/marktxxl.de\/markt\/"},{"@type":"ListItem","position":3,"name":"MEDMAX H\u00fclle f\u00fcr Freestyle Libre 3 \/ Libre 2 \/ Libre Reader Blutzuckermessger\u00e4t, Leichte sto\u00dffeste Anti-Rutsch Silikon\u2026"}]},{"@type":"WebSite","@id":"https:\/\/marktxxl.de\/markt\/#website","url":"https:\/\/marktxxl.de\/markt\/","name":"Markt-XXL","description":"Ihr Markt Online","publisher":{"@id":"https:\/\/marktxxl.de\/markt\/#organization"},"potentialAction":[{"@type":"SearchAction","target":{"@type":"EntryPoint","urlTemplate":"https:\/\/marktxxl.de\/markt\/?s={search_term_string}"},"query-input":{"@type":"PropertyValueSpecification","valueRequired":true,"valueName":"search_term_string"}}],"inLanguage":"de"},{"@type":"Organization","@id":"https:\/\/marktxxl.de\/markt\/#organization","name":"Markt-XXL","url":"https:\/\/marktxxl.de\/markt\/","logo":{"@type":"ImageObject","inLanguage":"de","@id":"https:\/\/marktxxl.de\/markt\/#\/schema\/logo\/image\/","url":"https:\/\/marktxxl.de\/markt\/wp-content\/uploads\/sites\/3\/2020\/12\/logo.png","contentUrl":"https:\/\/marktxxl.de\/markt\/wp-content\/uploads\/sites\/3\/2020\/12\/logo.png","width":200,"height":70,"caption":"Markt-XXL"},"image":{"@id":"https:\/\/marktxxl.de\/markt\/#\/schema\/logo\/image\/"}}]}},"_links":{"self":[{"href":"https:\/\/marktxxl.de\/markt\/wp-json\/wp\/v2\/product\/123172","targetHints":{"allow":["GET"]}}],"collection":[{"href":"https:\/\/marktxxl.de\/markt\/wp-json\/wp\/v2\/product"}],"about":[{"href":"https:\/\/marktxxl.de\/markt\/wp-json\/wp\/v2\/types\/product"}],"replies":[{"embeddable":true,"href":"https:\/\/marktxxl.de\/markt\/wp-json\/wp\/v2\/comments?post=123172"}],"wp:featuredmedia":[{"embeddable":true,"href":"https:\/\/marktxxl.de\/markt\/wp-json\/wp\/v2\/media\/123173"}],"wp:attachment":[{"href":"https:\/\/marktxxl.de\/markt\/wp-json\/wp\/v2\/media?parent=123172"}],"wp:term":[{"taxonomy":"product_brand","embeddable":true,"href":"https:\/\/marktxxl.de\/markt\/wp-json\/wp\/v2\/product_brand?post=123172"},{"taxonomy":"product_cat","embeddable":true,"href":"https:\/\/marktxxl.de\/markt\/wp-json\/wp\/v2\/product_cat?post=123172"},{"taxonomy":"product_tag","embeddable":true,"href":"https:\/\/marktxxl.de\/markt\/wp-json\/wp\/v2\/product_tag?post=123172"}],"curies":[{"name":"wp","href":"https:\/\/api.w.org\/{rel}","templated":true}]}}