{"id":123128,"date":"2022-05-15T10:52:42","date_gmt":"2022-05-15T08:52:42","guid":{"rendered":"https:\/\/marktxxl.de\/markt\/produkt\/sagrotan-hand-desinfektionsgel-mit-aloe-vera-desinfektionsmittel-fuer-die-haende-in-praktischer-reisegroesse-6-x-50-ml\/"},"modified":"2023-04-09T03:32:40","modified_gmt":"2023-04-09T01:32:40","slug":"sagrotan-hand-desinfektionsgel-mit-aloe-vera-desinfektionsmittel-fuer-die-haende-in-praktischer-reisegroesse-6-x-50-ml","status":"publish","type":"product","link":"https:\/\/marktxxl.de\/markt\/produkt\/sagrotan-hand-desinfektionsgel-mit-aloe-vera-desinfektionsmittel-fuer-die-haende-in-praktischer-reisegroesse-6-x-50-ml\/","title":{"rendered":"Sagrotan Hand-Desinfektionsgel mit Aloe Vera \u2013 Desinfektionsmittel f\u00fcr die H\u00e4nde in praktischer Reisegr\u00f6\u00dfe \u2013 6 x 50 ml"},"content":{"rendered":"<p>Handreinigung ohne Wasser: Die kleine Desinfektionsl\u00f6sung von Sagrotan erm\u00f6glicht auch unterwegs eine schnelle und gr\u00fcndliche Handhygiene &#8211; ohne einen Waschraum aufsuchen zu m\u00fcssen<br \/>\nDieses Sagrotan Desinfektionsprodukt entfernt 99,9 Prozent der Bakterien und sorgt so f\u00fcr den Schutz der Gesundheit und f\u00fcr hygienische Sauberkeit &#8211; an jedem neuen Tag<br \/>\nDer ideale Begleiter auf Reisen: Das H\u00e4nde-Desinfektionsmittel mit Aloe Vera Duft im kleinen Fl\u00e4schchen passt in jede Tasche und bewirkt stets ein frisches und sauberes Hautgef\u00fchl<br \/>\nDie Hautvertr\u00e4glichkeit des antibakteriellen Gels ist dermatologisch getestet \/ Biozidprodukte vorsichtig verwenden und vor Gebrauch stets Etikett und Produktinformationen lesen<br \/>\nLieferumfang: 6 x 50ml Aloe Vera Gel Handdesinfektion von Sagrotan zum Desinfizieren \/ Mini-Desinfektionsgel f\u00fcr die besonders sanfte und schonende Reinigung der H\u00e4nde<br \/>\n<div class=\"main-cross-sell\" data-asin=\"B07D4QGGRF\">\n\n\t<div class=\"WooZone-cross-sell-loader\">\n\t\t<div>\n\t\t\t<div id=\"floatingBarsG\">\n\t\t\t\t<div class=\"blockG\" id=\"rotateG_01\"><\/div>\n\t\t\t\t<div class=\"blockG\" id=\"rotateG_02\"><\/div>\n\t\t\t\t<div class=\"blockG\" id=\"rotateG_03\"><\/div>\n\t\t\t\t<div class=\"blockG\" id=\"rotateG_04\"><\/div>\n\t\t\t\t<div class=\"blockG\" id=\"rotateG_05\"><\/div>\n\t\t\t\t<div class=\"blockG\" id=\"rotateG_06\"><\/div>\n\t\t\t\t<div class=\"blockG\" id=\"rotateG_07\"><\/div>\n\t\t\t\t<div class=\"blockG\" id=\"rotateG_08\"><\/div>\n\t\t\t<\/div>\n\t\t\t<div class=\"WooZone-cross-sell-loader-text\"><\/div>\n\t\t<\/div>\n\t<\/div>\n\n\t\t\n<\/div>\n<div style=\"clear:both;\"><\/div><\/p>\n","protected":false},"excerpt":{"rendered":"<p>Handreinigung ohne Wasser: Die kleine Desinfektionsl\u00f6sung von Sagrotan erm\u00f6glicht auch unterwegs eine schnelle und gr\u00fcndliche Handhygiene &#8211; ohne einen Waschraum aufsuchen zu m\u00fcssen<br \/>\nDieses Sagrotan Desinfektionsprodukt entfernt 99,9 Prozent der Bakterien und sorgt so f\u00fcr den Schutz der Gesundheit und f\u00fcr hygienische Sauberkeit &#8211; an jedem neuen Tag<br \/>\nDer ideale Begleiter auf Reisen: Das H\u00e4nde-Desinfektionsmittel mit Aloe Vera Duft im kleinen Fl\u00e4schchen passt in jede Tasche und bewirkt stets ein frisches und sauberes Hautgef\u00fchl<\/p>\n","protected":false},"featured_media":123129,"comment_status":"open","ping_status":"closed","template":"","meta":[],"product_brand":[],"product_cat":[566,5908],"product_tag":[],"class_list":{"0":"post-123128","1":"product","2":"type-product","3":"status-publish","4":"has-post-thumbnail","6":"product_cat-drogerie-koerperpflege","7":"product_cat-medizinische-geraete-verbrauchsmaterialien","8":"pa_binding-badartikel","9":"pa_brand-sagrotan","10":"pa_manufacturer-sagrotan","11":"pa_model-35687","12":"pa_size-50-ml-6er-pack","13":"pa_weight-4296-gramm","15":"first","16":"instock","17":"shipping-taxable","18":"purchasable","19":"product-type-simple","20":"customify-col","21":"product-has-gallery"},"yoast_head":"<!-- This site is optimized with the Yoast SEO plugin v27.4 - https:\/\/yoast.com\/product\/yoast-seo-wordpress\/ -->\n<title>Sagrotan Hand-Desinfektionsgel mit Aloe Vera \u2013 Desinfektionsmittel f\u00fcr die H\u00e4nde in praktischer Reisegr\u00f6\u00dfe \u2013 6 x 50 ml - Markt-XXL<\/title>\n<meta name=\"description\" content=\"Markt-XXL Sagrotan Hand-Desinfektionsgel mit Aloe Vera \u2013 Desinfektionsmittel f\u00fcr die H\u00e4nde in praktischer Reisegr\u00f6\u00dfe \u2013 6 x 50 ml\" \/>\n<meta name=\"robots\" content=\"index, follow, max-snippet:-1, max-image-preview:large, max-video-preview:-1\" \/>\n<link rel=\"canonical\" href=\"https:\/\/marktxxl.de\/markt\/produkt\/sagrotan-hand-desinfektionsgel-mit-aloe-vera-desinfektionsmittel-fuer-die-haende-in-praktischer-reisegroesse-6-x-50-ml\/\" \/>\n<meta property=\"og:locale\" content=\"de_DE\" \/>\n<meta property=\"og:type\" content=\"article\" \/>\n<meta property=\"og:title\" content=\"Sagrotan Hand-Desinfektionsgel mit Aloe Vera \u2013 Desinfektionsmittel f\u00fcr die H\u00e4nde in praktischer Reisegr\u00f6\u00dfe \u2013 6 x 50 ml - Markt-XXL\" \/>\n<meta property=\"og:description\" content=\"Markt-XXL Sagrotan Hand-Desinfektionsgel mit Aloe Vera \u2013 Desinfektionsmittel f\u00fcr die H\u00e4nde in praktischer Reisegr\u00f6\u00dfe \u2013 6 x 50 ml\" \/>\n<meta property=\"og:url\" content=\"https:\/\/marktxxl.de\/markt\/produkt\/sagrotan-hand-desinfektionsgel-mit-aloe-vera-desinfektionsmittel-fuer-die-haende-in-praktischer-reisegroesse-6-x-50-ml\/\" \/>\n<meta property=\"og:site_name\" content=\"Markt-XXL\" \/>\n<meta property=\"article:modified_time\" content=\"2023-04-09T01:32:40+00:00\" \/>\n<meta property=\"og:image\" content=\"https:\/\/m.media-amazon.com\/images\/I\/51nJQU0YuaL._SL500_.jpg\" \/>\n\t<meta property=\"og:image:width\" content=\"500\" \/>\n\t<meta property=\"og:image:height\" content=\"500\" \/>\n\t<meta property=\"og:image:type\" content=\"image\/jpeg\" \/>\n<meta name=\"twitter:card\" content=\"summary_large_image\" \/>\n<meta name=\"twitter:label1\" content=\"Gesch\u00e4tzte Lesezeit\" \/>\n\t<meta name=\"twitter:data1\" content=\"1\u00a0Minute\" \/>\n<script type=\"application\/ld+json\" class=\"yoast-schema-graph\">{\"@context\":\"https:\\\/\\\/schema.org\",\"@graph\":[{\"@type\":\"WebPage\",\"@id\":\"https:\\\/\\\/marktxxl.de\\\/markt\\\/produkt\\\/sagrotan-hand-desinfektionsgel-mit-aloe-vera-desinfektionsmittel-fuer-die-haende-in-praktischer-reisegroesse-6-x-50-ml\\\/\",\"url\":\"https:\\\/\\\/marktxxl.de\\\/markt\\\/produkt\\\/sagrotan-hand-desinfektionsgel-mit-aloe-vera-desinfektionsmittel-fuer-die-haende-in-praktischer-reisegroesse-6-x-50-ml\\\/\",\"name\":\"Sagrotan Hand-Desinfektionsgel mit Aloe Vera \u2013 Desinfektionsmittel f\u00fcr die H\u00e4nde in praktischer Reisegr\u00f6\u00dfe \u2013 6 x 50 ml - Markt-XXL\",\"isPartOf\":{\"@id\":\"https:\\\/\\\/marktxxl.de\\\/markt\\\/#website\"},\"primaryImageOfPage\":{\"@id\":\"https:\\\/\\\/marktxxl.de\\\/markt\\\/produkt\\\/sagrotan-hand-desinfektionsgel-mit-aloe-vera-desinfektionsmittel-fuer-die-haende-in-praktischer-reisegroesse-6-x-50-ml\\\/#primaryimage\"},\"image\":{\"@id\":\"https:\\\/\\\/marktxxl.de\\\/markt\\\/produkt\\\/sagrotan-hand-desinfektionsgel-mit-aloe-vera-desinfektionsmittel-fuer-die-haende-in-praktischer-reisegroesse-6-x-50-ml\\\/#primaryimage\"},\"thumbnailUrl\":\"https:\\\/\\\/m.media-amazon.com\\\/images\\\/I\\\/51nJQU0YuaL._SL500_.jpg\",\"datePublished\":\"2022-05-15T08:52:42+00:00\",\"dateModified\":\"2023-04-09T01:32:40+00:00\",\"description\":\"Markt-XXL Sagrotan Hand-Desinfektionsgel mit Aloe Vera \u2013 Desinfektionsmittel f\u00fcr die H\u00e4nde in praktischer Reisegr\u00f6\u00dfe \u2013 6 x 50 ml\",\"breadcrumb\":{\"@id\":\"https:\\\/\\\/marktxxl.de\\\/markt\\\/produkt\\\/sagrotan-hand-desinfektionsgel-mit-aloe-vera-desinfektionsmittel-fuer-die-haende-in-praktischer-reisegroesse-6-x-50-ml\\\/#breadcrumb\"},\"inLanguage\":\"de\",\"potentialAction\":[{\"@type\":\"ReadAction\",\"target\":[\"https:\\\/\\\/marktxxl.de\\\/markt\\\/produkt\\\/sagrotan-hand-desinfektionsgel-mit-aloe-vera-desinfektionsmittel-fuer-die-haende-in-praktischer-reisegroesse-6-x-50-ml\\\/\"]}]},{\"@type\":\"ImageObject\",\"inLanguage\":\"de\",\"@id\":\"https:\\\/\\\/marktxxl.de\\\/markt\\\/produkt\\\/sagrotan-hand-desinfektionsgel-mit-aloe-vera-desinfektionsmittel-fuer-die-haende-in-praktischer-reisegroesse-6-x-50-ml\\\/#primaryimage\",\"url\":\"https:\\\/\\\/m.media-amazon.com\\\/images\\\/I\\\/51nJQU0YuaL._SL500_.jpg\",\"contentUrl\":\"https:\\\/\\\/m.media-amazon.com\\\/images\\\/I\\\/51nJQU0YuaL._SL500_.jpg\",\"width\":500,\"height\":500},{\"@type\":\"BreadcrumbList\",\"@id\":\"https:\\\/\\\/marktxxl.de\\\/markt\\\/produkt\\\/sagrotan-hand-desinfektionsgel-mit-aloe-vera-desinfektionsmittel-fuer-die-haende-in-praktischer-reisegroesse-6-x-50-ml\\\/#breadcrumb\",\"itemListElement\":[{\"@type\":\"ListItem\",\"position\":1,\"name\":\"Startseite\",\"item\":\"https:\\\/\\\/marktxxl.de\\\/markt\\\/\"},{\"@type\":\"ListItem\",\"position\":2,\"name\":\"Markt\",\"item\":\"https:\\\/\\\/marktxxl.de\\\/markt\\\/\"},{\"@type\":\"ListItem\",\"position\":3,\"name\":\"Sagrotan Hand-Desinfektionsgel mit Aloe Vera \u2013 Desinfektionsmittel f\u00fcr die H\u00e4nde in praktischer Reisegr\u00f6\u00dfe \u2013 6 x 50 ml\"}]},{\"@type\":\"WebSite\",\"@id\":\"https:\\\/\\\/marktxxl.de\\\/markt\\\/#website\",\"url\":\"https:\\\/\\\/marktxxl.de\\\/markt\\\/\",\"name\":\"Markt-XXL\",\"description\":\"Ihr Markt Online\",\"publisher\":{\"@id\":\"https:\\\/\\\/marktxxl.de\\\/markt\\\/#organization\"},\"potentialAction\":[{\"@type\":\"SearchAction\",\"target\":{\"@type\":\"EntryPoint\",\"urlTemplate\":\"https:\\\/\\\/marktxxl.de\\\/markt\\\/?s={search_term_string}\"},\"query-input\":{\"@type\":\"PropertyValueSpecification\",\"valueRequired\":true,\"valueName\":\"search_term_string\"}}],\"inLanguage\":\"de\"},{\"@type\":\"Organization\",\"@id\":\"https:\\\/\\\/marktxxl.de\\\/markt\\\/#organization\",\"name\":\"Markt-XXL\",\"url\":\"https:\\\/\\\/marktxxl.de\\\/markt\\\/\",\"logo\":{\"@type\":\"ImageObject\",\"inLanguage\":\"de\",\"@id\":\"https:\\\/\\\/marktxxl.de\\\/markt\\\/#\\\/schema\\\/logo\\\/image\\\/\",\"url\":\"https:\\\/\\\/marktxxl.de\\\/markt\\\/wp-content\\\/uploads\\\/sites\\\/3\\\/2020\\\/12\\\/logo.png\",\"contentUrl\":\"https:\\\/\\\/marktxxl.de\\\/markt\\\/wp-content\\\/uploads\\\/sites\\\/3\\\/2020\\\/12\\\/logo.png\",\"width\":200,\"height\":70,\"caption\":\"Markt-XXL\"},\"image\":{\"@id\":\"https:\\\/\\\/marktxxl.de\\\/markt\\\/#\\\/schema\\\/logo\\\/image\\\/\"}}]}<\/script>\n<!-- \/ Yoast SEO plugin. -->","yoast_head_json":{"title":"Sagrotan Hand-Desinfektionsgel mit Aloe Vera \u2013 Desinfektionsmittel f\u00fcr die H\u00e4nde in praktischer Reisegr\u00f6\u00dfe \u2013 6 x 50 ml - Markt-XXL","description":"Markt-XXL Sagrotan Hand-Desinfektionsgel mit Aloe Vera \u2013 Desinfektionsmittel f\u00fcr die H\u00e4nde in praktischer Reisegr\u00f6\u00dfe \u2013 6 x 50 ml","robots":{"index":"index","follow":"follow","max-snippet":"max-snippet:-1","max-image-preview":"max-image-preview:large","max-video-preview":"max-video-preview:-1"},"canonical":"https:\/\/marktxxl.de\/markt\/produkt\/sagrotan-hand-desinfektionsgel-mit-aloe-vera-desinfektionsmittel-fuer-die-haende-in-praktischer-reisegroesse-6-x-50-ml\/","og_locale":"de_DE","og_type":"article","og_title":"Sagrotan Hand-Desinfektionsgel mit Aloe Vera \u2013 Desinfektionsmittel f\u00fcr die H\u00e4nde in praktischer Reisegr\u00f6\u00dfe \u2013 6 x 50 ml - Markt-XXL","og_description":"Markt-XXL Sagrotan Hand-Desinfektionsgel mit Aloe Vera \u2013 Desinfektionsmittel f\u00fcr die H\u00e4nde in praktischer Reisegr\u00f6\u00dfe \u2013 6 x 50 ml","og_url":"https:\/\/marktxxl.de\/markt\/produkt\/sagrotan-hand-desinfektionsgel-mit-aloe-vera-desinfektionsmittel-fuer-die-haende-in-praktischer-reisegroesse-6-x-50-ml\/","og_site_name":"Markt-XXL","article_modified_time":"2023-04-09T01:32:40+00:00","og_image":[{"width":500,"height":500,"url":"https:\/\/m.media-amazon.com\/images\/I\/51nJQU0YuaL._SL500_.jpg","type":"image\/jpeg"}],"twitter_card":"summary_large_image","twitter_misc":{"Gesch\u00e4tzte Lesezeit":"1\u00a0Minute"},"schema":{"@context":"https:\/\/schema.org","@graph":[{"@type":"WebPage","@id":"https:\/\/marktxxl.de\/markt\/produkt\/sagrotan-hand-desinfektionsgel-mit-aloe-vera-desinfektionsmittel-fuer-die-haende-in-praktischer-reisegroesse-6-x-50-ml\/","url":"https:\/\/marktxxl.de\/markt\/produkt\/sagrotan-hand-desinfektionsgel-mit-aloe-vera-desinfektionsmittel-fuer-die-haende-in-praktischer-reisegroesse-6-x-50-ml\/","name":"Sagrotan Hand-Desinfektionsgel mit Aloe Vera \u2013 Desinfektionsmittel f\u00fcr die H\u00e4nde in praktischer Reisegr\u00f6\u00dfe \u2013 6 x 50 ml - Markt-XXL","isPartOf":{"@id":"https:\/\/marktxxl.de\/markt\/#website"},"primaryImageOfPage":{"@id":"https:\/\/marktxxl.de\/markt\/produkt\/sagrotan-hand-desinfektionsgel-mit-aloe-vera-desinfektionsmittel-fuer-die-haende-in-praktischer-reisegroesse-6-x-50-ml\/#primaryimage"},"image":{"@id":"https:\/\/marktxxl.de\/markt\/produkt\/sagrotan-hand-desinfektionsgel-mit-aloe-vera-desinfektionsmittel-fuer-die-haende-in-praktischer-reisegroesse-6-x-50-ml\/#primaryimage"},"thumbnailUrl":"https:\/\/m.media-amazon.com\/images\/I\/51nJQU0YuaL._SL500_.jpg","datePublished":"2022-05-15T08:52:42+00:00","dateModified":"2023-04-09T01:32:40+00:00","description":"Markt-XXL Sagrotan Hand-Desinfektionsgel mit Aloe Vera \u2013 Desinfektionsmittel f\u00fcr die H\u00e4nde in praktischer Reisegr\u00f6\u00dfe \u2013 6 x 50 ml","breadcrumb":{"@id":"https:\/\/marktxxl.de\/markt\/produkt\/sagrotan-hand-desinfektionsgel-mit-aloe-vera-desinfektionsmittel-fuer-die-haende-in-praktischer-reisegroesse-6-x-50-ml\/#breadcrumb"},"inLanguage":"de","potentialAction":[{"@type":"ReadAction","target":["https:\/\/marktxxl.de\/markt\/produkt\/sagrotan-hand-desinfektionsgel-mit-aloe-vera-desinfektionsmittel-fuer-die-haende-in-praktischer-reisegroesse-6-x-50-ml\/"]}]},{"@type":"ImageObject","inLanguage":"de","@id":"https:\/\/marktxxl.de\/markt\/produkt\/sagrotan-hand-desinfektionsgel-mit-aloe-vera-desinfektionsmittel-fuer-die-haende-in-praktischer-reisegroesse-6-x-50-ml\/#primaryimage","url":"https:\/\/m.media-amazon.com\/images\/I\/51nJQU0YuaL._SL500_.jpg","contentUrl":"https:\/\/m.media-amazon.com\/images\/I\/51nJQU0YuaL._SL500_.jpg","width":500,"height":500},{"@type":"BreadcrumbList","@id":"https:\/\/marktxxl.de\/markt\/produkt\/sagrotan-hand-desinfektionsgel-mit-aloe-vera-desinfektionsmittel-fuer-die-haende-in-praktischer-reisegroesse-6-x-50-ml\/#breadcrumb","itemListElement":[{"@type":"ListItem","position":1,"name":"Startseite","item":"https:\/\/marktxxl.de\/markt\/"},{"@type":"ListItem","position":2,"name":"Markt","item":"https:\/\/marktxxl.de\/markt\/"},{"@type":"ListItem","position":3,"name":"Sagrotan Hand-Desinfektionsgel mit Aloe Vera \u2013 Desinfektionsmittel f\u00fcr die H\u00e4nde in praktischer Reisegr\u00f6\u00dfe \u2013 6 x 50 ml"}]},{"@type":"WebSite","@id":"https:\/\/marktxxl.de\/markt\/#website","url":"https:\/\/marktxxl.de\/markt\/","name":"Markt-XXL","description":"Ihr Markt Online","publisher":{"@id":"https:\/\/marktxxl.de\/markt\/#organization"},"potentialAction":[{"@type":"SearchAction","target":{"@type":"EntryPoint","urlTemplate":"https:\/\/marktxxl.de\/markt\/?s={search_term_string}"},"query-input":{"@type":"PropertyValueSpecification","valueRequired":true,"valueName":"search_term_string"}}],"inLanguage":"de"},{"@type":"Organization","@id":"https:\/\/marktxxl.de\/markt\/#organization","name":"Markt-XXL","url":"https:\/\/marktxxl.de\/markt\/","logo":{"@type":"ImageObject","inLanguage":"de","@id":"https:\/\/marktxxl.de\/markt\/#\/schema\/logo\/image\/","url":"https:\/\/marktxxl.de\/markt\/wp-content\/uploads\/sites\/3\/2020\/12\/logo.png","contentUrl":"https:\/\/marktxxl.de\/markt\/wp-content\/uploads\/sites\/3\/2020\/12\/logo.png","width":200,"height":70,"caption":"Markt-XXL"},"image":{"@id":"https:\/\/marktxxl.de\/markt\/#\/schema\/logo\/image\/"}}]}},"_links":{"self":[{"href":"https:\/\/marktxxl.de\/markt\/wp-json\/wp\/v2\/product\/123128","targetHints":{"allow":["GET"]}}],"collection":[{"href":"https:\/\/marktxxl.de\/markt\/wp-json\/wp\/v2\/product"}],"about":[{"href":"https:\/\/marktxxl.de\/markt\/wp-json\/wp\/v2\/types\/product"}],"replies":[{"embeddable":true,"href":"https:\/\/marktxxl.de\/markt\/wp-json\/wp\/v2\/comments?post=123128"}],"wp:featuredmedia":[{"embeddable":true,"href":"https:\/\/marktxxl.de\/markt\/wp-json\/wp\/v2\/media\/123129"}],"wp:attachment":[{"href":"https:\/\/marktxxl.de\/markt\/wp-json\/wp\/v2\/media?parent=123128"}],"wp:term":[{"taxonomy":"product_brand","embeddable":true,"href":"https:\/\/marktxxl.de\/markt\/wp-json\/wp\/v2\/product_brand?post=123128"},{"taxonomy":"product_cat","embeddable":true,"href":"https:\/\/marktxxl.de\/markt\/wp-json\/wp\/v2\/product_cat?post=123128"},{"taxonomy":"product_tag","embeddable":true,"href":"https:\/\/marktxxl.de\/markt\/wp-json\/wp\/v2\/product_tag?post=123128"}],"curies":[{"name":"wp","href":"https:\/\/api.w.org\/{rel}","templated":true}]}}