{"id":122654,"date":"2022-05-15T09:47:01","date_gmt":"2022-05-15T07:47:01","guid":{"rendered":"https:\/\/marktxxl.de\/markt\/produkt\/snuggle-blue-sparkle-fluessiger-weichspueler-2-x-konzentriert-200-waschladungen-236-ml\/"},"modified":"2023-04-09T03:32:30","modified_gmt":"2023-04-09T01:32:30","slug":"snuggle-blue-sparkle-fluessiger-weichspueler-2-x-konzentriert-200-waschladungen-236-ml","status":"publish","type":"product","link":"https:\/\/marktxxl.de\/markt\/produkt\/snuggle-blue-sparkle-fluessiger-weichspueler-2-x-konzentriert-200-waschladungen-236-ml\/","title":{"rendered":"Snuggle Fl\u00fcssiger Weichsp\u00fcler, 2 x Konzentrat"},"content":{"rendered":"<p>Snuggle Original Blue Sparkle Duft ist eine frische und saubere Mischung aus wei\u00dfen, blumigen und hellgr\u00fcnen Zitrusnoten, die sich in warme, holzige Noten und weichem Moschus einkuscheln und eine beruhigende, langanhaltende Frische, die Ihrer Familie lieben wird.<br \/>\nDie Verwendung von Weichsp\u00fcler bei der W\u00e4sche kann eine bessere Weichheit und bessere Frische bieten, Falten reduzieren und statische Aufladung an den Stoffen Ihrer Kleidung, Handt\u00fcchern und Laken reduzieren.<br \/>\nDiese konzentrierte Formel liefert 2 x mehr Weichheit in jedem Tropfen, sodass Sie nicht so viel verwenden m\u00fcssen, um Ihre Kleidung kuschelig weich zu machen.<br \/>\nSicher f\u00fcr Standard- und hocheffiziente (HE) Waschmaschinen.<br \/>\nEnth\u00e4lt eine 2,3-Liter-Flasche Snuggle 2 x fl\u00fcssigen Weichsp\u00fcler mit dem Duft Blue Sparkle, ausreichend f\u00fcr 200 Waschungen.<br \/>\n<div class=\"main-cross-sell\" data-asin=\"B07ND9L6S2\">\n\n\t<div class=\"WooZone-cross-sell-loader\">\n\t\t<div>\n\t\t\t<div id=\"floatingBarsG\">\n\t\t\t\t<div class=\"blockG\" id=\"rotateG_01\"><\/div>\n\t\t\t\t<div class=\"blockG\" id=\"rotateG_02\"><\/div>\n\t\t\t\t<div class=\"blockG\" id=\"rotateG_03\"><\/div>\n\t\t\t\t<div class=\"blockG\" id=\"rotateG_04\"><\/div>\n\t\t\t\t<div class=\"blockG\" id=\"rotateG_05\"><\/div>\n\t\t\t\t<div class=\"blockG\" id=\"rotateG_06\"><\/div>\n\t\t\t\t<div class=\"blockG\" id=\"rotateG_07\"><\/div>\n\t\t\t\t<div class=\"blockG\" id=\"rotateG_08\"><\/div>\n\t\t\t<\/div>\n\t\t\t<div class=\"WooZone-cross-sell-loader-text\"><\/div>\n\t\t<\/div>\n\t<\/div>\n\n\t\t\n<\/div>\n<div style=\"clear:both;\"><\/div><\/p>\n","protected":false},"excerpt":{"rendered":"<p>Snuggle Original Blue Sparkle Duft ist eine frische und saubere Mischung aus wei\u00dfen, blumigen und hellgr\u00fcnen Zitrusnoten, die sich in warme, holzige Noten und weichem Moschus einkuscheln und eine beruhigende, langanhaltende Frische, die Ihrer Familie lieben wird.<br \/>\nDie Verwendung von Weichsp\u00fcler bei der W\u00e4sche kann eine bessere Weichheit und bessere Frische bieten, Falten reduzieren und statische Aufladung an den Stoffen Ihrer Kleidung, Handt\u00fcchern und Laken reduzieren.<br \/>\nDiese konzentrierte Formel liefert 2 x mehr Weichheit in jedem Tropfen, sodass Sie nicht so viel verwenden m\u00fcssen, um Ihre Kleidung kuschelig weich zu machen.<\/p>\n","protected":false},"featured_media":122655,"comment_status":"open","ping_status":"closed","template":"","meta":[],"product_brand":[],"product_cat":[566,5467],"product_tag":[],"class_list":{"0":"post-122654","1":"product","2":"type-product","3":"status-publish","4":"has-post-thumbnail","6":"product_cat-drogerie-koerperpflege","7":"product_cat-haushaltswaren-reinigungsmittel","8":"pa_binding-badartikel","9":"pa_brand-snuggle","10":"pa_height-11-37-zoll","11":"pa_length-7-5-zoll","12":"pa_manufacturer-sun-products-corporation","13":"pa_model-35592","14":"pa_size-80-fl-oz-pack-of-1","15":"pa_weight-4-97-pfund","16":"pa_width-4-14-zoll","18":"first","19":"instock","20":"shipping-taxable","21":"purchasable","22":"product-type-simple","23":"customify-col","24":"product-has-gallery"},"yoast_head":"<!-- This site is optimized with the Yoast SEO plugin v27.3 - https:\/\/yoast.com\/product\/yoast-seo-wordpress\/ -->\n<title>Snuggle Fl\u00fcssiger Weichsp\u00fcler, 2 x Konzentrat - Markt-XXL<\/title>\n<meta name=\"description\" content=\"Markt-XXL Snuggle Fl\u00fcssiger Weichsp\u00fcler, 2 x Konzentrat\" \/>\n<meta name=\"robots\" content=\"index, follow, max-snippet:-1, max-image-preview:large, max-video-preview:-1\" \/>\n<link rel=\"canonical\" href=\"https:\/\/marktxxl.de\/markt\/produkt\/snuggle-blue-sparkle-fluessiger-weichspueler-2-x-konzentriert-200-waschladungen-236-ml\/\" \/>\n<meta property=\"og:locale\" content=\"de_DE\" \/>\n<meta property=\"og:type\" content=\"article\" \/>\n<meta property=\"og:title\" content=\"Snuggle Fl\u00fcssiger Weichsp\u00fcler, 2 x Konzentrat - Markt-XXL\" \/>\n<meta property=\"og:description\" content=\"Markt-XXL Snuggle Fl\u00fcssiger Weichsp\u00fcler, 2 x Konzentrat\" \/>\n<meta property=\"og:url\" content=\"https:\/\/marktxxl.de\/markt\/produkt\/snuggle-blue-sparkle-fluessiger-weichspueler-2-x-konzentriert-200-waschladungen-236-ml\/\" \/>\n<meta property=\"og:site_name\" content=\"Markt-XXL\" \/>\n<meta property=\"article:modified_time\" content=\"2023-04-09T01:32:30+00:00\" \/>\n<meta property=\"og:image\" content=\"https:\/\/m.media-amazon.com\/images\/I\/41earbA5Z7S._SL500_.jpg\" \/>\n\t<meta property=\"og:image:width\" content=\"500\" \/>\n\t<meta property=\"og:image:height\" content=\"500\" \/>\n\t<meta property=\"og:image:type\" content=\"image\/jpeg\" \/>\n<meta name=\"twitter:card\" content=\"summary_large_image\" \/>\n<meta name=\"twitter:label1\" content=\"Gesch\u00e4tzte Lesezeit\" \/>\n\t<meta name=\"twitter:data1\" content=\"1\u00a0Minute\" \/>\n<script type=\"application\/ld+json\" class=\"yoast-schema-graph\">{\"@context\":\"https:\\\/\\\/schema.org\",\"@graph\":[{\"@type\":\"WebPage\",\"@id\":\"https:\\\/\\\/marktxxl.de\\\/markt\\\/produkt\\\/snuggle-blue-sparkle-fluessiger-weichspueler-2-x-konzentriert-200-waschladungen-236-ml\\\/\",\"url\":\"https:\\\/\\\/marktxxl.de\\\/markt\\\/produkt\\\/snuggle-blue-sparkle-fluessiger-weichspueler-2-x-konzentriert-200-waschladungen-236-ml\\\/\",\"name\":\"Snuggle Fl\u00fcssiger Weichsp\u00fcler, 2 x Konzentrat - Markt-XXL\",\"isPartOf\":{\"@id\":\"https:\\\/\\\/marktxxl.de\\\/markt\\\/#website\"},\"primaryImageOfPage\":{\"@id\":\"https:\\\/\\\/marktxxl.de\\\/markt\\\/produkt\\\/snuggle-blue-sparkle-fluessiger-weichspueler-2-x-konzentriert-200-waschladungen-236-ml\\\/#primaryimage\"},\"image\":{\"@id\":\"https:\\\/\\\/marktxxl.de\\\/markt\\\/produkt\\\/snuggle-blue-sparkle-fluessiger-weichspueler-2-x-konzentriert-200-waschladungen-236-ml\\\/#primaryimage\"},\"thumbnailUrl\":\"https:\\\/\\\/m.media-amazon.com\\\/images\\\/I\\\/41earbA5Z7S._SL500_.jpg\",\"datePublished\":\"2022-05-15T07:47:01+00:00\",\"dateModified\":\"2023-04-09T01:32:30+00:00\",\"description\":\"Markt-XXL Snuggle Fl\u00fcssiger Weichsp\u00fcler, 2 x Konzentrat\",\"breadcrumb\":{\"@id\":\"https:\\\/\\\/marktxxl.de\\\/markt\\\/produkt\\\/snuggle-blue-sparkle-fluessiger-weichspueler-2-x-konzentriert-200-waschladungen-236-ml\\\/#breadcrumb\"},\"inLanguage\":\"de\",\"potentialAction\":[{\"@type\":\"ReadAction\",\"target\":[\"https:\\\/\\\/marktxxl.de\\\/markt\\\/produkt\\\/snuggle-blue-sparkle-fluessiger-weichspueler-2-x-konzentriert-200-waschladungen-236-ml\\\/\"]}]},{\"@type\":\"ImageObject\",\"inLanguage\":\"de\",\"@id\":\"https:\\\/\\\/marktxxl.de\\\/markt\\\/produkt\\\/snuggle-blue-sparkle-fluessiger-weichspueler-2-x-konzentriert-200-waschladungen-236-ml\\\/#primaryimage\",\"url\":\"https:\\\/\\\/m.media-amazon.com\\\/images\\\/I\\\/41earbA5Z7S._SL500_.jpg\",\"contentUrl\":\"https:\\\/\\\/m.media-amazon.com\\\/images\\\/I\\\/41earbA5Z7S._SL500_.jpg\",\"width\":500,\"height\":500},{\"@type\":\"BreadcrumbList\",\"@id\":\"https:\\\/\\\/marktxxl.de\\\/markt\\\/produkt\\\/snuggle-blue-sparkle-fluessiger-weichspueler-2-x-konzentriert-200-waschladungen-236-ml\\\/#breadcrumb\",\"itemListElement\":[{\"@type\":\"ListItem\",\"position\":1,\"name\":\"Startseite\",\"item\":\"https:\\\/\\\/marktxxl.de\\\/markt\\\/\"},{\"@type\":\"ListItem\",\"position\":2,\"name\":\"Markt\",\"item\":\"https:\\\/\\\/marktxxl.de\\\/markt\\\/\"},{\"@type\":\"ListItem\",\"position\":3,\"name\":\"Snuggle Fl\u00fcssiger Weichsp\u00fcler, 2 x Konzentrat\"}]},{\"@type\":\"WebSite\",\"@id\":\"https:\\\/\\\/marktxxl.de\\\/markt\\\/#website\",\"url\":\"https:\\\/\\\/marktxxl.de\\\/markt\\\/\",\"name\":\"Markt-XXL\",\"description\":\"Ihr Markt Online\",\"publisher\":{\"@id\":\"https:\\\/\\\/marktxxl.de\\\/markt\\\/#organization\"},\"potentialAction\":[{\"@type\":\"SearchAction\",\"target\":{\"@type\":\"EntryPoint\",\"urlTemplate\":\"https:\\\/\\\/marktxxl.de\\\/markt\\\/?s={search_term_string}\"},\"query-input\":{\"@type\":\"PropertyValueSpecification\",\"valueRequired\":true,\"valueName\":\"search_term_string\"}}],\"inLanguage\":\"de\"},{\"@type\":\"Organization\",\"@id\":\"https:\\\/\\\/marktxxl.de\\\/markt\\\/#organization\",\"name\":\"Markt-XXL\",\"url\":\"https:\\\/\\\/marktxxl.de\\\/markt\\\/\",\"logo\":{\"@type\":\"ImageObject\",\"inLanguage\":\"de\",\"@id\":\"https:\\\/\\\/marktxxl.de\\\/markt\\\/#\\\/schema\\\/logo\\\/image\\\/\",\"url\":\"https:\\\/\\\/marktxxl.de\\\/markt\\\/wp-content\\\/uploads\\\/sites\\\/3\\\/2020\\\/12\\\/logo.png\",\"contentUrl\":\"https:\\\/\\\/marktxxl.de\\\/markt\\\/wp-content\\\/uploads\\\/sites\\\/3\\\/2020\\\/12\\\/logo.png\",\"width\":200,\"height\":70,\"caption\":\"Markt-XXL\"},\"image\":{\"@id\":\"https:\\\/\\\/marktxxl.de\\\/markt\\\/#\\\/schema\\\/logo\\\/image\\\/\"}}]}<\/script>\n<!-- \/ Yoast SEO plugin. -->","yoast_head_json":{"title":"Snuggle Fl\u00fcssiger Weichsp\u00fcler, 2 x Konzentrat - Markt-XXL","description":"Markt-XXL Snuggle Fl\u00fcssiger Weichsp\u00fcler, 2 x Konzentrat","robots":{"index":"index","follow":"follow","max-snippet":"max-snippet:-1","max-image-preview":"max-image-preview:large","max-video-preview":"max-video-preview:-1"},"canonical":"https:\/\/marktxxl.de\/markt\/produkt\/snuggle-blue-sparkle-fluessiger-weichspueler-2-x-konzentriert-200-waschladungen-236-ml\/","og_locale":"de_DE","og_type":"article","og_title":"Snuggle Fl\u00fcssiger Weichsp\u00fcler, 2 x Konzentrat - Markt-XXL","og_description":"Markt-XXL Snuggle Fl\u00fcssiger Weichsp\u00fcler, 2 x Konzentrat","og_url":"https:\/\/marktxxl.de\/markt\/produkt\/snuggle-blue-sparkle-fluessiger-weichspueler-2-x-konzentriert-200-waschladungen-236-ml\/","og_site_name":"Markt-XXL","article_modified_time":"2023-04-09T01:32:30+00:00","og_image":[{"width":500,"height":500,"url":"https:\/\/m.media-amazon.com\/images\/I\/41earbA5Z7S._SL500_.jpg","type":"image\/jpeg"}],"twitter_card":"summary_large_image","twitter_misc":{"Gesch\u00e4tzte Lesezeit":"1\u00a0Minute"},"schema":{"@context":"https:\/\/schema.org","@graph":[{"@type":"WebPage","@id":"https:\/\/marktxxl.de\/markt\/produkt\/snuggle-blue-sparkle-fluessiger-weichspueler-2-x-konzentriert-200-waschladungen-236-ml\/","url":"https:\/\/marktxxl.de\/markt\/produkt\/snuggle-blue-sparkle-fluessiger-weichspueler-2-x-konzentriert-200-waschladungen-236-ml\/","name":"Snuggle Fl\u00fcssiger Weichsp\u00fcler, 2 x Konzentrat - Markt-XXL","isPartOf":{"@id":"https:\/\/marktxxl.de\/markt\/#website"},"primaryImageOfPage":{"@id":"https:\/\/marktxxl.de\/markt\/produkt\/snuggle-blue-sparkle-fluessiger-weichspueler-2-x-konzentriert-200-waschladungen-236-ml\/#primaryimage"},"image":{"@id":"https:\/\/marktxxl.de\/markt\/produkt\/snuggle-blue-sparkle-fluessiger-weichspueler-2-x-konzentriert-200-waschladungen-236-ml\/#primaryimage"},"thumbnailUrl":"https:\/\/m.media-amazon.com\/images\/I\/41earbA5Z7S._SL500_.jpg","datePublished":"2022-05-15T07:47:01+00:00","dateModified":"2023-04-09T01:32:30+00:00","description":"Markt-XXL Snuggle Fl\u00fcssiger Weichsp\u00fcler, 2 x Konzentrat","breadcrumb":{"@id":"https:\/\/marktxxl.de\/markt\/produkt\/snuggle-blue-sparkle-fluessiger-weichspueler-2-x-konzentriert-200-waschladungen-236-ml\/#breadcrumb"},"inLanguage":"de","potentialAction":[{"@type":"ReadAction","target":["https:\/\/marktxxl.de\/markt\/produkt\/snuggle-blue-sparkle-fluessiger-weichspueler-2-x-konzentriert-200-waschladungen-236-ml\/"]}]},{"@type":"ImageObject","inLanguage":"de","@id":"https:\/\/marktxxl.de\/markt\/produkt\/snuggle-blue-sparkle-fluessiger-weichspueler-2-x-konzentriert-200-waschladungen-236-ml\/#primaryimage","url":"https:\/\/m.media-amazon.com\/images\/I\/41earbA5Z7S._SL500_.jpg","contentUrl":"https:\/\/m.media-amazon.com\/images\/I\/41earbA5Z7S._SL500_.jpg","width":500,"height":500},{"@type":"BreadcrumbList","@id":"https:\/\/marktxxl.de\/markt\/produkt\/snuggle-blue-sparkle-fluessiger-weichspueler-2-x-konzentriert-200-waschladungen-236-ml\/#breadcrumb","itemListElement":[{"@type":"ListItem","position":1,"name":"Startseite","item":"https:\/\/marktxxl.de\/markt\/"},{"@type":"ListItem","position":2,"name":"Markt","item":"https:\/\/marktxxl.de\/markt\/"},{"@type":"ListItem","position":3,"name":"Snuggle Fl\u00fcssiger Weichsp\u00fcler, 2 x Konzentrat"}]},{"@type":"WebSite","@id":"https:\/\/marktxxl.de\/markt\/#website","url":"https:\/\/marktxxl.de\/markt\/","name":"Markt-XXL","description":"Ihr Markt Online","publisher":{"@id":"https:\/\/marktxxl.de\/markt\/#organization"},"potentialAction":[{"@type":"SearchAction","target":{"@type":"EntryPoint","urlTemplate":"https:\/\/marktxxl.de\/markt\/?s={search_term_string}"},"query-input":{"@type":"PropertyValueSpecification","valueRequired":true,"valueName":"search_term_string"}}],"inLanguage":"de"},{"@type":"Organization","@id":"https:\/\/marktxxl.de\/markt\/#organization","name":"Markt-XXL","url":"https:\/\/marktxxl.de\/markt\/","logo":{"@type":"ImageObject","inLanguage":"de","@id":"https:\/\/marktxxl.de\/markt\/#\/schema\/logo\/image\/","url":"https:\/\/marktxxl.de\/markt\/wp-content\/uploads\/sites\/3\/2020\/12\/logo.png","contentUrl":"https:\/\/marktxxl.de\/markt\/wp-content\/uploads\/sites\/3\/2020\/12\/logo.png","width":200,"height":70,"caption":"Markt-XXL"},"image":{"@id":"https:\/\/marktxxl.de\/markt\/#\/schema\/logo\/image\/"}}]}},"_links":{"self":[{"href":"https:\/\/marktxxl.de\/markt\/wp-json\/wp\/v2\/product\/122654","targetHints":{"allow":["GET"]}}],"collection":[{"href":"https:\/\/marktxxl.de\/markt\/wp-json\/wp\/v2\/product"}],"about":[{"href":"https:\/\/marktxxl.de\/markt\/wp-json\/wp\/v2\/types\/product"}],"replies":[{"embeddable":true,"href":"https:\/\/marktxxl.de\/markt\/wp-json\/wp\/v2\/comments?post=122654"}],"wp:featuredmedia":[{"embeddable":true,"href":"https:\/\/marktxxl.de\/markt\/wp-json\/wp\/v2\/media\/122655"}],"wp:attachment":[{"href":"https:\/\/marktxxl.de\/markt\/wp-json\/wp\/v2\/media?parent=122654"}],"wp:term":[{"taxonomy":"product_brand","embeddable":true,"href":"https:\/\/marktxxl.de\/markt\/wp-json\/wp\/v2\/product_brand?post=122654"},{"taxonomy":"product_cat","embeddable":true,"href":"https:\/\/marktxxl.de\/markt\/wp-json\/wp\/v2\/product_cat?post=122654"},{"taxonomy":"product_tag","embeddable":true,"href":"https:\/\/marktxxl.de\/markt\/wp-json\/wp\/v2\/product_tag?post=122654"}],"curies":[{"name":"wp","href":"https:\/\/api.w.org\/{rel}","templated":true}]}}