{"id":122417,"date":"2022-05-15T09:10:54","date_gmt":"2022-05-15T07:10:54","guid":{"rendered":"https:\/\/marktxxl.de\/markt\/produkt\/dmjia-silikon-waermeleitpad-30-stuecke-67-x-20-mm-wiederverwendbar-thermal-pad-dick-05-1-15-mm-waermeleitende-silikonpads-waermeleitpads-fuer-gpu-kuehlkoerper-cpu-chip-led-waermeleitung\/"},"modified":"2023-04-10T03:56:25","modified_gmt":"2023-04-10T01:56:25","slug":"dmjia-silikon-waermeleitpad-30-stuecke-67-x-20-mm-wiederverwendbar-thermal-pad-dick-05-1-15-mm-waermeleitende-silikonpads-waermeleitpads-fuer-gpu-kuehlkoerper-cpu-chip-led-waermeleitung","status":"publish","type":"product","link":"https:\/\/marktxxl.de\/markt\/produkt\/dmjia-silikon-waermeleitpad-30-stuecke-67-x-20-mm-wiederverwendbar-thermal-pad-dick-05-1-15-mm-waermeleitende-silikonpads-waermeleitpads-fuer-gpu-kuehlkoerper-cpu-chip-led-waermeleitung\/","title":{"rendered":"Dmjia Silikon W\u00e4rmeleitpad, 30 St\u00fccke 67 x 20 mm Wiederverwendbar Thermal Pad, Dick 0,5\/1\/ 1,5 mm, W\u00e4rmeleitende\u2026"},"content":{"rendered":"<p>\ud83d\udcaaMarkenverk\u00e4ufer: 30 W\u00e4rmeleitpads \/ Thermal Pads (Abmessungen: Breite 20 mm, L\u00e4nge 67 mm, je 10 x in der St\u00e4rke 0,5 mm \/ 1 mm \/ 1,5 mm), Farbe blau. Wenn Sie Fragen haben, k\u00f6nnen Sie sich gerne an uns wenden. Wir garantieren Ihnen einen zufriedenstellenden Service<br \/>\n\ud83d\udcaaHocheffizientes Thermal Pads: Das auf Silikon und einem speziellen F\u00fcller basierenden Thermal Pad \u00fcbertrifft generische und leistungsorientierte Pads bei weitem, W\u00e4rmeleitf\u00e4higkeit 6 W\/m*k, elektrisch isolierend, temperaturbest\u00e4ndig, langlebig, oxidationsbest\u00e4ndig, Wiederverwendbar<br \/>\n\ud83d\udcaaAnstatt W\u00e4rmeleitpaste oder Thermal Tape: W\u00e4rmeleitpads lassen sich ganz einfach zuschneiden, auflegen und wieder abl\u00f6sen, Sie k\u00f6nnen die am besten geeignete Dicke ausw\u00e4hlen und die erforderlichen Gr\u00f6\u00dfen schneiden. ein netter Assistent f\u00fcr Anf\u00e4nger und Profis<br \/>\n\ud83d\udcaaSichere Handhabung: Das Pad enth\u00e4lt keine Metallpartikel, ist elektrisch isolierend und nicht kapazitiv. Die Handhabung ist somit sicher, da ein Kontakt mit elektrischen Teilen nicht zu Sch\u00e4den f\u00fchrt<br \/>\n\ud83d\udcaaBreite Anwendung: Dank geringer H\u00e4rte und guter Komprimierungseigenschaften wirkt das Thermal Pad als perfekter Gap Filler und \u00fcberbr\u00fcckt problemlos unebene Oberfl\u00e4chen und Luftspalten. Die f\u00fcr Steuerplatine, Motor, Elektronik, CPU, GPU, K\u00fchlk\u00f6rper, Power LED, Automechanik, Computerhost, Laptop, DVD, VCD, LID, Set Top Box und LED geeignet ist IC und alle K\u00fchlmodule<br \/>\n<div class=\"main-cross-sell\" data-asin=\"B09WMR9V11\">\n\n\t<div class=\"WooZone-cross-sell-loader\">\n\t\t<div>\n\t\t\t<div id=\"floatingBarsG\">\n\t\t\t\t<div class=\"blockG\" id=\"rotateG_01\"><\/div>\n\t\t\t\t<div class=\"blockG\" id=\"rotateG_02\"><\/div>\n\t\t\t\t<div class=\"blockG\" id=\"rotateG_03\"><\/div>\n\t\t\t\t<div class=\"blockG\" id=\"rotateG_04\"><\/div>\n\t\t\t\t<div class=\"blockG\" id=\"rotateG_05\"><\/div>\n\t\t\t\t<div class=\"blockG\" id=\"rotateG_06\"><\/div>\n\t\t\t\t<div class=\"blockG\" id=\"rotateG_07\"><\/div>\n\t\t\t\t<div class=\"blockG\" id=\"rotateG_08\"><\/div>\n\t\t\t<\/div>\n\t\t\t<div class=\"WooZone-cross-sell-loader-text\"><\/div>\n\t\t<\/div>\n\t<\/div>\n\n\t\t\n<\/div>\n<div style=\"clear:both;\"><\/div><\/p>\n","protected":false},"excerpt":{"rendered":"<p>\ud83d\udcaaMarkenverk\u00e4ufer: 30 W\u00e4rmeleitpads \/ Thermal Pads (Abmessungen: Breite 20 mm, L\u00e4nge 67 mm, je 10 x in der St\u00e4rke 0,5 mm \/ 1 mm \/ 1,5 mm), Farbe blau. Wenn Sie Fragen haben, k\u00f6nnen Sie sich gerne an uns wenden. Wir garantieren Ihnen einen zufriedenstellenden Service<br \/>\n\ud83d\udcaaHocheffizientes Thermal Pads: Das auf Silikon und einem speziellen F\u00fcller basierenden Thermal Pad \u00fcbertrifft generische und leistungsorientierte Pads bei weitem, W\u00e4rmeleitf\u00e4higkeit 6 W\/m*k, elektrisch isolierend, temperaturbest\u00e4ndig, langlebig, oxidationsbest\u00e4ndig, Wiederverwendbar<br \/>\n\ud83d\udcaaAnstatt W\u00e4rmeleitpaste oder Thermal Tape: W\u00e4rmeleitpads lassen sich ganz einfach zuschneiden, auflegen und wieder abl\u00f6sen, Sie k\u00f6nnen die am besten geeignete Dicke ausw\u00e4hlen und die erforderlichen Gr\u00f6\u00dfen schneiden. ein netter Assistent f\u00fcr Anf\u00e4nger und Profis<\/p>\n","protected":false},"featured_media":122418,"comment_status":"open","ping_status":"closed","template":"","meta":[],"product_brand":[],"product_cat":[863],"product_tag":[],"class_list":{"0":"post-122417","1":"product","2":"type-product","3":"status-publish","4":"has-post-thumbnail","6":"product_cat-computer-zubehoer","7":"pa_binding-elektronik","8":"pa_brand-dmjia","9":"pa_manufacturer-dmjia","11":"first","12":"instock","13":"shipping-taxable","14":"purchasable","15":"product-type-simple","16":"customify-col","17":"product-has-gallery"},"yoast_head":"<!-- This site is optimized with the Yoast SEO plugin v27.4 - https:\/\/yoast.com\/product\/yoast-seo-wordpress\/ -->\n<title>Dmjia Silikon W\u00e4rmeleitpad, 30 St\u00fccke 67 x 20 mm Wiederverwendbar Thermal Pad, Dick 0,5\/1\/ 1,5 mm, W\u00e4rmeleitende\u2026 - Markt-XXL<\/title>\n<meta name=\"description\" content=\"Markt-XXL Dmjia Silikon W\u00e4rmeleitpad, 30 St\u00fccke 67 x 20 mm Wiederverwendbar Thermal Pad, Dick 0,5\/1\/ 1,5 mm, W\u00e4rmeleitende\u2026\" \/>\n<meta name=\"robots\" content=\"index, follow, max-snippet:-1, max-image-preview:large, max-video-preview:-1\" \/>\n<link rel=\"canonical\" href=\"https:\/\/marktxxl.de\/markt\/produkt\/dmjia-silikon-waermeleitpad-30-stuecke-67-x-20-mm-wiederverwendbar-thermal-pad-dick-05-1-15-mm-waermeleitende-silikonpads-waermeleitpads-fuer-gpu-kuehlkoerper-cpu-chip-led-waermeleitung\/\" \/>\n<meta property=\"og:locale\" content=\"de_DE\" \/>\n<meta property=\"og:type\" content=\"article\" \/>\n<meta property=\"og:title\" content=\"Dmjia Silikon W\u00e4rmeleitpad, 30 St\u00fccke 67 x 20 mm Wiederverwendbar Thermal Pad, Dick 0,5\/1\/ 1,5 mm, W\u00e4rmeleitende\u2026 - Markt-XXL\" \/>\n<meta property=\"og:description\" content=\"Markt-XXL Dmjia Silikon W\u00e4rmeleitpad, 30 St\u00fccke 67 x 20 mm Wiederverwendbar Thermal Pad, Dick 0,5\/1\/ 1,5 mm, W\u00e4rmeleitende\u2026\" \/>\n<meta property=\"og:url\" content=\"https:\/\/marktxxl.de\/markt\/produkt\/dmjia-silikon-waermeleitpad-30-stuecke-67-x-20-mm-wiederverwendbar-thermal-pad-dick-05-1-15-mm-waermeleitende-silikonpads-waermeleitpads-fuer-gpu-kuehlkoerper-cpu-chip-led-waermeleitung\/\" \/>\n<meta property=\"og:site_name\" content=\"Markt-XXL\" \/>\n<meta property=\"article:modified_time\" content=\"2023-04-10T01:56:25+00:00\" \/>\n<meta property=\"og:image\" content=\"https:\/\/m.media-amazon.com\/images\/I\/41tY5wWunZL._SL500_.jpg\" \/>\n\t<meta property=\"og:image:width\" content=\"500\" \/>\n\t<meta property=\"og:image:height\" content=\"424\" \/>\n\t<meta property=\"og:image:type\" content=\"image\/jpeg\" \/>\n<meta name=\"twitter:card\" content=\"summary_large_image\" \/>\n<meta name=\"twitter:label1\" content=\"Gesch\u00e4tzte Lesezeit\" \/>\n\t<meta name=\"twitter:data1\" content=\"1\u00a0Minute\" \/>\n<script type=\"application\/ld+json\" class=\"yoast-schema-graph\">{\"@context\":\"https:\\\/\\\/schema.org\",\"@graph\":[{\"@type\":\"WebPage\",\"@id\":\"https:\\\/\\\/marktxxl.de\\\/markt\\\/produkt\\\/dmjia-silikon-waermeleitpad-30-stuecke-67-x-20-mm-wiederverwendbar-thermal-pad-dick-05-1-15-mm-waermeleitende-silikonpads-waermeleitpads-fuer-gpu-kuehlkoerper-cpu-chip-led-waermeleitung\\\/\",\"url\":\"https:\\\/\\\/marktxxl.de\\\/markt\\\/produkt\\\/dmjia-silikon-waermeleitpad-30-stuecke-67-x-20-mm-wiederverwendbar-thermal-pad-dick-05-1-15-mm-waermeleitende-silikonpads-waermeleitpads-fuer-gpu-kuehlkoerper-cpu-chip-led-waermeleitung\\\/\",\"name\":\"Dmjia Silikon W\u00e4rmeleitpad, 30 St\u00fccke 67 x 20 mm Wiederverwendbar Thermal Pad, Dick 0,5\\\/1\\\/ 1,5 mm, W\u00e4rmeleitende\u2026 - Markt-XXL\",\"isPartOf\":{\"@id\":\"https:\\\/\\\/marktxxl.de\\\/markt\\\/#website\"},\"primaryImageOfPage\":{\"@id\":\"https:\\\/\\\/marktxxl.de\\\/markt\\\/produkt\\\/dmjia-silikon-waermeleitpad-30-stuecke-67-x-20-mm-wiederverwendbar-thermal-pad-dick-05-1-15-mm-waermeleitende-silikonpads-waermeleitpads-fuer-gpu-kuehlkoerper-cpu-chip-led-waermeleitung\\\/#primaryimage\"},\"image\":{\"@id\":\"https:\\\/\\\/marktxxl.de\\\/markt\\\/produkt\\\/dmjia-silikon-waermeleitpad-30-stuecke-67-x-20-mm-wiederverwendbar-thermal-pad-dick-05-1-15-mm-waermeleitende-silikonpads-waermeleitpads-fuer-gpu-kuehlkoerper-cpu-chip-led-waermeleitung\\\/#primaryimage\"},\"thumbnailUrl\":\"https:\\\/\\\/m.media-amazon.com\\\/images\\\/I\\\/41tY5wWunZL._SL500_.jpg\",\"datePublished\":\"2022-05-15T07:10:54+00:00\",\"dateModified\":\"2023-04-10T01:56:25+00:00\",\"description\":\"Markt-XXL Dmjia Silikon W\u00e4rmeleitpad, 30 St\u00fccke 67 x 20 mm Wiederverwendbar Thermal Pad, Dick 0,5\\\/1\\\/ 1,5 mm, W\u00e4rmeleitende\u2026\",\"breadcrumb\":{\"@id\":\"https:\\\/\\\/marktxxl.de\\\/markt\\\/produkt\\\/dmjia-silikon-waermeleitpad-30-stuecke-67-x-20-mm-wiederverwendbar-thermal-pad-dick-05-1-15-mm-waermeleitende-silikonpads-waermeleitpads-fuer-gpu-kuehlkoerper-cpu-chip-led-waermeleitung\\\/#breadcrumb\"},\"inLanguage\":\"de\",\"potentialAction\":[{\"@type\":\"ReadAction\",\"target\":[\"https:\\\/\\\/marktxxl.de\\\/markt\\\/produkt\\\/dmjia-silikon-waermeleitpad-30-stuecke-67-x-20-mm-wiederverwendbar-thermal-pad-dick-05-1-15-mm-waermeleitende-silikonpads-waermeleitpads-fuer-gpu-kuehlkoerper-cpu-chip-led-waermeleitung\\\/\"]}]},{\"@type\":\"ImageObject\",\"inLanguage\":\"de\",\"@id\":\"https:\\\/\\\/marktxxl.de\\\/markt\\\/produkt\\\/dmjia-silikon-waermeleitpad-30-stuecke-67-x-20-mm-wiederverwendbar-thermal-pad-dick-05-1-15-mm-waermeleitende-silikonpads-waermeleitpads-fuer-gpu-kuehlkoerper-cpu-chip-led-waermeleitung\\\/#primaryimage\",\"url\":\"https:\\\/\\\/m.media-amazon.com\\\/images\\\/I\\\/41tY5wWunZL._SL500_.jpg\",\"contentUrl\":\"https:\\\/\\\/m.media-amazon.com\\\/images\\\/I\\\/41tY5wWunZL._SL500_.jpg\",\"width\":500,\"height\":424},{\"@type\":\"BreadcrumbList\",\"@id\":\"https:\\\/\\\/marktxxl.de\\\/markt\\\/produkt\\\/dmjia-silikon-waermeleitpad-30-stuecke-67-x-20-mm-wiederverwendbar-thermal-pad-dick-05-1-15-mm-waermeleitende-silikonpads-waermeleitpads-fuer-gpu-kuehlkoerper-cpu-chip-led-waermeleitung\\\/#breadcrumb\",\"itemListElement\":[{\"@type\":\"ListItem\",\"position\":1,\"name\":\"Startseite\",\"item\":\"https:\\\/\\\/marktxxl.de\\\/markt\\\/\"},{\"@type\":\"ListItem\",\"position\":2,\"name\":\"Markt\",\"item\":\"https:\\\/\\\/marktxxl.de\\\/markt\\\/\"},{\"@type\":\"ListItem\",\"position\":3,\"name\":\"Dmjia Silikon W\u00e4rmeleitpad, 30 St\u00fccke 67 x 20 mm Wiederverwendbar Thermal Pad, Dick 0,5\\\/1\\\/ 1,5 mm, W\u00e4rmeleitende\u2026\"}]},{\"@type\":\"WebSite\",\"@id\":\"https:\\\/\\\/marktxxl.de\\\/markt\\\/#website\",\"url\":\"https:\\\/\\\/marktxxl.de\\\/markt\\\/\",\"name\":\"Markt-XXL\",\"description\":\"Ihr Markt Online\",\"publisher\":{\"@id\":\"https:\\\/\\\/marktxxl.de\\\/markt\\\/#organization\"},\"potentialAction\":[{\"@type\":\"SearchAction\",\"target\":{\"@type\":\"EntryPoint\",\"urlTemplate\":\"https:\\\/\\\/marktxxl.de\\\/markt\\\/?s={search_term_string}\"},\"query-input\":{\"@type\":\"PropertyValueSpecification\",\"valueRequired\":true,\"valueName\":\"search_term_string\"}}],\"inLanguage\":\"de\"},{\"@type\":\"Organization\",\"@id\":\"https:\\\/\\\/marktxxl.de\\\/markt\\\/#organization\",\"name\":\"Markt-XXL\",\"url\":\"https:\\\/\\\/marktxxl.de\\\/markt\\\/\",\"logo\":{\"@type\":\"ImageObject\",\"inLanguage\":\"de\",\"@id\":\"https:\\\/\\\/marktxxl.de\\\/markt\\\/#\\\/schema\\\/logo\\\/image\\\/\",\"url\":\"https:\\\/\\\/marktxxl.de\\\/markt\\\/wp-content\\\/uploads\\\/sites\\\/3\\\/2020\\\/12\\\/logo.png\",\"contentUrl\":\"https:\\\/\\\/marktxxl.de\\\/markt\\\/wp-content\\\/uploads\\\/sites\\\/3\\\/2020\\\/12\\\/logo.png\",\"width\":200,\"height\":70,\"caption\":\"Markt-XXL\"},\"image\":{\"@id\":\"https:\\\/\\\/marktxxl.de\\\/markt\\\/#\\\/schema\\\/logo\\\/image\\\/\"}}]}<\/script>\n<!-- \/ Yoast SEO plugin. -->","yoast_head_json":{"title":"Dmjia Silikon W\u00e4rmeleitpad, 30 St\u00fccke 67 x 20 mm Wiederverwendbar Thermal Pad, Dick 0,5\/1\/ 1,5 mm, W\u00e4rmeleitende\u2026 - Markt-XXL","description":"Markt-XXL Dmjia Silikon W\u00e4rmeleitpad, 30 St\u00fccke 67 x 20 mm Wiederverwendbar Thermal Pad, Dick 0,5\/1\/ 1,5 mm, W\u00e4rmeleitende\u2026","robots":{"index":"index","follow":"follow","max-snippet":"max-snippet:-1","max-image-preview":"max-image-preview:large","max-video-preview":"max-video-preview:-1"},"canonical":"https:\/\/marktxxl.de\/markt\/produkt\/dmjia-silikon-waermeleitpad-30-stuecke-67-x-20-mm-wiederverwendbar-thermal-pad-dick-05-1-15-mm-waermeleitende-silikonpads-waermeleitpads-fuer-gpu-kuehlkoerper-cpu-chip-led-waermeleitung\/","og_locale":"de_DE","og_type":"article","og_title":"Dmjia Silikon W\u00e4rmeleitpad, 30 St\u00fccke 67 x 20 mm Wiederverwendbar Thermal Pad, Dick 0,5\/1\/ 1,5 mm, W\u00e4rmeleitende\u2026 - Markt-XXL","og_description":"Markt-XXL Dmjia Silikon W\u00e4rmeleitpad, 30 St\u00fccke 67 x 20 mm Wiederverwendbar Thermal Pad, Dick 0,5\/1\/ 1,5 mm, W\u00e4rmeleitende\u2026","og_url":"https:\/\/marktxxl.de\/markt\/produkt\/dmjia-silikon-waermeleitpad-30-stuecke-67-x-20-mm-wiederverwendbar-thermal-pad-dick-05-1-15-mm-waermeleitende-silikonpads-waermeleitpads-fuer-gpu-kuehlkoerper-cpu-chip-led-waermeleitung\/","og_site_name":"Markt-XXL","article_modified_time":"2023-04-10T01:56:25+00:00","og_image":[{"width":500,"height":424,"url":"https:\/\/m.media-amazon.com\/images\/I\/41tY5wWunZL._SL500_.jpg","type":"image\/jpeg"}],"twitter_card":"summary_large_image","twitter_misc":{"Gesch\u00e4tzte Lesezeit":"1\u00a0Minute"},"schema":{"@context":"https:\/\/schema.org","@graph":[{"@type":"WebPage","@id":"https:\/\/marktxxl.de\/markt\/produkt\/dmjia-silikon-waermeleitpad-30-stuecke-67-x-20-mm-wiederverwendbar-thermal-pad-dick-05-1-15-mm-waermeleitende-silikonpads-waermeleitpads-fuer-gpu-kuehlkoerper-cpu-chip-led-waermeleitung\/","url":"https:\/\/marktxxl.de\/markt\/produkt\/dmjia-silikon-waermeleitpad-30-stuecke-67-x-20-mm-wiederverwendbar-thermal-pad-dick-05-1-15-mm-waermeleitende-silikonpads-waermeleitpads-fuer-gpu-kuehlkoerper-cpu-chip-led-waermeleitung\/","name":"Dmjia Silikon W\u00e4rmeleitpad, 30 St\u00fccke 67 x 20 mm Wiederverwendbar Thermal Pad, Dick 0,5\/1\/ 1,5 mm, W\u00e4rmeleitende\u2026 - Markt-XXL","isPartOf":{"@id":"https:\/\/marktxxl.de\/markt\/#website"},"primaryImageOfPage":{"@id":"https:\/\/marktxxl.de\/markt\/produkt\/dmjia-silikon-waermeleitpad-30-stuecke-67-x-20-mm-wiederverwendbar-thermal-pad-dick-05-1-15-mm-waermeleitende-silikonpads-waermeleitpads-fuer-gpu-kuehlkoerper-cpu-chip-led-waermeleitung\/#primaryimage"},"image":{"@id":"https:\/\/marktxxl.de\/markt\/produkt\/dmjia-silikon-waermeleitpad-30-stuecke-67-x-20-mm-wiederverwendbar-thermal-pad-dick-05-1-15-mm-waermeleitende-silikonpads-waermeleitpads-fuer-gpu-kuehlkoerper-cpu-chip-led-waermeleitung\/#primaryimage"},"thumbnailUrl":"https:\/\/m.media-amazon.com\/images\/I\/41tY5wWunZL._SL500_.jpg","datePublished":"2022-05-15T07:10:54+00:00","dateModified":"2023-04-10T01:56:25+00:00","description":"Markt-XXL Dmjia Silikon W\u00e4rmeleitpad, 30 St\u00fccke 67 x 20 mm Wiederverwendbar Thermal Pad, Dick 0,5\/1\/ 1,5 mm, W\u00e4rmeleitende\u2026","breadcrumb":{"@id":"https:\/\/marktxxl.de\/markt\/produkt\/dmjia-silikon-waermeleitpad-30-stuecke-67-x-20-mm-wiederverwendbar-thermal-pad-dick-05-1-15-mm-waermeleitende-silikonpads-waermeleitpads-fuer-gpu-kuehlkoerper-cpu-chip-led-waermeleitung\/#breadcrumb"},"inLanguage":"de","potentialAction":[{"@type":"ReadAction","target":["https:\/\/marktxxl.de\/markt\/produkt\/dmjia-silikon-waermeleitpad-30-stuecke-67-x-20-mm-wiederverwendbar-thermal-pad-dick-05-1-15-mm-waermeleitende-silikonpads-waermeleitpads-fuer-gpu-kuehlkoerper-cpu-chip-led-waermeleitung\/"]}]},{"@type":"ImageObject","inLanguage":"de","@id":"https:\/\/marktxxl.de\/markt\/produkt\/dmjia-silikon-waermeleitpad-30-stuecke-67-x-20-mm-wiederverwendbar-thermal-pad-dick-05-1-15-mm-waermeleitende-silikonpads-waermeleitpads-fuer-gpu-kuehlkoerper-cpu-chip-led-waermeleitung\/#primaryimage","url":"https:\/\/m.media-amazon.com\/images\/I\/41tY5wWunZL._SL500_.jpg","contentUrl":"https:\/\/m.media-amazon.com\/images\/I\/41tY5wWunZL._SL500_.jpg","width":500,"height":424},{"@type":"BreadcrumbList","@id":"https:\/\/marktxxl.de\/markt\/produkt\/dmjia-silikon-waermeleitpad-30-stuecke-67-x-20-mm-wiederverwendbar-thermal-pad-dick-05-1-15-mm-waermeleitende-silikonpads-waermeleitpads-fuer-gpu-kuehlkoerper-cpu-chip-led-waermeleitung\/#breadcrumb","itemListElement":[{"@type":"ListItem","position":1,"name":"Startseite","item":"https:\/\/marktxxl.de\/markt\/"},{"@type":"ListItem","position":2,"name":"Markt","item":"https:\/\/marktxxl.de\/markt\/"},{"@type":"ListItem","position":3,"name":"Dmjia Silikon W\u00e4rmeleitpad, 30 St\u00fccke 67 x 20 mm Wiederverwendbar Thermal Pad, Dick 0,5\/1\/ 1,5 mm, W\u00e4rmeleitende\u2026"}]},{"@type":"WebSite","@id":"https:\/\/marktxxl.de\/markt\/#website","url":"https:\/\/marktxxl.de\/markt\/","name":"Markt-XXL","description":"Ihr Markt Online","publisher":{"@id":"https:\/\/marktxxl.de\/markt\/#organization"},"potentialAction":[{"@type":"SearchAction","target":{"@type":"EntryPoint","urlTemplate":"https:\/\/marktxxl.de\/markt\/?s={search_term_string}"},"query-input":{"@type":"PropertyValueSpecification","valueRequired":true,"valueName":"search_term_string"}}],"inLanguage":"de"},{"@type":"Organization","@id":"https:\/\/marktxxl.de\/markt\/#organization","name":"Markt-XXL","url":"https:\/\/marktxxl.de\/markt\/","logo":{"@type":"ImageObject","inLanguage":"de","@id":"https:\/\/marktxxl.de\/markt\/#\/schema\/logo\/image\/","url":"https:\/\/marktxxl.de\/markt\/wp-content\/uploads\/sites\/3\/2020\/12\/logo.png","contentUrl":"https:\/\/marktxxl.de\/markt\/wp-content\/uploads\/sites\/3\/2020\/12\/logo.png","width":200,"height":70,"caption":"Markt-XXL"},"image":{"@id":"https:\/\/marktxxl.de\/markt\/#\/schema\/logo\/image\/"}}]}},"_links":{"self":[{"href":"https:\/\/marktxxl.de\/markt\/wp-json\/wp\/v2\/product\/122417","targetHints":{"allow":["GET"]}}],"collection":[{"href":"https:\/\/marktxxl.de\/markt\/wp-json\/wp\/v2\/product"}],"about":[{"href":"https:\/\/marktxxl.de\/markt\/wp-json\/wp\/v2\/types\/product"}],"replies":[{"embeddable":true,"href":"https:\/\/marktxxl.de\/markt\/wp-json\/wp\/v2\/comments?post=122417"}],"wp:featuredmedia":[{"embeddable":true,"href":"https:\/\/marktxxl.de\/markt\/wp-json\/wp\/v2\/media\/122418"}],"wp:attachment":[{"href":"https:\/\/marktxxl.de\/markt\/wp-json\/wp\/v2\/media?parent=122417"}],"wp:term":[{"taxonomy":"product_brand","embeddable":true,"href":"https:\/\/marktxxl.de\/markt\/wp-json\/wp\/v2\/product_brand?post=122417"},{"taxonomy":"product_cat","embeddable":true,"href":"https:\/\/marktxxl.de\/markt\/wp-json\/wp\/v2\/product_cat?post=122417"},{"taxonomy":"product_tag","embeddable":true,"href":"https:\/\/marktxxl.de\/markt\/wp-json\/wp\/v2\/product_tag?post=122417"}],"curies":[{"name":"wp","href":"https:\/\/api.w.org\/{rel}","templated":true}]}}