{"id":122042,"date":"2022-05-15T08:22:31","date_gmt":"2022-05-15T06:22:31","guid":{"rendered":"https:\/\/marktxxl.de\/markt\/produkt\/3-stuecke-usb-c-stecker-auf-usb-a-3-0-buchse-adapter-mit-otg-usb-typ-c-thunderbolt-4-3-ladekabel-adapter-kompatibel-mit-macbooktabletslaptopsdell-xpshandy-samsung-huaweityp-c-geraet-spacegrau\/"},"modified":"2023-04-10T03:56:22","modified_gmt":"2023-04-10T01:56:22","slug":"3-stuecke-usb-c-stecker-auf-usb-a-3-0-buchse-adapter-mit-otg-usb-typ-c-thunderbolt-4-3-ladekabel-adapter-kompatibel-mit-macbooktabletslaptopsdell-xpshandy-samsung-huaweityp-c-geraet-spacegrau","status":"publish","type":"product","link":"https:\/\/marktxxl.de\/markt\/produkt\/3-stuecke-usb-c-stecker-auf-usb-a-3-0-buchse-adapter-mit-otg-usb-typ-c-thunderbolt-4-3-ladekabel-adapter-kompatibel-mit-macbooktabletslaptopsdell-xpshandy-samsung-huaweityp-c-geraet-spacegrau\/","title":{"rendered":"3 St\u00fccke USB C Stecker auf USB A 3.0 Buchse Adapter mit OTG, USB Typ C Thunderbolt 4\/3 Ladekabel Adapter Kompatibel mit\u2026"},"content":{"rendered":"<p>[Plug and Play] 3 St\u00fccke Spacegrau USB-C-Stecker auf USB 3.0-Buchse Adapter mit OTG Funktion . Kein zus\u00e4tzlicher Treiber\/Software erforderlich. Ein Adapter, der Ihre USB-Kompatibilit\u00e4tsprobleme l\u00f6st.<br \/>\n[Breite Kompatibilit\u00e4t] Dieser USB-C (Stecker ) auf USB-A (Buchse ) Adapter k\u00f6nnen Sie USB-A Ger\u00e4te an einem USB-Typ-C Ger\u00e4t und kompatibel mit Laptops, Tablets und Smartphone, einschlie\u00dflich Macbook ,Samsung Galaxy, Redmi Note, Huawei,OnePlus,LG,Google Pixel,Dell XPS,Sony Xperia,ThinkPad,Nokia N1 usw.<br \/>\n[Schnelle Geschwindigkeit] Bietet eine USB 3.0-Daten\u00fcbertragungsgeschwindigkeit von bis zu 5 Gbit\/s. Abgeschirmt, um Konflikte mit dem 2,4 GHz WiFi-Signal zu vermeiden(Dieser USB-Adapter unterbricht das WLAN-Signal nicht). * ! Unterst\u00fctzt NICHT superschnelles Laden.<br \/>\n[ Langlebig , Kompakt und tragbar] Das rutschfeste Geh\u00e4use aus einer Zinklegierung verhindert Kratzer und Fingerabdr\u00fccke und tr\u00e4gt zur schnellen W\u00e4rmeableitung bei.Das kleine und kompakte Design macht diesen Adapter tragbar, eignen sich f\u00fcr jeden Anlass, zu Hause, im B\u00fcro und f\u00fcr die verschiedenen t\u00e4glichen Verbindungsbed\u00fcrfnisse. Dabei werden sowohl Praktikabilit\u00e4t als auch \u00c4sthetik ber\u00fccksichtigt!<br \/>\n[Benutzerfreundlich ] Unterst\u00fctzen Sie OTG (USB on-the-Go), Sie k\u00f6nnen Ihr Handy auch mit diesem USB-C-zu-USB Adapter Zum Laden oder Synchronisieren. Keine Installation erforderlich, Einfach einstecken und funktionieren. Mit diesem USB adapter k\u00f6nnen der klassische USB-Anschluss und der USB-Typ-C-Anschluss von Peripherieger\u00e4ten problemlos konvertiert werden.<br \/>\n<div class=\"main-cross-sell\" data-asin=\"B09TNZZRMG\">\n\n\t<div class=\"WooZone-cross-sell-loader\">\n\t\t<div>\n\t\t\t<div id=\"floatingBarsG\">\n\t\t\t\t<div class=\"blockG\" id=\"rotateG_01\"><\/div>\n\t\t\t\t<div class=\"blockG\" id=\"rotateG_02\"><\/div>\n\t\t\t\t<div class=\"blockG\" id=\"rotateG_03\"><\/div>\n\t\t\t\t<div class=\"blockG\" id=\"rotateG_04\"><\/div>\n\t\t\t\t<div class=\"blockG\" id=\"rotateG_05\"><\/div>\n\t\t\t\t<div class=\"blockG\" id=\"rotateG_06\"><\/div>\n\t\t\t\t<div class=\"blockG\" id=\"rotateG_07\"><\/div>\n\t\t\t\t<div class=\"blockG\" id=\"rotateG_08\"><\/div>\n\t\t\t<\/div>\n\t\t\t<div class=\"WooZone-cross-sell-loader-text\"><\/div>\n\t\t<\/div>\n\t<\/div>\n\n\t\t\n<\/div>\n<div style=\"clear:both;\"><\/div><\/p>\n","protected":false},"excerpt":{"rendered":"<p>[Plug and Play] 3 St\u00fccke Spacegrau USB-C-Stecker auf USB 3.0-Buchse Adapter mit OTG Funktion . Kein zus\u00e4tzlicher Treiber\/Software erforderlich. Ein Adapter, der Ihre USB-Kompatibilit\u00e4tsprobleme l\u00f6st.<br \/>\n[Breite Kompatibilit\u00e4t] Dieser USB-C (Stecker ) auf USB-A (Buchse ) Adapter k\u00f6nnen Sie USB-A Ger\u00e4te an einem USB-Typ-C Ger\u00e4t und kompatibel mit Laptops, Tablets und Smartphone, einschlie\u00dflich Macbook ,Samsung Galaxy, Redmi Note, Huawei,OnePlus,LG,Google Pixel,Dell XPS,Sony Xperia,ThinkPad,Nokia N1 usw.<br \/>\n[Schnelle Geschwindigkeit] Bietet eine USB 3.0-Daten\u00fcbertragungsgeschwindigkeit von bis zu 5 Gbit\/s. Abgeschirmt, um Konflikte mit dem 2,4 GHz WiFi-Signal zu vermeiden(Dieser USB-Adapter unterbricht das WLAN-Signal nicht). * ! Unterst\u00fctzt NICHT superschnelles Laden.<\/p>\n","protected":false},"featured_media":122043,"comment_status":"open","ping_status":"closed","template":"","meta":[],"product_brand":[],"product_cat":[863],"product_tag":[],"class_list":{"0":"post-122042","1":"product","2":"type-product","3":"status-publish","4":"has-post-thumbnail","6":"product_cat-computer-zubehoer","7":"pa_brand-ltzgo","8":"pa_manufacturer-ltzgo","10":"first","11":"instock","12":"shipping-taxable","13":"purchasable","14":"product-type-simple","15":"customify-col","16":"product-has-gallery"},"yoast_head":"<!-- This site is optimized with the Yoast SEO plugin v27.4 - https:\/\/yoast.com\/product\/yoast-seo-wordpress\/ -->\n<title>3 St\u00fccke USB C Stecker auf USB A 3.0 Buchse Adapter mit OTG, USB Typ C Thunderbolt 4\/3 Ladekabel Adapter Kompatibel mit\u2026 - Markt-XXL<\/title>\n<meta name=\"description\" content=\"Markt-XXL 3 St\u00fccke USB C Stecker auf USB A 3.0 Buchse Adapter mit OTG, USB Typ C Thunderbolt 4\/3 Ladekabel Adapter Kompatibel mit\u2026\" \/>\n<meta name=\"robots\" content=\"index, follow, max-snippet:-1, max-image-preview:large, max-video-preview:-1\" \/>\n<link rel=\"canonical\" href=\"https:\/\/marktxxl.de\/markt\/produkt\/3-stuecke-usb-c-stecker-auf-usb-a-3-0-buchse-adapter-mit-otg-usb-typ-c-thunderbolt-4-3-ladekabel-adapter-kompatibel-mit-macbooktabletslaptopsdell-xpshandy-samsung-huaweityp-c-geraet-spacegrau\/\" \/>\n<meta property=\"og:locale\" content=\"de_DE\" \/>\n<meta property=\"og:type\" content=\"article\" \/>\n<meta property=\"og:title\" content=\"3 St\u00fccke USB C Stecker auf USB A 3.0 Buchse Adapter mit OTG, USB Typ C Thunderbolt 4\/3 Ladekabel Adapter Kompatibel mit\u2026 - Markt-XXL\" \/>\n<meta property=\"og:description\" content=\"Markt-XXL 3 St\u00fccke USB C Stecker auf USB A 3.0 Buchse Adapter mit OTG, USB Typ C Thunderbolt 4\/3 Ladekabel Adapter Kompatibel mit\u2026\" \/>\n<meta property=\"og:url\" content=\"https:\/\/marktxxl.de\/markt\/produkt\/3-stuecke-usb-c-stecker-auf-usb-a-3-0-buchse-adapter-mit-otg-usb-typ-c-thunderbolt-4-3-ladekabel-adapter-kompatibel-mit-macbooktabletslaptopsdell-xpshandy-samsung-huaweityp-c-geraet-spacegrau\/\" \/>\n<meta property=\"og:site_name\" content=\"Markt-XXL\" \/>\n<meta property=\"article:modified_time\" content=\"2023-04-10T01:56:22+00:00\" \/>\n<meta property=\"og:image\" content=\"https:\/\/m.media-amazon.com\/images\/I\/31CVVymuDML._SL500_.jpg\" \/>\n\t<meta property=\"og:image:width\" content=\"500\" \/>\n\t<meta property=\"og:image:height\" content=\"397\" \/>\n\t<meta property=\"og:image:type\" content=\"image\/jpeg\" \/>\n<meta name=\"twitter:card\" content=\"summary_large_image\" \/>\n<meta name=\"twitter:label1\" content=\"Gesch\u00e4tzte Lesezeit\" \/>\n\t<meta name=\"twitter:data1\" content=\"1\u00a0Minute\" \/>\n<script type=\"application\/ld+json\" class=\"yoast-schema-graph\">{\"@context\":\"https:\\\/\\\/schema.org\",\"@graph\":[{\"@type\":\"WebPage\",\"@id\":\"https:\\\/\\\/marktxxl.de\\\/markt\\\/produkt\\\/3-stuecke-usb-c-stecker-auf-usb-a-3-0-buchse-adapter-mit-otg-usb-typ-c-thunderbolt-4-3-ladekabel-adapter-kompatibel-mit-macbooktabletslaptopsdell-xpshandy-samsung-huaweityp-c-geraet-spacegrau\\\/\",\"url\":\"https:\\\/\\\/marktxxl.de\\\/markt\\\/produkt\\\/3-stuecke-usb-c-stecker-auf-usb-a-3-0-buchse-adapter-mit-otg-usb-typ-c-thunderbolt-4-3-ladekabel-adapter-kompatibel-mit-macbooktabletslaptopsdell-xpshandy-samsung-huaweityp-c-geraet-spacegrau\\\/\",\"name\":\"3 St\u00fccke USB C Stecker auf USB A 3.0 Buchse Adapter mit OTG, USB Typ C Thunderbolt 4\\\/3 Ladekabel Adapter Kompatibel mit\u2026 - Markt-XXL\",\"isPartOf\":{\"@id\":\"https:\\\/\\\/marktxxl.de\\\/markt\\\/#website\"},\"primaryImageOfPage\":{\"@id\":\"https:\\\/\\\/marktxxl.de\\\/markt\\\/produkt\\\/3-stuecke-usb-c-stecker-auf-usb-a-3-0-buchse-adapter-mit-otg-usb-typ-c-thunderbolt-4-3-ladekabel-adapter-kompatibel-mit-macbooktabletslaptopsdell-xpshandy-samsung-huaweityp-c-geraet-spacegrau\\\/#primaryimage\"},\"image\":{\"@id\":\"https:\\\/\\\/marktxxl.de\\\/markt\\\/produkt\\\/3-stuecke-usb-c-stecker-auf-usb-a-3-0-buchse-adapter-mit-otg-usb-typ-c-thunderbolt-4-3-ladekabel-adapter-kompatibel-mit-macbooktabletslaptopsdell-xpshandy-samsung-huaweityp-c-geraet-spacegrau\\\/#primaryimage\"},\"thumbnailUrl\":\"https:\\\/\\\/m.media-amazon.com\\\/images\\\/I\\\/31CVVymuDML._SL500_.jpg\",\"datePublished\":\"2022-05-15T06:22:31+00:00\",\"dateModified\":\"2023-04-10T01:56:22+00:00\",\"description\":\"Markt-XXL 3 St\u00fccke USB C Stecker auf USB A 3.0 Buchse Adapter mit OTG, USB Typ C Thunderbolt 4\\\/3 Ladekabel Adapter Kompatibel mit\u2026\",\"breadcrumb\":{\"@id\":\"https:\\\/\\\/marktxxl.de\\\/markt\\\/produkt\\\/3-stuecke-usb-c-stecker-auf-usb-a-3-0-buchse-adapter-mit-otg-usb-typ-c-thunderbolt-4-3-ladekabel-adapter-kompatibel-mit-macbooktabletslaptopsdell-xpshandy-samsung-huaweityp-c-geraet-spacegrau\\\/#breadcrumb\"},\"inLanguage\":\"de\",\"potentialAction\":[{\"@type\":\"ReadAction\",\"target\":[\"https:\\\/\\\/marktxxl.de\\\/markt\\\/produkt\\\/3-stuecke-usb-c-stecker-auf-usb-a-3-0-buchse-adapter-mit-otg-usb-typ-c-thunderbolt-4-3-ladekabel-adapter-kompatibel-mit-macbooktabletslaptopsdell-xpshandy-samsung-huaweityp-c-geraet-spacegrau\\\/\"]}]},{\"@type\":\"ImageObject\",\"inLanguage\":\"de\",\"@id\":\"https:\\\/\\\/marktxxl.de\\\/markt\\\/produkt\\\/3-stuecke-usb-c-stecker-auf-usb-a-3-0-buchse-adapter-mit-otg-usb-typ-c-thunderbolt-4-3-ladekabel-adapter-kompatibel-mit-macbooktabletslaptopsdell-xpshandy-samsung-huaweityp-c-geraet-spacegrau\\\/#primaryimage\",\"url\":\"https:\\\/\\\/m.media-amazon.com\\\/images\\\/I\\\/31CVVymuDML._SL500_.jpg\",\"contentUrl\":\"https:\\\/\\\/m.media-amazon.com\\\/images\\\/I\\\/31CVVymuDML._SL500_.jpg\",\"width\":500,\"height\":397},{\"@type\":\"BreadcrumbList\",\"@id\":\"https:\\\/\\\/marktxxl.de\\\/markt\\\/produkt\\\/3-stuecke-usb-c-stecker-auf-usb-a-3-0-buchse-adapter-mit-otg-usb-typ-c-thunderbolt-4-3-ladekabel-adapter-kompatibel-mit-macbooktabletslaptopsdell-xpshandy-samsung-huaweityp-c-geraet-spacegrau\\\/#breadcrumb\",\"itemListElement\":[{\"@type\":\"ListItem\",\"position\":1,\"name\":\"Startseite\",\"item\":\"https:\\\/\\\/marktxxl.de\\\/markt\\\/\"},{\"@type\":\"ListItem\",\"position\":2,\"name\":\"Markt\",\"item\":\"https:\\\/\\\/marktxxl.de\\\/markt\\\/\"},{\"@type\":\"ListItem\",\"position\":3,\"name\":\"3 St\u00fccke USB C Stecker auf USB A 3.0 Buchse Adapter mit OTG, USB Typ C Thunderbolt 4\\\/3 Ladekabel Adapter Kompatibel mit\u2026\"}]},{\"@type\":\"WebSite\",\"@id\":\"https:\\\/\\\/marktxxl.de\\\/markt\\\/#website\",\"url\":\"https:\\\/\\\/marktxxl.de\\\/markt\\\/\",\"name\":\"Markt-XXL\",\"description\":\"Ihr Markt Online\",\"publisher\":{\"@id\":\"https:\\\/\\\/marktxxl.de\\\/markt\\\/#organization\"},\"potentialAction\":[{\"@type\":\"SearchAction\",\"target\":{\"@type\":\"EntryPoint\",\"urlTemplate\":\"https:\\\/\\\/marktxxl.de\\\/markt\\\/?s={search_term_string}\"},\"query-input\":{\"@type\":\"PropertyValueSpecification\",\"valueRequired\":true,\"valueName\":\"search_term_string\"}}],\"inLanguage\":\"de\"},{\"@type\":\"Organization\",\"@id\":\"https:\\\/\\\/marktxxl.de\\\/markt\\\/#organization\",\"name\":\"Markt-XXL\",\"url\":\"https:\\\/\\\/marktxxl.de\\\/markt\\\/\",\"logo\":{\"@type\":\"ImageObject\",\"inLanguage\":\"de\",\"@id\":\"https:\\\/\\\/marktxxl.de\\\/markt\\\/#\\\/schema\\\/logo\\\/image\\\/\",\"url\":\"https:\\\/\\\/marktxxl.de\\\/markt\\\/wp-content\\\/uploads\\\/sites\\\/3\\\/2020\\\/12\\\/logo.png\",\"contentUrl\":\"https:\\\/\\\/marktxxl.de\\\/markt\\\/wp-content\\\/uploads\\\/sites\\\/3\\\/2020\\\/12\\\/logo.png\",\"width\":200,\"height\":70,\"caption\":\"Markt-XXL\"},\"image\":{\"@id\":\"https:\\\/\\\/marktxxl.de\\\/markt\\\/#\\\/schema\\\/logo\\\/image\\\/\"}}]}<\/script>\n<!-- \/ Yoast SEO plugin. -->","yoast_head_json":{"title":"3 St\u00fccke USB C Stecker auf USB A 3.0 Buchse Adapter mit OTG, USB Typ C Thunderbolt 4\/3 Ladekabel Adapter Kompatibel mit\u2026 - Markt-XXL","description":"Markt-XXL 3 St\u00fccke USB C Stecker auf USB A 3.0 Buchse Adapter mit OTG, USB Typ C Thunderbolt 4\/3 Ladekabel Adapter Kompatibel mit\u2026","robots":{"index":"index","follow":"follow","max-snippet":"max-snippet:-1","max-image-preview":"max-image-preview:large","max-video-preview":"max-video-preview:-1"},"canonical":"https:\/\/marktxxl.de\/markt\/produkt\/3-stuecke-usb-c-stecker-auf-usb-a-3-0-buchse-adapter-mit-otg-usb-typ-c-thunderbolt-4-3-ladekabel-adapter-kompatibel-mit-macbooktabletslaptopsdell-xpshandy-samsung-huaweityp-c-geraet-spacegrau\/","og_locale":"de_DE","og_type":"article","og_title":"3 St\u00fccke USB C Stecker auf USB A 3.0 Buchse Adapter mit OTG, USB Typ C Thunderbolt 4\/3 Ladekabel Adapter Kompatibel mit\u2026 - Markt-XXL","og_description":"Markt-XXL 3 St\u00fccke USB C Stecker auf USB A 3.0 Buchse Adapter mit OTG, USB Typ C Thunderbolt 4\/3 Ladekabel Adapter Kompatibel mit\u2026","og_url":"https:\/\/marktxxl.de\/markt\/produkt\/3-stuecke-usb-c-stecker-auf-usb-a-3-0-buchse-adapter-mit-otg-usb-typ-c-thunderbolt-4-3-ladekabel-adapter-kompatibel-mit-macbooktabletslaptopsdell-xpshandy-samsung-huaweityp-c-geraet-spacegrau\/","og_site_name":"Markt-XXL","article_modified_time":"2023-04-10T01:56:22+00:00","og_image":[{"width":500,"height":397,"url":"https:\/\/m.media-amazon.com\/images\/I\/31CVVymuDML._SL500_.jpg","type":"image\/jpeg"}],"twitter_card":"summary_large_image","twitter_misc":{"Gesch\u00e4tzte Lesezeit":"1\u00a0Minute"},"schema":{"@context":"https:\/\/schema.org","@graph":[{"@type":"WebPage","@id":"https:\/\/marktxxl.de\/markt\/produkt\/3-stuecke-usb-c-stecker-auf-usb-a-3-0-buchse-adapter-mit-otg-usb-typ-c-thunderbolt-4-3-ladekabel-adapter-kompatibel-mit-macbooktabletslaptopsdell-xpshandy-samsung-huaweityp-c-geraet-spacegrau\/","url":"https:\/\/marktxxl.de\/markt\/produkt\/3-stuecke-usb-c-stecker-auf-usb-a-3-0-buchse-adapter-mit-otg-usb-typ-c-thunderbolt-4-3-ladekabel-adapter-kompatibel-mit-macbooktabletslaptopsdell-xpshandy-samsung-huaweityp-c-geraet-spacegrau\/","name":"3 St\u00fccke USB C Stecker auf USB A 3.0 Buchse Adapter mit OTG, USB Typ C Thunderbolt 4\/3 Ladekabel Adapter Kompatibel mit\u2026 - Markt-XXL","isPartOf":{"@id":"https:\/\/marktxxl.de\/markt\/#website"},"primaryImageOfPage":{"@id":"https:\/\/marktxxl.de\/markt\/produkt\/3-stuecke-usb-c-stecker-auf-usb-a-3-0-buchse-adapter-mit-otg-usb-typ-c-thunderbolt-4-3-ladekabel-adapter-kompatibel-mit-macbooktabletslaptopsdell-xpshandy-samsung-huaweityp-c-geraet-spacegrau\/#primaryimage"},"image":{"@id":"https:\/\/marktxxl.de\/markt\/produkt\/3-stuecke-usb-c-stecker-auf-usb-a-3-0-buchse-adapter-mit-otg-usb-typ-c-thunderbolt-4-3-ladekabel-adapter-kompatibel-mit-macbooktabletslaptopsdell-xpshandy-samsung-huaweityp-c-geraet-spacegrau\/#primaryimage"},"thumbnailUrl":"https:\/\/m.media-amazon.com\/images\/I\/31CVVymuDML._SL500_.jpg","datePublished":"2022-05-15T06:22:31+00:00","dateModified":"2023-04-10T01:56:22+00:00","description":"Markt-XXL 3 St\u00fccke USB C Stecker auf USB A 3.0 Buchse Adapter mit OTG, USB Typ C Thunderbolt 4\/3 Ladekabel Adapter Kompatibel mit\u2026","breadcrumb":{"@id":"https:\/\/marktxxl.de\/markt\/produkt\/3-stuecke-usb-c-stecker-auf-usb-a-3-0-buchse-adapter-mit-otg-usb-typ-c-thunderbolt-4-3-ladekabel-adapter-kompatibel-mit-macbooktabletslaptopsdell-xpshandy-samsung-huaweityp-c-geraet-spacegrau\/#breadcrumb"},"inLanguage":"de","potentialAction":[{"@type":"ReadAction","target":["https:\/\/marktxxl.de\/markt\/produkt\/3-stuecke-usb-c-stecker-auf-usb-a-3-0-buchse-adapter-mit-otg-usb-typ-c-thunderbolt-4-3-ladekabel-adapter-kompatibel-mit-macbooktabletslaptopsdell-xpshandy-samsung-huaweityp-c-geraet-spacegrau\/"]}]},{"@type":"ImageObject","inLanguage":"de","@id":"https:\/\/marktxxl.de\/markt\/produkt\/3-stuecke-usb-c-stecker-auf-usb-a-3-0-buchse-adapter-mit-otg-usb-typ-c-thunderbolt-4-3-ladekabel-adapter-kompatibel-mit-macbooktabletslaptopsdell-xpshandy-samsung-huaweityp-c-geraet-spacegrau\/#primaryimage","url":"https:\/\/m.media-amazon.com\/images\/I\/31CVVymuDML._SL500_.jpg","contentUrl":"https:\/\/m.media-amazon.com\/images\/I\/31CVVymuDML._SL500_.jpg","width":500,"height":397},{"@type":"BreadcrumbList","@id":"https:\/\/marktxxl.de\/markt\/produkt\/3-stuecke-usb-c-stecker-auf-usb-a-3-0-buchse-adapter-mit-otg-usb-typ-c-thunderbolt-4-3-ladekabel-adapter-kompatibel-mit-macbooktabletslaptopsdell-xpshandy-samsung-huaweityp-c-geraet-spacegrau\/#breadcrumb","itemListElement":[{"@type":"ListItem","position":1,"name":"Startseite","item":"https:\/\/marktxxl.de\/markt\/"},{"@type":"ListItem","position":2,"name":"Markt","item":"https:\/\/marktxxl.de\/markt\/"},{"@type":"ListItem","position":3,"name":"3 St\u00fccke USB C Stecker auf USB A 3.0 Buchse Adapter mit OTG, USB Typ C Thunderbolt 4\/3 Ladekabel Adapter Kompatibel mit\u2026"}]},{"@type":"WebSite","@id":"https:\/\/marktxxl.de\/markt\/#website","url":"https:\/\/marktxxl.de\/markt\/","name":"Markt-XXL","description":"Ihr Markt Online","publisher":{"@id":"https:\/\/marktxxl.de\/markt\/#organization"},"potentialAction":[{"@type":"SearchAction","target":{"@type":"EntryPoint","urlTemplate":"https:\/\/marktxxl.de\/markt\/?s={search_term_string}"},"query-input":{"@type":"PropertyValueSpecification","valueRequired":true,"valueName":"search_term_string"}}],"inLanguage":"de"},{"@type":"Organization","@id":"https:\/\/marktxxl.de\/markt\/#organization","name":"Markt-XXL","url":"https:\/\/marktxxl.de\/markt\/","logo":{"@type":"ImageObject","inLanguage":"de","@id":"https:\/\/marktxxl.de\/markt\/#\/schema\/logo\/image\/","url":"https:\/\/marktxxl.de\/markt\/wp-content\/uploads\/sites\/3\/2020\/12\/logo.png","contentUrl":"https:\/\/marktxxl.de\/markt\/wp-content\/uploads\/sites\/3\/2020\/12\/logo.png","width":200,"height":70,"caption":"Markt-XXL"},"image":{"@id":"https:\/\/marktxxl.de\/markt\/#\/schema\/logo\/image\/"}}]}},"_links":{"self":[{"href":"https:\/\/marktxxl.de\/markt\/wp-json\/wp\/v2\/product\/122042","targetHints":{"allow":["GET"]}}],"collection":[{"href":"https:\/\/marktxxl.de\/markt\/wp-json\/wp\/v2\/product"}],"about":[{"href":"https:\/\/marktxxl.de\/markt\/wp-json\/wp\/v2\/types\/product"}],"replies":[{"embeddable":true,"href":"https:\/\/marktxxl.de\/markt\/wp-json\/wp\/v2\/comments?post=122042"}],"wp:featuredmedia":[{"embeddable":true,"href":"https:\/\/marktxxl.de\/markt\/wp-json\/wp\/v2\/media\/122043"}],"wp:attachment":[{"href":"https:\/\/marktxxl.de\/markt\/wp-json\/wp\/v2\/media?parent=122042"}],"wp:term":[{"taxonomy":"product_brand","embeddable":true,"href":"https:\/\/marktxxl.de\/markt\/wp-json\/wp\/v2\/product_brand?post=122042"},{"taxonomy":"product_cat","embeddable":true,"href":"https:\/\/marktxxl.de\/markt\/wp-json\/wp\/v2\/product_cat?post=122042"},{"taxonomy":"product_tag","embeddable":true,"href":"https:\/\/marktxxl.de\/markt\/wp-json\/wp\/v2\/product_tag?post=122042"}],"curies":[{"name":"wp","href":"https:\/\/api.w.org\/{rel}","templated":true}]}}