{"id":121889,"date":"2022-05-15T08:16:45","date_gmt":"2022-05-15T06:16:45","guid":{"rendered":"https:\/\/marktxxl.de\/markt\/produkt\/avm-fritzbox-5590-fiber-wi-fi-6-glasfasermodem-wlan-ax-bis-2-400-mbit-s-5-ghz-und-1-200-mbit-s-24-ghz-wlan-mesh-dect-basis-25-gigabit-port-geeignet-fuer-deutschland\/"},"modified":"2023-04-10T03:56:21","modified_gmt":"2023-04-10T01:56:21","slug":"avm-fritzbox-5590-fiber-wi-fi-6-glasfasermodem-wlan-ax-bis-2-400-mbit-s-5-ghz-und-1-200-mbit-s-24-ghz-wlan-mesh-dect-basis-25-gigabit-port-geeignet-fuer-deutschland","status":"publish","type":"product","link":"https:\/\/marktxxl.de\/markt\/produkt\/avm-fritzbox-5590-fiber-wi-fi-6-glasfasermodem-wlan-ax-bis-2-400-mbit-s-5-ghz-und-1-200-mbit-s-24-ghz-wlan-mesh-dect-basis-25-gigabit-port-geeignet-fuer-deutschland\/","title":{"rendered":"AVM FRITZ!Box 5590 Fiber (Wi-Fi 6 Glasfasermodem (WLAN AX), bis 2.400 MBit\/s (5 GHz) und 1.200 MBit\/s (2,4 GHz), WLAN\u2026"},"content":{"rendered":"<p>WLAN-Router mit integriertem Glasfasermodem f\u00fcr einen direkten Anschluss an alle in Deutschland g\u00e4ngigen Glasfaseranschl\u00fcsse, die passenden FRITZ!SFP-Module AON und GPON sind im Lieferumfang enthalten<br \/>\nMehr Performance, Flexibilit\u00e4t und stabilste Verbindungen mit modernem Wi-Fi 6: WLAN (4&#215;4) mit bis zu 2.400 MBit\/s (5 GHz) und 1.200 MBit\/s (2,4 GHz) f\u00fcr eine Vielzahl an Endger\u00e4ten und parallelen Anwendungen<br \/>\nMesh Master-Funktion: die FRITZ!Box fasst verteilte WLAN-Zugangspunkte (z. B. mehrere FRITZ!Repeater) zu einem intelligenten WLAN-Netz zusammen und steuert sie so, dass die genutzten Endger\u00e4te im Heimnetz immer am Zugangspunkt mit der besten Verbindung angemeldet sind<br \/>\nVoIP-Telefonanlage mit vielseitigen Komfortfunktionen f\u00fcr alle Telefone (Analog-, DECT- und IP-Telefone) sowie DECT-Basis f\u00fcr bis zu sechs Schnurlos-Telefone und zur Steuerung von Smarthome-Ger\u00e4ten, z. B. die schaltbaren Steckdosen FRITZ!DECT 200\/210 oder die Heizk\u00f6rperregler FRITZ!DECT 301\/302<br \/>\n4 ultraschnelle Gigabit-LAN-Anschl\u00fcsse f\u00fcr Computer, Fernseher und andere Netzwerk-Ger\u00e4te, 1x 2,5 Gigabit-WAN-Anschluss, 2x USB 3.0-Anschluss f\u00fcr Drucker und Speicher im Netz, SFP-Cage f\u00fcr ein FRITZ!SFP Modul<br \/>\nLieferumfang: FRITZ!Box 5590 Fiber, 1x FRITZ!SFP AON, 1x FRITZ!SFP GPON, 1x Netzteil, 4m Glasfaserkabel (LC\/APC &#8211; LC\/APC), 1,5m LAN-Kabel, Installationsanleitung<br \/>\n<div class=\"main-cross-sell\" data-asin=\"B09ZD4LFR3\">\n\n\t<div class=\"WooZone-cross-sell-loader\">\n\t\t<div>\n\t\t\t<div id=\"floatingBarsG\">\n\t\t\t\t<div class=\"blockG\" id=\"rotateG_01\"><\/div>\n\t\t\t\t<div class=\"blockG\" id=\"rotateG_02\"><\/div>\n\t\t\t\t<div class=\"blockG\" id=\"rotateG_03\"><\/div>\n\t\t\t\t<div class=\"blockG\" id=\"rotateG_04\"><\/div>\n\t\t\t\t<div class=\"blockG\" id=\"rotateG_05\"><\/div>\n\t\t\t\t<div class=\"blockG\" id=\"rotateG_06\"><\/div>\n\t\t\t\t<div class=\"blockG\" id=\"rotateG_07\"><\/div>\n\t\t\t\t<div class=\"blockG\" id=\"rotateG_08\"><\/div>\n\t\t\t<\/div>\n\t\t\t<div class=\"WooZone-cross-sell-loader-text\"><\/div>\n\t\t<\/div>\n\t<\/div>\n\n\t\t\n<\/div>\n<div style=\"clear:both;\"><\/div><\/p>\n","protected":false},"excerpt":{"rendered":"<p>WLAN-Router mit integriertem Glasfasermodem f\u00fcr einen direkten Anschluss an alle in Deutschland g\u00e4ngigen Glasfaseranschl\u00fcsse, die passenden FRITZ!SFP-Module AON und GPON sind im Lieferumfang enthalten<br \/>\nMehr Performance, Flexibilit\u00e4t und stabilste Verbindungen mit modernem Wi-Fi 6: WLAN (4&#215;4) mit bis zu 2.400 MBit\/s (5 GHz) und 1.200 MBit\/s (2,4 GHz) f\u00fcr eine Vielzahl an Endger\u00e4ten und parallelen Anwendungen<br \/>\nMesh Master-Funktion: die FRITZ!Box fasst verteilte WLAN-Zugangspunkte (z. B. mehrere FRITZ!Repeater) zu einem intelligenten WLAN-Netz zusammen und steuert sie so, dass die genutzten Endger\u00e4te im Heimnetz immer am Zugangspunkt mit der besten Verbindung angemeldet sind<\/p>\n","protected":false},"featured_media":121890,"comment_status":"open","ping_status":"closed","template":"","meta":[],"product_brand":[],"product_cat":[863],"product_tag":[],"class_list":{"0":"post-121889","1":"product","2":"type-product","3":"status-publish","4":"has-post-thumbnail","6":"product_cat-computer-zubehoer","7":"pa_binding-elektronik","8":"pa_brand-avm","9":"pa_color-weiss","10":"pa_height-2-48031-zoll","11":"pa_length-7-51967-zoll","12":"pa_manufacturer-avm","13":"pa_model-35442","14":"pa_warranty-5-jahre-herstellergarantie","15":"pa_weight-1-3778891375-pfund","16":"pa_width-9-99998-zoll","18":"first","19":"instock","20":"shipping-taxable","21":"purchasable","22":"product-type-simple","23":"customify-col","24":"product-has-gallery"},"yoast_head":"<!-- This site is optimized with the Yoast SEO plugin v27.4 - https:\/\/yoast.com\/product\/yoast-seo-wordpress\/ -->\n<title>AVM FRITZ!Box 5590 Fiber (Wi-Fi 6 Glasfasermodem (WLAN AX), bis 2.400 MBit\/s (5 GHz) und 1.200 MBit\/s (2,4 GHz), WLAN\u2026 - Markt-XXL<\/title>\n<meta name=\"description\" content=\"Markt-XXL AVM FRITZ!Box 5590 Fiber (Wi-Fi 6 Glasfasermodem (WLAN AX), bis 2.400 MBit\/s (5 GHz) und 1.200 MBit\/s (2,4 GHz), WLAN\u2026\" \/>\n<meta name=\"robots\" content=\"index, follow, max-snippet:-1, max-image-preview:large, max-video-preview:-1\" \/>\n<link rel=\"canonical\" href=\"https:\/\/marktxxl.de\/markt\/produkt\/avm-fritzbox-5590-fiber-wi-fi-6-glasfasermodem-wlan-ax-bis-2-400-mbit-s-5-ghz-und-1-200-mbit-s-24-ghz-wlan-mesh-dect-basis-25-gigabit-port-geeignet-fuer-deutschland\/\" \/>\n<meta property=\"og:locale\" content=\"de_DE\" \/>\n<meta property=\"og:type\" content=\"article\" \/>\n<meta property=\"og:title\" content=\"AVM FRITZ!Box 5590 Fiber (Wi-Fi 6 Glasfasermodem (WLAN AX), bis 2.400 MBit\/s (5 GHz) und 1.200 MBit\/s (2,4 GHz), WLAN\u2026 - Markt-XXL\" \/>\n<meta property=\"og:description\" content=\"Markt-XXL AVM FRITZ!Box 5590 Fiber (Wi-Fi 6 Glasfasermodem (WLAN AX), bis 2.400 MBit\/s (5 GHz) und 1.200 MBit\/s (2,4 GHz), WLAN\u2026\" \/>\n<meta property=\"og:url\" content=\"https:\/\/marktxxl.de\/markt\/produkt\/avm-fritzbox-5590-fiber-wi-fi-6-glasfasermodem-wlan-ax-bis-2-400-mbit-s-5-ghz-und-1-200-mbit-s-24-ghz-wlan-mesh-dect-basis-25-gigabit-port-geeignet-fuer-deutschland\/\" \/>\n<meta property=\"og:site_name\" content=\"Markt-XXL\" \/>\n<meta property=\"article:modified_time\" content=\"2023-04-10T01:56:21+00:00\" \/>\n<meta property=\"og:image\" content=\"https:\/\/m.media-amazon.com\/images\/I\/315UEfmcgqL._SL500_.jpg\" \/>\n\t<meta property=\"og:image:width\" content=\"500\" \/>\n\t<meta property=\"og:image:height\" content=\"367\" \/>\n\t<meta property=\"og:image:type\" content=\"image\/jpeg\" \/>\n<meta name=\"twitter:card\" content=\"summary_large_image\" \/>\n<meta name=\"twitter:label1\" content=\"Gesch\u00e4tzte Lesezeit\" \/>\n\t<meta name=\"twitter:data1\" content=\"1\u00a0Minute\" \/>\n<script type=\"application\/ld+json\" class=\"yoast-schema-graph\">{\"@context\":\"https:\\\/\\\/schema.org\",\"@graph\":[{\"@type\":\"WebPage\",\"@id\":\"https:\\\/\\\/marktxxl.de\\\/markt\\\/produkt\\\/avm-fritzbox-5590-fiber-wi-fi-6-glasfasermodem-wlan-ax-bis-2-400-mbit-s-5-ghz-und-1-200-mbit-s-24-ghz-wlan-mesh-dect-basis-25-gigabit-port-geeignet-fuer-deutschland\\\/\",\"url\":\"https:\\\/\\\/marktxxl.de\\\/markt\\\/produkt\\\/avm-fritzbox-5590-fiber-wi-fi-6-glasfasermodem-wlan-ax-bis-2-400-mbit-s-5-ghz-und-1-200-mbit-s-24-ghz-wlan-mesh-dect-basis-25-gigabit-port-geeignet-fuer-deutschland\\\/\",\"name\":\"AVM FRITZ!Box 5590 Fiber (Wi-Fi 6 Glasfasermodem (WLAN AX), bis 2.400 MBit\\\/s (5 GHz) und 1.200 MBit\\\/s (2,4 GHz), WLAN\u2026 - Markt-XXL\",\"isPartOf\":{\"@id\":\"https:\\\/\\\/marktxxl.de\\\/markt\\\/#website\"},\"primaryImageOfPage\":{\"@id\":\"https:\\\/\\\/marktxxl.de\\\/markt\\\/produkt\\\/avm-fritzbox-5590-fiber-wi-fi-6-glasfasermodem-wlan-ax-bis-2-400-mbit-s-5-ghz-und-1-200-mbit-s-24-ghz-wlan-mesh-dect-basis-25-gigabit-port-geeignet-fuer-deutschland\\\/#primaryimage\"},\"image\":{\"@id\":\"https:\\\/\\\/marktxxl.de\\\/markt\\\/produkt\\\/avm-fritzbox-5590-fiber-wi-fi-6-glasfasermodem-wlan-ax-bis-2-400-mbit-s-5-ghz-und-1-200-mbit-s-24-ghz-wlan-mesh-dect-basis-25-gigabit-port-geeignet-fuer-deutschland\\\/#primaryimage\"},\"thumbnailUrl\":\"https:\\\/\\\/m.media-amazon.com\\\/images\\\/I\\\/315UEfmcgqL._SL500_.jpg\",\"datePublished\":\"2022-05-15T06:16:45+00:00\",\"dateModified\":\"2023-04-10T01:56:21+00:00\",\"description\":\"Markt-XXL AVM FRITZ!Box 5590 Fiber (Wi-Fi 6 Glasfasermodem (WLAN AX), bis 2.400 MBit\\\/s (5 GHz) und 1.200 MBit\\\/s (2,4 GHz), WLAN\u2026\",\"breadcrumb\":{\"@id\":\"https:\\\/\\\/marktxxl.de\\\/markt\\\/produkt\\\/avm-fritzbox-5590-fiber-wi-fi-6-glasfasermodem-wlan-ax-bis-2-400-mbit-s-5-ghz-und-1-200-mbit-s-24-ghz-wlan-mesh-dect-basis-25-gigabit-port-geeignet-fuer-deutschland\\\/#breadcrumb\"},\"inLanguage\":\"de\",\"potentialAction\":[{\"@type\":\"ReadAction\",\"target\":[\"https:\\\/\\\/marktxxl.de\\\/markt\\\/produkt\\\/avm-fritzbox-5590-fiber-wi-fi-6-glasfasermodem-wlan-ax-bis-2-400-mbit-s-5-ghz-und-1-200-mbit-s-24-ghz-wlan-mesh-dect-basis-25-gigabit-port-geeignet-fuer-deutschland\\\/\"]}]},{\"@type\":\"ImageObject\",\"inLanguage\":\"de\",\"@id\":\"https:\\\/\\\/marktxxl.de\\\/markt\\\/produkt\\\/avm-fritzbox-5590-fiber-wi-fi-6-glasfasermodem-wlan-ax-bis-2-400-mbit-s-5-ghz-und-1-200-mbit-s-24-ghz-wlan-mesh-dect-basis-25-gigabit-port-geeignet-fuer-deutschland\\\/#primaryimage\",\"url\":\"https:\\\/\\\/m.media-amazon.com\\\/images\\\/I\\\/315UEfmcgqL._SL500_.jpg\",\"contentUrl\":\"https:\\\/\\\/m.media-amazon.com\\\/images\\\/I\\\/315UEfmcgqL._SL500_.jpg\",\"width\":500,\"height\":367},{\"@type\":\"BreadcrumbList\",\"@id\":\"https:\\\/\\\/marktxxl.de\\\/markt\\\/produkt\\\/avm-fritzbox-5590-fiber-wi-fi-6-glasfasermodem-wlan-ax-bis-2-400-mbit-s-5-ghz-und-1-200-mbit-s-24-ghz-wlan-mesh-dect-basis-25-gigabit-port-geeignet-fuer-deutschland\\\/#breadcrumb\",\"itemListElement\":[{\"@type\":\"ListItem\",\"position\":1,\"name\":\"Startseite\",\"item\":\"https:\\\/\\\/marktxxl.de\\\/markt\\\/\"},{\"@type\":\"ListItem\",\"position\":2,\"name\":\"Markt\",\"item\":\"https:\\\/\\\/marktxxl.de\\\/markt\\\/\"},{\"@type\":\"ListItem\",\"position\":3,\"name\":\"AVM FRITZ!Box 5590 Fiber (Wi-Fi 6 Glasfasermodem (WLAN AX), bis 2.400 MBit\\\/s (5 GHz) und 1.200 MBit\\\/s (2,4 GHz), WLAN\u2026\"}]},{\"@type\":\"WebSite\",\"@id\":\"https:\\\/\\\/marktxxl.de\\\/markt\\\/#website\",\"url\":\"https:\\\/\\\/marktxxl.de\\\/markt\\\/\",\"name\":\"Markt-XXL\",\"description\":\"Ihr Markt Online\",\"publisher\":{\"@id\":\"https:\\\/\\\/marktxxl.de\\\/markt\\\/#organization\"},\"potentialAction\":[{\"@type\":\"SearchAction\",\"target\":{\"@type\":\"EntryPoint\",\"urlTemplate\":\"https:\\\/\\\/marktxxl.de\\\/markt\\\/?s={search_term_string}\"},\"query-input\":{\"@type\":\"PropertyValueSpecification\",\"valueRequired\":true,\"valueName\":\"search_term_string\"}}],\"inLanguage\":\"de\"},{\"@type\":\"Organization\",\"@id\":\"https:\\\/\\\/marktxxl.de\\\/markt\\\/#organization\",\"name\":\"Markt-XXL\",\"url\":\"https:\\\/\\\/marktxxl.de\\\/markt\\\/\",\"logo\":{\"@type\":\"ImageObject\",\"inLanguage\":\"de\",\"@id\":\"https:\\\/\\\/marktxxl.de\\\/markt\\\/#\\\/schema\\\/logo\\\/image\\\/\",\"url\":\"https:\\\/\\\/marktxxl.de\\\/markt\\\/wp-content\\\/uploads\\\/sites\\\/3\\\/2020\\\/12\\\/logo.png\",\"contentUrl\":\"https:\\\/\\\/marktxxl.de\\\/markt\\\/wp-content\\\/uploads\\\/sites\\\/3\\\/2020\\\/12\\\/logo.png\",\"width\":200,\"height\":70,\"caption\":\"Markt-XXL\"},\"image\":{\"@id\":\"https:\\\/\\\/marktxxl.de\\\/markt\\\/#\\\/schema\\\/logo\\\/image\\\/\"}}]}<\/script>\n<!-- \/ Yoast SEO plugin. -->","yoast_head_json":{"title":"AVM FRITZ!Box 5590 Fiber (Wi-Fi 6 Glasfasermodem (WLAN AX), bis 2.400 MBit\/s (5 GHz) und 1.200 MBit\/s (2,4 GHz), WLAN\u2026 - Markt-XXL","description":"Markt-XXL AVM FRITZ!Box 5590 Fiber (Wi-Fi 6 Glasfasermodem (WLAN AX), bis 2.400 MBit\/s (5 GHz) und 1.200 MBit\/s (2,4 GHz), WLAN\u2026","robots":{"index":"index","follow":"follow","max-snippet":"max-snippet:-1","max-image-preview":"max-image-preview:large","max-video-preview":"max-video-preview:-1"},"canonical":"https:\/\/marktxxl.de\/markt\/produkt\/avm-fritzbox-5590-fiber-wi-fi-6-glasfasermodem-wlan-ax-bis-2-400-mbit-s-5-ghz-und-1-200-mbit-s-24-ghz-wlan-mesh-dect-basis-25-gigabit-port-geeignet-fuer-deutschland\/","og_locale":"de_DE","og_type":"article","og_title":"AVM FRITZ!Box 5590 Fiber (Wi-Fi 6 Glasfasermodem (WLAN AX), bis 2.400 MBit\/s (5 GHz) und 1.200 MBit\/s (2,4 GHz), WLAN\u2026 - Markt-XXL","og_description":"Markt-XXL AVM FRITZ!Box 5590 Fiber (Wi-Fi 6 Glasfasermodem (WLAN AX), bis 2.400 MBit\/s (5 GHz) und 1.200 MBit\/s (2,4 GHz), WLAN\u2026","og_url":"https:\/\/marktxxl.de\/markt\/produkt\/avm-fritzbox-5590-fiber-wi-fi-6-glasfasermodem-wlan-ax-bis-2-400-mbit-s-5-ghz-und-1-200-mbit-s-24-ghz-wlan-mesh-dect-basis-25-gigabit-port-geeignet-fuer-deutschland\/","og_site_name":"Markt-XXL","article_modified_time":"2023-04-10T01:56:21+00:00","og_image":[{"width":500,"height":367,"url":"https:\/\/m.media-amazon.com\/images\/I\/315UEfmcgqL._SL500_.jpg","type":"image\/jpeg"}],"twitter_card":"summary_large_image","twitter_misc":{"Gesch\u00e4tzte Lesezeit":"1\u00a0Minute"},"schema":{"@context":"https:\/\/schema.org","@graph":[{"@type":"WebPage","@id":"https:\/\/marktxxl.de\/markt\/produkt\/avm-fritzbox-5590-fiber-wi-fi-6-glasfasermodem-wlan-ax-bis-2-400-mbit-s-5-ghz-und-1-200-mbit-s-24-ghz-wlan-mesh-dect-basis-25-gigabit-port-geeignet-fuer-deutschland\/","url":"https:\/\/marktxxl.de\/markt\/produkt\/avm-fritzbox-5590-fiber-wi-fi-6-glasfasermodem-wlan-ax-bis-2-400-mbit-s-5-ghz-und-1-200-mbit-s-24-ghz-wlan-mesh-dect-basis-25-gigabit-port-geeignet-fuer-deutschland\/","name":"AVM FRITZ!Box 5590 Fiber (Wi-Fi 6 Glasfasermodem (WLAN AX), bis 2.400 MBit\/s (5 GHz) und 1.200 MBit\/s (2,4 GHz), WLAN\u2026 - Markt-XXL","isPartOf":{"@id":"https:\/\/marktxxl.de\/markt\/#website"},"primaryImageOfPage":{"@id":"https:\/\/marktxxl.de\/markt\/produkt\/avm-fritzbox-5590-fiber-wi-fi-6-glasfasermodem-wlan-ax-bis-2-400-mbit-s-5-ghz-und-1-200-mbit-s-24-ghz-wlan-mesh-dect-basis-25-gigabit-port-geeignet-fuer-deutschland\/#primaryimage"},"image":{"@id":"https:\/\/marktxxl.de\/markt\/produkt\/avm-fritzbox-5590-fiber-wi-fi-6-glasfasermodem-wlan-ax-bis-2-400-mbit-s-5-ghz-und-1-200-mbit-s-24-ghz-wlan-mesh-dect-basis-25-gigabit-port-geeignet-fuer-deutschland\/#primaryimage"},"thumbnailUrl":"https:\/\/m.media-amazon.com\/images\/I\/315UEfmcgqL._SL500_.jpg","datePublished":"2022-05-15T06:16:45+00:00","dateModified":"2023-04-10T01:56:21+00:00","description":"Markt-XXL AVM FRITZ!Box 5590 Fiber (Wi-Fi 6 Glasfasermodem (WLAN AX), bis 2.400 MBit\/s (5 GHz) und 1.200 MBit\/s (2,4 GHz), WLAN\u2026","breadcrumb":{"@id":"https:\/\/marktxxl.de\/markt\/produkt\/avm-fritzbox-5590-fiber-wi-fi-6-glasfasermodem-wlan-ax-bis-2-400-mbit-s-5-ghz-und-1-200-mbit-s-24-ghz-wlan-mesh-dect-basis-25-gigabit-port-geeignet-fuer-deutschland\/#breadcrumb"},"inLanguage":"de","potentialAction":[{"@type":"ReadAction","target":["https:\/\/marktxxl.de\/markt\/produkt\/avm-fritzbox-5590-fiber-wi-fi-6-glasfasermodem-wlan-ax-bis-2-400-mbit-s-5-ghz-und-1-200-mbit-s-24-ghz-wlan-mesh-dect-basis-25-gigabit-port-geeignet-fuer-deutschland\/"]}]},{"@type":"ImageObject","inLanguage":"de","@id":"https:\/\/marktxxl.de\/markt\/produkt\/avm-fritzbox-5590-fiber-wi-fi-6-glasfasermodem-wlan-ax-bis-2-400-mbit-s-5-ghz-und-1-200-mbit-s-24-ghz-wlan-mesh-dect-basis-25-gigabit-port-geeignet-fuer-deutschland\/#primaryimage","url":"https:\/\/m.media-amazon.com\/images\/I\/315UEfmcgqL._SL500_.jpg","contentUrl":"https:\/\/m.media-amazon.com\/images\/I\/315UEfmcgqL._SL500_.jpg","width":500,"height":367},{"@type":"BreadcrumbList","@id":"https:\/\/marktxxl.de\/markt\/produkt\/avm-fritzbox-5590-fiber-wi-fi-6-glasfasermodem-wlan-ax-bis-2-400-mbit-s-5-ghz-und-1-200-mbit-s-24-ghz-wlan-mesh-dect-basis-25-gigabit-port-geeignet-fuer-deutschland\/#breadcrumb","itemListElement":[{"@type":"ListItem","position":1,"name":"Startseite","item":"https:\/\/marktxxl.de\/markt\/"},{"@type":"ListItem","position":2,"name":"Markt","item":"https:\/\/marktxxl.de\/markt\/"},{"@type":"ListItem","position":3,"name":"AVM FRITZ!Box 5590 Fiber (Wi-Fi 6 Glasfasermodem (WLAN AX), bis 2.400 MBit\/s (5 GHz) und 1.200 MBit\/s (2,4 GHz), WLAN\u2026"}]},{"@type":"WebSite","@id":"https:\/\/marktxxl.de\/markt\/#website","url":"https:\/\/marktxxl.de\/markt\/","name":"Markt-XXL","description":"Ihr Markt Online","publisher":{"@id":"https:\/\/marktxxl.de\/markt\/#organization"},"potentialAction":[{"@type":"SearchAction","target":{"@type":"EntryPoint","urlTemplate":"https:\/\/marktxxl.de\/markt\/?s={search_term_string}"},"query-input":{"@type":"PropertyValueSpecification","valueRequired":true,"valueName":"search_term_string"}}],"inLanguage":"de"},{"@type":"Organization","@id":"https:\/\/marktxxl.de\/markt\/#organization","name":"Markt-XXL","url":"https:\/\/marktxxl.de\/markt\/","logo":{"@type":"ImageObject","inLanguage":"de","@id":"https:\/\/marktxxl.de\/markt\/#\/schema\/logo\/image\/","url":"https:\/\/marktxxl.de\/markt\/wp-content\/uploads\/sites\/3\/2020\/12\/logo.png","contentUrl":"https:\/\/marktxxl.de\/markt\/wp-content\/uploads\/sites\/3\/2020\/12\/logo.png","width":200,"height":70,"caption":"Markt-XXL"},"image":{"@id":"https:\/\/marktxxl.de\/markt\/#\/schema\/logo\/image\/"}}]}},"_links":{"self":[{"href":"https:\/\/marktxxl.de\/markt\/wp-json\/wp\/v2\/product\/121889","targetHints":{"allow":["GET"]}}],"collection":[{"href":"https:\/\/marktxxl.de\/markt\/wp-json\/wp\/v2\/product"}],"about":[{"href":"https:\/\/marktxxl.de\/markt\/wp-json\/wp\/v2\/types\/product"}],"replies":[{"embeddable":true,"href":"https:\/\/marktxxl.de\/markt\/wp-json\/wp\/v2\/comments?post=121889"}],"wp:featuredmedia":[{"embeddable":true,"href":"https:\/\/marktxxl.de\/markt\/wp-json\/wp\/v2\/media\/121890"}],"wp:attachment":[{"href":"https:\/\/marktxxl.de\/markt\/wp-json\/wp\/v2\/media?parent=121889"}],"wp:term":[{"taxonomy":"product_brand","embeddable":true,"href":"https:\/\/marktxxl.de\/markt\/wp-json\/wp\/v2\/product_brand?post=121889"},{"taxonomy":"product_cat","embeddable":true,"href":"https:\/\/marktxxl.de\/markt\/wp-json\/wp\/v2\/product_cat?post=121889"},{"taxonomy":"product_tag","embeddable":true,"href":"https:\/\/marktxxl.de\/markt\/wp-json\/wp\/v2\/product_tag?post=121889"}],"curies":[{"name":"wp","href":"https:\/\/api.w.org\/{rel}","templated":true}]}}