{"id":121712,"date":"2022-05-15T07:46:52","date_gmt":"2022-05-15T05:46:52","guid":{"rendered":"https:\/\/marktxxl.de\/markt\/produkt\/zober-premium-wickelorganizer-innentaschen-fuer-bis-zu-24-rollen-geschenkpapier-aufbewahrungsbox-und-urlaubszubehoer-1016-cm-lang-aus-reissfestem-stoff-5-jahre-garantie\/"},"modified":"2023-04-11T03:52:24","modified_gmt":"2023-04-11T01:52:24","slug":"zober-premium-wickelorganizer-innentaschen-fuer-bis-zu-24-rollen-geschenkpapier-aufbewahrungsbox-und-urlaubszubehoer-1016-cm-lang-aus-reissfestem-stoff-5-jahre-garantie","status":"publish","type":"product","link":"https:\/\/marktxxl.de\/markt\/produkt\/zober-premium-wickelorganizer-innentaschen-fuer-bis-zu-24-rollen-geschenkpapier-aufbewahrungsbox-und-urlaubszubehoer-1016-cm-lang-aus-reissfestem-stoff-5-jahre-garantie\/","title":{"rendered":"Zober Premium Wrap Organiser, Inner Pockets, Holds up to 24 Rolls, Gift Wrap Storage Box and Holiday Accessories, 101.6\u2026"},"content":{"rendered":"<p>Geschenkpapier-Aufbewahrung \u2013 die ultimative L\u00f6sung f\u00fcr Weihnachtsgeschenkpapier-Aufbewahrung, Zubeh\u00f6r und Zubeh\u00f6r mit der Premium-Geschenkpapier-Aufbewahrungsbox. Halten Sie eine ganze Geschenkpapier-Kollektion ordentlich und organisiert, alles an einem Ort. Ma\u00dfe: 35,6 x 101,6 x 15,2 cm.<br \/>\nRobuste Konstruktion \u2013 der Geschenkpapier-Organizer aus ultra-strapazierf\u00e4higem 600D-Oxford-Polyestergewebe ist rei\u00dffest, durchstichfest, verblasst und feuchtigkeitsbest\u00e4ndig. Die robuste Kartonkonstruktion h\u00e4lt den Weihnachts-Geschenkpapier-Organizer strukturiert und stark.<br \/>\nPraktische Extras \u2013 2 transparente Vinyl-Taschen halten Schleifen, Etiketten, Klebeband, Schere und andere Materialien in dem Geschenkpapier-Organizer organisiert. Wenn Sie Rollen k\u00fcrzer als 91,4 cm haben, verwenden Sie die Trennwand, um ein Fach f\u00fcr zus\u00e4tzliches Zubeh\u00f6r hinzuzuf\u00fcgen. Doppelrei\u00dfverschluss h\u00e4lt alle Ihre Materialien sicher und leicht zug\u00e4nglich. Geschenkpapier Aufbewahrungsbox<br \/>\nPlatzsparend \u2013 flache, schlanke Aufbewahrungsbeh\u00e4lter f\u00fcr Geschenkpapier, die in tiefen Regalen, engen R\u00e4umen, an W\u00e4nden und unter Betten aufbewahrt werden k\u00f6nnen. Unsere Urlaubs-Geschenkpapierbeh\u00e4lter sind zusammenklappbar f\u00fcr einfache Lagerung in Schr\u00e4nken, Garagen, Dachb\u00f6den und Schuppen.<br \/>\nROLLKAPAZIT\u00c4T &#8211; Die Menge der Rollen, die in die Aufbewahrungstasche f\u00fcr Geschenkpapier passen, h\u00e4ngt von der Dicke der Rollen ab. Bis zu 45,7 &#8211; 6,3 cm dicke Rollen und bis zu 61 &#8211; 3,8 cm dicke Rollen.<br \/>\n<div class=\"main-cross-sell\" data-asin=\"B07SGXV5FV\">\n\n\t<div class=\"WooZone-cross-sell-loader\">\n\t\t<div>\n\t\t\t<div id=\"floatingBarsG\">\n\t\t\t\t<div class=\"blockG\" id=\"rotateG_01\"><\/div>\n\t\t\t\t<div class=\"blockG\" id=\"rotateG_02\"><\/div>\n\t\t\t\t<div class=\"blockG\" id=\"rotateG_03\"><\/div>\n\t\t\t\t<div class=\"blockG\" id=\"rotateG_04\"><\/div>\n\t\t\t\t<div class=\"blockG\" id=\"rotateG_05\"><\/div>\n\t\t\t\t<div class=\"blockG\" id=\"rotateG_06\"><\/div>\n\t\t\t\t<div class=\"blockG\" id=\"rotateG_07\"><\/div>\n\t\t\t\t<div class=\"blockG\" id=\"rotateG_08\"><\/div>\n\t\t\t<\/div>\n\t\t\t<div class=\"WooZone-cross-sell-loader-text\"><\/div>\n\t\t<\/div>\n\t<\/div>\n\n\t\t\n<\/div>\n<div style=\"clear:both;\"><\/div><\/p>\n","protected":false},"excerpt":{"rendered":"<p>Geschenkpapier-Aufbewahrung \u2013 die ultimative L\u00f6sung f\u00fcr Weihnachtsgeschenkpapier-Aufbewahrung, Zubeh\u00f6r und Zubeh\u00f6r mit der Premium-Geschenkpapier-Aufbewahrungsbox. Halten Sie eine ganze Geschenkpapier-Kollektion ordentlich und organisiert, alles an einem Ort. Ma\u00dfe: 35,6 x 101,6 x 15,2 cm.<br \/>\nRobuste Konstruktion \u2013 der Geschenkpapier-Organizer aus ultra-strapazierf\u00e4higem 600D-Oxford-Polyestergewebe ist rei\u00dffest, durchstichfest, verblasst und feuchtigkeitsbest\u00e4ndig. Die robuste Kartonkonstruktion h\u00e4lt den Weihnachts-Geschenkpapier-Organizer strukturiert und stark.<br \/>\nPraktische Extras \u2013 2 transparente Vinyl-Taschen halten Schleifen, Etiketten, Klebeband, Schere und andere Materialien in dem Geschenkpapier-Organizer organisiert. Wenn Sie Rollen k\u00fcrzer als 91,4 cm haben, verwenden Sie die Trennwand, um ein Fach f\u00fcr zus\u00e4tzliches Zubeh\u00f6r hinzuzuf\u00fcgen. Doppelrei\u00dfverschluss h\u00e4lt alle Ihre Materialien sicher und leicht zug\u00e4nglich. Geschenkpapier Aufbewahrungsbox<\/p>\n","protected":false},"featured_media":121713,"comment_status":"open","ping_status":"closed","template":"","meta":[],"product_brand":[],"product_cat":[504,8703],"product_tag":[],"class_list":{"0":"post-121712","1":"product","2":"type-product","3":"status-publish","4":"has-post-thumbnail","6":"product_cat-buerobedarf-schreibwaren","7":"product_cat-umschlaege-versandzubehoer","8":"pa_binding-haushaltswaren","9":"pa_brand-aokey","10":"pa_color-beige","11":"pa_height-5-9842519624-zoll","12":"pa_length-40-5118109823-zoll","13":"pa_manufacturer-zober","14":"pa_size-14x40x6-inch-pack-of-1","15":"pa_width-13-9763779385-zoll","17":"first","18":"instock","19":"shipping-taxable","20":"purchasable","21":"product-type-simple","22":"customify-col","23":"product-has-gallery"},"yoast_head":"<!-- This site is optimized with the Yoast SEO plugin v27.4 - https:\/\/yoast.com\/product\/yoast-seo-wordpress\/ -->\n<title>Zober Premium Wrap Organiser, Inner Pockets, Holds up to 24 Rolls, Gift Wrap Storage Box and Holiday Accessories, 101.6\u2026 - Markt-XXL<\/title>\n<meta name=\"description\" content=\"Markt-XXL Zober Premium Wrap Organiser, Inner Pockets, Holds up to 24 Rolls, Gift Wrap Storage Box and Holiday Accessories, 101.6\u2026\" \/>\n<meta name=\"robots\" content=\"index, follow, max-snippet:-1, max-image-preview:large, max-video-preview:-1\" \/>\n<link rel=\"canonical\" href=\"https:\/\/marktxxl.de\/markt\/produkt\/zober-premium-wickelorganizer-innentaschen-fuer-bis-zu-24-rollen-geschenkpapier-aufbewahrungsbox-und-urlaubszubehoer-1016-cm-lang-aus-reissfestem-stoff-5-jahre-garantie\/\" \/>\n<meta property=\"og:locale\" content=\"de_DE\" \/>\n<meta property=\"og:type\" content=\"article\" \/>\n<meta property=\"og:title\" content=\"Zober Premium Wrap Organiser, Inner Pockets, Holds up to 24 Rolls, Gift Wrap Storage Box and Holiday Accessories, 101.6\u2026 - Markt-XXL\" \/>\n<meta property=\"og:description\" content=\"Markt-XXL Zober Premium Wrap Organiser, Inner Pockets, Holds up to 24 Rolls, Gift Wrap Storage Box and Holiday Accessories, 101.6\u2026\" \/>\n<meta property=\"og:url\" content=\"https:\/\/marktxxl.de\/markt\/produkt\/zober-premium-wickelorganizer-innentaschen-fuer-bis-zu-24-rollen-geschenkpapier-aufbewahrungsbox-und-urlaubszubehoer-1016-cm-lang-aus-reissfestem-stoff-5-jahre-garantie\/\" \/>\n<meta property=\"og:site_name\" content=\"Markt-XXL\" \/>\n<meta property=\"article:modified_time\" content=\"2023-04-11T01:52:24+00:00\" \/>\n<meta property=\"og:image\" content=\"https:\/\/m.media-amazon.com\/images\/I\/51SSmz0wuBL._SL500_.jpg\" \/>\n\t<meta property=\"og:image:width\" content=\"500\" \/>\n\t<meta property=\"og:image:height\" content=\"500\" \/>\n\t<meta property=\"og:image:type\" content=\"image\/jpeg\" \/>\n<meta name=\"twitter:card\" content=\"summary_large_image\" \/>\n<meta name=\"twitter:label1\" content=\"Gesch\u00e4tzte Lesezeit\" \/>\n\t<meta name=\"twitter:data1\" content=\"1\u00a0Minute\" \/>\n<script type=\"application\/ld+json\" class=\"yoast-schema-graph\">{\"@context\":\"https:\\\/\\\/schema.org\",\"@graph\":[{\"@type\":\"WebPage\",\"@id\":\"https:\\\/\\\/marktxxl.de\\\/markt\\\/produkt\\\/zober-premium-wickelorganizer-innentaschen-fuer-bis-zu-24-rollen-geschenkpapier-aufbewahrungsbox-und-urlaubszubehoer-1016-cm-lang-aus-reissfestem-stoff-5-jahre-garantie\\\/\",\"url\":\"https:\\\/\\\/marktxxl.de\\\/markt\\\/produkt\\\/zober-premium-wickelorganizer-innentaschen-fuer-bis-zu-24-rollen-geschenkpapier-aufbewahrungsbox-und-urlaubszubehoer-1016-cm-lang-aus-reissfestem-stoff-5-jahre-garantie\\\/\",\"name\":\"Zober Premium Wrap Organiser, Inner Pockets, Holds up to 24 Rolls, Gift Wrap Storage Box and Holiday Accessories, 101.6\u2026 - Markt-XXL\",\"isPartOf\":{\"@id\":\"https:\\\/\\\/marktxxl.de\\\/markt\\\/#website\"},\"primaryImageOfPage\":{\"@id\":\"https:\\\/\\\/marktxxl.de\\\/markt\\\/produkt\\\/zober-premium-wickelorganizer-innentaschen-fuer-bis-zu-24-rollen-geschenkpapier-aufbewahrungsbox-und-urlaubszubehoer-1016-cm-lang-aus-reissfestem-stoff-5-jahre-garantie\\\/#primaryimage\"},\"image\":{\"@id\":\"https:\\\/\\\/marktxxl.de\\\/markt\\\/produkt\\\/zober-premium-wickelorganizer-innentaschen-fuer-bis-zu-24-rollen-geschenkpapier-aufbewahrungsbox-und-urlaubszubehoer-1016-cm-lang-aus-reissfestem-stoff-5-jahre-garantie\\\/#primaryimage\"},\"thumbnailUrl\":\"https:\\\/\\\/m.media-amazon.com\\\/images\\\/I\\\/51SSmz0wuBL._SL500_.jpg\",\"datePublished\":\"2022-05-15T05:46:52+00:00\",\"dateModified\":\"2023-04-11T01:52:24+00:00\",\"description\":\"Markt-XXL Zober Premium Wrap Organiser, Inner Pockets, Holds up to 24 Rolls, Gift Wrap Storage Box and Holiday Accessories, 101.6\u2026\",\"breadcrumb\":{\"@id\":\"https:\\\/\\\/marktxxl.de\\\/markt\\\/produkt\\\/zober-premium-wickelorganizer-innentaschen-fuer-bis-zu-24-rollen-geschenkpapier-aufbewahrungsbox-und-urlaubszubehoer-1016-cm-lang-aus-reissfestem-stoff-5-jahre-garantie\\\/#breadcrumb\"},\"inLanguage\":\"de\",\"potentialAction\":[{\"@type\":\"ReadAction\",\"target\":[\"https:\\\/\\\/marktxxl.de\\\/markt\\\/produkt\\\/zober-premium-wickelorganizer-innentaschen-fuer-bis-zu-24-rollen-geschenkpapier-aufbewahrungsbox-und-urlaubszubehoer-1016-cm-lang-aus-reissfestem-stoff-5-jahre-garantie\\\/\"]}]},{\"@type\":\"ImageObject\",\"inLanguage\":\"de\",\"@id\":\"https:\\\/\\\/marktxxl.de\\\/markt\\\/produkt\\\/zober-premium-wickelorganizer-innentaschen-fuer-bis-zu-24-rollen-geschenkpapier-aufbewahrungsbox-und-urlaubszubehoer-1016-cm-lang-aus-reissfestem-stoff-5-jahre-garantie\\\/#primaryimage\",\"url\":\"https:\\\/\\\/m.media-amazon.com\\\/images\\\/I\\\/51SSmz0wuBL._SL500_.jpg\",\"contentUrl\":\"https:\\\/\\\/m.media-amazon.com\\\/images\\\/I\\\/51SSmz0wuBL._SL500_.jpg\",\"width\":500,\"height\":500},{\"@type\":\"BreadcrumbList\",\"@id\":\"https:\\\/\\\/marktxxl.de\\\/markt\\\/produkt\\\/zober-premium-wickelorganizer-innentaschen-fuer-bis-zu-24-rollen-geschenkpapier-aufbewahrungsbox-und-urlaubszubehoer-1016-cm-lang-aus-reissfestem-stoff-5-jahre-garantie\\\/#breadcrumb\",\"itemListElement\":[{\"@type\":\"ListItem\",\"position\":1,\"name\":\"Startseite\",\"item\":\"https:\\\/\\\/marktxxl.de\\\/markt\\\/\"},{\"@type\":\"ListItem\",\"position\":2,\"name\":\"Markt\",\"item\":\"https:\\\/\\\/marktxxl.de\\\/markt\\\/\"},{\"@type\":\"ListItem\",\"position\":3,\"name\":\"Zober Premium Wrap Organiser, Inner Pockets, Holds up to 24 Rolls, Gift Wrap Storage Box and Holiday Accessories, 101.6\u2026\"}]},{\"@type\":\"WebSite\",\"@id\":\"https:\\\/\\\/marktxxl.de\\\/markt\\\/#website\",\"url\":\"https:\\\/\\\/marktxxl.de\\\/markt\\\/\",\"name\":\"Markt-XXL\",\"description\":\"Ihr Markt Online\",\"publisher\":{\"@id\":\"https:\\\/\\\/marktxxl.de\\\/markt\\\/#organization\"},\"potentialAction\":[{\"@type\":\"SearchAction\",\"target\":{\"@type\":\"EntryPoint\",\"urlTemplate\":\"https:\\\/\\\/marktxxl.de\\\/markt\\\/?s={search_term_string}\"},\"query-input\":{\"@type\":\"PropertyValueSpecification\",\"valueRequired\":true,\"valueName\":\"search_term_string\"}}],\"inLanguage\":\"de\"},{\"@type\":\"Organization\",\"@id\":\"https:\\\/\\\/marktxxl.de\\\/markt\\\/#organization\",\"name\":\"Markt-XXL\",\"url\":\"https:\\\/\\\/marktxxl.de\\\/markt\\\/\",\"logo\":{\"@type\":\"ImageObject\",\"inLanguage\":\"de\",\"@id\":\"https:\\\/\\\/marktxxl.de\\\/markt\\\/#\\\/schema\\\/logo\\\/image\\\/\",\"url\":\"https:\\\/\\\/marktxxl.de\\\/markt\\\/wp-content\\\/uploads\\\/sites\\\/3\\\/2020\\\/12\\\/logo.png\",\"contentUrl\":\"https:\\\/\\\/marktxxl.de\\\/markt\\\/wp-content\\\/uploads\\\/sites\\\/3\\\/2020\\\/12\\\/logo.png\",\"width\":200,\"height\":70,\"caption\":\"Markt-XXL\"},\"image\":{\"@id\":\"https:\\\/\\\/marktxxl.de\\\/markt\\\/#\\\/schema\\\/logo\\\/image\\\/\"}}]}<\/script>\n<!-- \/ Yoast SEO plugin. -->","yoast_head_json":{"title":"Zober Premium Wrap Organiser, Inner Pockets, Holds up to 24 Rolls, Gift Wrap Storage Box and Holiday Accessories, 101.6\u2026 - Markt-XXL","description":"Markt-XXL Zober Premium Wrap Organiser, Inner Pockets, Holds up to 24 Rolls, Gift Wrap Storage Box and Holiday Accessories, 101.6\u2026","robots":{"index":"index","follow":"follow","max-snippet":"max-snippet:-1","max-image-preview":"max-image-preview:large","max-video-preview":"max-video-preview:-1"},"canonical":"https:\/\/marktxxl.de\/markt\/produkt\/zober-premium-wickelorganizer-innentaschen-fuer-bis-zu-24-rollen-geschenkpapier-aufbewahrungsbox-und-urlaubszubehoer-1016-cm-lang-aus-reissfestem-stoff-5-jahre-garantie\/","og_locale":"de_DE","og_type":"article","og_title":"Zober Premium Wrap Organiser, Inner Pockets, Holds up to 24 Rolls, Gift Wrap Storage Box and Holiday Accessories, 101.6\u2026 - Markt-XXL","og_description":"Markt-XXL Zober Premium Wrap Organiser, Inner Pockets, Holds up to 24 Rolls, Gift Wrap Storage Box and Holiday Accessories, 101.6\u2026","og_url":"https:\/\/marktxxl.de\/markt\/produkt\/zober-premium-wickelorganizer-innentaschen-fuer-bis-zu-24-rollen-geschenkpapier-aufbewahrungsbox-und-urlaubszubehoer-1016-cm-lang-aus-reissfestem-stoff-5-jahre-garantie\/","og_site_name":"Markt-XXL","article_modified_time":"2023-04-11T01:52:24+00:00","og_image":[{"width":500,"height":500,"url":"https:\/\/m.media-amazon.com\/images\/I\/51SSmz0wuBL._SL500_.jpg","type":"image\/jpeg"}],"twitter_card":"summary_large_image","twitter_misc":{"Gesch\u00e4tzte Lesezeit":"1\u00a0Minute"},"schema":{"@context":"https:\/\/schema.org","@graph":[{"@type":"WebPage","@id":"https:\/\/marktxxl.de\/markt\/produkt\/zober-premium-wickelorganizer-innentaschen-fuer-bis-zu-24-rollen-geschenkpapier-aufbewahrungsbox-und-urlaubszubehoer-1016-cm-lang-aus-reissfestem-stoff-5-jahre-garantie\/","url":"https:\/\/marktxxl.de\/markt\/produkt\/zober-premium-wickelorganizer-innentaschen-fuer-bis-zu-24-rollen-geschenkpapier-aufbewahrungsbox-und-urlaubszubehoer-1016-cm-lang-aus-reissfestem-stoff-5-jahre-garantie\/","name":"Zober Premium Wrap Organiser, Inner Pockets, Holds up to 24 Rolls, Gift Wrap Storage Box and Holiday Accessories, 101.6\u2026 - Markt-XXL","isPartOf":{"@id":"https:\/\/marktxxl.de\/markt\/#website"},"primaryImageOfPage":{"@id":"https:\/\/marktxxl.de\/markt\/produkt\/zober-premium-wickelorganizer-innentaschen-fuer-bis-zu-24-rollen-geschenkpapier-aufbewahrungsbox-und-urlaubszubehoer-1016-cm-lang-aus-reissfestem-stoff-5-jahre-garantie\/#primaryimage"},"image":{"@id":"https:\/\/marktxxl.de\/markt\/produkt\/zober-premium-wickelorganizer-innentaschen-fuer-bis-zu-24-rollen-geschenkpapier-aufbewahrungsbox-und-urlaubszubehoer-1016-cm-lang-aus-reissfestem-stoff-5-jahre-garantie\/#primaryimage"},"thumbnailUrl":"https:\/\/m.media-amazon.com\/images\/I\/51SSmz0wuBL._SL500_.jpg","datePublished":"2022-05-15T05:46:52+00:00","dateModified":"2023-04-11T01:52:24+00:00","description":"Markt-XXL Zober Premium Wrap Organiser, Inner Pockets, Holds up to 24 Rolls, Gift Wrap Storage Box and Holiday Accessories, 101.6\u2026","breadcrumb":{"@id":"https:\/\/marktxxl.de\/markt\/produkt\/zober-premium-wickelorganizer-innentaschen-fuer-bis-zu-24-rollen-geschenkpapier-aufbewahrungsbox-und-urlaubszubehoer-1016-cm-lang-aus-reissfestem-stoff-5-jahre-garantie\/#breadcrumb"},"inLanguage":"de","potentialAction":[{"@type":"ReadAction","target":["https:\/\/marktxxl.de\/markt\/produkt\/zober-premium-wickelorganizer-innentaschen-fuer-bis-zu-24-rollen-geschenkpapier-aufbewahrungsbox-und-urlaubszubehoer-1016-cm-lang-aus-reissfestem-stoff-5-jahre-garantie\/"]}]},{"@type":"ImageObject","inLanguage":"de","@id":"https:\/\/marktxxl.de\/markt\/produkt\/zober-premium-wickelorganizer-innentaschen-fuer-bis-zu-24-rollen-geschenkpapier-aufbewahrungsbox-und-urlaubszubehoer-1016-cm-lang-aus-reissfestem-stoff-5-jahre-garantie\/#primaryimage","url":"https:\/\/m.media-amazon.com\/images\/I\/51SSmz0wuBL._SL500_.jpg","contentUrl":"https:\/\/m.media-amazon.com\/images\/I\/51SSmz0wuBL._SL500_.jpg","width":500,"height":500},{"@type":"BreadcrumbList","@id":"https:\/\/marktxxl.de\/markt\/produkt\/zober-premium-wickelorganizer-innentaschen-fuer-bis-zu-24-rollen-geschenkpapier-aufbewahrungsbox-und-urlaubszubehoer-1016-cm-lang-aus-reissfestem-stoff-5-jahre-garantie\/#breadcrumb","itemListElement":[{"@type":"ListItem","position":1,"name":"Startseite","item":"https:\/\/marktxxl.de\/markt\/"},{"@type":"ListItem","position":2,"name":"Markt","item":"https:\/\/marktxxl.de\/markt\/"},{"@type":"ListItem","position":3,"name":"Zober Premium Wrap Organiser, Inner Pockets, Holds up to 24 Rolls, Gift Wrap Storage Box and Holiday Accessories, 101.6\u2026"}]},{"@type":"WebSite","@id":"https:\/\/marktxxl.de\/markt\/#website","url":"https:\/\/marktxxl.de\/markt\/","name":"Markt-XXL","description":"Ihr Markt Online","publisher":{"@id":"https:\/\/marktxxl.de\/markt\/#organization"},"potentialAction":[{"@type":"SearchAction","target":{"@type":"EntryPoint","urlTemplate":"https:\/\/marktxxl.de\/markt\/?s={search_term_string}"},"query-input":{"@type":"PropertyValueSpecification","valueRequired":true,"valueName":"search_term_string"}}],"inLanguage":"de"},{"@type":"Organization","@id":"https:\/\/marktxxl.de\/markt\/#organization","name":"Markt-XXL","url":"https:\/\/marktxxl.de\/markt\/","logo":{"@type":"ImageObject","inLanguage":"de","@id":"https:\/\/marktxxl.de\/markt\/#\/schema\/logo\/image\/","url":"https:\/\/marktxxl.de\/markt\/wp-content\/uploads\/sites\/3\/2020\/12\/logo.png","contentUrl":"https:\/\/marktxxl.de\/markt\/wp-content\/uploads\/sites\/3\/2020\/12\/logo.png","width":200,"height":70,"caption":"Markt-XXL"},"image":{"@id":"https:\/\/marktxxl.de\/markt\/#\/schema\/logo\/image\/"}}]}},"_links":{"self":[{"href":"https:\/\/marktxxl.de\/markt\/wp-json\/wp\/v2\/product\/121712","targetHints":{"allow":["GET"]}}],"collection":[{"href":"https:\/\/marktxxl.de\/markt\/wp-json\/wp\/v2\/product"}],"about":[{"href":"https:\/\/marktxxl.de\/markt\/wp-json\/wp\/v2\/types\/product"}],"replies":[{"embeddable":true,"href":"https:\/\/marktxxl.de\/markt\/wp-json\/wp\/v2\/comments?post=121712"}],"wp:featuredmedia":[{"embeddable":true,"href":"https:\/\/marktxxl.de\/markt\/wp-json\/wp\/v2\/media\/121713"}],"wp:attachment":[{"href":"https:\/\/marktxxl.de\/markt\/wp-json\/wp\/v2\/media?parent=121712"}],"wp:term":[{"taxonomy":"product_brand","embeddable":true,"href":"https:\/\/marktxxl.de\/markt\/wp-json\/wp\/v2\/product_brand?post=121712"},{"taxonomy":"product_cat","embeddable":true,"href":"https:\/\/marktxxl.de\/markt\/wp-json\/wp\/v2\/product_cat?post=121712"},{"taxonomy":"product_tag","embeddable":true,"href":"https:\/\/marktxxl.de\/markt\/wp-json\/wp\/v2\/product_tag?post=121712"}],"curies":[{"name":"wp","href":"https:\/\/api.w.org\/{rel}","templated":true}]}}