{"id":121617,"date":"2022-05-15T07:28:07","date_gmt":"2022-05-15T05:28:07","guid":{"rendered":"https:\/\/marktxxl.de\/markt\/produkt\/disney-yoda-rucksack-motiv-mandalorian-grogu-the-child-grosser-star-wars-rucksack-geeignet-fuer-aeltere-kinder-jugendliche-und-erwachsene-48-cm-x-35-cm-x-13-cm\/"},"modified":"2023-04-11T03:52:22","modified_gmt":"2023-04-11T01:52:22","slug":"disney-yoda-rucksack-motiv-mandalorian-grogu-the-child-grosser-star-wars-rucksack-geeignet-fuer-aeltere-kinder-jugendliche-und-erwachsene-48-cm-x-35-cm-x-13-cm","status":"publish","type":"product","link":"https:\/\/marktxxl.de\/markt\/produkt\/disney-yoda-rucksack-motiv-mandalorian-grogu-the-child-grosser-star-wars-rucksack-geeignet-fuer-aeltere-kinder-jugendliche-und-erwachsene-48-cm-x-35-cm-x-13-cm\/","title":{"rendered":"Disney Yoda-Rucksack, Motiv Mandalorian Grogu The Child | gro\u00dfer Star Wars Rucksack \u2013 geeignet f\u00fcr \u00e4ltere Kinder\u2026"},"content":{"rendered":"<p>Disney The Child Mandalorian Official Backpack &#8211; Dieser exklusive gro\u00dfe Star Wars Rucksack ist inspiriert von Baby Yoda The Child in der Mandalorian TV-Serie auf Disney+. Da es sich um eine gro\u00dfe Tasche handelt, 48 cm hoch, 35 cm breit und 13 cm tief, ist diese Baby-Yoda-Tasche f\u00fcr \u00e4ltere Kinder und Erwachsene geeignet. Viel Stauraum mit dieser Tasche, perfekt als Schultasche, Reisetasche, Freizeitrucksack, Camping oder Wochenendausfl\u00fcge<br \/>\nLizenziert, Disney-Qualit\u00e4t, langlebig und bequem &#8211; Dieser super trendige Unisex-Rucksack ist f\u00fcr \u00e4ltere Kinder ab 9 Jahren, Jugendliche und Erwachsene geeignet und verf\u00fcgt \u00fcber ein 3D-Bild von Grogu Baby Yoda aus Star Wars dem Mandalorianer. Es hat eine riesige Menge an Stauraum, einschlie\u00dflich eines gepolsterten Abteils, in dem die meisten gro\u00dfen Laptops, MacBook Air, iPad, kleine B\u00fccher und Kleidung leicht verstaut werden k\u00f6nnen. Dieser wundersch\u00f6n verarbeitete Rucksack ist ein Muss f\u00fcr den wahren Star Wars Fan.<br \/>\nSTAR WARS BABY YODA GESCHENKE UND GESCHENKE &#8211; Der Star Wars Baby Yoda Rucksack ist wasserabweisend (Sie k\u00f6nnen ihn w\u00e4hrend des leichten Regens verwenden) und wird von den Abenteuern des Kindes aus dem Mandalorian mit einer realistischen Nachbildung von Baby Yoda auf der Vorderseite inspiriert. Es kommt mit verstellbaren, gepolsterten R\u00fcckengurten und einem ger\u00e4umigen Innenraum. Die Tasche ist 48 cm lang, 35 cm breit und 13 cm tief und kommt mit einer Fronttasche und zwei seitlichen Netztaschen f\u00fcr Trinkflaschen.<br \/>\nMandalorian Disney + Star Wars &#8211; Fans der Star Wars Mandalorian TV-Serie werden diesen Baby Yoda The Child Rucksack als Geburtstagsgeschenk oder Weihnachtsgeschenk lieben. Dieses ultimative Disney Star Wars Geschenk mit diesem einzigartigen und lustigen Baby Yoda Design f\u00e4ngt die Macht und den Geist des Kindes ein und wird Ihren Star Wars Fan dazu inspirieren, seine Tr\u00e4ume zu leben.<br \/>\nLimitierte Auflage Exklusives Design mit Grogu &#8211; Dieser Baby Yoda the Child Rucksack ist aus strapazierf\u00e4higem Baumwoll- und Polyestermaterial, starken N\u00e4hten, stabilen Rei\u00dfverschl\u00fcssen und bequemen gepolsterten Tr\u00e4gern mit einer weiten \u00d6ffnung. Diese leichte Reisetasche ist ein fantastisches Unisex-Geburtstags- oder Weihnachtsgeschenk f\u00fcr Erwachsene, Jugendliche, \u00e4ltere Jungen und M\u00e4dchen, die riesige Star Wars oder Baby Yoda Fans sind. Geeignet ab 9 Jahren.<br \/>\nTest<br \/>\n<div class=\"main-cross-sell\" data-asin=\"B08ZXC85ZR\">\n\n\t<div class=\"WooZone-cross-sell-loader\">\n\t\t<div>\n\t\t\t<div id=\"floatingBarsG\">\n\t\t\t\t<div class=\"blockG\" id=\"rotateG_01\"><\/div>\n\t\t\t\t<div class=\"blockG\" id=\"rotateG_02\"><\/div>\n\t\t\t\t<div class=\"blockG\" id=\"rotateG_03\"><\/div>\n\t\t\t\t<div class=\"blockG\" id=\"rotateG_04\"><\/div>\n\t\t\t\t<div class=\"blockG\" id=\"rotateG_05\"><\/div>\n\t\t\t\t<div class=\"blockG\" id=\"rotateG_06\"><\/div>\n\t\t\t\t<div class=\"blockG\" id=\"rotateG_07\"><\/div>\n\t\t\t\t<div class=\"blockG\" id=\"rotateG_08\"><\/div>\n\t\t\t<\/div>\n\t\t\t<div class=\"WooZone-cross-sell-loader-text\"><\/div>\n\t\t<\/div>\n\t<\/div>\n\n\t\t\n<\/div>\n<div style=\"clear:both;\"><\/div><\/p>\n","protected":false},"excerpt":{"rendered":"<p>Disney The Child Mandalorian Official Backpack &#8211; Dieser exklusive gro\u00dfe Star Wars Rucksack ist inspiriert von Baby Yoda The Child in der Mandalorian TV-Serie auf Disney+. Da es sich um eine gro\u00dfe Tasche handelt, 48 cm hoch, 35 cm breit und 13 cm tief, ist diese Baby-Yoda-Tasche f\u00fcr \u00e4ltere Kinder und Erwachsene geeignet. Viel Stauraum mit dieser Tasche, perfekt als Schultasche, Reisetasche, Freizeitrucksack, Camping oder Wochenendausfl\u00fcge<br \/>\nLizenziert, Disney-Qualit\u00e4t, langlebig und bequem &#8211; Dieser super trendige Unisex-Rucksack ist f\u00fcr \u00e4ltere Kinder ab 9 Jahren, Jugendliche und Erwachsene geeignet und verf\u00fcgt \u00fcber ein 3D-Bild von Grogu Baby Yoda aus Star Wars dem Mandalorianer. Es hat eine riesige Menge an Stauraum, einschlie\u00dflich eines gepolsterten Abteils, in dem die meisten gro\u00dfen Laptops, MacBook Air, iPad, kleine B\u00fccher und Kleidung leicht verstaut werden k\u00f6nnen. Dieser wundersch\u00f6n verarbeitete Rucksack ist ein Muss f\u00fcr den wahren Star Wars Fan.<br \/>\nSTAR WARS BABY YODA GESCHENKE UND GESCHENKE &#8211; Der Star Wars Baby Yoda Rucksack ist wasserabweisend (Sie k\u00f6nnen ihn w\u00e4hrend des leichten Regens verwenden) und wird von den Abenteuern des Kindes aus dem Mandalorian mit einer realistischen Nachbildung von Baby Yoda auf der Vorderseite inspiriert. Es kommt mit verstellbaren, gepolsterten R\u00fcckengurten und einem ger\u00e4umigen Innenraum. Die Tasche ist 48 cm lang, 35 cm breit und 13 cm tief und kommt mit einer Fronttasche und zwei seitlichen Netztaschen f\u00fcr Trinkflaschen.<\/p>\n","protected":false},"featured_media":121618,"comment_status":"open","ping_status":"closed","template":"","meta":[],"product_brand":[],"product_cat":[504,8631],"product_tag":[],"class_list":{"0":"post-121617","1":"product","2":"type-product","3":"status-publish","4":"has-post-thumbnail","6":"product_cat-buerobedarf-schreibwaren","7":"product_cat-schul-unibedarf","8":"pa_binding-luggage","9":"pa_brand-star-wars","10":"pa_color-schwarz","11":"pa_height-18-897637776-zoll","12":"pa_length-13-779527545-zoll","13":"pa_size-l","14":"pa_width-5-118110231-zoll","16":"first","17":"instock","18":"shipping-taxable","19":"purchasable","20":"product-type-simple","21":"customify-col","22":"product-has-gallery"},"yoast_head":"<!-- This site is optimized with the Yoast SEO plugin v27.4 - https:\/\/yoast.com\/product\/yoast-seo-wordpress\/ -->\n<title>Disney Yoda-Rucksack, Motiv Mandalorian Grogu The Child | gro\u00dfer Star Wars Rucksack \u2013 geeignet f\u00fcr \u00e4ltere Kinder\u2026 - Markt-XXL<\/title>\n<meta name=\"description\" content=\"Markt-XXL Disney Yoda-Rucksack, Motiv Mandalorian Grogu The Child | gro\u00dfer Star Wars Rucksack \u2013 geeignet f\u00fcr \u00e4ltere Kinder\u2026\" \/>\n<meta name=\"robots\" content=\"index, follow, max-snippet:-1, max-image-preview:large, max-video-preview:-1\" \/>\n<link rel=\"canonical\" href=\"https:\/\/marktxxl.de\/markt\/produkt\/disney-yoda-rucksack-motiv-mandalorian-grogu-the-child-grosser-star-wars-rucksack-geeignet-fuer-aeltere-kinder-jugendliche-und-erwachsene-48-cm-x-35-cm-x-13-cm\/\" \/>\n<meta property=\"og:locale\" content=\"de_DE\" \/>\n<meta property=\"og:type\" content=\"article\" \/>\n<meta property=\"og:title\" content=\"Disney Yoda-Rucksack, Motiv Mandalorian Grogu The Child | gro\u00dfer Star Wars Rucksack \u2013 geeignet f\u00fcr \u00e4ltere Kinder\u2026 - Markt-XXL\" \/>\n<meta property=\"og:description\" content=\"Markt-XXL Disney Yoda-Rucksack, Motiv Mandalorian Grogu The Child | gro\u00dfer Star Wars Rucksack \u2013 geeignet f\u00fcr \u00e4ltere Kinder\u2026\" \/>\n<meta property=\"og:url\" content=\"https:\/\/marktxxl.de\/markt\/produkt\/disney-yoda-rucksack-motiv-mandalorian-grogu-the-child-grosser-star-wars-rucksack-geeignet-fuer-aeltere-kinder-jugendliche-und-erwachsene-48-cm-x-35-cm-x-13-cm\/\" \/>\n<meta property=\"og:site_name\" content=\"Markt-XXL\" \/>\n<meta property=\"article:modified_time\" content=\"2023-04-11T01:52:22+00:00\" \/>\n<meta property=\"og:image\" content=\"https:\/\/m.media-amazon.com\/images\/I\/51WkJHBW8PL._SL500_.jpg\" \/>\n\t<meta property=\"og:image:width\" content=\"500\" \/>\n\t<meta property=\"og:image:height\" content=\"500\" \/>\n\t<meta property=\"og:image:type\" content=\"image\/jpeg\" \/>\n<meta name=\"twitter:card\" content=\"summary_large_image\" \/>\n<meta name=\"twitter:label1\" content=\"Gesch\u00e4tzte Lesezeit\" \/>\n\t<meta name=\"twitter:data1\" content=\"2\u00a0Minuten\" \/>\n<script type=\"application\/ld+json\" class=\"yoast-schema-graph\">{\"@context\":\"https:\\\/\\\/schema.org\",\"@graph\":[{\"@type\":\"WebPage\",\"@id\":\"https:\\\/\\\/marktxxl.de\\\/markt\\\/produkt\\\/disney-yoda-rucksack-motiv-mandalorian-grogu-the-child-grosser-star-wars-rucksack-geeignet-fuer-aeltere-kinder-jugendliche-und-erwachsene-48-cm-x-35-cm-x-13-cm\\\/\",\"url\":\"https:\\\/\\\/marktxxl.de\\\/markt\\\/produkt\\\/disney-yoda-rucksack-motiv-mandalorian-grogu-the-child-grosser-star-wars-rucksack-geeignet-fuer-aeltere-kinder-jugendliche-und-erwachsene-48-cm-x-35-cm-x-13-cm\\\/\",\"name\":\"Disney Yoda-Rucksack, Motiv Mandalorian Grogu The Child | gro\u00dfer Star Wars Rucksack \u2013 geeignet f\u00fcr \u00e4ltere Kinder\u2026 - Markt-XXL\",\"isPartOf\":{\"@id\":\"https:\\\/\\\/marktxxl.de\\\/markt\\\/#website\"},\"primaryImageOfPage\":{\"@id\":\"https:\\\/\\\/marktxxl.de\\\/markt\\\/produkt\\\/disney-yoda-rucksack-motiv-mandalorian-grogu-the-child-grosser-star-wars-rucksack-geeignet-fuer-aeltere-kinder-jugendliche-und-erwachsene-48-cm-x-35-cm-x-13-cm\\\/#primaryimage\"},\"image\":{\"@id\":\"https:\\\/\\\/marktxxl.de\\\/markt\\\/produkt\\\/disney-yoda-rucksack-motiv-mandalorian-grogu-the-child-grosser-star-wars-rucksack-geeignet-fuer-aeltere-kinder-jugendliche-und-erwachsene-48-cm-x-35-cm-x-13-cm\\\/#primaryimage\"},\"thumbnailUrl\":\"https:\\\/\\\/m.media-amazon.com\\\/images\\\/I\\\/51WkJHBW8PL._SL500_.jpg\",\"datePublished\":\"2022-05-15T05:28:07+00:00\",\"dateModified\":\"2023-04-11T01:52:22+00:00\",\"description\":\"Markt-XXL Disney Yoda-Rucksack, Motiv Mandalorian Grogu The Child | gro\u00dfer Star Wars Rucksack \u2013 geeignet f\u00fcr \u00e4ltere Kinder\u2026\",\"breadcrumb\":{\"@id\":\"https:\\\/\\\/marktxxl.de\\\/markt\\\/produkt\\\/disney-yoda-rucksack-motiv-mandalorian-grogu-the-child-grosser-star-wars-rucksack-geeignet-fuer-aeltere-kinder-jugendliche-und-erwachsene-48-cm-x-35-cm-x-13-cm\\\/#breadcrumb\"},\"inLanguage\":\"de\",\"potentialAction\":[{\"@type\":\"ReadAction\",\"target\":[\"https:\\\/\\\/marktxxl.de\\\/markt\\\/produkt\\\/disney-yoda-rucksack-motiv-mandalorian-grogu-the-child-grosser-star-wars-rucksack-geeignet-fuer-aeltere-kinder-jugendliche-und-erwachsene-48-cm-x-35-cm-x-13-cm\\\/\"]}]},{\"@type\":\"ImageObject\",\"inLanguage\":\"de\",\"@id\":\"https:\\\/\\\/marktxxl.de\\\/markt\\\/produkt\\\/disney-yoda-rucksack-motiv-mandalorian-grogu-the-child-grosser-star-wars-rucksack-geeignet-fuer-aeltere-kinder-jugendliche-und-erwachsene-48-cm-x-35-cm-x-13-cm\\\/#primaryimage\",\"url\":\"https:\\\/\\\/m.media-amazon.com\\\/images\\\/I\\\/51WkJHBW8PL._SL500_.jpg\",\"contentUrl\":\"https:\\\/\\\/m.media-amazon.com\\\/images\\\/I\\\/51WkJHBW8PL._SL500_.jpg\",\"width\":500,\"height\":500},{\"@type\":\"BreadcrumbList\",\"@id\":\"https:\\\/\\\/marktxxl.de\\\/markt\\\/produkt\\\/disney-yoda-rucksack-motiv-mandalorian-grogu-the-child-grosser-star-wars-rucksack-geeignet-fuer-aeltere-kinder-jugendliche-und-erwachsene-48-cm-x-35-cm-x-13-cm\\\/#breadcrumb\",\"itemListElement\":[{\"@type\":\"ListItem\",\"position\":1,\"name\":\"Startseite\",\"item\":\"https:\\\/\\\/marktxxl.de\\\/markt\\\/\"},{\"@type\":\"ListItem\",\"position\":2,\"name\":\"Markt\",\"item\":\"https:\\\/\\\/marktxxl.de\\\/markt\\\/\"},{\"@type\":\"ListItem\",\"position\":3,\"name\":\"Disney Yoda-Rucksack, Motiv Mandalorian Grogu The Child | gro\u00dfer Star Wars Rucksack \u2013 geeignet f\u00fcr \u00e4ltere Kinder\u2026\"}]},{\"@type\":\"WebSite\",\"@id\":\"https:\\\/\\\/marktxxl.de\\\/markt\\\/#website\",\"url\":\"https:\\\/\\\/marktxxl.de\\\/markt\\\/\",\"name\":\"Markt-XXL\",\"description\":\"Ihr Markt Online\",\"publisher\":{\"@id\":\"https:\\\/\\\/marktxxl.de\\\/markt\\\/#organization\"},\"potentialAction\":[{\"@type\":\"SearchAction\",\"target\":{\"@type\":\"EntryPoint\",\"urlTemplate\":\"https:\\\/\\\/marktxxl.de\\\/markt\\\/?s={search_term_string}\"},\"query-input\":{\"@type\":\"PropertyValueSpecification\",\"valueRequired\":true,\"valueName\":\"search_term_string\"}}],\"inLanguage\":\"de\"},{\"@type\":\"Organization\",\"@id\":\"https:\\\/\\\/marktxxl.de\\\/markt\\\/#organization\",\"name\":\"Markt-XXL\",\"url\":\"https:\\\/\\\/marktxxl.de\\\/markt\\\/\",\"logo\":{\"@type\":\"ImageObject\",\"inLanguage\":\"de\",\"@id\":\"https:\\\/\\\/marktxxl.de\\\/markt\\\/#\\\/schema\\\/logo\\\/image\\\/\",\"url\":\"https:\\\/\\\/marktxxl.de\\\/markt\\\/wp-content\\\/uploads\\\/sites\\\/3\\\/2020\\\/12\\\/logo.png\",\"contentUrl\":\"https:\\\/\\\/marktxxl.de\\\/markt\\\/wp-content\\\/uploads\\\/sites\\\/3\\\/2020\\\/12\\\/logo.png\",\"width\":200,\"height\":70,\"caption\":\"Markt-XXL\"},\"image\":{\"@id\":\"https:\\\/\\\/marktxxl.de\\\/markt\\\/#\\\/schema\\\/logo\\\/image\\\/\"}}]}<\/script>\n<!-- \/ Yoast SEO plugin. -->","yoast_head_json":{"title":"Disney Yoda-Rucksack, Motiv Mandalorian Grogu The Child | gro\u00dfer Star Wars Rucksack \u2013 geeignet f\u00fcr \u00e4ltere Kinder\u2026 - Markt-XXL","description":"Markt-XXL Disney Yoda-Rucksack, Motiv Mandalorian Grogu The Child | gro\u00dfer Star Wars Rucksack \u2013 geeignet f\u00fcr \u00e4ltere Kinder\u2026","robots":{"index":"index","follow":"follow","max-snippet":"max-snippet:-1","max-image-preview":"max-image-preview:large","max-video-preview":"max-video-preview:-1"},"canonical":"https:\/\/marktxxl.de\/markt\/produkt\/disney-yoda-rucksack-motiv-mandalorian-grogu-the-child-grosser-star-wars-rucksack-geeignet-fuer-aeltere-kinder-jugendliche-und-erwachsene-48-cm-x-35-cm-x-13-cm\/","og_locale":"de_DE","og_type":"article","og_title":"Disney Yoda-Rucksack, Motiv Mandalorian Grogu The Child | gro\u00dfer Star Wars Rucksack \u2013 geeignet f\u00fcr \u00e4ltere Kinder\u2026 - Markt-XXL","og_description":"Markt-XXL Disney Yoda-Rucksack, Motiv Mandalorian Grogu The Child | gro\u00dfer Star Wars Rucksack \u2013 geeignet f\u00fcr \u00e4ltere Kinder\u2026","og_url":"https:\/\/marktxxl.de\/markt\/produkt\/disney-yoda-rucksack-motiv-mandalorian-grogu-the-child-grosser-star-wars-rucksack-geeignet-fuer-aeltere-kinder-jugendliche-und-erwachsene-48-cm-x-35-cm-x-13-cm\/","og_site_name":"Markt-XXL","article_modified_time":"2023-04-11T01:52:22+00:00","og_image":[{"width":500,"height":500,"url":"https:\/\/m.media-amazon.com\/images\/I\/51WkJHBW8PL._SL500_.jpg","type":"image\/jpeg"}],"twitter_card":"summary_large_image","twitter_misc":{"Gesch\u00e4tzte Lesezeit":"2\u00a0Minuten"},"schema":{"@context":"https:\/\/schema.org","@graph":[{"@type":"WebPage","@id":"https:\/\/marktxxl.de\/markt\/produkt\/disney-yoda-rucksack-motiv-mandalorian-grogu-the-child-grosser-star-wars-rucksack-geeignet-fuer-aeltere-kinder-jugendliche-und-erwachsene-48-cm-x-35-cm-x-13-cm\/","url":"https:\/\/marktxxl.de\/markt\/produkt\/disney-yoda-rucksack-motiv-mandalorian-grogu-the-child-grosser-star-wars-rucksack-geeignet-fuer-aeltere-kinder-jugendliche-und-erwachsene-48-cm-x-35-cm-x-13-cm\/","name":"Disney Yoda-Rucksack, Motiv Mandalorian Grogu The Child | gro\u00dfer Star Wars Rucksack \u2013 geeignet f\u00fcr \u00e4ltere Kinder\u2026 - Markt-XXL","isPartOf":{"@id":"https:\/\/marktxxl.de\/markt\/#website"},"primaryImageOfPage":{"@id":"https:\/\/marktxxl.de\/markt\/produkt\/disney-yoda-rucksack-motiv-mandalorian-grogu-the-child-grosser-star-wars-rucksack-geeignet-fuer-aeltere-kinder-jugendliche-und-erwachsene-48-cm-x-35-cm-x-13-cm\/#primaryimage"},"image":{"@id":"https:\/\/marktxxl.de\/markt\/produkt\/disney-yoda-rucksack-motiv-mandalorian-grogu-the-child-grosser-star-wars-rucksack-geeignet-fuer-aeltere-kinder-jugendliche-und-erwachsene-48-cm-x-35-cm-x-13-cm\/#primaryimage"},"thumbnailUrl":"https:\/\/m.media-amazon.com\/images\/I\/51WkJHBW8PL._SL500_.jpg","datePublished":"2022-05-15T05:28:07+00:00","dateModified":"2023-04-11T01:52:22+00:00","description":"Markt-XXL Disney Yoda-Rucksack, Motiv Mandalorian Grogu The Child | gro\u00dfer Star Wars Rucksack \u2013 geeignet f\u00fcr \u00e4ltere Kinder\u2026","breadcrumb":{"@id":"https:\/\/marktxxl.de\/markt\/produkt\/disney-yoda-rucksack-motiv-mandalorian-grogu-the-child-grosser-star-wars-rucksack-geeignet-fuer-aeltere-kinder-jugendliche-und-erwachsene-48-cm-x-35-cm-x-13-cm\/#breadcrumb"},"inLanguage":"de","potentialAction":[{"@type":"ReadAction","target":["https:\/\/marktxxl.de\/markt\/produkt\/disney-yoda-rucksack-motiv-mandalorian-grogu-the-child-grosser-star-wars-rucksack-geeignet-fuer-aeltere-kinder-jugendliche-und-erwachsene-48-cm-x-35-cm-x-13-cm\/"]}]},{"@type":"ImageObject","inLanguage":"de","@id":"https:\/\/marktxxl.de\/markt\/produkt\/disney-yoda-rucksack-motiv-mandalorian-grogu-the-child-grosser-star-wars-rucksack-geeignet-fuer-aeltere-kinder-jugendliche-und-erwachsene-48-cm-x-35-cm-x-13-cm\/#primaryimage","url":"https:\/\/m.media-amazon.com\/images\/I\/51WkJHBW8PL._SL500_.jpg","contentUrl":"https:\/\/m.media-amazon.com\/images\/I\/51WkJHBW8PL._SL500_.jpg","width":500,"height":500},{"@type":"BreadcrumbList","@id":"https:\/\/marktxxl.de\/markt\/produkt\/disney-yoda-rucksack-motiv-mandalorian-grogu-the-child-grosser-star-wars-rucksack-geeignet-fuer-aeltere-kinder-jugendliche-und-erwachsene-48-cm-x-35-cm-x-13-cm\/#breadcrumb","itemListElement":[{"@type":"ListItem","position":1,"name":"Startseite","item":"https:\/\/marktxxl.de\/markt\/"},{"@type":"ListItem","position":2,"name":"Markt","item":"https:\/\/marktxxl.de\/markt\/"},{"@type":"ListItem","position":3,"name":"Disney Yoda-Rucksack, Motiv Mandalorian Grogu The Child | gro\u00dfer Star Wars Rucksack \u2013 geeignet f\u00fcr \u00e4ltere Kinder\u2026"}]},{"@type":"WebSite","@id":"https:\/\/marktxxl.de\/markt\/#website","url":"https:\/\/marktxxl.de\/markt\/","name":"Markt-XXL","description":"Ihr Markt Online","publisher":{"@id":"https:\/\/marktxxl.de\/markt\/#organization"},"potentialAction":[{"@type":"SearchAction","target":{"@type":"EntryPoint","urlTemplate":"https:\/\/marktxxl.de\/markt\/?s={search_term_string}"},"query-input":{"@type":"PropertyValueSpecification","valueRequired":true,"valueName":"search_term_string"}}],"inLanguage":"de"},{"@type":"Organization","@id":"https:\/\/marktxxl.de\/markt\/#organization","name":"Markt-XXL","url":"https:\/\/marktxxl.de\/markt\/","logo":{"@type":"ImageObject","inLanguage":"de","@id":"https:\/\/marktxxl.de\/markt\/#\/schema\/logo\/image\/","url":"https:\/\/marktxxl.de\/markt\/wp-content\/uploads\/sites\/3\/2020\/12\/logo.png","contentUrl":"https:\/\/marktxxl.de\/markt\/wp-content\/uploads\/sites\/3\/2020\/12\/logo.png","width":200,"height":70,"caption":"Markt-XXL"},"image":{"@id":"https:\/\/marktxxl.de\/markt\/#\/schema\/logo\/image\/"}}]}},"_links":{"self":[{"href":"https:\/\/marktxxl.de\/markt\/wp-json\/wp\/v2\/product\/121617","targetHints":{"allow":["GET"]}}],"collection":[{"href":"https:\/\/marktxxl.de\/markt\/wp-json\/wp\/v2\/product"}],"about":[{"href":"https:\/\/marktxxl.de\/markt\/wp-json\/wp\/v2\/types\/product"}],"replies":[{"embeddable":true,"href":"https:\/\/marktxxl.de\/markt\/wp-json\/wp\/v2\/comments?post=121617"}],"wp:featuredmedia":[{"embeddable":true,"href":"https:\/\/marktxxl.de\/markt\/wp-json\/wp\/v2\/media\/121618"}],"wp:attachment":[{"href":"https:\/\/marktxxl.de\/markt\/wp-json\/wp\/v2\/media?parent=121617"}],"wp:term":[{"taxonomy":"product_brand","embeddable":true,"href":"https:\/\/marktxxl.de\/markt\/wp-json\/wp\/v2\/product_brand?post=121617"},{"taxonomy":"product_cat","embeddable":true,"href":"https:\/\/marktxxl.de\/markt\/wp-json\/wp\/v2\/product_cat?post=121617"},{"taxonomy":"product_tag","embeddable":true,"href":"https:\/\/marktxxl.de\/markt\/wp-json\/wp\/v2\/product_tag?post=121617"}],"curies":[{"name":"wp","href":"https:\/\/api.w.org\/{rel}","templated":true}]}}