{"id":121435,"date":"2022-05-15T06:52:11","date_gmt":"2022-05-15T04:52:11","guid":{"rendered":"https:\/\/marktxxl.de\/markt\/produkt\/moleskine-limited-edition-maneki-neko-notizbuch-liniertes-notizbuch-mit-japanischer-katze-hardcover-grosses-a5-format-13-x-21-cm-farbe-weiss-240-seiten\/"},"modified":"2023-04-11T03:52:20","modified_gmt":"2023-04-11T01:52:20","slug":"moleskine-limited-edition-maneki-neko-notizbuch-liniertes-notizbuch-mit-japanischer-katze-hardcover-grosses-a5-format-13-x-21-cm-farbe-weiss-240-seiten","status":"publish","type":"product","link":"https:\/\/marktxxl.de\/markt\/produkt\/moleskine-limited-edition-maneki-neko-notizbuch-liniertes-notizbuch-mit-japanischer-katze-hardcover-grosses-a5-format-13-x-21-cm-farbe-weiss-240-seiten\/","title":{"rendered":"Moleskine Limited Edition Maneki Neko Notizbuch, liniertes Notizbuch mit japanischer Katze, Hardcover, Gro\u00dfes A5-Format\u2026"},"content":{"rendered":"<p>Machen Sie sich Notizen und eine Liste von Dingen, die Sie in der Gegenwart der japanischen Katze tun k\u00f6nnen, die Ihnen sowohl im beruflichen als auch im Studium Gl\u00fcck bringen wird<br \/>\nVon Asien aus hat Maneki Neko den Rest der Welt erobert und ist zu einer Ikone der Popkultur geworden: Diese Katze die Ihre G\u00e4ste empf\u00e4ngt, stammt aus Japan und soll Gl\u00fcck bringen<br \/>\nDieses Notizbuch in limitierter Auflage mit festen Einband und &#8220;Maneki Neko&#8221;-Themengrafiken mit thematischen Aufklebern, einem Gl\u00fccksbuchzeichen und der Geschichte von Moleskine<br \/>\nBesonderheiten: Hardcover mit abgerundeten Ecken, &#8220;Bei Verlust&#8221; Beschriftung auf dem vorderen Deckblatt. Das 70 g\/m\u00b2-Papier ist elfenbeinfarben und chlorfrei<br \/>\nIm Lieferumfang enthalten ist ein Maneki Neko-Themenheft in limitierter Auflage mit wei\u00dfem Hardcover und liniertem Papier, erh\u00e4ltlich im Format 13 x 21 cm mit 240 Seiten<br \/>\n<div class=\"main-cross-sell\" data-asin=\"B081KN6WGG\">\n\n\t<div class=\"WooZone-cross-sell-loader\">\n\t\t<div>\n\t\t\t<div id=\"floatingBarsG\">\n\t\t\t\t<div class=\"blockG\" id=\"rotateG_01\"><\/div>\n\t\t\t\t<div class=\"blockG\" id=\"rotateG_02\"><\/div>\n\t\t\t\t<div class=\"blockG\" id=\"rotateG_03\"><\/div>\n\t\t\t\t<div class=\"blockG\" id=\"rotateG_04\"><\/div>\n\t\t\t\t<div class=\"blockG\" id=\"rotateG_05\"><\/div>\n\t\t\t\t<div class=\"blockG\" id=\"rotateG_06\"><\/div>\n\t\t\t\t<div class=\"blockG\" id=\"rotateG_07\"><\/div>\n\t\t\t\t<div class=\"blockG\" id=\"rotateG_08\"><\/div>\n\t\t\t<\/div>\n\t\t\t<div class=\"WooZone-cross-sell-loader-text\"><\/div>\n\t\t<\/div>\n\t<\/div>\n\n\t\t\n<\/div>\n<div style=\"clear:both;\"><\/div><\/p>\n","protected":false},"excerpt":{"rendered":"<p>Machen Sie sich Notizen und eine Liste von Dingen, die Sie in der Gegenwart der japanischen Katze tun k\u00f6nnen, die Ihnen sowohl im beruflichen als auch im Studium Gl\u00fcck bringen wird<br \/>\nVon Asien aus hat Maneki Neko den Rest der Welt erobert und ist zu einer Ikone der Popkultur geworden: Diese Katze die Ihre G\u00e4ste empf\u00e4ngt, stammt aus Japan und soll Gl\u00fcck bringen<br \/>\nDieses Notizbuch in limitierter Auflage mit festen Einband und &#8220;Maneki Neko&#8221;-Themengrafiken mit thematischen Aufklebern, einem Gl\u00fccksbuchzeichen und der Geschichte von Moleskine<\/p>\n","protected":false},"featured_media":121436,"comment_status":"open","ping_status":"closed","template":"","meta":[],"product_brand":[],"product_cat":[504,8527],"product_tag":[],"class_list":{"0":"post-121435","1":"product","2":"type-product","3":"status-publish","4":"has-post-thumbnail","6":"product_cat-buerobedarf-schreibwaren","7":"product_cat-papierprodukte","8":"pa_binding-tageskalender","9":"pa_brand-moleskine","10":"pa_color-weiss","11":"pa_height-8-267716527-zoll","12":"pa_languages-veroeffentlicht-englisch-unbekannt-englisch","13":"pa_length-5-118110231-zoll","14":"pa_manufacturer-moleskine","15":"pa_model-lemn02qp060wh","16":"pa_size-large","17":"pa_warranty-no-warranty","18":"pa_weight-0-74736706818-pfund","19":"pa_width-0-5905511805-zoll","21":"first","22":"instock","23":"shipping-taxable","24":"purchasable","25":"product-type-simple","26":"customify-col","27":"product-has-gallery"},"yoast_head":"<!-- This site is optimized with the Yoast SEO plugin v27.4 - https:\/\/yoast.com\/product\/yoast-seo-wordpress\/ -->\n<title>Moleskine Limited Edition Maneki Neko Notizbuch, liniertes Notizbuch mit japanischer Katze, Hardcover, Gro\u00dfes A5-Format\u2026 - Markt-XXL<\/title>\n<meta name=\"description\" content=\"Markt-XXL Moleskine Limited Edition Maneki Neko Notizbuch, liniertes Notizbuch mit japanischer Katze, Hardcover, Gro\u00dfes A5-Format\u2026\" \/>\n<meta name=\"robots\" content=\"index, follow, max-snippet:-1, max-image-preview:large, max-video-preview:-1\" \/>\n<link rel=\"canonical\" href=\"https:\/\/marktxxl.de\/markt\/produkt\/moleskine-limited-edition-maneki-neko-notizbuch-liniertes-notizbuch-mit-japanischer-katze-hardcover-grosses-a5-format-13-x-21-cm-farbe-weiss-240-seiten\/\" \/>\n<meta property=\"og:locale\" content=\"de_DE\" \/>\n<meta property=\"og:type\" content=\"article\" \/>\n<meta property=\"og:title\" content=\"Moleskine Limited Edition Maneki Neko Notizbuch, liniertes Notizbuch mit japanischer Katze, Hardcover, Gro\u00dfes A5-Format\u2026 - Markt-XXL\" \/>\n<meta property=\"og:description\" content=\"Markt-XXL Moleskine Limited Edition Maneki Neko Notizbuch, liniertes Notizbuch mit japanischer Katze, Hardcover, Gro\u00dfes A5-Format\u2026\" \/>\n<meta property=\"og:url\" content=\"https:\/\/marktxxl.de\/markt\/produkt\/moleskine-limited-edition-maneki-neko-notizbuch-liniertes-notizbuch-mit-japanischer-katze-hardcover-grosses-a5-format-13-x-21-cm-farbe-weiss-240-seiten\/\" \/>\n<meta property=\"og:site_name\" content=\"Markt-XXL\" \/>\n<meta property=\"article:modified_time\" content=\"2023-04-11T01:52:20+00:00\" \/>\n<meta property=\"og:image\" content=\"https:\/\/m.media-amazon.com\/images\/I\/31Y2WfKFoDL._SL500_.jpg\" \/>\n\t<meta property=\"og:image:width\" content=\"500\" \/>\n\t<meta property=\"og:image:height\" content=\"333\" \/>\n\t<meta property=\"og:image:type\" content=\"image\/jpeg\" \/>\n<meta name=\"twitter:card\" content=\"summary_large_image\" \/>\n<meta name=\"twitter:label1\" content=\"Gesch\u00e4tzte Lesezeit\" \/>\n\t<meta name=\"twitter:data1\" content=\"1\u00a0Minute\" \/>\n<script type=\"application\/ld+json\" class=\"yoast-schema-graph\">{\"@context\":\"https:\\\/\\\/schema.org\",\"@graph\":[{\"@type\":\"WebPage\",\"@id\":\"https:\\\/\\\/marktxxl.de\\\/markt\\\/produkt\\\/moleskine-limited-edition-maneki-neko-notizbuch-liniertes-notizbuch-mit-japanischer-katze-hardcover-grosses-a5-format-13-x-21-cm-farbe-weiss-240-seiten\\\/\",\"url\":\"https:\\\/\\\/marktxxl.de\\\/markt\\\/produkt\\\/moleskine-limited-edition-maneki-neko-notizbuch-liniertes-notizbuch-mit-japanischer-katze-hardcover-grosses-a5-format-13-x-21-cm-farbe-weiss-240-seiten\\\/\",\"name\":\"Moleskine Limited Edition Maneki Neko Notizbuch, liniertes Notizbuch mit japanischer Katze, Hardcover, Gro\u00dfes A5-Format\u2026 - Markt-XXL\",\"isPartOf\":{\"@id\":\"https:\\\/\\\/marktxxl.de\\\/markt\\\/#website\"},\"primaryImageOfPage\":{\"@id\":\"https:\\\/\\\/marktxxl.de\\\/markt\\\/produkt\\\/moleskine-limited-edition-maneki-neko-notizbuch-liniertes-notizbuch-mit-japanischer-katze-hardcover-grosses-a5-format-13-x-21-cm-farbe-weiss-240-seiten\\\/#primaryimage\"},\"image\":{\"@id\":\"https:\\\/\\\/marktxxl.de\\\/markt\\\/produkt\\\/moleskine-limited-edition-maneki-neko-notizbuch-liniertes-notizbuch-mit-japanischer-katze-hardcover-grosses-a5-format-13-x-21-cm-farbe-weiss-240-seiten\\\/#primaryimage\"},\"thumbnailUrl\":\"https:\\\/\\\/m.media-amazon.com\\\/images\\\/I\\\/31Y2WfKFoDL._SL500_.jpg\",\"datePublished\":\"2022-05-15T04:52:11+00:00\",\"dateModified\":\"2023-04-11T01:52:20+00:00\",\"description\":\"Markt-XXL Moleskine Limited Edition Maneki Neko Notizbuch, liniertes Notizbuch mit japanischer Katze, Hardcover, Gro\u00dfes A5-Format\u2026\",\"breadcrumb\":{\"@id\":\"https:\\\/\\\/marktxxl.de\\\/markt\\\/produkt\\\/moleskine-limited-edition-maneki-neko-notizbuch-liniertes-notizbuch-mit-japanischer-katze-hardcover-grosses-a5-format-13-x-21-cm-farbe-weiss-240-seiten\\\/#breadcrumb\"},\"inLanguage\":\"de\",\"potentialAction\":[{\"@type\":\"ReadAction\",\"target\":[\"https:\\\/\\\/marktxxl.de\\\/markt\\\/produkt\\\/moleskine-limited-edition-maneki-neko-notizbuch-liniertes-notizbuch-mit-japanischer-katze-hardcover-grosses-a5-format-13-x-21-cm-farbe-weiss-240-seiten\\\/\"]}]},{\"@type\":\"ImageObject\",\"inLanguage\":\"de\",\"@id\":\"https:\\\/\\\/marktxxl.de\\\/markt\\\/produkt\\\/moleskine-limited-edition-maneki-neko-notizbuch-liniertes-notizbuch-mit-japanischer-katze-hardcover-grosses-a5-format-13-x-21-cm-farbe-weiss-240-seiten\\\/#primaryimage\",\"url\":\"https:\\\/\\\/m.media-amazon.com\\\/images\\\/I\\\/31Y2WfKFoDL._SL500_.jpg\",\"contentUrl\":\"https:\\\/\\\/m.media-amazon.com\\\/images\\\/I\\\/31Y2WfKFoDL._SL500_.jpg\",\"width\":500,\"height\":333},{\"@type\":\"BreadcrumbList\",\"@id\":\"https:\\\/\\\/marktxxl.de\\\/markt\\\/produkt\\\/moleskine-limited-edition-maneki-neko-notizbuch-liniertes-notizbuch-mit-japanischer-katze-hardcover-grosses-a5-format-13-x-21-cm-farbe-weiss-240-seiten\\\/#breadcrumb\",\"itemListElement\":[{\"@type\":\"ListItem\",\"position\":1,\"name\":\"Startseite\",\"item\":\"https:\\\/\\\/marktxxl.de\\\/markt\\\/\"},{\"@type\":\"ListItem\",\"position\":2,\"name\":\"Markt\",\"item\":\"https:\\\/\\\/marktxxl.de\\\/markt\\\/\"},{\"@type\":\"ListItem\",\"position\":3,\"name\":\"Moleskine Limited Edition Maneki Neko Notizbuch, liniertes Notizbuch mit japanischer Katze, Hardcover, Gro\u00dfes A5-Format\u2026\"}]},{\"@type\":\"WebSite\",\"@id\":\"https:\\\/\\\/marktxxl.de\\\/markt\\\/#website\",\"url\":\"https:\\\/\\\/marktxxl.de\\\/markt\\\/\",\"name\":\"Markt-XXL\",\"description\":\"Ihr Markt Online\",\"publisher\":{\"@id\":\"https:\\\/\\\/marktxxl.de\\\/markt\\\/#organization\"},\"potentialAction\":[{\"@type\":\"SearchAction\",\"target\":{\"@type\":\"EntryPoint\",\"urlTemplate\":\"https:\\\/\\\/marktxxl.de\\\/markt\\\/?s={search_term_string}\"},\"query-input\":{\"@type\":\"PropertyValueSpecification\",\"valueRequired\":true,\"valueName\":\"search_term_string\"}}],\"inLanguage\":\"de\"},{\"@type\":\"Organization\",\"@id\":\"https:\\\/\\\/marktxxl.de\\\/markt\\\/#organization\",\"name\":\"Markt-XXL\",\"url\":\"https:\\\/\\\/marktxxl.de\\\/markt\\\/\",\"logo\":{\"@type\":\"ImageObject\",\"inLanguage\":\"de\",\"@id\":\"https:\\\/\\\/marktxxl.de\\\/markt\\\/#\\\/schema\\\/logo\\\/image\\\/\",\"url\":\"https:\\\/\\\/marktxxl.de\\\/markt\\\/wp-content\\\/uploads\\\/sites\\\/3\\\/2020\\\/12\\\/logo.png\",\"contentUrl\":\"https:\\\/\\\/marktxxl.de\\\/markt\\\/wp-content\\\/uploads\\\/sites\\\/3\\\/2020\\\/12\\\/logo.png\",\"width\":200,\"height\":70,\"caption\":\"Markt-XXL\"},\"image\":{\"@id\":\"https:\\\/\\\/marktxxl.de\\\/markt\\\/#\\\/schema\\\/logo\\\/image\\\/\"}}]}<\/script>\n<!-- \/ Yoast SEO plugin. -->","yoast_head_json":{"title":"Moleskine Limited Edition Maneki Neko Notizbuch, liniertes Notizbuch mit japanischer Katze, Hardcover, Gro\u00dfes A5-Format\u2026 - Markt-XXL","description":"Markt-XXL Moleskine Limited Edition Maneki Neko Notizbuch, liniertes Notizbuch mit japanischer Katze, Hardcover, Gro\u00dfes A5-Format\u2026","robots":{"index":"index","follow":"follow","max-snippet":"max-snippet:-1","max-image-preview":"max-image-preview:large","max-video-preview":"max-video-preview:-1"},"canonical":"https:\/\/marktxxl.de\/markt\/produkt\/moleskine-limited-edition-maneki-neko-notizbuch-liniertes-notizbuch-mit-japanischer-katze-hardcover-grosses-a5-format-13-x-21-cm-farbe-weiss-240-seiten\/","og_locale":"de_DE","og_type":"article","og_title":"Moleskine Limited Edition Maneki Neko Notizbuch, liniertes Notizbuch mit japanischer Katze, Hardcover, Gro\u00dfes A5-Format\u2026 - Markt-XXL","og_description":"Markt-XXL Moleskine Limited Edition Maneki Neko Notizbuch, liniertes Notizbuch mit japanischer Katze, Hardcover, Gro\u00dfes A5-Format\u2026","og_url":"https:\/\/marktxxl.de\/markt\/produkt\/moleskine-limited-edition-maneki-neko-notizbuch-liniertes-notizbuch-mit-japanischer-katze-hardcover-grosses-a5-format-13-x-21-cm-farbe-weiss-240-seiten\/","og_site_name":"Markt-XXL","article_modified_time":"2023-04-11T01:52:20+00:00","og_image":[{"width":500,"height":333,"url":"https:\/\/m.media-amazon.com\/images\/I\/31Y2WfKFoDL._SL500_.jpg","type":"image\/jpeg"}],"twitter_card":"summary_large_image","twitter_misc":{"Gesch\u00e4tzte Lesezeit":"1\u00a0Minute"},"schema":{"@context":"https:\/\/schema.org","@graph":[{"@type":"WebPage","@id":"https:\/\/marktxxl.de\/markt\/produkt\/moleskine-limited-edition-maneki-neko-notizbuch-liniertes-notizbuch-mit-japanischer-katze-hardcover-grosses-a5-format-13-x-21-cm-farbe-weiss-240-seiten\/","url":"https:\/\/marktxxl.de\/markt\/produkt\/moleskine-limited-edition-maneki-neko-notizbuch-liniertes-notizbuch-mit-japanischer-katze-hardcover-grosses-a5-format-13-x-21-cm-farbe-weiss-240-seiten\/","name":"Moleskine Limited Edition Maneki Neko Notizbuch, liniertes Notizbuch mit japanischer Katze, Hardcover, Gro\u00dfes A5-Format\u2026 - Markt-XXL","isPartOf":{"@id":"https:\/\/marktxxl.de\/markt\/#website"},"primaryImageOfPage":{"@id":"https:\/\/marktxxl.de\/markt\/produkt\/moleskine-limited-edition-maneki-neko-notizbuch-liniertes-notizbuch-mit-japanischer-katze-hardcover-grosses-a5-format-13-x-21-cm-farbe-weiss-240-seiten\/#primaryimage"},"image":{"@id":"https:\/\/marktxxl.de\/markt\/produkt\/moleskine-limited-edition-maneki-neko-notizbuch-liniertes-notizbuch-mit-japanischer-katze-hardcover-grosses-a5-format-13-x-21-cm-farbe-weiss-240-seiten\/#primaryimage"},"thumbnailUrl":"https:\/\/m.media-amazon.com\/images\/I\/31Y2WfKFoDL._SL500_.jpg","datePublished":"2022-05-15T04:52:11+00:00","dateModified":"2023-04-11T01:52:20+00:00","description":"Markt-XXL Moleskine Limited Edition Maneki Neko Notizbuch, liniertes Notizbuch mit japanischer Katze, Hardcover, Gro\u00dfes A5-Format\u2026","breadcrumb":{"@id":"https:\/\/marktxxl.de\/markt\/produkt\/moleskine-limited-edition-maneki-neko-notizbuch-liniertes-notizbuch-mit-japanischer-katze-hardcover-grosses-a5-format-13-x-21-cm-farbe-weiss-240-seiten\/#breadcrumb"},"inLanguage":"de","potentialAction":[{"@type":"ReadAction","target":["https:\/\/marktxxl.de\/markt\/produkt\/moleskine-limited-edition-maneki-neko-notizbuch-liniertes-notizbuch-mit-japanischer-katze-hardcover-grosses-a5-format-13-x-21-cm-farbe-weiss-240-seiten\/"]}]},{"@type":"ImageObject","inLanguage":"de","@id":"https:\/\/marktxxl.de\/markt\/produkt\/moleskine-limited-edition-maneki-neko-notizbuch-liniertes-notizbuch-mit-japanischer-katze-hardcover-grosses-a5-format-13-x-21-cm-farbe-weiss-240-seiten\/#primaryimage","url":"https:\/\/m.media-amazon.com\/images\/I\/31Y2WfKFoDL._SL500_.jpg","contentUrl":"https:\/\/m.media-amazon.com\/images\/I\/31Y2WfKFoDL._SL500_.jpg","width":500,"height":333},{"@type":"BreadcrumbList","@id":"https:\/\/marktxxl.de\/markt\/produkt\/moleskine-limited-edition-maneki-neko-notizbuch-liniertes-notizbuch-mit-japanischer-katze-hardcover-grosses-a5-format-13-x-21-cm-farbe-weiss-240-seiten\/#breadcrumb","itemListElement":[{"@type":"ListItem","position":1,"name":"Startseite","item":"https:\/\/marktxxl.de\/markt\/"},{"@type":"ListItem","position":2,"name":"Markt","item":"https:\/\/marktxxl.de\/markt\/"},{"@type":"ListItem","position":3,"name":"Moleskine Limited Edition Maneki Neko Notizbuch, liniertes Notizbuch mit japanischer Katze, Hardcover, Gro\u00dfes A5-Format\u2026"}]},{"@type":"WebSite","@id":"https:\/\/marktxxl.de\/markt\/#website","url":"https:\/\/marktxxl.de\/markt\/","name":"Markt-XXL","description":"Ihr Markt Online","publisher":{"@id":"https:\/\/marktxxl.de\/markt\/#organization"},"potentialAction":[{"@type":"SearchAction","target":{"@type":"EntryPoint","urlTemplate":"https:\/\/marktxxl.de\/markt\/?s={search_term_string}"},"query-input":{"@type":"PropertyValueSpecification","valueRequired":true,"valueName":"search_term_string"}}],"inLanguage":"de"},{"@type":"Organization","@id":"https:\/\/marktxxl.de\/markt\/#organization","name":"Markt-XXL","url":"https:\/\/marktxxl.de\/markt\/","logo":{"@type":"ImageObject","inLanguage":"de","@id":"https:\/\/marktxxl.de\/markt\/#\/schema\/logo\/image\/","url":"https:\/\/marktxxl.de\/markt\/wp-content\/uploads\/sites\/3\/2020\/12\/logo.png","contentUrl":"https:\/\/marktxxl.de\/markt\/wp-content\/uploads\/sites\/3\/2020\/12\/logo.png","width":200,"height":70,"caption":"Markt-XXL"},"image":{"@id":"https:\/\/marktxxl.de\/markt\/#\/schema\/logo\/image\/"}}]}},"_links":{"self":[{"href":"https:\/\/marktxxl.de\/markt\/wp-json\/wp\/v2\/product\/121435","targetHints":{"allow":["GET"]}}],"collection":[{"href":"https:\/\/marktxxl.de\/markt\/wp-json\/wp\/v2\/product"}],"about":[{"href":"https:\/\/marktxxl.de\/markt\/wp-json\/wp\/v2\/types\/product"}],"replies":[{"embeddable":true,"href":"https:\/\/marktxxl.de\/markt\/wp-json\/wp\/v2\/comments?post=121435"}],"wp:featuredmedia":[{"embeddable":true,"href":"https:\/\/marktxxl.de\/markt\/wp-json\/wp\/v2\/media\/121436"}],"wp:attachment":[{"href":"https:\/\/marktxxl.de\/markt\/wp-json\/wp\/v2\/media?parent=121435"}],"wp:term":[{"taxonomy":"product_brand","embeddable":true,"href":"https:\/\/marktxxl.de\/markt\/wp-json\/wp\/v2\/product_brand?post=121435"},{"taxonomy":"product_cat","embeddable":true,"href":"https:\/\/marktxxl.de\/markt\/wp-json\/wp\/v2\/product_cat?post=121435"},{"taxonomy":"product_tag","embeddable":true,"href":"https:\/\/marktxxl.de\/markt\/wp-json\/wp\/v2\/product_tag?post=121435"}],"curies":[{"name":"wp","href":"https:\/\/api.w.org\/{rel}","templated":true}]}}