{"id":120509,"date":"2022-05-15T04:49:19","date_gmt":"2022-05-15T02:49:19","guid":{"rendered":"https:\/\/marktxxl.de\/markt\/produkt\/hart-reise-tasche-fuer-logitech-spotlight-kabelloses-praesentationsgeraet-usb-bluetooth-von-co2crea\/"},"modified":"2023-04-11T03:51:28","modified_gmt":"2023-04-11T01:51:28","slug":"hart-reise-tasche-fuer-logitech-spotlight-kabelloses-praesentationsgeraet-usb-bluetooth-von-co2crea","status":"publish","type":"product","link":"https:\/\/marktxxl.de\/markt\/produkt\/hart-reise-tasche-fuer-logitech-spotlight-kabelloses-praesentationsgeraet-usb-bluetooth-von-co2crea\/","title":{"rendered":"Hart Reise Tasche F\u00fcr Logitech Spotlight Kabelloses Pr\u00e4sentationsger\u00e4t USB Bluetooth von co2CREA"},"content":{"rendered":"<p>PERFEKTES DESIGN:co2CREA Harte Reisetasche, die speziell f\u00fcr Logitech Spotlight Wireless Presenter Laserpointer entwickelt wurde und perfekt zu Ihrem Ger\u00e4t und Zubeh\u00f6r passt.<br \/>\nMATERIAL: Hartes EVA, FARBE: Schwarz, VERPACKUNG ENTH\u00c4LT: Nur Logitech Spotlight h\u00fclle.<br \/>\nGROSSER SCHUTZ: Die Wireless Presenter tasche ist sto\u00dffest, staubdicht und wasserdicht. Das \u00c4u\u00dfere besteht aus hartem EVA-Material und das Innenfutter aus weichem Samtmaterial. Die harte Spotlight Presenter Laserpointer Abdeckung kann den Aufprall effektiv abfedern und Sch\u00e4den durch versehentliche Kollisionen reduzieren sowie die Logi Spotlight pr\u00e4sentationsfernbedienung und das Zubeh\u00f6r besser sch\u00fctzen.<br \/>\nPraktisch und langlebig: Der robuste Rei\u00dfverschluss erleichtert das \u00d6ffnen und Schlie\u00dfen des Logitech Wireless Presenter Logitech Spotlight case. Dar\u00fcber hinaus ist der Schneiderprozess ausgezeichnet, was den Presenter Logitech Spotlight h\u00fclle sehr langlebig und sch\u00f6n macht.<br \/>\nTIPPS: Nur H\u00fclle zum Verkauf (Logitech Wireless Presenter und Zubeh\u00f6r nicht im Lieferumfang enthalten).<br \/>\n<div class=\"main-cross-sell\" data-asin=\"B072C366GB\">\n\n\t<div class=\"WooZone-cross-sell-loader\">\n\t\t<div>\n\t\t\t<div id=\"floatingBarsG\">\n\t\t\t\t<div class=\"blockG\" id=\"rotateG_01\"><\/div>\n\t\t\t\t<div class=\"blockG\" id=\"rotateG_02\"><\/div>\n\t\t\t\t<div class=\"blockG\" id=\"rotateG_03\"><\/div>\n\t\t\t\t<div class=\"blockG\" id=\"rotateG_04\"><\/div>\n\t\t\t\t<div class=\"blockG\" id=\"rotateG_05\"><\/div>\n\t\t\t\t<div class=\"blockG\" id=\"rotateG_06\"><\/div>\n\t\t\t\t<div class=\"blockG\" id=\"rotateG_07\"><\/div>\n\t\t\t\t<div class=\"blockG\" id=\"rotateG_08\"><\/div>\n\t\t\t<\/div>\n\t\t\t<div class=\"WooZone-cross-sell-loader-text\"><\/div>\n\t\t<\/div>\n\t<\/div>\n\n\t\t\n<\/div>\n<div style=\"clear:both;\"><\/div><\/p>\n","protected":false},"excerpt":{"rendered":"<p>PERFEKTES DESIGN:co2CREA Harte Reisetasche, die speziell f\u00fcr Logitech Spotlight Wireless Presenter Laserpointer entwickelt wurde und perfekt zu Ihrem Ger\u00e4t und Zubeh\u00f6r passt.<br \/>\nMATERIAL: Hartes EVA, FARBE: Schwarz, VERPACKUNG ENTH\u00c4LT: Nur Logitech Spotlight h\u00fclle.<br \/>\nGROSSER SCHUTZ: Die Wireless Presenter tasche ist sto\u00dffest, staubdicht und wasserdicht. Das \u00c4u\u00dfere besteht aus hartem EVA-Material und das Innenfutter aus weichem Samtmaterial. Die harte Spotlight Presenter Laserpointer Abdeckung kann den Aufprall effektiv abfedern und Sch\u00e4den durch versehentliche Kollisionen reduzieren sowie die Logi Spotlight pr\u00e4sentationsfernbedienung und das Zubeh\u00f6r besser sch\u00fctzen.<\/p>\n","protected":false},"featured_media":120510,"comment_status":"open","ping_status":"closed","template":"","meta":[],"product_brand":[],"product_cat":[504,8208],"product_tag":[],"class_list":{"0":"post-120509","1":"product","2":"type-product","3":"status-publish","4":"has-post-thumbnail","6":"product_cat-buerobedarf-schreibwaren","7":"product_cat-bueroelektronik","8":"pa_binding-buerobedarf-schreibwaren","9":"pa_brand-co2crea","10":"pa_height-1-574803148-zoll","11":"pa_length-7-086614166-zoll","12":"pa_manufacturer-co2crea","13":"pa_model-uyh6","14":"pa_width-2-755905509-zoll","16":"first","17":"instock","18":"shipping-taxable","19":"purchasable","20":"product-type-simple","21":"customify-col","22":"product-has-gallery"},"yoast_head":"<!-- This site is optimized with the Yoast SEO plugin v27.3 - https:\/\/yoast.com\/product\/yoast-seo-wordpress\/ -->\n<title>Hart Reise Tasche F\u00fcr Logitech Spotlight Kabelloses Pr\u00e4sentationsger\u00e4t USB Bluetooth von co2CREA - Markt-XXL<\/title>\n<meta name=\"description\" content=\"Markt-XXL Hart Reise Tasche F\u00fcr Logitech Spotlight Kabelloses Pr\u00e4sentationsger\u00e4t USB Bluetooth von co2CREA\" \/>\n<meta name=\"robots\" content=\"index, follow, max-snippet:-1, max-image-preview:large, max-video-preview:-1\" \/>\n<link rel=\"canonical\" href=\"https:\/\/marktxxl.de\/markt\/produkt\/hart-reise-tasche-fuer-logitech-spotlight-kabelloses-praesentationsgeraet-usb-bluetooth-von-co2crea\/\" \/>\n<meta property=\"og:locale\" content=\"de_DE\" \/>\n<meta property=\"og:type\" content=\"article\" \/>\n<meta property=\"og:title\" content=\"Hart Reise Tasche F\u00fcr Logitech Spotlight Kabelloses Pr\u00e4sentationsger\u00e4t USB Bluetooth von co2CREA - Markt-XXL\" \/>\n<meta property=\"og:description\" content=\"Markt-XXL Hart Reise Tasche F\u00fcr Logitech Spotlight Kabelloses Pr\u00e4sentationsger\u00e4t USB Bluetooth von co2CREA\" \/>\n<meta property=\"og:url\" content=\"https:\/\/marktxxl.de\/markt\/produkt\/hart-reise-tasche-fuer-logitech-spotlight-kabelloses-praesentationsgeraet-usb-bluetooth-von-co2crea\/\" \/>\n<meta property=\"og:site_name\" content=\"Markt-XXL\" \/>\n<meta property=\"article:modified_time\" content=\"2023-04-11T01:51:28+00:00\" \/>\n<meta property=\"og:image\" content=\"https:\/\/m.media-amazon.com\/images\/I\/51tKyq953CL._SL500_.jpg\" \/>\n\t<meta property=\"og:image:width\" content=\"500\" \/>\n\t<meta property=\"og:image:height\" content=\"500\" \/>\n\t<meta property=\"og:image:type\" content=\"image\/jpeg\" \/>\n<meta name=\"twitter:card\" content=\"summary_large_image\" \/>\n<meta name=\"twitter:label1\" content=\"Gesch\u00e4tzte Lesezeit\" \/>\n\t<meta name=\"twitter:data1\" content=\"1\u00a0Minute\" \/>\n<script type=\"application\/ld+json\" class=\"yoast-schema-graph\">{\"@context\":\"https:\\\/\\\/schema.org\",\"@graph\":[{\"@type\":\"WebPage\",\"@id\":\"https:\\\/\\\/marktxxl.de\\\/markt\\\/produkt\\\/hart-reise-tasche-fuer-logitech-spotlight-kabelloses-praesentationsgeraet-usb-bluetooth-von-co2crea\\\/\",\"url\":\"https:\\\/\\\/marktxxl.de\\\/markt\\\/produkt\\\/hart-reise-tasche-fuer-logitech-spotlight-kabelloses-praesentationsgeraet-usb-bluetooth-von-co2crea\\\/\",\"name\":\"Hart Reise Tasche F\u00fcr Logitech Spotlight Kabelloses Pr\u00e4sentationsger\u00e4t USB Bluetooth von co2CREA - Markt-XXL\",\"isPartOf\":{\"@id\":\"https:\\\/\\\/marktxxl.de\\\/markt\\\/#website\"},\"primaryImageOfPage\":{\"@id\":\"https:\\\/\\\/marktxxl.de\\\/markt\\\/produkt\\\/hart-reise-tasche-fuer-logitech-spotlight-kabelloses-praesentationsgeraet-usb-bluetooth-von-co2crea\\\/#primaryimage\"},\"image\":{\"@id\":\"https:\\\/\\\/marktxxl.de\\\/markt\\\/produkt\\\/hart-reise-tasche-fuer-logitech-spotlight-kabelloses-praesentationsgeraet-usb-bluetooth-von-co2crea\\\/#primaryimage\"},\"thumbnailUrl\":\"https:\\\/\\\/m.media-amazon.com\\\/images\\\/I\\\/51tKyq953CL._SL500_.jpg\",\"datePublished\":\"2022-05-15T02:49:19+00:00\",\"dateModified\":\"2023-04-11T01:51:28+00:00\",\"description\":\"Markt-XXL Hart Reise Tasche F\u00fcr Logitech Spotlight Kabelloses Pr\u00e4sentationsger\u00e4t USB Bluetooth von co2CREA\",\"breadcrumb\":{\"@id\":\"https:\\\/\\\/marktxxl.de\\\/markt\\\/produkt\\\/hart-reise-tasche-fuer-logitech-spotlight-kabelloses-praesentationsgeraet-usb-bluetooth-von-co2crea\\\/#breadcrumb\"},\"inLanguage\":\"de\",\"potentialAction\":[{\"@type\":\"ReadAction\",\"target\":[\"https:\\\/\\\/marktxxl.de\\\/markt\\\/produkt\\\/hart-reise-tasche-fuer-logitech-spotlight-kabelloses-praesentationsgeraet-usb-bluetooth-von-co2crea\\\/\"]}]},{\"@type\":\"ImageObject\",\"inLanguage\":\"de\",\"@id\":\"https:\\\/\\\/marktxxl.de\\\/markt\\\/produkt\\\/hart-reise-tasche-fuer-logitech-spotlight-kabelloses-praesentationsgeraet-usb-bluetooth-von-co2crea\\\/#primaryimage\",\"url\":\"https:\\\/\\\/m.media-amazon.com\\\/images\\\/I\\\/51tKyq953CL._SL500_.jpg\",\"contentUrl\":\"https:\\\/\\\/m.media-amazon.com\\\/images\\\/I\\\/51tKyq953CL._SL500_.jpg\",\"width\":500,\"height\":500},{\"@type\":\"BreadcrumbList\",\"@id\":\"https:\\\/\\\/marktxxl.de\\\/markt\\\/produkt\\\/hart-reise-tasche-fuer-logitech-spotlight-kabelloses-praesentationsgeraet-usb-bluetooth-von-co2crea\\\/#breadcrumb\",\"itemListElement\":[{\"@type\":\"ListItem\",\"position\":1,\"name\":\"Startseite\",\"item\":\"https:\\\/\\\/marktxxl.de\\\/markt\\\/\"},{\"@type\":\"ListItem\",\"position\":2,\"name\":\"Markt\",\"item\":\"https:\\\/\\\/marktxxl.de\\\/markt\\\/\"},{\"@type\":\"ListItem\",\"position\":3,\"name\":\"Hart Reise Tasche F\u00fcr Logitech Spotlight Kabelloses Pr\u00e4sentationsger\u00e4t USB Bluetooth von co2CREA\"}]},{\"@type\":\"WebSite\",\"@id\":\"https:\\\/\\\/marktxxl.de\\\/markt\\\/#website\",\"url\":\"https:\\\/\\\/marktxxl.de\\\/markt\\\/\",\"name\":\"Markt-XXL\",\"description\":\"Ihr Markt Online\",\"publisher\":{\"@id\":\"https:\\\/\\\/marktxxl.de\\\/markt\\\/#organization\"},\"potentialAction\":[{\"@type\":\"SearchAction\",\"target\":{\"@type\":\"EntryPoint\",\"urlTemplate\":\"https:\\\/\\\/marktxxl.de\\\/markt\\\/?s={search_term_string}\"},\"query-input\":{\"@type\":\"PropertyValueSpecification\",\"valueRequired\":true,\"valueName\":\"search_term_string\"}}],\"inLanguage\":\"de\"},{\"@type\":\"Organization\",\"@id\":\"https:\\\/\\\/marktxxl.de\\\/markt\\\/#organization\",\"name\":\"Markt-XXL\",\"url\":\"https:\\\/\\\/marktxxl.de\\\/markt\\\/\",\"logo\":{\"@type\":\"ImageObject\",\"inLanguage\":\"de\",\"@id\":\"https:\\\/\\\/marktxxl.de\\\/markt\\\/#\\\/schema\\\/logo\\\/image\\\/\",\"url\":\"https:\\\/\\\/marktxxl.de\\\/markt\\\/wp-content\\\/uploads\\\/sites\\\/3\\\/2020\\\/12\\\/logo.png\",\"contentUrl\":\"https:\\\/\\\/marktxxl.de\\\/markt\\\/wp-content\\\/uploads\\\/sites\\\/3\\\/2020\\\/12\\\/logo.png\",\"width\":200,\"height\":70,\"caption\":\"Markt-XXL\"},\"image\":{\"@id\":\"https:\\\/\\\/marktxxl.de\\\/markt\\\/#\\\/schema\\\/logo\\\/image\\\/\"}}]}<\/script>\n<!-- \/ Yoast SEO plugin. -->","yoast_head_json":{"title":"Hart Reise Tasche F\u00fcr Logitech Spotlight Kabelloses Pr\u00e4sentationsger\u00e4t USB Bluetooth von co2CREA - Markt-XXL","description":"Markt-XXL Hart Reise Tasche F\u00fcr Logitech Spotlight Kabelloses Pr\u00e4sentationsger\u00e4t USB Bluetooth von co2CREA","robots":{"index":"index","follow":"follow","max-snippet":"max-snippet:-1","max-image-preview":"max-image-preview:large","max-video-preview":"max-video-preview:-1"},"canonical":"https:\/\/marktxxl.de\/markt\/produkt\/hart-reise-tasche-fuer-logitech-spotlight-kabelloses-praesentationsgeraet-usb-bluetooth-von-co2crea\/","og_locale":"de_DE","og_type":"article","og_title":"Hart Reise Tasche F\u00fcr Logitech Spotlight Kabelloses Pr\u00e4sentationsger\u00e4t USB Bluetooth von co2CREA - Markt-XXL","og_description":"Markt-XXL Hart Reise Tasche F\u00fcr Logitech Spotlight Kabelloses Pr\u00e4sentationsger\u00e4t USB Bluetooth von co2CREA","og_url":"https:\/\/marktxxl.de\/markt\/produkt\/hart-reise-tasche-fuer-logitech-spotlight-kabelloses-praesentationsgeraet-usb-bluetooth-von-co2crea\/","og_site_name":"Markt-XXL","article_modified_time":"2023-04-11T01:51:28+00:00","og_image":[{"width":500,"height":500,"url":"https:\/\/m.media-amazon.com\/images\/I\/51tKyq953CL._SL500_.jpg","type":"image\/jpeg"}],"twitter_card":"summary_large_image","twitter_misc":{"Gesch\u00e4tzte Lesezeit":"1\u00a0Minute"},"schema":{"@context":"https:\/\/schema.org","@graph":[{"@type":"WebPage","@id":"https:\/\/marktxxl.de\/markt\/produkt\/hart-reise-tasche-fuer-logitech-spotlight-kabelloses-praesentationsgeraet-usb-bluetooth-von-co2crea\/","url":"https:\/\/marktxxl.de\/markt\/produkt\/hart-reise-tasche-fuer-logitech-spotlight-kabelloses-praesentationsgeraet-usb-bluetooth-von-co2crea\/","name":"Hart Reise Tasche F\u00fcr Logitech Spotlight Kabelloses Pr\u00e4sentationsger\u00e4t USB Bluetooth von co2CREA - Markt-XXL","isPartOf":{"@id":"https:\/\/marktxxl.de\/markt\/#website"},"primaryImageOfPage":{"@id":"https:\/\/marktxxl.de\/markt\/produkt\/hart-reise-tasche-fuer-logitech-spotlight-kabelloses-praesentationsgeraet-usb-bluetooth-von-co2crea\/#primaryimage"},"image":{"@id":"https:\/\/marktxxl.de\/markt\/produkt\/hart-reise-tasche-fuer-logitech-spotlight-kabelloses-praesentationsgeraet-usb-bluetooth-von-co2crea\/#primaryimage"},"thumbnailUrl":"https:\/\/m.media-amazon.com\/images\/I\/51tKyq953CL._SL500_.jpg","datePublished":"2022-05-15T02:49:19+00:00","dateModified":"2023-04-11T01:51:28+00:00","description":"Markt-XXL Hart Reise Tasche F\u00fcr Logitech Spotlight Kabelloses Pr\u00e4sentationsger\u00e4t USB Bluetooth von co2CREA","breadcrumb":{"@id":"https:\/\/marktxxl.de\/markt\/produkt\/hart-reise-tasche-fuer-logitech-spotlight-kabelloses-praesentationsgeraet-usb-bluetooth-von-co2crea\/#breadcrumb"},"inLanguage":"de","potentialAction":[{"@type":"ReadAction","target":["https:\/\/marktxxl.de\/markt\/produkt\/hart-reise-tasche-fuer-logitech-spotlight-kabelloses-praesentationsgeraet-usb-bluetooth-von-co2crea\/"]}]},{"@type":"ImageObject","inLanguage":"de","@id":"https:\/\/marktxxl.de\/markt\/produkt\/hart-reise-tasche-fuer-logitech-spotlight-kabelloses-praesentationsgeraet-usb-bluetooth-von-co2crea\/#primaryimage","url":"https:\/\/m.media-amazon.com\/images\/I\/51tKyq953CL._SL500_.jpg","contentUrl":"https:\/\/m.media-amazon.com\/images\/I\/51tKyq953CL._SL500_.jpg","width":500,"height":500},{"@type":"BreadcrumbList","@id":"https:\/\/marktxxl.de\/markt\/produkt\/hart-reise-tasche-fuer-logitech-spotlight-kabelloses-praesentationsgeraet-usb-bluetooth-von-co2crea\/#breadcrumb","itemListElement":[{"@type":"ListItem","position":1,"name":"Startseite","item":"https:\/\/marktxxl.de\/markt\/"},{"@type":"ListItem","position":2,"name":"Markt","item":"https:\/\/marktxxl.de\/markt\/"},{"@type":"ListItem","position":3,"name":"Hart Reise Tasche F\u00fcr Logitech Spotlight Kabelloses Pr\u00e4sentationsger\u00e4t USB Bluetooth von co2CREA"}]},{"@type":"WebSite","@id":"https:\/\/marktxxl.de\/markt\/#website","url":"https:\/\/marktxxl.de\/markt\/","name":"Markt-XXL","description":"Ihr Markt Online","publisher":{"@id":"https:\/\/marktxxl.de\/markt\/#organization"},"potentialAction":[{"@type":"SearchAction","target":{"@type":"EntryPoint","urlTemplate":"https:\/\/marktxxl.de\/markt\/?s={search_term_string}"},"query-input":{"@type":"PropertyValueSpecification","valueRequired":true,"valueName":"search_term_string"}}],"inLanguage":"de"},{"@type":"Organization","@id":"https:\/\/marktxxl.de\/markt\/#organization","name":"Markt-XXL","url":"https:\/\/marktxxl.de\/markt\/","logo":{"@type":"ImageObject","inLanguage":"de","@id":"https:\/\/marktxxl.de\/markt\/#\/schema\/logo\/image\/","url":"https:\/\/marktxxl.de\/markt\/wp-content\/uploads\/sites\/3\/2020\/12\/logo.png","contentUrl":"https:\/\/marktxxl.de\/markt\/wp-content\/uploads\/sites\/3\/2020\/12\/logo.png","width":200,"height":70,"caption":"Markt-XXL"},"image":{"@id":"https:\/\/marktxxl.de\/markt\/#\/schema\/logo\/image\/"}}]}},"_links":{"self":[{"href":"https:\/\/marktxxl.de\/markt\/wp-json\/wp\/v2\/product\/120509","targetHints":{"allow":["GET"]}}],"collection":[{"href":"https:\/\/marktxxl.de\/markt\/wp-json\/wp\/v2\/product"}],"about":[{"href":"https:\/\/marktxxl.de\/markt\/wp-json\/wp\/v2\/types\/product"}],"replies":[{"embeddable":true,"href":"https:\/\/marktxxl.de\/markt\/wp-json\/wp\/v2\/comments?post=120509"}],"wp:featuredmedia":[{"embeddable":true,"href":"https:\/\/marktxxl.de\/markt\/wp-json\/wp\/v2\/media\/120510"}],"wp:attachment":[{"href":"https:\/\/marktxxl.de\/markt\/wp-json\/wp\/v2\/media?parent=120509"}],"wp:term":[{"taxonomy":"product_brand","embeddable":true,"href":"https:\/\/marktxxl.de\/markt\/wp-json\/wp\/v2\/product_brand?post=120509"},{"taxonomy":"product_cat","embeddable":true,"href":"https:\/\/marktxxl.de\/markt\/wp-json\/wp\/v2\/product_cat?post=120509"},{"taxonomy":"product_tag","embeddable":true,"href":"https:\/\/marktxxl.de\/markt\/wp-json\/wp\/v2\/product_tag?post=120509"}],"curies":[{"name":"wp","href":"https:\/\/api.w.org\/{rel}","templated":true}]}}