{"id":119460,"date":"2022-05-15T03:02:14","date_gmt":"2022-05-15T01:02:14","guid":{"rendered":"https:\/\/marktxxl.de\/markt\/produkt\/led-ente-nachtlicht-kinder-tkarpoo-ente-nachtlicht-kinder-silikon-dimmbar-nachttischlampe-kinder-baby-nachtlicht-ente-mit-touch-sensor-timer-fuer-baby-zimmer-dekorschlafzimmercamping\/"},"modified":"2023-04-09T03:27:02","modified_gmt":"2023-04-09T01:27:02","slug":"led-ente-nachtlicht-kinder-tkarpoo-ente-nachtlicht-kinder-silikon-dimmbar-nachttischlampe-kinder-baby-nachtlicht-ente-mit-touch-sensor-timer-fuer-baby-zimmer-dekorschlafzimmercamping","status":"publish","type":"product","link":"https:\/\/marktxxl.de\/markt\/produkt\/led-ente-nachtlicht-kinder-tkarpoo-ente-nachtlicht-kinder-silikon-dimmbar-nachttischlampe-kinder-baby-nachtlicht-ente-mit-touch-sensor-timer-fuer-baby-zimmer-dekorschlafzimmercamping\/","title":{"rendered":"TKARPOO LED-Ente Nachtlicht Kinder, Ente Nachtlicht Kinder Silikon Dimmbar Nachttischlampe Kinder Baby Nachtlicht Ente\u2026"},"content":{"rendered":"<p>\u2705\u3010Ber\u00fchrungssteuerung\u3011LED-Ente Nachtlicht ist mit 2 Schaltern, dr\u00fccken Sie die Power-Taste an der Unterseite, um es einzuschalten. Und dann schnell ein-\/ausschalten, wie Sie wollen, indem Sie kneten \/ tippen \/ ber\u00fchren Sie einen beliebigen Teil dieser niedlichen stumpfen Ente schlafen Lampe. Kinder werden so viel Spa\u00df an dieser niedlichen benson Ente Nachtlicht Lampe finden und es ist wirklich eine perfekte \u00e4sthetische Raumdekoration.<br \/>\n\u2705\u3010Weiches Silikon Material\u3011Ente Nachtlicht Lampe ist aus ABS und Silikon-Materialien, die weich, sicher und bequem ist. Und die hohe Qualit\u00e4t Silikon-Material k\u00f6nnen Sie dr\u00fccken oder ber\u00fchren Sie diese stumpfe Ente schlafen Lampe. Keine Sorge, es zu ruinieren, ist es ziemlich durable.Ideal Nachtlicht f\u00fcr kinder.<br \/>\n\u2764\u3010Dimmable Ente Nachtlicht\u3011Zwei Helligkeitsstufen sind verf\u00fcgbar. Sie k\u00f6nnen die Ente Nachtlicht-Modus, um Ihren Bedarf zu erf\u00fcllen.\u2460Der Schwachlichtmodus eignet sich zum Stillen, Schlafen und Aufwachen in der Nacht. \u2461Der Starklichtmodus eignet sich zum Windelwechseln und Lesen. 2800k warmes LED-Licht, kein Stroboskop, langfristige Nutzung wird nicht dazu f\u00fchren, Augenerm\u00fcdung, die sicher f\u00fcr die Augen der Kinder ist.<br \/>\n\ud83c\udf1b \u3010Aufladbar und lang anhaltende Akkulaufzeit\u3011Aufladbare Ente Kinder Nachtlampe \u00fcber ein begabtes Typ-C USB-Kabel aufgeladen. Es kann bis zu 8 Stunden im hohen Lichtmodus und 35 Stunden im niedrigen Lichtmodus verwendet werden. Mit 15 Minuten, 30 Minuten verz\u00f6gertes Licht aus Funktion, ist es geeignet f\u00fcr Nacht sleep.Lighting up Benson Ente Lampe zu f\u00f6rdern und helfen, Ihren Schlaf, nur Menschen \u00fcberwinden Dunkelheit.<br \/>\n\ud83c\udf81\ud83d\udc6a\u3010Niedliches Enten-Nachtlicht-Design\u3011Das Nachtlicht Lampe in Form einer Ente hat ein Gef\u00fchl der Kindheit, bringen Sie und Ihre Kinder die besten Gutenachtgeschichten. Perfekte Geschenkidee f\u00fcr Kinder.Geeignet f\u00fcr Schlafzimmer, Kinderzimmer, Babyzimmer, Wohnzimmer, dekorative Lampe und andere romantische Orte.<br \/>\n<div class=\"main-cross-sell\" data-asin=\"B09B22T8YV\">\n\n\t<div class=\"WooZone-cross-sell-loader\">\n\t\t<div>\n\t\t\t<div id=\"floatingBarsG\">\n\t\t\t\t<div class=\"blockG\" id=\"rotateG_01\"><\/div>\n\t\t\t\t<div class=\"blockG\" id=\"rotateG_02\"><\/div>\n\t\t\t\t<div class=\"blockG\" id=\"rotateG_03\"><\/div>\n\t\t\t\t<div class=\"blockG\" id=\"rotateG_04\"><\/div>\n\t\t\t\t<div class=\"blockG\" id=\"rotateG_05\"><\/div>\n\t\t\t\t<div class=\"blockG\" id=\"rotateG_06\"><\/div>\n\t\t\t\t<div class=\"blockG\" id=\"rotateG_07\"><\/div>\n\t\t\t\t<div class=\"blockG\" id=\"rotateG_08\"><\/div>\n\t\t\t<\/div>\n\t\t\t<div class=\"WooZone-cross-sell-loader-text\"><\/div>\n\t\t<\/div>\n\t<\/div>\n\n\t\t\n<\/div>\n<div style=\"clear:both;\"><\/div><\/p>\n","protected":false},"excerpt":{"rendered":"<p>\u2705\u3010Ber\u00fchrungssteuerung\u3011LED-Ente Nachtlicht ist mit 2 Schaltern, dr\u00fccken Sie die Power-Taste an der Unterseite, um es einzuschalten. Und dann schnell ein-\/ausschalten, wie Sie wollen, indem Sie kneten \/ tippen \/ ber\u00fchren Sie einen beliebigen Teil dieser niedlichen stumpfen Ente schlafen Lampe. Kinder werden so viel Spa\u00df an dieser niedlichen benson Ente Nachtlicht Lampe finden und es ist wirklich eine perfekte \u00e4sthetische Raumdekoration.<br \/>\n\u2705\u3010Weiches Silikon Material\u3011Ente Nachtlicht Lampe ist aus ABS und Silikon-Materialien, die weich, sicher und bequem ist. Und die hohe Qualit\u00e4t Silikon-Material k\u00f6nnen Sie dr\u00fccken oder ber\u00fchren Sie diese stumpfe Ente schlafen Lampe. Keine Sorge, es zu ruinieren, ist es ziemlich durable.Ideal Nachtlicht f\u00fcr kinder.<br \/>\n\u2764\u3010Dimmable Ente Nachtlicht\u3011Zwei Helligkeitsstufen sind verf\u00fcgbar. Sie k\u00f6nnen die Ente Nachtlicht-Modus, um Ihren Bedarf zu erf\u00fcllen.\u2460Der Schwachlichtmodus eignet sich zum Stillen, Schlafen und Aufwachen in der Nacht. \u2461Der Starklichtmodus eignet sich zum Windelwechseln und Lesen. 2800k warmes LED-Licht, kein Stroboskop, langfristige Nutzung wird nicht dazu f\u00fchren, Augenerm\u00fcdung, die sicher f\u00fcr die Augen der Kinder ist.<\/p>\n","protected":false},"featured_media":119461,"comment_status":"open","ping_status":"closed","template":"","meta":[],"product_brand":[],"product_cat":[2108,11509],"product_tag":[],"class_list":{"0":"post-119460","1":"product","2":"type-product","3":"status-publish","4":"has-post-thumbnail","6":"product_cat-beleuchtung","7":"product_cat-innenbeleuchtung","8":"pa_brand-tkarpoo","9":"pa_color-weiss","10":"pa_height-4-330708657-zoll","11":"pa_languages-unbekannt-deutsch","12":"pa_length-4-724409444-zoll","13":"pa_manufacturer-tkarpoo","14":"pa_model-ente-nachtlicht","15":"pa_size-10x11x12cm","16":"pa_weight-0-551155655-pfund","17":"pa_width-1-574803148-zoll","19":"first","20":"instock","21":"shipping-taxable","22":"purchasable","23":"product-type-simple","24":"customify-col","25":"product-has-gallery"},"yoast_head":"<!-- This site is optimized with the Yoast SEO plugin v27.4 - https:\/\/yoast.com\/product\/yoast-seo-wordpress\/ -->\n<title>TKARPOO LED-Ente Nachtlicht Kinder, Ente Nachtlicht Kinder Silikon Dimmbar Nachttischlampe Kinder Baby Nachtlicht Ente\u2026 - Markt-XXL<\/title>\n<meta name=\"description\" content=\"Markt-XXL TKARPOO LED-Ente Nachtlicht Kinder, Ente Nachtlicht Kinder Silikon Dimmbar Nachttischlampe Kinder Baby Nachtlicht Ente\u2026\" \/>\n<meta name=\"robots\" content=\"index, follow, max-snippet:-1, max-image-preview:large, max-video-preview:-1\" \/>\n<link rel=\"canonical\" href=\"https:\/\/marktxxl.de\/markt\/produkt\/led-ente-nachtlicht-kinder-tkarpoo-ente-nachtlicht-kinder-silikon-dimmbar-nachttischlampe-kinder-baby-nachtlicht-ente-mit-touch-sensor-timer-fuer-baby-zimmer-dekorschlafzimmercamping\/\" \/>\n<meta property=\"og:locale\" content=\"de_DE\" \/>\n<meta property=\"og:type\" content=\"article\" \/>\n<meta property=\"og:title\" content=\"TKARPOO LED-Ente Nachtlicht Kinder, Ente Nachtlicht Kinder Silikon Dimmbar Nachttischlampe Kinder Baby Nachtlicht Ente\u2026 - Markt-XXL\" \/>\n<meta property=\"og:description\" content=\"Markt-XXL TKARPOO LED-Ente Nachtlicht Kinder, Ente Nachtlicht Kinder Silikon Dimmbar Nachttischlampe Kinder Baby Nachtlicht Ente\u2026\" \/>\n<meta property=\"og:url\" content=\"https:\/\/marktxxl.de\/markt\/produkt\/led-ente-nachtlicht-kinder-tkarpoo-ente-nachtlicht-kinder-silikon-dimmbar-nachttischlampe-kinder-baby-nachtlicht-ente-mit-touch-sensor-timer-fuer-baby-zimmer-dekorschlafzimmercamping\/\" \/>\n<meta property=\"og:site_name\" content=\"Markt-XXL\" \/>\n<meta property=\"article:modified_time\" content=\"2023-04-09T01:27:02+00:00\" \/>\n<meta property=\"og:image\" content=\"https:\/\/m.media-amazon.com\/images\/I\/31rQ5cag9tL._SL500_.jpg\" \/>\n\t<meta property=\"og:image:width\" content=\"500\" \/>\n\t<meta property=\"og:image:height\" content=\"500\" \/>\n\t<meta property=\"og:image:type\" content=\"image\/jpeg\" \/>\n<meta name=\"twitter:card\" content=\"summary_large_image\" \/>\n<meta name=\"twitter:label1\" content=\"Gesch\u00e4tzte Lesezeit\" \/>\n\t<meta name=\"twitter:data1\" content=\"1\u00a0Minute\" \/>\n<script type=\"application\/ld+json\" class=\"yoast-schema-graph\">{\"@context\":\"https:\\\/\\\/schema.org\",\"@graph\":[{\"@type\":\"WebPage\",\"@id\":\"https:\\\/\\\/marktxxl.de\\\/markt\\\/produkt\\\/led-ente-nachtlicht-kinder-tkarpoo-ente-nachtlicht-kinder-silikon-dimmbar-nachttischlampe-kinder-baby-nachtlicht-ente-mit-touch-sensor-timer-fuer-baby-zimmer-dekorschlafzimmercamping\\\/\",\"url\":\"https:\\\/\\\/marktxxl.de\\\/markt\\\/produkt\\\/led-ente-nachtlicht-kinder-tkarpoo-ente-nachtlicht-kinder-silikon-dimmbar-nachttischlampe-kinder-baby-nachtlicht-ente-mit-touch-sensor-timer-fuer-baby-zimmer-dekorschlafzimmercamping\\\/\",\"name\":\"TKARPOO LED-Ente Nachtlicht Kinder, Ente Nachtlicht Kinder Silikon Dimmbar Nachttischlampe Kinder Baby Nachtlicht Ente\u2026 - Markt-XXL\",\"isPartOf\":{\"@id\":\"https:\\\/\\\/marktxxl.de\\\/markt\\\/#website\"},\"primaryImageOfPage\":{\"@id\":\"https:\\\/\\\/marktxxl.de\\\/markt\\\/produkt\\\/led-ente-nachtlicht-kinder-tkarpoo-ente-nachtlicht-kinder-silikon-dimmbar-nachttischlampe-kinder-baby-nachtlicht-ente-mit-touch-sensor-timer-fuer-baby-zimmer-dekorschlafzimmercamping\\\/#primaryimage\"},\"image\":{\"@id\":\"https:\\\/\\\/marktxxl.de\\\/markt\\\/produkt\\\/led-ente-nachtlicht-kinder-tkarpoo-ente-nachtlicht-kinder-silikon-dimmbar-nachttischlampe-kinder-baby-nachtlicht-ente-mit-touch-sensor-timer-fuer-baby-zimmer-dekorschlafzimmercamping\\\/#primaryimage\"},\"thumbnailUrl\":\"https:\\\/\\\/m.media-amazon.com\\\/images\\\/I\\\/31rQ5cag9tL._SL500_.jpg\",\"datePublished\":\"2022-05-15T01:02:14+00:00\",\"dateModified\":\"2023-04-09T01:27:02+00:00\",\"description\":\"Markt-XXL TKARPOO LED-Ente Nachtlicht Kinder, Ente Nachtlicht Kinder Silikon Dimmbar Nachttischlampe Kinder Baby Nachtlicht Ente\u2026\",\"breadcrumb\":{\"@id\":\"https:\\\/\\\/marktxxl.de\\\/markt\\\/produkt\\\/led-ente-nachtlicht-kinder-tkarpoo-ente-nachtlicht-kinder-silikon-dimmbar-nachttischlampe-kinder-baby-nachtlicht-ente-mit-touch-sensor-timer-fuer-baby-zimmer-dekorschlafzimmercamping\\\/#breadcrumb\"},\"inLanguage\":\"de\",\"potentialAction\":[{\"@type\":\"ReadAction\",\"target\":[\"https:\\\/\\\/marktxxl.de\\\/markt\\\/produkt\\\/led-ente-nachtlicht-kinder-tkarpoo-ente-nachtlicht-kinder-silikon-dimmbar-nachttischlampe-kinder-baby-nachtlicht-ente-mit-touch-sensor-timer-fuer-baby-zimmer-dekorschlafzimmercamping\\\/\"]}]},{\"@type\":\"ImageObject\",\"inLanguage\":\"de\",\"@id\":\"https:\\\/\\\/marktxxl.de\\\/markt\\\/produkt\\\/led-ente-nachtlicht-kinder-tkarpoo-ente-nachtlicht-kinder-silikon-dimmbar-nachttischlampe-kinder-baby-nachtlicht-ente-mit-touch-sensor-timer-fuer-baby-zimmer-dekorschlafzimmercamping\\\/#primaryimage\",\"url\":\"https:\\\/\\\/m.media-amazon.com\\\/images\\\/I\\\/31rQ5cag9tL._SL500_.jpg\",\"contentUrl\":\"https:\\\/\\\/m.media-amazon.com\\\/images\\\/I\\\/31rQ5cag9tL._SL500_.jpg\",\"width\":500,\"height\":500},{\"@type\":\"BreadcrumbList\",\"@id\":\"https:\\\/\\\/marktxxl.de\\\/markt\\\/produkt\\\/led-ente-nachtlicht-kinder-tkarpoo-ente-nachtlicht-kinder-silikon-dimmbar-nachttischlampe-kinder-baby-nachtlicht-ente-mit-touch-sensor-timer-fuer-baby-zimmer-dekorschlafzimmercamping\\\/#breadcrumb\",\"itemListElement\":[{\"@type\":\"ListItem\",\"position\":1,\"name\":\"Startseite\",\"item\":\"https:\\\/\\\/marktxxl.de\\\/markt\\\/\"},{\"@type\":\"ListItem\",\"position\":2,\"name\":\"Markt\",\"item\":\"https:\\\/\\\/marktxxl.de\\\/markt\\\/\"},{\"@type\":\"ListItem\",\"position\":3,\"name\":\"TKARPOO LED-Ente Nachtlicht Kinder, Ente Nachtlicht Kinder Silikon Dimmbar Nachttischlampe Kinder Baby Nachtlicht Ente\u2026\"}]},{\"@type\":\"WebSite\",\"@id\":\"https:\\\/\\\/marktxxl.de\\\/markt\\\/#website\",\"url\":\"https:\\\/\\\/marktxxl.de\\\/markt\\\/\",\"name\":\"Markt-XXL\",\"description\":\"Ihr Markt Online\",\"publisher\":{\"@id\":\"https:\\\/\\\/marktxxl.de\\\/markt\\\/#organization\"},\"potentialAction\":[{\"@type\":\"SearchAction\",\"target\":{\"@type\":\"EntryPoint\",\"urlTemplate\":\"https:\\\/\\\/marktxxl.de\\\/markt\\\/?s={search_term_string}\"},\"query-input\":{\"@type\":\"PropertyValueSpecification\",\"valueRequired\":true,\"valueName\":\"search_term_string\"}}],\"inLanguage\":\"de\"},{\"@type\":\"Organization\",\"@id\":\"https:\\\/\\\/marktxxl.de\\\/markt\\\/#organization\",\"name\":\"Markt-XXL\",\"url\":\"https:\\\/\\\/marktxxl.de\\\/markt\\\/\",\"logo\":{\"@type\":\"ImageObject\",\"inLanguage\":\"de\",\"@id\":\"https:\\\/\\\/marktxxl.de\\\/markt\\\/#\\\/schema\\\/logo\\\/image\\\/\",\"url\":\"https:\\\/\\\/marktxxl.de\\\/markt\\\/wp-content\\\/uploads\\\/sites\\\/3\\\/2020\\\/12\\\/logo.png\",\"contentUrl\":\"https:\\\/\\\/marktxxl.de\\\/markt\\\/wp-content\\\/uploads\\\/sites\\\/3\\\/2020\\\/12\\\/logo.png\",\"width\":200,\"height\":70,\"caption\":\"Markt-XXL\"},\"image\":{\"@id\":\"https:\\\/\\\/marktxxl.de\\\/markt\\\/#\\\/schema\\\/logo\\\/image\\\/\"}}]}<\/script>\n<!-- \/ Yoast SEO plugin. -->","yoast_head_json":{"title":"TKARPOO LED-Ente Nachtlicht Kinder, Ente Nachtlicht Kinder Silikon Dimmbar Nachttischlampe Kinder Baby Nachtlicht Ente\u2026 - Markt-XXL","description":"Markt-XXL TKARPOO LED-Ente Nachtlicht Kinder, Ente Nachtlicht Kinder Silikon Dimmbar Nachttischlampe Kinder Baby Nachtlicht Ente\u2026","robots":{"index":"index","follow":"follow","max-snippet":"max-snippet:-1","max-image-preview":"max-image-preview:large","max-video-preview":"max-video-preview:-1"},"canonical":"https:\/\/marktxxl.de\/markt\/produkt\/led-ente-nachtlicht-kinder-tkarpoo-ente-nachtlicht-kinder-silikon-dimmbar-nachttischlampe-kinder-baby-nachtlicht-ente-mit-touch-sensor-timer-fuer-baby-zimmer-dekorschlafzimmercamping\/","og_locale":"de_DE","og_type":"article","og_title":"TKARPOO LED-Ente Nachtlicht Kinder, Ente Nachtlicht Kinder Silikon Dimmbar Nachttischlampe Kinder Baby Nachtlicht Ente\u2026 - Markt-XXL","og_description":"Markt-XXL TKARPOO LED-Ente Nachtlicht Kinder, Ente Nachtlicht Kinder Silikon Dimmbar Nachttischlampe Kinder Baby Nachtlicht Ente\u2026","og_url":"https:\/\/marktxxl.de\/markt\/produkt\/led-ente-nachtlicht-kinder-tkarpoo-ente-nachtlicht-kinder-silikon-dimmbar-nachttischlampe-kinder-baby-nachtlicht-ente-mit-touch-sensor-timer-fuer-baby-zimmer-dekorschlafzimmercamping\/","og_site_name":"Markt-XXL","article_modified_time":"2023-04-09T01:27:02+00:00","og_image":[{"width":500,"height":500,"url":"https:\/\/m.media-amazon.com\/images\/I\/31rQ5cag9tL._SL500_.jpg","type":"image\/jpeg"}],"twitter_card":"summary_large_image","twitter_misc":{"Gesch\u00e4tzte Lesezeit":"1\u00a0Minute"},"schema":{"@context":"https:\/\/schema.org","@graph":[{"@type":"WebPage","@id":"https:\/\/marktxxl.de\/markt\/produkt\/led-ente-nachtlicht-kinder-tkarpoo-ente-nachtlicht-kinder-silikon-dimmbar-nachttischlampe-kinder-baby-nachtlicht-ente-mit-touch-sensor-timer-fuer-baby-zimmer-dekorschlafzimmercamping\/","url":"https:\/\/marktxxl.de\/markt\/produkt\/led-ente-nachtlicht-kinder-tkarpoo-ente-nachtlicht-kinder-silikon-dimmbar-nachttischlampe-kinder-baby-nachtlicht-ente-mit-touch-sensor-timer-fuer-baby-zimmer-dekorschlafzimmercamping\/","name":"TKARPOO LED-Ente Nachtlicht Kinder, Ente Nachtlicht Kinder Silikon Dimmbar Nachttischlampe Kinder Baby Nachtlicht Ente\u2026 - Markt-XXL","isPartOf":{"@id":"https:\/\/marktxxl.de\/markt\/#website"},"primaryImageOfPage":{"@id":"https:\/\/marktxxl.de\/markt\/produkt\/led-ente-nachtlicht-kinder-tkarpoo-ente-nachtlicht-kinder-silikon-dimmbar-nachttischlampe-kinder-baby-nachtlicht-ente-mit-touch-sensor-timer-fuer-baby-zimmer-dekorschlafzimmercamping\/#primaryimage"},"image":{"@id":"https:\/\/marktxxl.de\/markt\/produkt\/led-ente-nachtlicht-kinder-tkarpoo-ente-nachtlicht-kinder-silikon-dimmbar-nachttischlampe-kinder-baby-nachtlicht-ente-mit-touch-sensor-timer-fuer-baby-zimmer-dekorschlafzimmercamping\/#primaryimage"},"thumbnailUrl":"https:\/\/m.media-amazon.com\/images\/I\/31rQ5cag9tL._SL500_.jpg","datePublished":"2022-05-15T01:02:14+00:00","dateModified":"2023-04-09T01:27:02+00:00","description":"Markt-XXL TKARPOO LED-Ente Nachtlicht Kinder, Ente Nachtlicht Kinder Silikon Dimmbar Nachttischlampe Kinder Baby Nachtlicht Ente\u2026","breadcrumb":{"@id":"https:\/\/marktxxl.de\/markt\/produkt\/led-ente-nachtlicht-kinder-tkarpoo-ente-nachtlicht-kinder-silikon-dimmbar-nachttischlampe-kinder-baby-nachtlicht-ente-mit-touch-sensor-timer-fuer-baby-zimmer-dekorschlafzimmercamping\/#breadcrumb"},"inLanguage":"de","potentialAction":[{"@type":"ReadAction","target":["https:\/\/marktxxl.de\/markt\/produkt\/led-ente-nachtlicht-kinder-tkarpoo-ente-nachtlicht-kinder-silikon-dimmbar-nachttischlampe-kinder-baby-nachtlicht-ente-mit-touch-sensor-timer-fuer-baby-zimmer-dekorschlafzimmercamping\/"]}]},{"@type":"ImageObject","inLanguage":"de","@id":"https:\/\/marktxxl.de\/markt\/produkt\/led-ente-nachtlicht-kinder-tkarpoo-ente-nachtlicht-kinder-silikon-dimmbar-nachttischlampe-kinder-baby-nachtlicht-ente-mit-touch-sensor-timer-fuer-baby-zimmer-dekorschlafzimmercamping\/#primaryimage","url":"https:\/\/m.media-amazon.com\/images\/I\/31rQ5cag9tL._SL500_.jpg","contentUrl":"https:\/\/m.media-amazon.com\/images\/I\/31rQ5cag9tL._SL500_.jpg","width":500,"height":500},{"@type":"BreadcrumbList","@id":"https:\/\/marktxxl.de\/markt\/produkt\/led-ente-nachtlicht-kinder-tkarpoo-ente-nachtlicht-kinder-silikon-dimmbar-nachttischlampe-kinder-baby-nachtlicht-ente-mit-touch-sensor-timer-fuer-baby-zimmer-dekorschlafzimmercamping\/#breadcrumb","itemListElement":[{"@type":"ListItem","position":1,"name":"Startseite","item":"https:\/\/marktxxl.de\/markt\/"},{"@type":"ListItem","position":2,"name":"Markt","item":"https:\/\/marktxxl.de\/markt\/"},{"@type":"ListItem","position":3,"name":"TKARPOO LED-Ente Nachtlicht Kinder, Ente Nachtlicht Kinder Silikon Dimmbar Nachttischlampe Kinder Baby Nachtlicht Ente\u2026"}]},{"@type":"WebSite","@id":"https:\/\/marktxxl.de\/markt\/#website","url":"https:\/\/marktxxl.de\/markt\/","name":"Markt-XXL","description":"Ihr Markt Online","publisher":{"@id":"https:\/\/marktxxl.de\/markt\/#organization"},"potentialAction":[{"@type":"SearchAction","target":{"@type":"EntryPoint","urlTemplate":"https:\/\/marktxxl.de\/markt\/?s={search_term_string}"},"query-input":{"@type":"PropertyValueSpecification","valueRequired":true,"valueName":"search_term_string"}}],"inLanguage":"de"},{"@type":"Organization","@id":"https:\/\/marktxxl.de\/markt\/#organization","name":"Markt-XXL","url":"https:\/\/marktxxl.de\/markt\/","logo":{"@type":"ImageObject","inLanguage":"de","@id":"https:\/\/marktxxl.de\/markt\/#\/schema\/logo\/image\/","url":"https:\/\/marktxxl.de\/markt\/wp-content\/uploads\/sites\/3\/2020\/12\/logo.png","contentUrl":"https:\/\/marktxxl.de\/markt\/wp-content\/uploads\/sites\/3\/2020\/12\/logo.png","width":200,"height":70,"caption":"Markt-XXL"},"image":{"@id":"https:\/\/marktxxl.de\/markt\/#\/schema\/logo\/image\/"}}]}},"_links":{"self":[{"href":"https:\/\/marktxxl.de\/markt\/wp-json\/wp\/v2\/product\/119460","targetHints":{"allow":["GET"]}}],"collection":[{"href":"https:\/\/marktxxl.de\/markt\/wp-json\/wp\/v2\/product"}],"about":[{"href":"https:\/\/marktxxl.de\/markt\/wp-json\/wp\/v2\/types\/product"}],"replies":[{"embeddable":true,"href":"https:\/\/marktxxl.de\/markt\/wp-json\/wp\/v2\/comments?post=119460"}],"wp:featuredmedia":[{"embeddable":true,"href":"https:\/\/marktxxl.de\/markt\/wp-json\/wp\/v2\/media\/119461"}],"wp:attachment":[{"href":"https:\/\/marktxxl.de\/markt\/wp-json\/wp\/v2\/media?parent=119460"}],"wp:term":[{"taxonomy":"product_brand","embeddable":true,"href":"https:\/\/marktxxl.de\/markt\/wp-json\/wp\/v2\/product_brand?post=119460"},{"taxonomy":"product_cat","embeddable":true,"href":"https:\/\/marktxxl.de\/markt\/wp-json\/wp\/v2\/product_cat?post=119460"},{"taxonomy":"product_tag","embeddable":true,"href":"https:\/\/marktxxl.de\/markt\/wp-json\/wp\/v2\/product_tag?post=119460"}],"curies":[{"name":"wp","href":"https:\/\/api.w.org\/{rel}","templated":true}]}}