{"id":119064,"date":"2022-05-15T02:44:15","date_gmt":"2022-05-15T00:44:15","guid":{"rendered":"https:\/\/marktxxl.de\/markt\/produkt\/litake-solarlampen-fuer-aussen4-stueck-solar-gartenleuchte-2-modi-solarleuchten-mit-bewegungsmelder-wegeleuchte-ip65-wasserdichte-auto-ein-aus-landschaftslichter-aussenlicht-fuer-garten-patio-rasen-p\/"},"modified":"2023-04-09T03:26:57","modified_gmt":"2023-04-09T01:26:57","slug":"litake-solarlampen-fuer-aussen4-stueck-solar-gartenleuchte-2-modi-solarleuchten-mit-bewegungsmelder-wegeleuchte-ip65-wasserdichte-auto-ein-aus-landschaftslichter-aussenlicht-fuer-garten-patio-rasen-p","status":"publish","type":"product","link":"https:\/\/marktxxl.de\/markt\/produkt\/litake-solarlampen-fuer-aussen4-stueck-solar-gartenleuchte-2-modi-solarleuchten-mit-bewegungsmelder-wegeleuchte-ip65-wasserdichte-auto-ein-aus-landschaftslichter-aussenlicht-fuer-garten-patio-rasen-p\/","title":{"rendered":"Litake Solarlampen f\u00fcr Au\u00dfen,4 St\u00fcck Solar Gartenleuchte 2 Modi Solarleuchten mit Bewegungsmelder Wegeleuchte IP65\u2026"},"content":{"rendered":"<p>\u263c Neuheit Solarlampen: Neueste Version, Eingebaute hochwertige 5730 LEDs und 3,7V 1500MA Lithiumbatterie,Sehr helle, Weiter 120\u00b0 Ausstrahlungswinkel &amp; lange Arbeitszeit. Litake Solar Gartenleuchte ist viel modischer, praktischer und g\u00fcnstiger.<br \/>\n\u263c 2 Beleuchtungsmodi&amp; PIR-Sensor: High &amp; Low-Light-Modus, Das Gartenlicht l\u00e4dt sich tags\u00fcber auf; Bei Nacht oder Dunkelheit automatisch in den Low-Light-Modus wechseln, Wechseln Sie in den High-Light-Modus , wenn eine Bewegung erkannt wird, und wechseln Sie nach 22 Sekunden wieder in den Low-Light-Modus. Der optische Reflektor und die trapezf\u00f6rmige Lichtverteilung sorgen f\u00fcr eine perfekte Lichtwirkung.<br \/>\n\u263c Nachhaltige Solarkraft: Die Solarleuchten k\u00f6nnen 6-8 Stunden lang in der unter direktem Sonnenlicht vollst\u00e4ndig aufgeladen werden und arbeiten nachts 10-12 Stunden (starkes Licht) und 100-120 Stunden (schwaches Licht). Schalten Sie vor dem ersten Gebrauch das Solarlicht ein und laden Sie es mindestens 6 Stunden lang bei ausreichendem Sonnenschein auf.<br \/>\n\u263c IP65 Wasserdicht: Die Garten Solarlampen besteht aus wetterfestem ABS f\u00fcr UV-Best\u00e4ndigkeit und Korrosionsschutz, sie verf\u00fcgen \u00fcber ein einzigartiges IP65 wasserdichtes Design und k\u00f6nnen jedem schlechten Wetter standhalten, sind viel haltbarer als die andere Outdoor Solarlampen mit geringerem Schutzart.<br \/>\n\u263c 3-teiliges Verbindungsrohr: Die Leuchten haben ein modernes Design, ben\u00f6tigen keine Kabeladapter und Kabel. Einfach zu installieren, einfach ohne Werkzeug in den Boden stecken.Das Rohrdesign erm\u00f6glicht eine flexible Auswahl der Installationsh\u00f6he. Max bis zu 61,85 cm H\u00f6he.Verschiedene h\u00f6he bieten entsprechend ihrer nachfrage. Perfekt f\u00fcr die Verwendung im Freien zur Beleuchtung Ihres Gartens, Landschaft, Weges, Terrasse, Gartens oder Auffahrt.<br \/>\n<div class=\"main-cross-sell\" data-asin=\"B08T87R9M5\">\n\n\t<div class=\"WooZone-cross-sell-loader\">\n\t\t<div>\n\t\t\t<div id=\"floatingBarsG\">\n\t\t\t\t<div class=\"blockG\" id=\"rotateG_01\"><\/div>\n\t\t\t\t<div class=\"blockG\" id=\"rotateG_02\"><\/div>\n\t\t\t\t<div class=\"blockG\" id=\"rotateG_03\"><\/div>\n\t\t\t\t<div class=\"blockG\" id=\"rotateG_04\"><\/div>\n\t\t\t\t<div class=\"blockG\" id=\"rotateG_05\"><\/div>\n\t\t\t\t<div class=\"blockG\" id=\"rotateG_06\"><\/div>\n\t\t\t\t<div class=\"blockG\" id=\"rotateG_07\"><\/div>\n\t\t\t\t<div class=\"blockG\" id=\"rotateG_08\"><\/div>\n\t\t\t<\/div>\n\t\t\t<div class=\"WooZone-cross-sell-loader-text\"><\/div>\n\t\t<\/div>\n\t<\/div>\n\n\t\t\n<\/div>\n<div style=\"clear:both;\"><\/div><\/p>\n","protected":false},"excerpt":{"rendered":"<p>\u263c Neuheit Solarlampen: Neueste Version, Eingebaute hochwertige 5730 LEDs und 3,7V 1500MA Lithiumbatterie,Sehr helle, Weiter 120\u00b0 Ausstrahlungswinkel &amp; lange Arbeitszeit. Litake Solar Gartenleuchte ist viel modischer, praktischer und g\u00fcnstiger.<br \/>\n\u263c 2 Beleuchtungsmodi&amp; PIR-Sensor: High &amp; Low-Light-Modus, Das Gartenlicht l\u00e4dt sich tags\u00fcber auf; Bei Nacht oder Dunkelheit automatisch in den Low-Light-Modus wechseln, Wechseln Sie in den High-Light-Modus , wenn eine Bewegung erkannt wird, und wechseln Sie nach 22 Sekunden wieder in den Low-Light-Modus. Der optische Reflektor und die trapezf\u00f6rmige Lichtverteilung sorgen f\u00fcr eine perfekte Lichtwirkung.<br \/>\n\u263c Nachhaltige Solarkraft: Die Solarleuchten k\u00f6nnen 6-8 Stunden lang in der unter direktem Sonnenlicht vollst\u00e4ndig aufgeladen werden und arbeiten nachts 10-12 Stunden (starkes Licht) und 100-120 Stunden (schwaches Licht). Schalten Sie vor dem ersten Gebrauch das Solarlicht ein und laden Sie es mindestens 6 Stunden lang bei ausreichendem Sonnenschein auf.<\/p>\n","protected":false},"featured_media":119065,"comment_status":"open","ping_status":"closed","template":"","meta":[],"product_brand":[],"product_cat":[11446,2108],"product_tag":[],"class_list":{"0":"post-119064","1":"product","2":"type-product","3":"status-publish","4":"has-post-thumbnail","6":"product_cat-aussenbeleuchtung","7":"product_cat-beleuchtung","8":"pa_brand-litake","9":"pa_color-schwarz","10":"pa_manufacturer-litake","12":"first","13":"instock","14":"shipping-taxable","15":"purchasable","16":"product-type-simple","17":"customify-col","18":"product-has-gallery"},"yoast_head":"<!-- This site is optimized with the Yoast SEO plugin v27.4 - https:\/\/yoast.com\/product\/yoast-seo-wordpress\/ -->\n<title>Litake Solarlampen f\u00fcr Au\u00dfen,4 St\u00fcck Solar Gartenleuchte 2 Modi Solarleuchten mit Bewegungsmelder Wegeleuchte IP65\u2026 - Markt-XXL<\/title>\n<meta name=\"description\" content=\"Markt-XXL Litake Solarlampen f\u00fcr Au\u00dfen,4 St\u00fcck Solar Gartenleuchte 2 Modi Solarleuchten mit Bewegungsmelder Wegeleuchte IP65\u2026\" \/>\n<meta name=\"robots\" content=\"index, follow, max-snippet:-1, max-image-preview:large, max-video-preview:-1\" \/>\n<link rel=\"canonical\" href=\"https:\/\/marktxxl.de\/markt\/produkt\/litake-solarlampen-fuer-aussen4-stueck-solar-gartenleuchte-2-modi-solarleuchten-mit-bewegungsmelder-wegeleuchte-ip65-wasserdichte-auto-ein-aus-landschaftslichter-aussenlicht-fuer-garten-patio-rasen-p\/\" \/>\n<meta property=\"og:locale\" content=\"de_DE\" \/>\n<meta property=\"og:type\" content=\"article\" \/>\n<meta property=\"og:title\" content=\"Litake Solarlampen f\u00fcr Au\u00dfen,4 St\u00fcck Solar Gartenleuchte 2 Modi Solarleuchten mit Bewegungsmelder Wegeleuchte IP65\u2026 - Markt-XXL\" \/>\n<meta property=\"og:description\" content=\"Markt-XXL Litake Solarlampen f\u00fcr Au\u00dfen,4 St\u00fcck Solar Gartenleuchte 2 Modi Solarleuchten mit Bewegungsmelder Wegeleuchte IP65\u2026\" \/>\n<meta property=\"og:url\" content=\"https:\/\/marktxxl.de\/markt\/produkt\/litake-solarlampen-fuer-aussen4-stueck-solar-gartenleuchte-2-modi-solarleuchten-mit-bewegungsmelder-wegeleuchte-ip65-wasserdichte-auto-ein-aus-landschaftslichter-aussenlicht-fuer-garten-patio-rasen-p\/\" \/>\n<meta property=\"og:site_name\" content=\"Markt-XXL\" \/>\n<meta property=\"article:modified_time\" content=\"2023-04-09T01:26:57+00:00\" \/>\n<meta property=\"og:image\" content=\"https:\/\/m.media-amazon.com\/images\/I\/510ByvvEbMS._SL500_.jpg\" \/>\n\t<meta property=\"og:image:width\" content=\"500\" \/>\n\t<meta property=\"og:image:height\" content=\"500\" \/>\n\t<meta property=\"og:image:type\" content=\"image\/jpeg\" \/>\n<meta name=\"twitter:card\" content=\"summary_large_image\" \/>\n<meta name=\"twitter:label1\" content=\"Gesch\u00e4tzte Lesezeit\" \/>\n\t<meta name=\"twitter:data1\" content=\"1\u00a0Minute\" \/>\n<script type=\"application\/ld+json\" class=\"yoast-schema-graph\">{\"@context\":\"https:\\\/\\\/schema.org\",\"@graph\":[{\"@type\":\"WebPage\",\"@id\":\"https:\\\/\\\/marktxxl.de\\\/markt\\\/produkt\\\/litake-solarlampen-fuer-aussen4-stueck-solar-gartenleuchte-2-modi-solarleuchten-mit-bewegungsmelder-wegeleuchte-ip65-wasserdichte-auto-ein-aus-landschaftslichter-aussenlicht-fuer-garten-patio-rasen-p\\\/\",\"url\":\"https:\\\/\\\/marktxxl.de\\\/markt\\\/produkt\\\/litake-solarlampen-fuer-aussen4-stueck-solar-gartenleuchte-2-modi-solarleuchten-mit-bewegungsmelder-wegeleuchte-ip65-wasserdichte-auto-ein-aus-landschaftslichter-aussenlicht-fuer-garten-patio-rasen-p\\\/\",\"name\":\"Litake Solarlampen f\u00fcr Au\u00dfen,4 St\u00fcck Solar Gartenleuchte 2 Modi Solarleuchten mit Bewegungsmelder Wegeleuchte IP65\u2026 - Markt-XXL\",\"isPartOf\":{\"@id\":\"https:\\\/\\\/marktxxl.de\\\/markt\\\/#website\"},\"primaryImageOfPage\":{\"@id\":\"https:\\\/\\\/marktxxl.de\\\/markt\\\/produkt\\\/litake-solarlampen-fuer-aussen4-stueck-solar-gartenleuchte-2-modi-solarleuchten-mit-bewegungsmelder-wegeleuchte-ip65-wasserdichte-auto-ein-aus-landschaftslichter-aussenlicht-fuer-garten-patio-rasen-p\\\/#primaryimage\"},\"image\":{\"@id\":\"https:\\\/\\\/marktxxl.de\\\/markt\\\/produkt\\\/litake-solarlampen-fuer-aussen4-stueck-solar-gartenleuchte-2-modi-solarleuchten-mit-bewegungsmelder-wegeleuchte-ip65-wasserdichte-auto-ein-aus-landschaftslichter-aussenlicht-fuer-garten-patio-rasen-p\\\/#primaryimage\"},\"thumbnailUrl\":\"https:\\\/\\\/m.media-amazon.com\\\/images\\\/I\\\/510ByvvEbMS._SL500_.jpg\",\"datePublished\":\"2022-05-15T00:44:15+00:00\",\"dateModified\":\"2023-04-09T01:26:57+00:00\",\"description\":\"Markt-XXL Litake Solarlampen f\u00fcr Au\u00dfen,4 St\u00fcck Solar Gartenleuchte 2 Modi Solarleuchten mit Bewegungsmelder Wegeleuchte IP65\u2026\",\"breadcrumb\":{\"@id\":\"https:\\\/\\\/marktxxl.de\\\/markt\\\/produkt\\\/litake-solarlampen-fuer-aussen4-stueck-solar-gartenleuchte-2-modi-solarleuchten-mit-bewegungsmelder-wegeleuchte-ip65-wasserdichte-auto-ein-aus-landschaftslichter-aussenlicht-fuer-garten-patio-rasen-p\\\/#breadcrumb\"},\"inLanguage\":\"de\",\"potentialAction\":[{\"@type\":\"ReadAction\",\"target\":[\"https:\\\/\\\/marktxxl.de\\\/markt\\\/produkt\\\/litake-solarlampen-fuer-aussen4-stueck-solar-gartenleuchte-2-modi-solarleuchten-mit-bewegungsmelder-wegeleuchte-ip65-wasserdichte-auto-ein-aus-landschaftslichter-aussenlicht-fuer-garten-patio-rasen-p\\\/\"]}]},{\"@type\":\"ImageObject\",\"inLanguage\":\"de\",\"@id\":\"https:\\\/\\\/marktxxl.de\\\/markt\\\/produkt\\\/litake-solarlampen-fuer-aussen4-stueck-solar-gartenleuchte-2-modi-solarleuchten-mit-bewegungsmelder-wegeleuchte-ip65-wasserdichte-auto-ein-aus-landschaftslichter-aussenlicht-fuer-garten-patio-rasen-p\\\/#primaryimage\",\"url\":\"https:\\\/\\\/m.media-amazon.com\\\/images\\\/I\\\/510ByvvEbMS._SL500_.jpg\",\"contentUrl\":\"https:\\\/\\\/m.media-amazon.com\\\/images\\\/I\\\/510ByvvEbMS._SL500_.jpg\",\"width\":500,\"height\":500},{\"@type\":\"BreadcrumbList\",\"@id\":\"https:\\\/\\\/marktxxl.de\\\/markt\\\/produkt\\\/litake-solarlampen-fuer-aussen4-stueck-solar-gartenleuchte-2-modi-solarleuchten-mit-bewegungsmelder-wegeleuchte-ip65-wasserdichte-auto-ein-aus-landschaftslichter-aussenlicht-fuer-garten-patio-rasen-p\\\/#breadcrumb\",\"itemListElement\":[{\"@type\":\"ListItem\",\"position\":1,\"name\":\"Startseite\",\"item\":\"https:\\\/\\\/marktxxl.de\\\/markt\\\/\"},{\"@type\":\"ListItem\",\"position\":2,\"name\":\"Markt\",\"item\":\"https:\\\/\\\/marktxxl.de\\\/markt\\\/\"},{\"@type\":\"ListItem\",\"position\":3,\"name\":\"Litake Solarlampen f\u00fcr Au\u00dfen,4 St\u00fcck Solar Gartenleuchte 2 Modi Solarleuchten mit Bewegungsmelder Wegeleuchte IP65\u2026\"}]},{\"@type\":\"WebSite\",\"@id\":\"https:\\\/\\\/marktxxl.de\\\/markt\\\/#website\",\"url\":\"https:\\\/\\\/marktxxl.de\\\/markt\\\/\",\"name\":\"Markt-XXL\",\"description\":\"Ihr Markt Online\",\"publisher\":{\"@id\":\"https:\\\/\\\/marktxxl.de\\\/markt\\\/#organization\"},\"potentialAction\":[{\"@type\":\"SearchAction\",\"target\":{\"@type\":\"EntryPoint\",\"urlTemplate\":\"https:\\\/\\\/marktxxl.de\\\/markt\\\/?s={search_term_string}\"},\"query-input\":{\"@type\":\"PropertyValueSpecification\",\"valueRequired\":true,\"valueName\":\"search_term_string\"}}],\"inLanguage\":\"de\"},{\"@type\":\"Organization\",\"@id\":\"https:\\\/\\\/marktxxl.de\\\/markt\\\/#organization\",\"name\":\"Markt-XXL\",\"url\":\"https:\\\/\\\/marktxxl.de\\\/markt\\\/\",\"logo\":{\"@type\":\"ImageObject\",\"inLanguage\":\"de\",\"@id\":\"https:\\\/\\\/marktxxl.de\\\/markt\\\/#\\\/schema\\\/logo\\\/image\\\/\",\"url\":\"https:\\\/\\\/marktxxl.de\\\/markt\\\/wp-content\\\/uploads\\\/sites\\\/3\\\/2020\\\/12\\\/logo.png\",\"contentUrl\":\"https:\\\/\\\/marktxxl.de\\\/markt\\\/wp-content\\\/uploads\\\/sites\\\/3\\\/2020\\\/12\\\/logo.png\",\"width\":200,\"height\":70,\"caption\":\"Markt-XXL\"},\"image\":{\"@id\":\"https:\\\/\\\/marktxxl.de\\\/markt\\\/#\\\/schema\\\/logo\\\/image\\\/\"}}]}<\/script>\n<!-- \/ Yoast SEO plugin. -->","yoast_head_json":{"title":"Litake Solarlampen f\u00fcr Au\u00dfen,4 St\u00fcck Solar Gartenleuchte 2 Modi Solarleuchten mit Bewegungsmelder Wegeleuchte IP65\u2026 - Markt-XXL","description":"Markt-XXL Litake Solarlampen f\u00fcr Au\u00dfen,4 St\u00fcck Solar Gartenleuchte 2 Modi Solarleuchten mit Bewegungsmelder Wegeleuchte IP65\u2026","robots":{"index":"index","follow":"follow","max-snippet":"max-snippet:-1","max-image-preview":"max-image-preview:large","max-video-preview":"max-video-preview:-1"},"canonical":"https:\/\/marktxxl.de\/markt\/produkt\/litake-solarlampen-fuer-aussen4-stueck-solar-gartenleuchte-2-modi-solarleuchten-mit-bewegungsmelder-wegeleuchte-ip65-wasserdichte-auto-ein-aus-landschaftslichter-aussenlicht-fuer-garten-patio-rasen-p\/","og_locale":"de_DE","og_type":"article","og_title":"Litake Solarlampen f\u00fcr Au\u00dfen,4 St\u00fcck Solar Gartenleuchte 2 Modi Solarleuchten mit Bewegungsmelder Wegeleuchte IP65\u2026 - Markt-XXL","og_description":"Markt-XXL Litake Solarlampen f\u00fcr Au\u00dfen,4 St\u00fcck Solar Gartenleuchte 2 Modi Solarleuchten mit Bewegungsmelder Wegeleuchte IP65\u2026","og_url":"https:\/\/marktxxl.de\/markt\/produkt\/litake-solarlampen-fuer-aussen4-stueck-solar-gartenleuchte-2-modi-solarleuchten-mit-bewegungsmelder-wegeleuchte-ip65-wasserdichte-auto-ein-aus-landschaftslichter-aussenlicht-fuer-garten-patio-rasen-p\/","og_site_name":"Markt-XXL","article_modified_time":"2023-04-09T01:26:57+00:00","og_image":[{"width":500,"height":500,"url":"https:\/\/m.media-amazon.com\/images\/I\/510ByvvEbMS._SL500_.jpg","type":"image\/jpeg"}],"twitter_card":"summary_large_image","twitter_misc":{"Gesch\u00e4tzte Lesezeit":"1\u00a0Minute"},"schema":{"@context":"https:\/\/schema.org","@graph":[{"@type":"WebPage","@id":"https:\/\/marktxxl.de\/markt\/produkt\/litake-solarlampen-fuer-aussen4-stueck-solar-gartenleuchte-2-modi-solarleuchten-mit-bewegungsmelder-wegeleuchte-ip65-wasserdichte-auto-ein-aus-landschaftslichter-aussenlicht-fuer-garten-patio-rasen-p\/","url":"https:\/\/marktxxl.de\/markt\/produkt\/litake-solarlampen-fuer-aussen4-stueck-solar-gartenleuchte-2-modi-solarleuchten-mit-bewegungsmelder-wegeleuchte-ip65-wasserdichte-auto-ein-aus-landschaftslichter-aussenlicht-fuer-garten-patio-rasen-p\/","name":"Litake Solarlampen f\u00fcr Au\u00dfen,4 St\u00fcck Solar Gartenleuchte 2 Modi Solarleuchten mit Bewegungsmelder Wegeleuchte IP65\u2026 - Markt-XXL","isPartOf":{"@id":"https:\/\/marktxxl.de\/markt\/#website"},"primaryImageOfPage":{"@id":"https:\/\/marktxxl.de\/markt\/produkt\/litake-solarlampen-fuer-aussen4-stueck-solar-gartenleuchte-2-modi-solarleuchten-mit-bewegungsmelder-wegeleuchte-ip65-wasserdichte-auto-ein-aus-landschaftslichter-aussenlicht-fuer-garten-patio-rasen-p\/#primaryimage"},"image":{"@id":"https:\/\/marktxxl.de\/markt\/produkt\/litake-solarlampen-fuer-aussen4-stueck-solar-gartenleuchte-2-modi-solarleuchten-mit-bewegungsmelder-wegeleuchte-ip65-wasserdichte-auto-ein-aus-landschaftslichter-aussenlicht-fuer-garten-patio-rasen-p\/#primaryimage"},"thumbnailUrl":"https:\/\/m.media-amazon.com\/images\/I\/510ByvvEbMS._SL500_.jpg","datePublished":"2022-05-15T00:44:15+00:00","dateModified":"2023-04-09T01:26:57+00:00","description":"Markt-XXL Litake Solarlampen f\u00fcr Au\u00dfen,4 St\u00fcck Solar Gartenleuchte 2 Modi Solarleuchten mit Bewegungsmelder Wegeleuchte IP65\u2026","breadcrumb":{"@id":"https:\/\/marktxxl.de\/markt\/produkt\/litake-solarlampen-fuer-aussen4-stueck-solar-gartenleuchte-2-modi-solarleuchten-mit-bewegungsmelder-wegeleuchte-ip65-wasserdichte-auto-ein-aus-landschaftslichter-aussenlicht-fuer-garten-patio-rasen-p\/#breadcrumb"},"inLanguage":"de","potentialAction":[{"@type":"ReadAction","target":["https:\/\/marktxxl.de\/markt\/produkt\/litake-solarlampen-fuer-aussen4-stueck-solar-gartenleuchte-2-modi-solarleuchten-mit-bewegungsmelder-wegeleuchte-ip65-wasserdichte-auto-ein-aus-landschaftslichter-aussenlicht-fuer-garten-patio-rasen-p\/"]}]},{"@type":"ImageObject","inLanguage":"de","@id":"https:\/\/marktxxl.de\/markt\/produkt\/litake-solarlampen-fuer-aussen4-stueck-solar-gartenleuchte-2-modi-solarleuchten-mit-bewegungsmelder-wegeleuchte-ip65-wasserdichte-auto-ein-aus-landschaftslichter-aussenlicht-fuer-garten-patio-rasen-p\/#primaryimage","url":"https:\/\/m.media-amazon.com\/images\/I\/510ByvvEbMS._SL500_.jpg","contentUrl":"https:\/\/m.media-amazon.com\/images\/I\/510ByvvEbMS._SL500_.jpg","width":500,"height":500},{"@type":"BreadcrumbList","@id":"https:\/\/marktxxl.de\/markt\/produkt\/litake-solarlampen-fuer-aussen4-stueck-solar-gartenleuchte-2-modi-solarleuchten-mit-bewegungsmelder-wegeleuchte-ip65-wasserdichte-auto-ein-aus-landschaftslichter-aussenlicht-fuer-garten-patio-rasen-p\/#breadcrumb","itemListElement":[{"@type":"ListItem","position":1,"name":"Startseite","item":"https:\/\/marktxxl.de\/markt\/"},{"@type":"ListItem","position":2,"name":"Markt","item":"https:\/\/marktxxl.de\/markt\/"},{"@type":"ListItem","position":3,"name":"Litake Solarlampen f\u00fcr Au\u00dfen,4 St\u00fcck Solar Gartenleuchte 2 Modi Solarleuchten mit Bewegungsmelder Wegeleuchte IP65\u2026"}]},{"@type":"WebSite","@id":"https:\/\/marktxxl.de\/markt\/#website","url":"https:\/\/marktxxl.de\/markt\/","name":"Markt-XXL","description":"Ihr Markt Online","publisher":{"@id":"https:\/\/marktxxl.de\/markt\/#organization"},"potentialAction":[{"@type":"SearchAction","target":{"@type":"EntryPoint","urlTemplate":"https:\/\/marktxxl.de\/markt\/?s={search_term_string}"},"query-input":{"@type":"PropertyValueSpecification","valueRequired":true,"valueName":"search_term_string"}}],"inLanguage":"de"},{"@type":"Organization","@id":"https:\/\/marktxxl.de\/markt\/#organization","name":"Markt-XXL","url":"https:\/\/marktxxl.de\/markt\/","logo":{"@type":"ImageObject","inLanguage":"de","@id":"https:\/\/marktxxl.de\/markt\/#\/schema\/logo\/image\/","url":"https:\/\/marktxxl.de\/markt\/wp-content\/uploads\/sites\/3\/2020\/12\/logo.png","contentUrl":"https:\/\/marktxxl.de\/markt\/wp-content\/uploads\/sites\/3\/2020\/12\/logo.png","width":200,"height":70,"caption":"Markt-XXL"},"image":{"@id":"https:\/\/marktxxl.de\/markt\/#\/schema\/logo\/image\/"}}]}},"_links":{"self":[{"href":"https:\/\/marktxxl.de\/markt\/wp-json\/wp\/v2\/product\/119064","targetHints":{"allow":["GET"]}}],"collection":[{"href":"https:\/\/marktxxl.de\/markt\/wp-json\/wp\/v2\/product"}],"about":[{"href":"https:\/\/marktxxl.de\/markt\/wp-json\/wp\/v2\/types\/product"}],"replies":[{"embeddable":true,"href":"https:\/\/marktxxl.de\/markt\/wp-json\/wp\/v2\/comments?post=119064"}],"wp:featuredmedia":[{"embeddable":true,"href":"https:\/\/marktxxl.de\/markt\/wp-json\/wp\/v2\/media\/119065"}],"wp:attachment":[{"href":"https:\/\/marktxxl.de\/markt\/wp-json\/wp\/v2\/media?parent=119064"}],"wp:term":[{"taxonomy":"product_brand","embeddable":true,"href":"https:\/\/marktxxl.de\/markt\/wp-json\/wp\/v2\/product_brand?post=119064"},{"taxonomy":"product_cat","embeddable":true,"href":"https:\/\/marktxxl.de\/markt\/wp-json\/wp\/v2\/product_cat?post=119064"},{"taxonomy":"product_tag","embeddable":true,"href":"https:\/\/marktxxl.de\/markt\/wp-json\/wp\/v2\/product_tag?post=119064"}],"curies":[{"name":"wp","href":"https:\/\/api.w.org\/{rel}","templated":true}]}}