{"id":118901,"date":"2022-05-15T02:37:46","date_gmt":"2022-05-15T00:37:46","guid":{"rendered":"https:\/\/marktxxl.de\/markt\/produkt\/solarlampen-fuer-aussen-2-stueck-ouila-310-led-solarlampe-mit-bewegungsmelder-300-beleuchtungswinkel-3-modi-2000mah-solar-solarleuchte-fuer-aussen-ip65-wasserdichte-solar-bewegungsmelder-fuer\/"},"modified":"2023-04-09T03:26:54","modified_gmt":"2023-04-09T01:26:54","slug":"solarlampen-fuer-aussen-2-stueck-ouila-310-led-solarlampe-mit-bewegungsmelder-300-beleuchtungswinkel-3-modi-2000mah-solar-solarleuchte-fuer-aussen-ip65-wasserdichte-solar-bewegungsmelder-fuer","status":"publish","type":"product","link":"https:\/\/marktxxl.de\/markt\/produkt\/solarlampen-fuer-aussen-2-stueck-ouila-310-led-solarlampe-mit-bewegungsmelder-300-beleuchtungswinkel-3-modi-2000mah-solar-solarleuchte-fuer-aussen-ip65-wasserdichte-solar-bewegungsmelder-fuer\/","title":{"rendered":"OUILA Solarlampen f\u00fcr Au\u00dfen 2 St\u00fcck, 3 Modi Led Solar Aussenleuchte mit Bewegungsmelder, 185 LED Solar Lampe Outdoor\u2026"},"content":{"rendered":"<p>\ud83c\udfe1\u3010310 LED High Brightness &amp; 300\u00b0 Wide Lighting\u3011OUILA solarlampen f\u00fcr au\u00dfen sind ausgestattet mit 310 hochhelle LED-Perlen und ein maximaler Weitwinkel-Beleuchtungsbereich von 300\u00b0 mit einer Helligkeit von bis zu 800 LM. F\u00fcnfdimensionales Oberfl\u00e4chenbeleuchtungsdesign, das einen gr\u00f6\u00dferen Leuchtbereich erzeugen und nachts problemlos mehr als 30 flache Bereiche beleuchten kann.<br \/>\n\ud83c\udfe1\u3010Ultra Energieeffiziente Sonnenkollektoren\u3011 Unsere solarleuchte f\u00fcr au\u00dfen verwenden verbesserte Polysilizium-Sonnenkollektoren Wandeln Sie Sonnenenergie in Strom um, mit h\u00f6herer Lichtempfindlichkeit, der Umwandlungsrate der Sonnenenergie von bis zu 22% und der Lebensdauer von mehr als 3 Jahren. Ausgestattet mit einem wiederaufladbaren 2000-mAh-Akku mit hoher Kapazit\u00e4t kann das Aufladen f\u00fcr 8 Stunden w\u00e4hrend des Tages 8-10 Stunden Beleuchtung w\u00e4hrend der Nacht liefern.<br \/>\n\ud83c\udfe1\u30103 intelligente Beleuchtungsmodi\u3011Solarlampen mit bewegungsmelder kann in einem Winkel von 120\u00b0 und einem Sensorbereich von 16.4-26.2 ft erkennen. 3 intelligente Beleuchtungsmodi zur Auswahl: \u2460Dim-Light-Modus: automatisches Einschalten nachts, automatisches Ausschalten tags\u00fcber. \u2461Dim-Light-Sensor-Modus: Dimmen Sie das Licht, wenn keine Bewegung, helles Licht, wenn Bewegung erkannt wird. \u2462High-Light-Sensor-Modus: Ausschalten, wenn keine Bewegung, High-Light, wenn Bewegung erkannt wird.<br \/>\n\ud83c\udfe1\u3010IP65 Wasserdichte Solar Aussenleuchte\u3011 Hergestellt aus strapazierf\u00e4higem und hochwertigem ABS-Material, OUILA solarleuchten mit bewegungsmelder sind wasserdicht, staubdicht, hitzebest\u00e4ndig und frostsicher. Ausgestattet mit wasserdichten Silikonringen erreicht die Wasserdichtigkeit IP65, wodurch Wasser effektiv isoliert und auch bei rauem Wetter normal funktioniert werden kann. Geeignet f\u00fcr den Au\u00dfenbereich, einschlie\u00dflich Garten, Au\u00dfenwand, Zaun, Balkon, Terrasse und Treppen usw.<br \/>\n\ud83c\udfe1\u3010Einfache Installation\u3011 Sie k\u00f6nnen die LED solarleuchten mit bewegungsmelder einfach installieren, keine Verkabelung erforderlich. Bitte halten Sie das Solarpanel f\u00fcr eine bessere Aufladung der Sonne zugewandt. Die empfohlene Installationsh\u00f6he betr\u00e4gt ca. 3-4m.\u2665 Sie erhalten: 2 * Solarlampen f\u00fcr Au\u00dfen, 4 * Schraubens\u00e4tze, 1 * Bedienungsanleitung und 24 Stunden Kundenservice \u2665 Wenn Sie irgendwelche Probleme haben, kontaktieren Sie uns bitte, wir werden unser Bestes tun, um Ihnen zu helfen.<br \/>\n<div class=\"main-cross-sell\" data-asin=\"B09TP1GD93\">\n\n\t<div class=\"WooZone-cross-sell-loader\">\n\t\t<div>\n\t\t\t<div id=\"floatingBarsG\">\n\t\t\t\t<div class=\"blockG\" id=\"rotateG_01\"><\/div>\n\t\t\t\t<div class=\"blockG\" id=\"rotateG_02\"><\/div>\n\t\t\t\t<div class=\"blockG\" id=\"rotateG_03\"><\/div>\n\t\t\t\t<div class=\"blockG\" id=\"rotateG_04\"><\/div>\n\t\t\t\t<div class=\"blockG\" id=\"rotateG_05\"><\/div>\n\t\t\t\t<div class=\"blockG\" id=\"rotateG_06\"><\/div>\n\t\t\t\t<div class=\"blockG\" id=\"rotateG_07\"><\/div>\n\t\t\t\t<div class=\"blockG\" id=\"rotateG_08\"><\/div>\n\t\t\t<\/div>\n\t\t\t<div class=\"WooZone-cross-sell-loader-text\"><\/div>\n\t\t<\/div>\n\t<\/div>\n\n\t\t\n<\/div>\n<div style=\"clear:both;\"><\/div><\/p>\n","protected":false},"excerpt":{"rendered":"<p>\ud83c\udfe1\u3010310 LED High Brightness &amp; 300\u00b0 Wide Lighting\u3011OUILA solarlampen f\u00fcr au\u00dfen sind ausgestattet mit 310 hochhelle LED-Perlen und ein maximaler Weitwinkel-Beleuchtungsbereich von 300\u00b0 mit einer Helligkeit von bis zu 800 LM. F\u00fcnfdimensionales Oberfl\u00e4chenbeleuchtungsdesign, das einen gr\u00f6\u00dferen Leuchtbereich erzeugen und nachts problemlos mehr als 30 flache Bereiche beleuchten kann.<br \/>\n\ud83c\udfe1\u3010Ultra Energieeffiziente Sonnenkollektoren\u3011 Unsere solarleuchte f\u00fcr au\u00dfen verwenden verbesserte Polysilizium-Sonnenkollektoren Wandeln Sie Sonnenenergie in Strom um, mit h\u00f6herer Lichtempfindlichkeit, der Umwandlungsrate der Sonnenenergie von bis zu 22% und der Lebensdauer von mehr als 3 Jahren. Ausgestattet mit einem wiederaufladbaren 2000-mAh-Akku mit hoher Kapazit\u00e4t kann das Aufladen f\u00fcr 8 Stunden w\u00e4hrend des Tages 8-10 Stunden Beleuchtung w\u00e4hrend der Nacht liefern.<br \/>\n\ud83c\udfe1\u30103 intelligente Beleuchtungsmodi\u3011Solarlampen mit bewegungsmelder kann in einem Winkel von 120\u00b0 und einem Sensorbereich von 16.4-26.2 ft erkennen. 3 intelligente Beleuchtungsmodi zur Auswahl: \u2460Dim-Light-Modus: automatisches Einschalten nachts, automatisches Ausschalten tags\u00fcber. \u2461Dim-Light-Sensor-Modus: Dimmen Sie das Licht, wenn keine Bewegung, helles Licht, wenn Bewegung erkannt wird. \u2462High-Light-Sensor-Modus: Ausschalten, wenn keine Bewegung, High-Light, wenn Bewegung erkannt wird.<\/p>\n","protected":false},"featured_media":118902,"comment_status":"open","ping_status":"closed","template":"","meta":[],"product_brand":[],"product_cat":[11446,2108],"product_tag":[],"class_list":{"0":"post-118901","1":"product","2":"type-product","3":"status-publish","4":"has-post-thumbnail","6":"product_cat-aussenbeleuchtung","7":"product_cat-beleuchtung","8":"pa_brand-ouila","9":"pa_height-2-55905-zoll","10":"pa_length-6-2992-zoll","11":"pa_manufacturer-ouila20220301","12":"pa_width-4-13385-zoll","14":"first","15":"instock","16":"shipping-taxable","17":"purchasable","18":"product-type-simple","19":"customify-col","20":"product-has-gallery"},"yoast_head":"<!-- This site is optimized with the Yoast SEO plugin v27.4 - https:\/\/yoast.com\/product\/yoast-seo-wordpress\/ -->\n<title>OUILA Solarlampen f\u00fcr Au\u00dfen 2 St\u00fcck, 3 Modi Led Solar Aussenleuchte mit Bewegungsmelder, 185 LED Solar Lampe Outdoor\u2026 - Markt-XXL<\/title>\n<meta name=\"description\" content=\"Markt-XXL OUILA Solarlampen f\u00fcr Au\u00dfen 2 St\u00fcck, 3 Modi Led Solar Aussenleuchte mit Bewegungsmelder, 185 LED Solar Lampe Outdoor\u2026\" \/>\n<meta name=\"robots\" content=\"index, follow, max-snippet:-1, max-image-preview:large, max-video-preview:-1\" \/>\n<link rel=\"canonical\" href=\"https:\/\/marktxxl.de\/markt\/produkt\/solarlampen-fuer-aussen-2-stueck-ouila-310-led-solarlampe-mit-bewegungsmelder-300-beleuchtungswinkel-3-modi-2000mah-solar-solarleuchte-fuer-aussen-ip65-wasserdichte-solar-bewegungsmelder-fuer\/\" \/>\n<meta property=\"og:locale\" content=\"de_DE\" \/>\n<meta property=\"og:type\" content=\"article\" \/>\n<meta property=\"og:title\" content=\"OUILA Solarlampen f\u00fcr Au\u00dfen 2 St\u00fcck, 3 Modi Led Solar Aussenleuchte mit Bewegungsmelder, 185 LED Solar Lampe Outdoor\u2026 - Markt-XXL\" \/>\n<meta property=\"og:description\" content=\"Markt-XXL OUILA Solarlampen f\u00fcr Au\u00dfen 2 St\u00fcck, 3 Modi Led Solar Aussenleuchte mit Bewegungsmelder, 185 LED Solar Lampe Outdoor\u2026\" \/>\n<meta property=\"og:url\" content=\"https:\/\/marktxxl.de\/markt\/produkt\/solarlampen-fuer-aussen-2-stueck-ouila-310-led-solarlampe-mit-bewegungsmelder-300-beleuchtungswinkel-3-modi-2000mah-solar-solarleuchte-fuer-aussen-ip65-wasserdichte-solar-bewegungsmelder-fuer\/\" \/>\n<meta property=\"og:site_name\" content=\"Markt-XXL\" \/>\n<meta property=\"article:modified_time\" content=\"2023-04-09T01:26:54+00:00\" \/>\n<meta property=\"og:image\" content=\"https:\/\/m.media-amazon.com\/images\/I\/51TljxqNl1L._SL500_.jpg\" \/>\n\t<meta property=\"og:image:width\" content=\"500\" \/>\n\t<meta property=\"og:image:height\" content=\"500\" \/>\n\t<meta property=\"og:image:type\" content=\"image\/jpeg\" \/>\n<meta name=\"twitter:card\" content=\"summary_large_image\" \/>\n<meta name=\"twitter:label1\" content=\"Gesch\u00e4tzte Lesezeit\" \/>\n\t<meta name=\"twitter:data1\" content=\"2\u00a0Minuten\" \/>\n<script type=\"application\/ld+json\" class=\"yoast-schema-graph\">{\"@context\":\"https:\\\/\\\/schema.org\",\"@graph\":[{\"@type\":\"WebPage\",\"@id\":\"https:\\\/\\\/marktxxl.de\\\/markt\\\/produkt\\\/solarlampen-fuer-aussen-2-stueck-ouila-310-led-solarlampe-mit-bewegungsmelder-300-beleuchtungswinkel-3-modi-2000mah-solar-solarleuchte-fuer-aussen-ip65-wasserdichte-solar-bewegungsmelder-fuer\\\/\",\"url\":\"https:\\\/\\\/marktxxl.de\\\/markt\\\/produkt\\\/solarlampen-fuer-aussen-2-stueck-ouila-310-led-solarlampe-mit-bewegungsmelder-300-beleuchtungswinkel-3-modi-2000mah-solar-solarleuchte-fuer-aussen-ip65-wasserdichte-solar-bewegungsmelder-fuer\\\/\",\"name\":\"OUILA Solarlampen f\u00fcr Au\u00dfen 2 St\u00fcck, 3 Modi Led Solar Aussenleuchte mit Bewegungsmelder, 185 LED Solar Lampe Outdoor\u2026 - Markt-XXL\",\"isPartOf\":{\"@id\":\"https:\\\/\\\/marktxxl.de\\\/markt\\\/#website\"},\"primaryImageOfPage\":{\"@id\":\"https:\\\/\\\/marktxxl.de\\\/markt\\\/produkt\\\/solarlampen-fuer-aussen-2-stueck-ouila-310-led-solarlampe-mit-bewegungsmelder-300-beleuchtungswinkel-3-modi-2000mah-solar-solarleuchte-fuer-aussen-ip65-wasserdichte-solar-bewegungsmelder-fuer\\\/#primaryimage\"},\"image\":{\"@id\":\"https:\\\/\\\/marktxxl.de\\\/markt\\\/produkt\\\/solarlampen-fuer-aussen-2-stueck-ouila-310-led-solarlampe-mit-bewegungsmelder-300-beleuchtungswinkel-3-modi-2000mah-solar-solarleuchte-fuer-aussen-ip65-wasserdichte-solar-bewegungsmelder-fuer\\\/#primaryimage\"},\"thumbnailUrl\":\"https:\\\/\\\/m.media-amazon.com\\\/images\\\/I\\\/51TljxqNl1L._SL500_.jpg\",\"datePublished\":\"2022-05-15T00:37:46+00:00\",\"dateModified\":\"2023-04-09T01:26:54+00:00\",\"description\":\"Markt-XXL OUILA Solarlampen f\u00fcr Au\u00dfen 2 St\u00fcck, 3 Modi Led Solar Aussenleuchte mit Bewegungsmelder, 185 LED Solar Lampe Outdoor\u2026\",\"breadcrumb\":{\"@id\":\"https:\\\/\\\/marktxxl.de\\\/markt\\\/produkt\\\/solarlampen-fuer-aussen-2-stueck-ouila-310-led-solarlampe-mit-bewegungsmelder-300-beleuchtungswinkel-3-modi-2000mah-solar-solarleuchte-fuer-aussen-ip65-wasserdichte-solar-bewegungsmelder-fuer\\\/#breadcrumb\"},\"inLanguage\":\"de\",\"potentialAction\":[{\"@type\":\"ReadAction\",\"target\":[\"https:\\\/\\\/marktxxl.de\\\/markt\\\/produkt\\\/solarlampen-fuer-aussen-2-stueck-ouila-310-led-solarlampe-mit-bewegungsmelder-300-beleuchtungswinkel-3-modi-2000mah-solar-solarleuchte-fuer-aussen-ip65-wasserdichte-solar-bewegungsmelder-fuer\\\/\"]}]},{\"@type\":\"ImageObject\",\"inLanguage\":\"de\",\"@id\":\"https:\\\/\\\/marktxxl.de\\\/markt\\\/produkt\\\/solarlampen-fuer-aussen-2-stueck-ouila-310-led-solarlampe-mit-bewegungsmelder-300-beleuchtungswinkel-3-modi-2000mah-solar-solarleuchte-fuer-aussen-ip65-wasserdichte-solar-bewegungsmelder-fuer\\\/#primaryimage\",\"url\":\"https:\\\/\\\/m.media-amazon.com\\\/images\\\/I\\\/51TljxqNl1L._SL500_.jpg\",\"contentUrl\":\"https:\\\/\\\/m.media-amazon.com\\\/images\\\/I\\\/51TljxqNl1L._SL500_.jpg\",\"width\":500,\"height\":500},{\"@type\":\"BreadcrumbList\",\"@id\":\"https:\\\/\\\/marktxxl.de\\\/markt\\\/produkt\\\/solarlampen-fuer-aussen-2-stueck-ouila-310-led-solarlampe-mit-bewegungsmelder-300-beleuchtungswinkel-3-modi-2000mah-solar-solarleuchte-fuer-aussen-ip65-wasserdichte-solar-bewegungsmelder-fuer\\\/#breadcrumb\",\"itemListElement\":[{\"@type\":\"ListItem\",\"position\":1,\"name\":\"Startseite\",\"item\":\"https:\\\/\\\/marktxxl.de\\\/markt\\\/\"},{\"@type\":\"ListItem\",\"position\":2,\"name\":\"Markt\",\"item\":\"https:\\\/\\\/marktxxl.de\\\/markt\\\/\"},{\"@type\":\"ListItem\",\"position\":3,\"name\":\"OUILA Solarlampen f\u00fcr Au\u00dfen 2 St\u00fcck, 3 Modi Led Solar Aussenleuchte mit Bewegungsmelder, 185 LED Solar Lampe Outdoor\u2026\"}]},{\"@type\":\"WebSite\",\"@id\":\"https:\\\/\\\/marktxxl.de\\\/markt\\\/#website\",\"url\":\"https:\\\/\\\/marktxxl.de\\\/markt\\\/\",\"name\":\"Markt-XXL\",\"description\":\"Ihr Markt Online\",\"publisher\":{\"@id\":\"https:\\\/\\\/marktxxl.de\\\/markt\\\/#organization\"},\"potentialAction\":[{\"@type\":\"SearchAction\",\"target\":{\"@type\":\"EntryPoint\",\"urlTemplate\":\"https:\\\/\\\/marktxxl.de\\\/markt\\\/?s={search_term_string}\"},\"query-input\":{\"@type\":\"PropertyValueSpecification\",\"valueRequired\":true,\"valueName\":\"search_term_string\"}}],\"inLanguage\":\"de\"},{\"@type\":\"Organization\",\"@id\":\"https:\\\/\\\/marktxxl.de\\\/markt\\\/#organization\",\"name\":\"Markt-XXL\",\"url\":\"https:\\\/\\\/marktxxl.de\\\/markt\\\/\",\"logo\":{\"@type\":\"ImageObject\",\"inLanguage\":\"de\",\"@id\":\"https:\\\/\\\/marktxxl.de\\\/markt\\\/#\\\/schema\\\/logo\\\/image\\\/\",\"url\":\"https:\\\/\\\/marktxxl.de\\\/markt\\\/wp-content\\\/uploads\\\/sites\\\/3\\\/2020\\\/12\\\/logo.png\",\"contentUrl\":\"https:\\\/\\\/marktxxl.de\\\/markt\\\/wp-content\\\/uploads\\\/sites\\\/3\\\/2020\\\/12\\\/logo.png\",\"width\":200,\"height\":70,\"caption\":\"Markt-XXL\"},\"image\":{\"@id\":\"https:\\\/\\\/marktxxl.de\\\/markt\\\/#\\\/schema\\\/logo\\\/image\\\/\"}}]}<\/script>\n<!-- \/ Yoast SEO plugin. -->","yoast_head_json":{"title":"OUILA Solarlampen f\u00fcr Au\u00dfen 2 St\u00fcck, 3 Modi Led Solar Aussenleuchte mit Bewegungsmelder, 185 LED Solar Lampe Outdoor\u2026 - Markt-XXL","description":"Markt-XXL OUILA Solarlampen f\u00fcr Au\u00dfen 2 St\u00fcck, 3 Modi Led Solar Aussenleuchte mit Bewegungsmelder, 185 LED Solar Lampe Outdoor\u2026","robots":{"index":"index","follow":"follow","max-snippet":"max-snippet:-1","max-image-preview":"max-image-preview:large","max-video-preview":"max-video-preview:-1"},"canonical":"https:\/\/marktxxl.de\/markt\/produkt\/solarlampen-fuer-aussen-2-stueck-ouila-310-led-solarlampe-mit-bewegungsmelder-300-beleuchtungswinkel-3-modi-2000mah-solar-solarleuchte-fuer-aussen-ip65-wasserdichte-solar-bewegungsmelder-fuer\/","og_locale":"de_DE","og_type":"article","og_title":"OUILA Solarlampen f\u00fcr Au\u00dfen 2 St\u00fcck, 3 Modi Led Solar Aussenleuchte mit Bewegungsmelder, 185 LED Solar Lampe Outdoor\u2026 - Markt-XXL","og_description":"Markt-XXL OUILA Solarlampen f\u00fcr Au\u00dfen 2 St\u00fcck, 3 Modi Led Solar Aussenleuchte mit Bewegungsmelder, 185 LED Solar Lampe Outdoor\u2026","og_url":"https:\/\/marktxxl.de\/markt\/produkt\/solarlampen-fuer-aussen-2-stueck-ouila-310-led-solarlampe-mit-bewegungsmelder-300-beleuchtungswinkel-3-modi-2000mah-solar-solarleuchte-fuer-aussen-ip65-wasserdichte-solar-bewegungsmelder-fuer\/","og_site_name":"Markt-XXL","article_modified_time":"2023-04-09T01:26:54+00:00","og_image":[{"width":500,"height":500,"url":"https:\/\/m.media-amazon.com\/images\/I\/51TljxqNl1L._SL500_.jpg","type":"image\/jpeg"}],"twitter_card":"summary_large_image","twitter_misc":{"Gesch\u00e4tzte Lesezeit":"2\u00a0Minuten"},"schema":{"@context":"https:\/\/schema.org","@graph":[{"@type":"WebPage","@id":"https:\/\/marktxxl.de\/markt\/produkt\/solarlampen-fuer-aussen-2-stueck-ouila-310-led-solarlampe-mit-bewegungsmelder-300-beleuchtungswinkel-3-modi-2000mah-solar-solarleuchte-fuer-aussen-ip65-wasserdichte-solar-bewegungsmelder-fuer\/","url":"https:\/\/marktxxl.de\/markt\/produkt\/solarlampen-fuer-aussen-2-stueck-ouila-310-led-solarlampe-mit-bewegungsmelder-300-beleuchtungswinkel-3-modi-2000mah-solar-solarleuchte-fuer-aussen-ip65-wasserdichte-solar-bewegungsmelder-fuer\/","name":"OUILA Solarlampen f\u00fcr Au\u00dfen 2 St\u00fcck, 3 Modi Led Solar Aussenleuchte mit Bewegungsmelder, 185 LED Solar Lampe Outdoor\u2026 - Markt-XXL","isPartOf":{"@id":"https:\/\/marktxxl.de\/markt\/#website"},"primaryImageOfPage":{"@id":"https:\/\/marktxxl.de\/markt\/produkt\/solarlampen-fuer-aussen-2-stueck-ouila-310-led-solarlampe-mit-bewegungsmelder-300-beleuchtungswinkel-3-modi-2000mah-solar-solarleuchte-fuer-aussen-ip65-wasserdichte-solar-bewegungsmelder-fuer\/#primaryimage"},"image":{"@id":"https:\/\/marktxxl.de\/markt\/produkt\/solarlampen-fuer-aussen-2-stueck-ouila-310-led-solarlampe-mit-bewegungsmelder-300-beleuchtungswinkel-3-modi-2000mah-solar-solarleuchte-fuer-aussen-ip65-wasserdichte-solar-bewegungsmelder-fuer\/#primaryimage"},"thumbnailUrl":"https:\/\/m.media-amazon.com\/images\/I\/51TljxqNl1L._SL500_.jpg","datePublished":"2022-05-15T00:37:46+00:00","dateModified":"2023-04-09T01:26:54+00:00","description":"Markt-XXL OUILA Solarlampen f\u00fcr Au\u00dfen 2 St\u00fcck, 3 Modi Led Solar Aussenleuchte mit Bewegungsmelder, 185 LED Solar Lampe Outdoor\u2026","breadcrumb":{"@id":"https:\/\/marktxxl.de\/markt\/produkt\/solarlampen-fuer-aussen-2-stueck-ouila-310-led-solarlampe-mit-bewegungsmelder-300-beleuchtungswinkel-3-modi-2000mah-solar-solarleuchte-fuer-aussen-ip65-wasserdichte-solar-bewegungsmelder-fuer\/#breadcrumb"},"inLanguage":"de","potentialAction":[{"@type":"ReadAction","target":["https:\/\/marktxxl.de\/markt\/produkt\/solarlampen-fuer-aussen-2-stueck-ouila-310-led-solarlampe-mit-bewegungsmelder-300-beleuchtungswinkel-3-modi-2000mah-solar-solarleuchte-fuer-aussen-ip65-wasserdichte-solar-bewegungsmelder-fuer\/"]}]},{"@type":"ImageObject","inLanguage":"de","@id":"https:\/\/marktxxl.de\/markt\/produkt\/solarlampen-fuer-aussen-2-stueck-ouila-310-led-solarlampe-mit-bewegungsmelder-300-beleuchtungswinkel-3-modi-2000mah-solar-solarleuchte-fuer-aussen-ip65-wasserdichte-solar-bewegungsmelder-fuer\/#primaryimage","url":"https:\/\/m.media-amazon.com\/images\/I\/51TljxqNl1L._SL500_.jpg","contentUrl":"https:\/\/m.media-amazon.com\/images\/I\/51TljxqNl1L._SL500_.jpg","width":500,"height":500},{"@type":"BreadcrumbList","@id":"https:\/\/marktxxl.de\/markt\/produkt\/solarlampen-fuer-aussen-2-stueck-ouila-310-led-solarlampe-mit-bewegungsmelder-300-beleuchtungswinkel-3-modi-2000mah-solar-solarleuchte-fuer-aussen-ip65-wasserdichte-solar-bewegungsmelder-fuer\/#breadcrumb","itemListElement":[{"@type":"ListItem","position":1,"name":"Startseite","item":"https:\/\/marktxxl.de\/markt\/"},{"@type":"ListItem","position":2,"name":"Markt","item":"https:\/\/marktxxl.de\/markt\/"},{"@type":"ListItem","position":3,"name":"OUILA Solarlampen f\u00fcr Au\u00dfen 2 St\u00fcck, 3 Modi Led Solar Aussenleuchte mit Bewegungsmelder, 185 LED Solar Lampe Outdoor\u2026"}]},{"@type":"WebSite","@id":"https:\/\/marktxxl.de\/markt\/#website","url":"https:\/\/marktxxl.de\/markt\/","name":"Markt-XXL","description":"Ihr Markt Online","publisher":{"@id":"https:\/\/marktxxl.de\/markt\/#organization"},"potentialAction":[{"@type":"SearchAction","target":{"@type":"EntryPoint","urlTemplate":"https:\/\/marktxxl.de\/markt\/?s={search_term_string}"},"query-input":{"@type":"PropertyValueSpecification","valueRequired":true,"valueName":"search_term_string"}}],"inLanguage":"de"},{"@type":"Organization","@id":"https:\/\/marktxxl.de\/markt\/#organization","name":"Markt-XXL","url":"https:\/\/marktxxl.de\/markt\/","logo":{"@type":"ImageObject","inLanguage":"de","@id":"https:\/\/marktxxl.de\/markt\/#\/schema\/logo\/image\/","url":"https:\/\/marktxxl.de\/markt\/wp-content\/uploads\/sites\/3\/2020\/12\/logo.png","contentUrl":"https:\/\/marktxxl.de\/markt\/wp-content\/uploads\/sites\/3\/2020\/12\/logo.png","width":200,"height":70,"caption":"Markt-XXL"},"image":{"@id":"https:\/\/marktxxl.de\/markt\/#\/schema\/logo\/image\/"}}]}},"_links":{"self":[{"href":"https:\/\/marktxxl.de\/markt\/wp-json\/wp\/v2\/product\/118901","targetHints":{"allow":["GET"]}}],"collection":[{"href":"https:\/\/marktxxl.de\/markt\/wp-json\/wp\/v2\/product"}],"about":[{"href":"https:\/\/marktxxl.de\/markt\/wp-json\/wp\/v2\/types\/product"}],"replies":[{"embeddable":true,"href":"https:\/\/marktxxl.de\/markt\/wp-json\/wp\/v2\/comments?post=118901"}],"wp:featuredmedia":[{"embeddable":true,"href":"https:\/\/marktxxl.de\/markt\/wp-json\/wp\/v2\/media\/118902"}],"wp:attachment":[{"href":"https:\/\/marktxxl.de\/markt\/wp-json\/wp\/v2\/media?parent=118901"}],"wp:term":[{"taxonomy":"product_brand","embeddable":true,"href":"https:\/\/marktxxl.de\/markt\/wp-json\/wp\/v2\/product_brand?post=118901"},{"taxonomy":"product_cat","embeddable":true,"href":"https:\/\/marktxxl.de\/markt\/wp-json\/wp\/v2\/product_cat?post=118901"},{"taxonomy":"product_tag","embeddable":true,"href":"https:\/\/marktxxl.de\/markt\/wp-json\/wp\/v2\/product_tag?post=118901"}],"curies":[{"name":"wp","href":"https:\/\/api.w.org\/{rel}","templated":true}]}}