{"id":118724,"date":"2022-05-15T02:31:51","date_gmt":"2022-05-15T00:31:51","guid":{"rendered":"https:\/\/marktxxl.de\/markt\/produkt\/solarlampen-fuer-aussen-garten-solarleuchten-boden-deko-licht-18-led-einbaustrahl-beleuchtung-4er-set-warmweiss-solar-bodenleuchten-aussen-wegeleuchten-fuer-gartendeko-poolumrandung-rasenkantensteine\/"},"modified":"2023-04-09T03:26:52","modified_gmt":"2023-04-09T01:26:52","slug":"solarlampen-fuer-aussen-garten-solarleuchten-boden-deko-licht-18-led-einbaustrahl-beleuchtung-4er-set-warmweiss-solar-bodenleuchten-aussen-wegeleuchten-fuer-gartendeko-poolumrandung-rasenkantensteine","status":"publish","type":"product","link":"https:\/\/marktxxl.de\/markt\/produkt\/solarlampen-fuer-aussen-garten-solarleuchten-boden-deko-licht-18-led-einbaustrahl-beleuchtung-4er-set-warmweiss-solar-bodenleuchten-aussen-wegeleuchten-fuer-gartendeko-poolumrandung-rasenkantensteine\/","title":{"rendered":"Solarlampen f\u00fcr Au\u00dfen Garten, Solarleuchten Boden Deko Licht 18 LED Einbaustrahl Beleuchtung 4er-Set Warmweiss Solar\u2026"},"content":{"rendered":"<p>\ud83c\udf1e Neueste Superhelle Solarleuchte &#8212; BoxRice Solarlampen f\u00fcr au\u00dfen garten mit 18 super hell LED diese solarlicht eine starke Beleuchtung f\u00fcr mehr Beleuchtungsbereich an. Dank monokristallinen Solarpanel erh\u00f6ht die Umwandlungsrate der Solarlampe von 18,5% auf 25,5%. In vollgeladenem Zustand leuchtet die solarlampen f\u00fcr ca. 8 bis 10 Stunden. Der Einbaustrahler ist mit 18 warmweiss LED ausgestattet. Das solarleuchte garten schaltet sich bei D\u00e4mmerung automatisch ein und bei Helligkeit wieder aus<br \/>\n\ud83c\udf1e Es ist robust und Wetterbest\u00e4ndig &#8212; Solar Au\u00dfenstrahler besticht durch extrem robuste, hochwertige Verarbeitung und tolle Lichtleistung. Das Geh\u00e4use besteht aus rostfreiem Harz und h\u00e4lt selbst gro\u00dfen Belastungen stand(ca.1000kg). Zur Aufladung sollte das Solarpanel direkter Sonneneinstrahlung ausgesetzt sein. Dank Schutzart IP67 ist die Lampe zudem spritzwassergesch\u00fctzt und h\u00e4lt Regeng\u00fcssen problemlos stand. Die Leistungsabnahme liegt bei 0,2 Watt, was eine lange Leuchtdauer gew\u00e4hrleistet<br \/>\n\ud83c\udf1e Flexible Montage ohne Verkabelung &#8212; Es sind keine aufwendigen, vorbereitenden Arbeiten n\u00f6tig, es ist keine kostenintensive und zeitraubende Stromverlegung erforderlich, es gibt kein Kabelgewirr und keine sichtbare Kabelf\u00fchrung und die Installation der Au\u00dfenstrahler Leuchten ist schnell und einfach zu erledigen. Solar spot licht au\u00dfen sind mit einem Erdspie\u00df ausgestattet, welcher einfach in den Boden ihres Gartens gesteckt werden kann und die Installation so zu einem wahren Kinderspiel macht<br \/>\n\ud83c\udf1e Lange Leuchtzeit (8-10 Stunden) &#8212; Solarleuchten mit 18 verbrauchen nur sehr wenig Strom und sind daher besonders effizient. Mit dieser led deko licht geh\u00f6rt die Sorge um die Batterielaufzeit der Vergangenheit an. LED-Solarleuchten weisen nicht selten eine Lebensdauer von 30000 Stunden auf. Sie speichert das Sonnenlicht durch das integrierte Solarpanel und sie gibt ein weiches Warmwei\u00dfen Licht ab und leuchten bei voller Ladung acht bis zehn Stunden. 6-8 Stunden k\u00f6nnen voll aufgeladen werden<br \/>\n\ud83c\udf1e Langzeitberichte \u00fcberzeugen &#8212; Die gro\u00dfe Mehrheit der Benutzer berichtet davon, dass die BoxRice solarleuchte garten auch im vierten oder f\u00fcnften Jahr noch einwandfrei funktionieren und die herausragende Leuchtkraft vorhanden bleibt. Die Geh\u00e4use werden aus hochqualitativen Harz hergestellt und sind best\u00e4ndig gegen Korrosion und UV-Strahlen. Durch die solide Konstruktion ist die led deko licht sehr robust, an dieser Harz Solarlampe f\u00fcr den Garten werden Sie sich sicher lange erfreuen k\u00f6nnen<br \/>\n\ud83c\udf1e Sch\u00f6nes Gartenlicht ohne Stromkosten &#8212; Garten Solarlampen nutzen die Kraft der Sonne, um Licht zu erzeugen. Dabei sind die extrem umweltschonend, kosteng\u00fcnstig im Unterhalt, da nat\u00fcrlich keinerlei Stromkosten entstehen und in Kombination mit modernster LED-Technik besonders effizient und sparsam und sorgen so f\u00fcr helles Licht und eine lange Leuchtdauer. Solarlampen eignen sich perfekt f\u00fcr orte, an denen keine Stromquellen wie z.B. dunkle G\u00e4rten, Terrasse, Balkon &amp; Teich, H\u00f6fe oder Einfahrte<br \/>\n\ud83c\udf1e Au\u00dfergew\u00f6hnliche Solarleuchten &#8212; Solarleuchten f\u00fcr aussen bieten fantastische M\u00f6glichkeiten zur Gestaltung des Au\u00dfenbereichs. Auf dem Balkon, der Terrasse, vor oder hinter dem Haus, in der Einfahrt oder schlicht draussen im Garten kommen Solarlampen perfekt zur Geltung. Auch eine LED deko beleuchtung der Einfahrt und des Eingangsbereiches sieht nicht nur einladend aus, sondern dient zus\u00e4tzlich der Orientierung. Durch ihr helles Licht sind die solarstrahler auch zur Einbrecherabwehr geeignet<br \/>\n\ud83c\udf1e Super Spot-Effekte im Garten &#8212; Bodeneinbauleuchten stellen eine der elegantesten M\u00f6glichkeiten dar, seinen Garten zu beleuchten. Mit Solarleuchten gelingt im Handumdrehen eine ansprechende Au\u00dfenbeleuchtung. Solarleuchten f\u00fcr garten gestalten den Aufenthalt im Freien auch nach Sonnenuntergang angenehm. Sie k\u00f6nnen das Haus beleuchten und so die Sicherheit im Dunkeln erh\u00f6hen oder als Spots auf anliegende Beete, Pflanzen oder Dekoelemente wie Figuren gerichtet werden und diese in Szene setzen<br \/>\n\ud83c\udf1e Erh\u00f6hte Sicherheit im Garten &#8212; Diese LED solarlampen f\u00fcr au\u00dfen garten sind nicht nur optisch ein Blickfang, sie dienen bei D\u00e4mmerung und in der Dunkelheit au\u00dferdem zur Orientierung und helfen Ihnen, eine m\u00f6gliche Stolperfalle rechtzeitig zu erkennen. Solarleuchten f\u00fcr au\u00dfen deko garten bieten gen\u00fcgend Licht um bei Dunkelheit Einfahrten und Wege zu markieren, Stufen und Treppen zu betonen und ausgew\u00e4hlte Areale zu erhellen. Dies bedeutet ein betr\u00e4chtliches Plus an Sicherheit und Orientierung<br \/>\n\ud83c\udf1e Wundersch\u00f6ne, Warmweisse Bodenlampen &#8212; Solarlampen mit warmwei\u00dfen LED, warmwei\u00dfes Licht wird vom Betrachter als behaglich und gem\u00fctlich empfunden.Leuchten stark und haben eine gute Qualit\u00e4t. Wegeleuchte mit Erdspie\u00df sind einfach zu installieren, sehen sehr edel aus und leuchten den Weg gut aus.Gartenleuchten sind einfach zu installieren, sehen sehr edel aus und leuchten den Weg gut aus.Jede bodenlampen hat einen kreuzfuss, womit man es auch mit bisschen kraft sch\u00f6n in die Erde stecken kann<br \/>\n<div class=\"main-cross-sell\" data-asin=\"B09P2NT9CX\">\n\n\t<div class=\"WooZone-cross-sell-loader\">\n\t\t<div>\n\t\t\t<div id=\"floatingBarsG\">\n\t\t\t\t<div class=\"blockG\" id=\"rotateG_01\"><\/div>\n\t\t\t\t<div class=\"blockG\" id=\"rotateG_02\"><\/div>\n\t\t\t\t<div class=\"blockG\" id=\"rotateG_03\"><\/div>\n\t\t\t\t<div class=\"blockG\" id=\"rotateG_04\"><\/div>\n\t\t\t\t<div class=\"blockG\" id=\"rotateG_05\"><\/div>\n\t\t\t\t<div class=\"blockG\" id=\"rotateG_06\"><\/div>\n\t\t\t\t<div class=\"blockG\" id=\"rotateG_07\"><\/div>\n\t\t\t\t<div class=\"blockG\" id=\"rotateG_08\"><\/div>\n\t\t\t<\/div>\n\t\t\t<div class=\"WooZone-cross-sell-loader-text\"><\/div>\n\t\t<\/div>\n\t<\/div>\n\n\t\t\n<\/div>\n<div style=\"clear:both;\"><\/div><\/p>\n","protected":false},"excerpt":{"rendered":"<p>\ud83c\udf1e Neueste Superhelle Solarleuchte &#8212; BoxRice Solarlampen f\u00fcr au\u00dfen garten mit 18 super hell LED diese solarlicht eine starke Beleuchtung f\u00fcr mehr Beleuchtungsbereich an. Dank monokristallinen Solarpanel erh\u00f6ht die Umwandlungsrate der Solarlampe von 18,5% auf 25,5%. In vollgeladenem Zustand leuchtet die solarlampen f\u00fcr ca. 8 bis 10 Stunden. Der Einbaustrahler ist mit 18 warmweiss LED ausgestattet. Das solarleuchte garten schaltet sich bei D\u00e4mmerung automatisch ein und bei Helligkeit wieder aus<br \/>\n\ud83c\udf1e Es ist robust und Wetterbest\u00e4ndig &#8212; Solar Au\u00dfenstrahler besticht durch extrem robuste, hochwertige Verarbeitung und tolle Lichtleistung. Das Geh\u00e4use besteht aus rostfreiem Harz und h\u00e4lt selbst gro\u00dfen Belastungen stand(ca.1000kg). Zur Aufladung sollte das Solarpanel direkter Sonneneinstrahlung ausgesetzt sein. Dank Schutzart IP67 ist die Lampe zudem spritzwassergesch\u00fctzt und h\u00e4lt Regeng\u00fcssen problemlos stand. Die Leistungsabnahme liegt bei 0,2 Watt, was eine lange Leuchtdauer gew\u00e4hrleistet<br \/>\n\ud83c\udf1e Flexible Montage ohne Verkabelung &#8212; Es sind keine aufwendigen, vorbereitenden Arbeiten n\u00f6tig, es ist keine kostenintensive und zeitraubende Stromverlegung erforderlich, es gibt kein Kabelgewirr und keine sichtbare Kabelf\u00fchrung und die Installation der Au\u00dfenstrahler Leuchten ist schnell und einfach zu erledigen. Solar spot licht au\u00dfen sind mit einem Erdspie\u00df ausgestattet, welcher einfach in den Boden ihres Gartens gesteckt werden kann und die Installation so zu einem wahren Kinderspiel macht<\/p>\n","protected":false},"featured_media":118725,"comment_status":"open","ping_status":"closed","template":"","meta":[],"product_brand":[],"product_cat":[2108],"product_tag":[],"class_list":{"0":"post-118724","1":"product","2":"type-product","3":"status-publish","4":"has-post-thumbnail","6":"product_cat-beleuchtung","7":"pa_brand-boxrice","8":"pa_color-schwarz","9":"pa_manufacturer-boxrice","10":"pa_warranty-lifetime","11":"pa_weight-0-220462262-pfund","13":"first","14":"instock","15":"shipping-taxable","16":"purchasable","17":"product-type-simple","18":"customify-col","19":"product-has-gallery"},"yoast_head":"<!-- This site is optimized with the Yoast SEO plugin v27.4 - https:\/\/yoast.com\/product\/yoast-seo-wordpress\/ -->\n<title>Solarlampen f\u00fcr Au\u00dfen Garten, Solarleuchten Boden Deko Licht 18 LED Einbaustrahl Beleuchtung 4er-Set Warmweiss Solar\u2026 - Markt-XXL<\/title>\n<meta name=\"description\" content=\"Markt-XXL Solarlampen f\u00fcr Au\u00dfen Garten, Solarleuchten Boden Deko Licht 18 LED Einbaustrahl Beleuchtung 4er-Set Warmweiss Solar\u2026\" \/>\n<meta name=\"robots\" content=\"index, follow, max-snippet:-1, max-image-preview:large, max-video-preview:-1\" \/>\n<link rel=\"canonical\" href=\"https:\/\/marktxxl.de\/markt\/produkt\/solarlampen-fuer-aussen-garten-solarleuchten-boden-deko-licht-18-led-einbaustrahl-beleuchtung-4er-set-warmweiss-solar-bodenleuchten-aussen-wegeleuchten-fuer-gartendeko-poolumrandung-rasenkantensteine\/\" \/>\n<meta property=\"og:locale\" content=\"de_DE\" \/>\n<meta property=\"og:type\" content=\"article\" \/>\n<meta property=\"og:title\" content=\"Solarlampen f\u00fcr Au\u00dfen Garten, Solarleuchten Boden Deko Licht 18 LED Einbaustrahl Beleuchtung 4er-Set Warmweiss Solar\u2026 - Markt-XXL\" \/>\n<meta property=\"og:description\" content=\"Markt-XXL Solarlampen f\u00fcr Au\u00dfen Garten, Solarleuchten Boden Deko Licht 18 LED Einbaustrahl Beleuchtung 4er-Set Warmweiss Solar\u2026\" \/>\n<meta property=\"og:url\" content=\"https:\/\/marktxxl.de\/markt\/produkt\/solarlampen-fuer-aussen-garten-solarleuchten-boden-deko-licht-18-led-einbaustrahl-beleuchtung-4er-set-warmweiss-solar-bodenleuchten-aussen-wegeleuchten-fuer-gartendeko-poolumrandung-rasenkantensteine\/\" \/>\n<meta property=\"og:site_name\" content=\"Markt-XXL\" \/>\n<meta property=\"article:modified_time\" content=\"2023-04-09T01:26:52+00:00\" \/>\n<meta property=\"og:image\" content=\"https:\/\/m.media-amazon.com\/images\/I\/51TnUlXljUL._SL500_.jpg\" \/>\n\t<meta property=\"og:image:width\" content=\"500\" \/>\n\t<meta property=\"og:image:height\" content=\"500\" \/>\n\t<meta property=\"og:image:type\" content=\"image\/jpeg\" \/>\n<meta name=\"twitter:card\" content=\"summary_large_image\" \/>\n<meta name=\"twitter:label1\" content=\"Gesch\u00e4tzte Lesezeit\" \/>\n\t<meta name=\"twitter:data1\" content=\"4\u00a0Minuten\" \/>\n<script type=\"application\/ld+json\" class=\"yoast-schema-graph\">{\"@context\":\"https:\\\/\\\/schema.org\",\"@graph\":[{\"@type\":\"WebPage\",\"@id\":\"https:\\\/\\\/marktxxl.de\\\/markt\\\/produkt\\\/solarlampen-fuer-aussen-garten-solarleuchten-boden-deko-licht-18-led-einbaustrahl-beleuchtung-4er-set-warmweiss-solar-bodenleuchten-aussen-wegeleuchten-fuer-gartendeko-poolumrandung-rasenkantensteine\\\/\",\"url\":\"https:\\\/\\\/marktxxl.de\\\/markt\\\/produkt\\\/solarlampen-fuer-aussen-garten-solarleuchten-boden-deko-licht-18-led-einbaustrahl-beleuchtung-4er-set-warmweiss-solar-bodenleuchten-aussen-wegeleuchten-fuer-gartendeko-poolumrandung-rasenkantensteine\\\/\",\"name\":\"Solarlampen f\u00fcr Au\u00dfen Garten, Solarleuchten Boden Deko Licht 18 LED Einbaustrahl Beleuchtung 4er-Set Warmweiss Solar\u2026 - Markt-XXL\",\"isPartOf\":{\"@id\":\"https:\\\/\\\/marktxxl.de\\\/markt\\\/#website\"},\"primaryImageOfPage\":{\"@id\":\"https:\\\/\\\/marktxxl.de\\\/markt\\\/produkt\\\/solarlampen-fuer-aussen-garten-solarleuchten-boden-deko-licht-18-led-einbaustrahl-beleuchtung-4er-set-warmweiss-solar-bodenleuchten-aussen-wegeleuchten-fuer-gartendeko-poolumrandung-rasenkantensteine\\\/#primaryimage\"},\"image\":{\"@id\":\"https:\\\/\\\/marktxxl.de\\\/markt\\\/produkt\\\/solarlampen-fuer-aussen-garten-solarleuchten-boden-deko-licht-18-led-einbaustrahl-beleuchtung-4er-set-warmweiss-solar-bodenleuchten-aussen-wegeleuchten-fuer-gartendeko-poolumrandung-rasenkantensteine\\\/#primaryimage\"},\"thumbnailUrl\":\"https:\\\/\\\/m.media-amazon.com\\\/images\\\/I\\\/51TnUlXljUL._SL500_.jpg\",\"datePublished\":\"2022-05-15T00:31:51+00:00\",\"dateModified\":\"2023-04-09T01:26:52+00:00\",\"description\":\"Markt-XXL Solarlampen f\u00fcr Au\u00dfen Garten, Solarleuchten Boden Deko Licht 18 LED Einbaustrahl Beleuchtung 4er-Set Warmweiss Solar\u2026\",\"breadcrumb\":{\"@id\":\"https:\\\/\\\/marktxxl.de\\\/markt\\\/produkt\\\/solarlampen-fuer-aussen-garten-solarleuchten-boden-deko-licht-18-led-einbaustrahl-beleuchtung-4er-set-warmweiss-solar-bodenleuchten-aussen-wegeleuchten-fuer-gartendeko-poolumrandung-rasenkantensteine\\\/#breadcrumb\"},\"inLanguage\":\"de\",\"potentialAction\":[{\"@type\":\"ReadAction\",\"target\":[\"https:\\\/\\\/marktxxl.de\\\/markt\\\/produkt\\\/solarlampen-fuer-aussen-garten-solarleuchten-boden-deko-licht-18-led-einbaustrahl-beleuchtung-4er-set-warmweiss-solar-bodenleuchten-aussen-wegeleuchten-fuer-gartendeko-poolumrandung-rasenkantensteine\\\/\"]}]},{\"@type\":\"ImageObject\",\"inLanguage\":\"de\",\"@id\":\"https:\\\/\\\/marktxxl.de\\\/markt\\\/produkt\\\/solarlampen-fuer-aussen-garten-solarleuchten-boden-deko-licht-18-led-einbaustrahl-beleuchtung-4er-set-warmweiss-solar-bodenleuchten-aussen-wegeleuchten-fuer-gartendeko-poolumrandung-rasenkantensteine\\\/#primaryimage\",\"url\":\"https:\\\/\\\/m.media-amazon.com\\\/images\\\/I\\\/51TnUlXljUL._SL500_.jpg\",\"contentUrl\":\"https:\\\/\\\/m.media-amazon.com\\\/images\\\/I\\\/51TnUlXljUL._SL500_.jpg\",\"width\":500,\"height\":500},{\"@type\":\"BreadcrumbList\",\"@id\":\"https:\\\/\\\/marktxxl.de\\\/markt\\\/produkt\\\/solarlampen-fuer-aussen-garten-solarleuchten-boden-deko-licht-18-led-einbaustrahl-beleuchtung-4er-set-warmweiss-solar-bodenleuchten-aussen-wegeleuchten-fuer-gartendeko-poolumrandung-rasenkantensteine\\\/#breadcrumb\",\"itemListElement\":[{\"@type\":\"ListItem\",\"position\":1,\"name\":\"Startseite\",\"item\":\"https:\\\/\\\/marktxxl.de\\\/markt\\\/\"},{\"@type\":\"ListItem\",\"position\":2,\"name\":\"Markt\",\"item\":\"https:\\\/\\\/marktxxl.de\\\/markt\\\/\"},{\"@type\":\"ListItem\",\"position\":3,\"name\":\"Solarlampen f\u00fcr Au\u00dfen Garten, Solarleuchten Boden Deko Licht 18 LED Einbaustrahl Beleuchtung 4er-Set Warmweiss Solar\u2026\"}]},{\"@type\":\"WebSite\",\"@id\":\"https:\\\/\\\/marktxxl.de\\\/markt\\\/#website\",\"url\":\"https:\\\/\\\/marktxxl.de\\\/markt\\\/\",\"name\":\"Markt-XXL\",\"description\":\"Ihr Markt Online\",\"publisher\":{\"@id\":\"https:\\\/\\\/marktxxl.de\\\/markt\\\/#organization\"},\"potentialAction\":[{\"@type\":\"SearchAction\",\"target\":{\"@type\":\"EntryPoint\",\"urlTemplate\":\"https:\\\/\\\/marktxxl.de\\\/markt\\\/?s={search_term_string}\"},\"query-input\":{\"@type\":\"PropertyValueSpecification\",\"valueRequired\":true,\"valueName\":\"search_term_string\"}}],\"inLanguage\":\"de\"},{\"@type\":\"Organization\",\"@id\":\"https:\\\/\\\/marktxxl.de\\\/markt\\\/#organization\",\"name\":\"Markt-XXL\",\"url\":\"https:\\\/\\\/marktxxl.de\\\/markt\\\/\",\"logo\":{\"@type\":\"ImageObject\",\"inLanguage\":\"de\",\"@id\":\"https:\\\/\\\/marktxxl.de\\\/markt\\\/#\\\/schema\\\/logo\\\/image\\\/\",\"url\":\"https:\\\/\\\/marktxxl.de\\\/markt\\\/wp-content\\\/uploads\\\/sites\\\/3\\\/2020\\\/12\\\/logo.png\",\"contentUrl\":\"https:\\\/\\\/marktxxl.de\\\/markt\\\/wp-content\\\/uploads\\\/sites\\\/3\\\/2020\\\/12\\\/logo.png\",\"width\":200,\"height\":70,\"caption\":\"Markt-XXL\"},\"image\":{\"@id\":\"https:\\\/\\\/marktxxl.de\\\/markt\\\/#\\\/schema\\\/logo\\\/image\\\/\"}}]}<\/script>\n<!-- \/ Yoast SEO plugin. -->","yoast_head_json":{"title":"Solarlampen f\u00fcr Au\u00dfen Garten, Solarleuchten Boden Deko Licht 18 LED Einbaustrahl Beleuchtung 4er-Set Warmweiss Solar\u2026 - Markt-XXL","description":"Markt-XXL Solarlampen f\u00fcr Au\u00dfen Garten, Solarleuchten Boden Deko Licht 18 LED Einbaustrahl Beleuchtung 4er-Set Warmweiss Solar\u2026","robots":{"index":"index","follow":"follow","max-snippet":"max-snippet:-1","max-image-preview":"max-image-preview:large","max-video-preview":"max-video-preview:-1"},"canonical":"https:\/\/marktxxl.de\/markt\/produkt\/solarlampen-fuer-aussen-garten-solarleuchten-boden-deko-licht-18-led-einbaustrahl-beleuchtung-4er-set-warmweiss-solar-bodenleuchten-aussen-wegeleuchten-fuer-gartendeko-poolumrandung-rasenkantensteine\/","og_locale":"de_DE","og_type":"article","og_title":"Solarlampen f\u00fcr Au\u00dfen Garten, Solarleuchten Boden Deko Licht 18 LED Einbaustrahl Beleuchtung 4er-Set Warmweiss Solar\u2026 - Markt-XXL","og_description":"Markt-XXL Solarlampen f\u00fcr Au\u00dfen Garten, Solarleuchten Boden Deko Licht 18 LED Einbaustrahl Beleuchtung 4er-Set Warmweiss Solar\u2026","og_url":"https:\/\/marktxxl.de\/markt\/produkt\/solarlampen-fuer-aussen-garten-solarleuchten-boden-deko-licht-18-led-einbaustrahl-beleuchtung-4er-set-warmweiss-solar-bodenleuchten-aussen-wegeleuchten-fuer-gartendeko-poolumrandung-rasenkantensteine\/","og_site_name":"Markt-XXL","article_modified_time":"2023-04-09T01:26:52+00:00","og_image":[{"width":500,"height":500,"url":"https:\/\/m.media-amazon.com\/images\/I\/51TnUlXljUL._SL500_.jpg","type":"image\/jpeg"}],"twitter_card":"summary_large_image","twitter_misc":{"Gesch\u00e4tzte Lesezeit":"4\u00a0Minuten"},"schema":{"@context":"https:\/\/schema.org","@graph":[{"@type":"WebPage","@id":"https:\/\/marktxxl.de\/markt\/produkt\/solarlampen-fuer-aussen-garten-solarleuchten-boden-deko-licht-18-led-einbaustrahl-beleuchtung-4er-set-warmweiss-solar-bodenleuchten-aussen-wegeleuchten-fuer-gartendeko-poolumrandung-rasenkantensteine\/","url":"https:\/\/marktxxl.de\/markt\/produkt\/solarlampen-fuer-aussen-garten-solarleuchten-boden-deko-licht-18-led-einbaustrahl-beleuchtung-4er-set-warmweiss-solar-bodenleuchten-aussen-wegeleuchten-fuer-gartendeko-poolumrandung-rasenkantensteine\/","name":"Solarlampen f\u00fcr Au\u00dfen Garten, Solarleuchten Boden Deko Licht 18 LED Einbaustrahl Beleuchtung 4er-Set Warmweiss Solar\u2026 - Markt-XXL","isPartOf":{"@id":"https:\/\/marktxxl.de\/markt\/#website"},"primaryImageOfPage":{"@id":"https:\/\/marktxxl.de\/markt\/produkt\/solarlampen-fuer-aussen-garten-solarleuchten-boden-deko-licht-18-led-einbaustrahl-beleuchtung-4er-set-warmweiss-solar-bodenleuchten-aussen-wegeleuchten-fuer-gartendeko-poolumrandung-rasenkantensteine\/#primaryimage"},"image":{"@id":"https:\/\/marktxxl.de\/markt\/produkt\/solarlampen-fuer-aussen-garten-solarleuchten-boden-deko-licht-18-led-einbaustrahl-beleuchtung-4er-set-warmweiss-solar-bodenleuchten-aussen-wegeleuchten-fuer-gartendeko-poolumrandung-rasenkantensteine\/#primaryimage"},"thumbnailUrl":"https:\/\/m.media-amazon.com\/images\/I\/51TnUlXljUL._SL500_.jpg","datePublished":"2022-05-15T00:31:51+00:00","dateModified":"2023-04-09T01:26:52+00:00","description":"Markt-XXL Solarlampen f\u00fcr Au\u00dfen Garten, Solarleuchten Boden Deko Licht 18 LED Einbaustrahl Beleuchtung 4er-Set Warmweiss Solar\u2026","breadcrumb":{"@id":"https:\/\/marktxxl.de\/markt\/produkt\/solarlampen-fuer-aussen-garten-solarleuchten-boden-deko-licht-18-led-einbaustrahl-beleuchtung-4er-set-warmweiss-solar-bodenleuchten-aussen-wegeleuchten-fuer-gartendeko-poolumrandung-rasenkantensteine\/#breadcrumb"},"inLanguage":"de","potentialAction":[{"@type":"ReadAction","target":["https:\/\/marktxxl.de\/markt\/produkt\/solarlampen-fuer-aussen-garten-solarleuchten-boden-deko-licht-18-led-einbaustrahl-beleuchtung-4er-set-warmweiss-solar-bodenleuchten-aussen-wegeleuchten-fuer-gartendeko-poolumrandung-rasenkantensteine\/"]}]},{"@type":"ImageObject","inLanguage":"de","@id":"https:\/\/marktxxl.de\/markt\/produkt\/solarlampen-fuer-aussen-garten-solarleuchten-boden-deko-licht-18-led-einbaustrahl-beleuchtung-4er-set-warmweiss-solar-bodenleuchten-aussen-wegeleuchten-fuer-gartendeko-poolumrandung-rasenkantensteine\/#primaryimage","url":"https:\/\/m.media-amazon.com\/images\/I\/51TnUlXljUL._SL500_.jpg","contentUrl":"https:\/\/m.media-amazon.com\/images\/I\/51TnUlXljUL._SL500_.jpg","width":500,"height":500},{"@type":"BreadcrumbList","@id":"https:\/\/marktxxl.de\/markt\/produkt\/solarlampen-fuer-aussen-garten-solarleuchten-boden-deko-licht-18-led-einbaustrahl-beleuchtung-4er-set-warmweiss-solar-bodenleuchten-aussen-wegeleuchten-fuer-gartendeko-poolumrandung-rasenkantensteine\/#breadcrumb","itemListElement":[{"@type":"ListItem","position":1,"name":"Startseite","item":"https:\/\/marktxxl.de\/markt\/"},{"@type":"ListItem","position":2,"name":"Markt","item":"https:\/\/marktxxl.de\/markt\/"},{"@type":"ListItem","position":3,"name":"Solarlampen f\u00fcr Au\u00dfen Garten, Solarleuchten Boden Deko Licht 18 LED Einbaustrahl Beleuchtung 4er-Set Warmweiss Solar\u2026"}]},{"@type":"WebSite","@id":"https:\/\/marktxxl.de\/markt\/#website","url":"https:\/\/marktxxl.de\/markt\/","name":"Markt-XXL","description":"Ihr Markt Online","publisher":{"@id":"https:\/\/marktxxl.de\/markt\/#organization"},"potentialAction":[{"@type":"SearchAction","target":{"@type":"EntryPoint","urlTemplate":"https:\/\/marktxxl.de\/markt\/?s={search_term_string}"},"query-input":{"@type":"PropertyValueSpecification","valueRequired":true,"valueName":"search_term_string"}}],"inLanguage":"de"},{"@type":"Organization","@id":"https:\/\/marktxxl.de\/markt\/#organization","name":"Markt-XXL","url":"https:\/\/marktxxl.de\/markt\/","logo":{"@type":"ImageObject","inLanguage":"de","@id":"https:\/\/marktxxl.de\/markt\/#\/schema\/logo\/image\/","url":"https:\/\/marktxxl.de\/markt\/wp-content\/uploads\/sites\/3\/2020\/12\/logo.png","contentUrl":"https:\/\/marktxxl.de\/markt\/wp-content\/uploads\/sites\/3\/2020\/12\/logo.png","width":200,"height":70,"caption":"Markt-XXL"},"image":{"@id":"https:\/\/marktxxl.de\/markt\/#\/schema\/logo\/image\/"}}]}},"_links":{"self":[{"href":"https:\/\/marktxxl.de\/markt\/wp-json\/wp\/v2\/product\/118724","targetHints":{"allow":["GET"]}}],"collection":[{"href":"https:\/\/marktxxl.de\/markt\/wp-json\/wp\/v2\/product"}],"about":[{"href":"https:\/\/marktxxl.de\/markt\/wp-json\/wp\/v2\/types\/product"}],"replies":[{"embeddable":true,"href":"https:\/\/marktxxl.de\/markt\/wp-json\/wp\/v2\/comments?post=118724"}],"wp:featuredmedia":[{"embeddable":true,"href":"https:\/\/marktxxl.de\/markt\/wp-json\/wp\/v2\/media\/118725"}],"wp:attachment":[{"href":"https:\/\/marktxxl.de\/markt\/wp-json\/wp\/v2\/media?parent=118724"}],"wp:term":[{"taxonomy":"product_brand","embeddable":true,"href":"https:\/\/marktxxl.de\/markt\/wp-json\/wp\/v2\/product_brand?post=118724"},{"taxonomy":"product_cat","embeddable":true,"href":"https:\/\/marktxxl.de\/markt\/wp-json\/wp\/v2\/product_cat?post=118724"},{"taxonomy":"product_tag","embeddable":true,"href":"https:\/\/marktxxl.de\/markt\/wp-json\/wp\/v2\/product_tag?post=118724"}],"curies":[{"name":"wp","href":"https:\/\/api.w.org\/{rel}","templated":true}]}}