{"id":118608,"date":"2022-05-15T02:22:41","date_gmt":"2022-05-15T00:22:41","guid":{"rendered":"https:\/\/marktxxl.de\/markt\/produkt\/cherokee-form-ck840-damen-schlupfkasack-v-ausschnitt\/"},"modified":"2023-04-11T03:47:45","modified_gmt":"2023-04-11T01:47:45","slug":"cherokee-form-ck840-damen-schlupfkasack-v-ausschnitt","status":"publish","type":"product","link":"https:\/\/marktxxl.de\/markt\/produkt\/cherokee-form-ck840-damen-schlupfkasack-v-ausschnitt\/","title":{"rendered":"Cherokee Form Women Scrubs Top V-Ausschnitt CK840"},"content":{"rendered":"<p>Schmeichelnde Passform, Gr\u00f6\u00dfen bis 3XL \u2013 diese moderne Passform (auch bekannt als Junior-Passform). Das Cherokee-V-Ausschnitt Top verf\u00fcgt \u00fcber fortschrittliches Strickgewebe mit Feuchtigkeitstransport. Form Damen Peelings sind super dehnbar, vielseitig und unglaublich bequem. Erh\u00e4ltlich in den Gr\u00f6\u00dfen XXS bis 3XL. R\u00fcckenl\u00e4nge in der Mitte: 66 cm. Oberteil wird l\u00e4nger, da die Gr\u00f6\u00dfen gr\u00f6\u00dfer werden. (Scrub Pants separat erh\u00e4ltlich.)<br \/>\nKomfortable, professionelle Strick-Peelings \u2013 Form Scrub Tops sind aus einem Nylon\/Spandex-Strickstoff, der das professionelle Aussehen eines gewebten Stoffes mit dem Komfort und der Dehnbarkeit eines Strickstoffes hat. Feuchtigkeitstransport sorgt f\u00fcr ein angenehmes Tragegef\u00fchl. Diese strapazierf\u00e4higen, pflegeleichten Peelings haben 360-Grad-Stretch f\u00fcr formschmeichelnde Passform und Bewegungsfreiheit. Dies sind Cherokee-Peelings, die Frauen stolz darauf sein werden, sie zu tragen.<br \/>\nV-Ausschnitt \u2013 Dieses bequeme Oberteil mit V-Ausschnitt bietet medizinischen Mitarbeitern eine Uniform, die professionell, dehnbar und langlebig ist. Form von Cherokee Uniforms Stil CK840 verf\u00fcgt \u00fcber einen V-Ausschnitt, vordere Schultern\u00e4hte und r\u00fcckseitige Prinzessinnenn\u00e4hte. Power-Mesh-Besatz an Nackenband und \u00c4rmels\u00e4umen f\u00fcgen modische Details hinzu. Dies sind Scrub Tops, die Frauen immer wieder kaufen werden.<br \/>\nZwei ger\u00e4umige Taschen zur Aufbewahrung \u2013 diese medizinischen Uniformen und Peelings f\u00fcr Damen verf\u00fcgen \u00fcber zwei ger\u00e4umige Leistentaschen zur Aufbewahrung Ihrer gesamten Arbeitsausr\u00fcstung. Taschen sind gro\u00df genug f\u00fcr iPhone und Galaxy Handys.<br \/>\nHemdschwanz-Saum \u2013 Damen-Scrub-Tops erhalten ein modisches Upgrade mit diesem stilvollen Hemdail-Saum. Der geschwungene Saum ist aktualisiert und im Trend. Bringen Sie Ihre Uniform mit medizinischen Peelings auf die n\u00e4chste Stufe.<br \/>\n<div class=\"main-cross-sell\" data-asin=\"B083QS7V6C\">\n\n\t<div class=\"WooZone-cross-sell-loader\">\n\t\t<div>\n\t\t\t<div id=\"floatingBarsG\">\n\t\t\t\t<div class=\"blockG\" id=\"rotateG_01\"><\/div>\n\t\t\t\t<div class=\"blockG\" id=\"rotateG_02\"><\/div>\n\t\t\t\t<div class=\"blockG\" id=\"rotateG_03\"><\/div>\n\t\t\t\t<div class=\"blockG\" id=\"rotateG_04\"><\/div>\n\t\t\t\t<div class=\"blockG\" id=\"rotateG_05\"><\/div>\n\t\t\t\t<div class=\"blockG\" id=\"rotateG_06\"><\/div>\n\t\t\t\t<div class=\"blockG\" id=\"rotateG_07\"><\/div>\n\t\t\t\t<div class=\"blockG\" id=\"rotateG_08\"><\/div>\n\t\t\t<\/div>\n\t\t\t<div class=\"WooZone-cross-sell-loader-text\"><\/div>\n\t\t<\/div>\n\t<\/div>\n\n\t\t\n<\/div>\n<div style=\"clear:both;\"><\/div><\/p>\n","protected":false},"excerpt":{"rendered":"<p>Schmeichelnde Passform, Gr\u00f6\u00dfen bis 3XL \u2013 diese moderne Passform (auch bekannt als Junior-Passform). Das Cherokee-V-Ausschnitt Top verf\u00fcgt \u00fcber fortschrittliches Strickgewebe mit Feuchtigkeitstransport. Form Damen Peelings sind super dehnbar, vielseitig und unglaublich bequem. Erh\u00e4ltlich in den Gr\u00f6\u00dfen XXS bis 3XL. R\u00fcckenl\u00e4nge in der Mitte: 66 cm. Oberteil wird l\u00e4nger, da die Gr\u00f6\u00dfen gr\u00f6\u00dfer werden. (Scrub Pants separat erh\u00e4ltlich.)<br \/>\nKomfortable, professionelle Strick-Peelings \u2013 Form Scrub Tops sind aus einem Nylon\/Spandex-Strickstoff, der das professionelle Aussehen eines gewebten Stoffes mit dem Komfort und der Dehnbarkeit eines Strickstoffes hat. Feuchtigkeitstransport sorgt f\u00fcr ein angenehmes Tragegef\u00fchl. Diese strapazierf\u00e4higen, pflegeleichten Peelings haben 360-Grad-Stretch f\u00fcr formschmeichelnde Passform und Bewegungsfreiheit. Dies sind Cherokee-Peelings, die Frauen stolz darauf sein werden, sie zu tragen.<br \/>\nV-Ausschnitt \u2013 Dieses bequeme Oberteil mit V-Ausschnitt bietet medizinischen Mitarbeitern eine Uniform, die professionell, dehnbar und langlebig ist. Form von Cherokee Uniforms Stil CK840 verf\u00fcgt \u00fcber einen V-Ausschnitt, vordere Schultern\u00e4hte und r\u00fcckseitige Prinzessinnenn\u00e4hte. Power-Mesh-Besatz an Nackenband und \u00c4rmels\u00e4umen f\u00fcgen modische Details hinzu. Dies sind Scrub Tops, die Frauen immer wieder kaufen werden.<\/p>\n","protected":false},"featured_media":118609,"comment_status":"open","ping_status":"closed","template":"","meta":[],"product_brand":[],"product_cat":[4143,1186],"product_tag":[],"class_list":{"0":"post-118608","1":"product","2":"type-product","3":"status-publish","4":"has-post-thumbnail","6":"product_cat-arbeitskleidung-uniformen","7":"product_cat-bekleidung","8":"pa_binding-textilien","9":"pa_brand-cherokee","10":"pa_manufacturer-spi","11":"pa_model-ck840","12":"pa_size-einheitsgroesse","14":"first","15":"instock","16":"shipping-taxable","17":"purchasable","18":"product-type-simple","19":"customify-col","20":"product-has-gallery"},"yoast_head":"<!-- This site is optimized with the Yoast SEO plugin v27.4 - https:\/\/yoast.com\/product\/yoast-seo-wordpress\/ -->\n<title>Cherokee Form Women Scrubs Top V-Ausschnitt CK840 - Markt-XXL<\/title>\n<meta name=\"description\" content=\"Markt-XXL Cherokee Form Women Scrubs Top V-Ausschnitt CK840\" \/>\n<meta name=\"robots\" content=\"index, follow, max-snippet:-1, max-image-preview:large, max-video-preview:-1\" \/>\n<link rel=\"canonical\" href=\"https:\/\/marktxxl.de\/markt\/produkt\/cherokee-form-ck840-damen-schlupfkasack-v-ausschnitt\/\" \/>\n<meta property=\"og:locale\" content=\"de_DE\" \/>\n<meta property=\"og:type\" content=\"article\" \/>\n<meta property=\"og:title\" content=\"Cherokee Form Women Scrubs Top V-Ausschnitt CK840 - Markt-XXL\" \/>\n<meta property=\"og:description\" content=\"Markt-XXL Cherokee Form Women Scrubs Top V-Ausschnitt CK840\" \/>\n<meta property=\"og:url\" content=\"https:\/\/marktxxl.de\/markt\/produkt\/cherokee-form-ck840-damen-schlupfkasack-v-ausschnitt\/\" \/>\n<meta property=\"og:site_name\" content=\"Markt-XXL\" \/>\n<meta property=\"article:modified_time\" content=\"2023-04-11T01:47:45+00:00\" \/>\n<meta property=\"og:image\" content=\"https:\/\/m.media-amazon.com\/images\/I\/31Ke71IMCkL._SL500_.jpg\" \/>\n\t<meta property=\"og:image:width\" content=\"344\" \/>\n\t<meta property=\"og:image:height\" content=\"500\" \/>\n\t<meta property=\"og:image:type\" content=\"image\/jpeg\" \/>\n<meta name=\"twitter:card\" content=\"summary_large_image\" \/>\n<meta name=\"twitter:label1\" content=\"Gesch\u00e4tzte Lesezeit\" \/>\n\t<meta name=\"twitter:data1\" content=\"1\u00a0Minute\" \/>\n<script type=\"application\/ld+json\" class=\"yoast-schema-graph\">{\"@context\":\"https:\\\/\\\/schema.org\",\"@graph\":[{\"@type\":\"WebPage\",\"@id\":\"https:\\\/\\\/marktxxl.de\\\/markt\\\/produkt\\\/cherokee-form-ck840-damen-schlupfkasack-v-ausschnitt\\\/\",\"url\":\"https:\\\/\\\/marktxxl.de\\\/markt\\\/produkt\\\/cherokee-form-ck840-damen-schlupfkasack-v-ausschnitt\\\/\",\"name\":\"Cherokee Form Women Scrubs Top V-Ausschnitt CK840 - Markt-XXL\",\"isPartOf\":{\"@id\":\"https:\\\/\\\/marktxxl.de\\\/markt\\\/#website\"},\"primaryImageOfPage\":{\"@id\":\"https:\\\/\\\/marktxxl.de\\\/markt\\\/produkt\\\/cherokee-form-ck840-damen-schlupfkasack-v-ausschnitt\\\/#primaryimage\"},\"image\":{\"@id\":\"https:\\\/\\\/marktxxl.de\\\/markt\\\/produkt\\\/cherokee-form-ck840-damen-schlupfkasack-v-ausschnitt\\\/#primaryimage\"},\"thumbnailUrl\":\"https:\\\/\\\/m.media-amazon.com\\\/images\\\/I\\\/31Ke71IMCkL._SL500_.jpg\",\"datePublished\":\"2022-05-15T00:22:41+00:00\",\"dateModified\":\"2023-04-11T01:47:45+00:00\",\"description\":\"Markt-XXL Cherokee Form Women Scrubs Top V-Ausschnitt CK840\",\"breadcrumb\":{\"@id\":\"https:\\\/\\\/marktxxl.de\\\/markt\\\/produkt\\\/cherokee-form-ck840-damen-schlupfkasack-v-ausschnitt\\\/#breadcrumb\"},\"inLanguage\":\"de\",\"potentialAction\":[{\"@type\":\"ReadAction\",\"target\":[\"https:\\\/\\\/marktxxl.de\\\/markt\\\/produkt\\\/cherokee-form-ck840-damen-schlupfkasack-v-ausschnitt\\\/\"]}]},{\"@type\":\"ImageObject\",\"inLanguage\":\"de\",\"@id\":\"https:\\\/\\\/marktxxl.de\\\/markt\\\/produkt\\\/cherokee-form-ck840-damen-schlupfkasack-v-ausschnitt\\\/#primaryimage\",\"url\":\"https:\\\/\\\/m.media-amazon.com\\\/images\\\/I\\\/31Ke71IMCkL._SL500_.jpg\",\"contentUrl\":\"https:\\\/\\\/m.media-amazon.com\\\/images\\\/I\\\/31Ke71IMCkL._SL500_.jpg\",\"width\":344,\"height\":500},{\"@type\":\"BreadcrumbList\",\"@id\":\"https:\\\/\\\/marktxxl.de\\\/markt\\\/produkt\\\/cherokee-form-ck840-damen-schlupfkasack-v-ausschnitt\\\/#breadcrumb\",\"itemListElement\":[{\"@type\":\"ListItem\",\"position\":1,\"name\":\"Startseite\",\"item\":\"https:\\\/\\\/marktxxl.de\\\/markt\\\/\"},{\"@type\":\"ListItem\",\"position\":2,\"name\":\"Markt\",\"item\":\"https:\\\/\\\/marktxxl.de\\\/markt\\\/\"},{\"@type\":\"ListItem\",\"position\":3,\"name\":\"Cherokee Form Women Scrubs Top V-Ausschnitt CK840\"}]},{\"@type\":\"WebSite\",\"@id\":\"https:\\\/\\\/marktxxl.de\\\/markt\\\/#website\",\"url\":\"https:\\\/\\\/marktxxl.de\\\/markt\\\/\",\"name\":\"Markt-XXL\",\"description\":\"Ihr Markt Online\",\"publisher\":{\"@id\":\"https:\\\/\\\/marktxxl.de\\\/markt\\\/#organization\"},\"potentialAction\":[{\"@type\":\"SearchAction\",\"target\":{\"@type\":\"EntryPoint\",\"urlTemplate\":\"https:\\\/\\\/marktxxl.de\\\/markt\\\/?s={search_term_string}\"},\"query-input\":{\"@type\":\"PropertyValueSpecification\",\"valueRequired\":true,\"valueName\":\"search_term_string\"}}],\"inLanguage\":\"de\"},{\"@type\":\"Organization\",\"@id\":\"https:\\\/\\\/marktxxl.de\\\/markt\\\/#organization\",\"name\":\"Markt-XXL\",\"url\":\"https:\\\/\\\/marktxxl.de\\\/markt\\\/\",\"logo\":{\"@type\":\"ImageObject\",\"inLanguage\":\"de\",\"@id\":\"https:\\\/\\\/marktxxl.de\\\/markt\\\/#\\\/schema\\\/logo\\\/image\\\/\",\"url\":\"https:\\\/\\\/marktxxl.de\\\/markt\\\/wp-content\\\/uploads\\\/sites\\\/3\\\/2020\\\/12\\\/logo.png\",\"contentUrl\":\"https:\\\/\\\/marktxxl.de\\\/markt\\\/wp-content\\\/uploads\\\/sites\\\/3\\\/2020\\\/12\\\/logo.png\",\"width\":200,\"height\":70,\"caption\":\"Markt-XXL\"},\"image\":{\"@id\":\"https:\\\/\\\/marktxxl.de\\\/markt\\\/#\\\/schema\\\/logo\\\/image\\\/\"}}]}<\/script>\n<!-- \/ Yoast SEO plugin. -->","yoast_head_json":{"title":"Cherokee Form Women Scrubs Top V-Ausschnitt CK840 - Markt-XXL","description":"Markt-XXL Cherokee Form Women Scrubs Top V-Ausschnitt CK840","robots":{"index":"index","follow":"follow","max-snippet":"max-snippet:-1","max-image-preview":"max-image-preview:large","max-video-preview":"max-video-preview:-1"},"canonical":"https:\/\/marktxxl.de\/markt\/produkt\/cherokee-form-ck840-damen-schlupfkasack-v-ausschnitt\/","og_locale":"de_DE","og_type":"article","og_title":"Cherokee Form Women Scrubs Top V-Ausschnitt CK840 - Markt-XXL","og_description":"Markt-XXL Cherokee Form Women Scrubs Top V-Ausschnitt CK840","og_url":"https:\/\/marktxxl.de\/markt\/produkt\/cherokee-form-ck840-damen-schlupfkasack-v-ausschnitt\/","og_site_name":"Markt-XXL","article_modified_time":"2023-04-11T01:47:45+00:00","og_image":[{"width":344,"height":500,"url":"https:\/\/m.media-amazon.com\/images\/I\/31Ke71IMCkL._SL500_.jpg","type":"image\/jpeg"}],"twitter_card":"summary_large_image","twitter_misc":{"Gesch\u00e4tzte Lesezeit":"1\u00a0Minute"},"schema":{"@context":"https:\/\/schema.org","@graph":[{"@type":"WebPage","@id":"https:\/\/marktxxl.de\/markt\/produkt\/cherokee-form-ck840-damen-schlupfkasack-v-ausschnitt\/","url":"https:\/\/marktxxl.de\/markt\/produkt\/cherokee-form-ck840-damen-schlupfkasack-v-ausschnitt\/","name":"Cherokee Form Women Scrubs Top V-Ausschnitt CK840 - Markt-XXL","isPartOf":{"@id":"https:\/\/marktxxl.de\/markt\/#website"},"primaryImageOfPage":{"@id":"https:\/\/marktxxl.de\/markt\/produkt\/cherokee-form-ck840-damen-schlupfkasack-v-ausschnitt\/#primaryimage"},"image":{"@id":"https:\/\/marktxxl.de\/markt\/produkt\/cherokee-form-ck840-damen-schlupfkasack-v-ausschnitt\/#primaryimage"},"thumbnailUrl":"https:\/\/m.media-amazon.com\/images\/I\/31Ke71IMCkL._SL500_.jpg","datePublished":"2022-05-15T00:22:41+00:00","dateModified":"2023-04-11T01:47:45+00:00","description":"Markt-XXL Cherokee Form Women Scrubs Top V-Ausschnitt CK840","breadcrumb":{"@id":"https:\/\/marktxxl.de\/markt\/produkt\/cherokee-form-ck840-damen-schlupfkasack-v-ausschnitt\/#breadcrumb"},"inLanguage":"de","potentialAction":[{"@type":"ReadAction","target":["https:\/\/marktxxl.de\/markt\/produkt\/cherokee-form-ck840-damen-schlupfkasack-v-ausschnitt\/"]}]},{"@type":"ImageObject","inLanguage":"de","@id":"https:\/\/marktxxl.de\/markt\/produkt\/cherokee-form-ck840-damen-schlupfkasack-v-ausschnitt\/#primaryimage","url":"https:\/\/m.media-amazon.com\/images\/I\/31Ke71IMCkL._SL500_.jpg","contentUrl":"https:\/\/m.media-amazon.com\/images\/I\/31Ke71IMCkL._SL500_.jpg","width":344,"height":500},{"@type":"BreadcrumbList","@id":"https:\/\/marktxxl.de\/markt\/produkt\/cherokee-form-ck840-damen-schlupfkasack-v-ausschnitt\/#breadcrumb","itemListElement":[{"@type":"ListItem","position":1,"name":"Startseite","item":"https:\/\/marktxxl.de\/markt\/"},{"@type":"ListItem","position":2,"name":"Markt","item":"https:\/\/marktxxl.de\/markt\/"},{"@type":"ListItem","position":3,"name":"Cherokee Form Women Scrubs Top V-Ausschnitt CK840"}]},{"@type":"WebSite","@id":"https:\/\/marktxxl.de\/markt\/#website","url":"https:\/\/marktxxl.de\/markt\/","name":"Markt-XXL","description":"Ihr Markt Online","publisher":{"@id":"https:\/\/marktxxl.de\/markt\/#organization"},"potentialAction":[{"@type":"SearchAction","target":{"@type":"EntryPoint","urlTemplate":"https:\/\/marktxxl.de\/markt\/?s={search_term_string}"},"query-input":{"@type":"PropertyValueSpecification","valueRequired":true,"valueName":"search_term_string"}}],"inLanguage":"de"},{"@type":"Organization","@id":"https:\/\/marktxxl.de\/markt\/#organization","name":"Markt-XXL","url":"https:\/\/marktxxl.de\/markt\/","logo":{"@type":"ImageObject","inLanguage":"de","@id":"https:\/\/marktxxl.de\/markt\/#\/schema\/logo\/image\/","url":"https:\/\/marktxxl.de\/markt\/wp-content\/uploads\/sites\/3\/2020\/12\/logo.png","contentUrl":"https:\/\/marktxxl.de\/markt\/wp-content\/uploads\/sites\/3\/2020\/12\/logo.png","width":200,"height":70,"caption":"Markt-XXL"},"image":{"@id":"https:\/\/marktxxl.de\/markt\/#\/schema\/logo\/image\/"}}]}},"_links":{"self":[{"href":"https:\/\/marktxxl.de\/markt\/wp-json\/wp\/v2\/product\/118608","targetHints":{"allow":["GET"]}}],"collection":[{"href":"https:\/\/marktxxl.de\/markt\/wp-json\/wp\/v2\/product"}],"about":[{"href":"https:\/\/marktxxl.de\/markt\/wp-json\/wp\/v2\/types\/product"}],"replies":[{"embeddable":true,"href":"https:\/\/marktxxl.de\/markt\/wp-json\/wp\/v2\/comments?post=118608"}],"wp:featuredmedia":[{"embeddable":true,"href":"https:\/\/marktxxl.de\/markt\/wp-json\/wp\/v2\/media\/118609"}],"wp:attachment":[{"href":"https:\/\/marktxxl.de\/markt\/wp-json\/wp\/v2\/media?parent=118608"}],"wp:term":[{"taxonomy":"product_brand","embeddable":true,"href":"https:\/\/marktxxl.de\/markt\/wp-json\/wp\/v2\/product_brand?post=118608"},{"taxonomy":"product_cat","embeddable":true,"href":"https:\/\/marktxxl.de\/markt\/wp-json\/wp\/v2\/product_cat?post=118608"},{"taxonomy":"product_tag","embeddable":true,"href":"https:\/\/marktxxl.de\/markt\/wp-json\/wp\/v2\/product_tag?post=118608"}],"curies":[{"name":"wp","href":"https:\/\/api.w.org\/{rel}","templated":true}]}}