{"id":118462,"date":"2022-05-15T02:13:33","date_gmt":"2022-05-15T00:13:33","guid":{"rendered":"https:\/\/marktxxl.de\/markt\/produkt\/mythrojan-guerteltasche-renaissance-kostuem-zubehoer-larp-huefttasche-cosplay-muenzboerse\/"},"modified":"2023-04-11T03:47:42","modified_gmt":"2023-04-11T01:47:42","slug":"mythrojan-guerteltasche-renaissance-kostuem-zubehoer-larp-huefttasche-cosplay-muenzboerse","status":"publish","type":"product","link":"https:\/\/marktxxl.de\/markt\/produkt\/mythrojan-guerteltasche-renaissance-kostuem-zubehoer-larp-huefttasche-cosplay-muenzboerse\/","title":{"rendered":"Mythrojan G\u00fcrteltasche Renaissance Kost\u00fcm Zubeh\u00f6r LARP H\u00fcfttasche Cosplay M\u00fcnzb\u00f6rse"},"content":{"rendered":"<p>\u2605 Hochwertiges Leder, 20,3 x 17,8 cm, inklusive zwei G\u00fcrtelschlaufen, weich, robust, kompakt und tragbar, ideal f\u00fcr Hochzeitsfeiern und Weihnachtsgeschenk.<br \/>\n\u2605 Diese Tasche ist so konzipiert, dass Sie Ihre M\u00fcnzen, Karten, Kopfh\u00f6rer und Handy in einem Stil transportieren k\u00f6nnen, der an das Mittelalter erinnert. Die Tasche ist aus feinstem, weichem Leder gefertigt, das auch Haltbarkeit und Schutz f\u00fcr den Inhalt bietet.<br \/>\n\u2605 Feine Handwerkskunst \u2666\u2666 Hergestellt aus hochwertigem, echtem Leder. Weich im Griff, aber robust genug, um h\u00e4ufigem Gebrauch standzuhalten, ohne zu rei\u00dfen oder auszufransen.<br \/>\n\u2605 Dies ist ein ausgezeichnetes Geschenk f\u00fcr Freunde, Liebhaber oder Familienmitglieder. Diese tragbare weiche Ledertasche h\u00e4lt ein Leben lang und altert wundersch\u00f6n, was sie zu einem tollen Geschenk f\u00fcr jeden und jeden macht.<br \/>\n\u2b50 Lebenslange Garantie \u2666\u2666 Wir bieten Ihnen hochwertige Produkte und Ihre volle Zufriedenheit und Ihr Gl\u00fcck sind f\u00fcr uns von gr\u00f6\u00dfter Bedeutung! Alle Garantieprobleme werden direkt von Mythrojan behandelt. Wenn Sie etwas erhalten, das nicht Ihren Erwartungen entspricht, kontaktieren Sie uns, und wir werden mit Ihnen zusammenarbeiten, um das Problem zu l\u00f6sen. Wenn im Laufe der Zeit ein Mythrojan-Produkt Ihren Erwartungen nicht mehr gerecht wird, kontaktieren Sie uns und wir werden mit Ihnen zusammenarbeiten, um zufrieden zu stellen!<br \/>\n<div class=\"main-cross-sell\" data-asin=\"B07YG4CTV3\">\n\n\t<div class=\"WooZone-cross-sell-loader\">\n\t\t<div>\n\t\t\t<div id=\"floatingBarsG\">\n\t\t\t\t<div class=\"blockG\" id=\"rotateG_01\"><\/div>\n\t\t\t\t<div class=\"blockG\" id=\"rotateG_02\"><\/div>\n\t\t\t\t<div class=\"blockG\" id=\"rotateG_03\"><\/div>\n\t\t\t\t<div class=\"blockG\" id=\"rotateG_04\"><\/div>\n\t\t\t\t<div class=\"blockG\" id=\"rotateG_05\"><\/div>\n\t\t\t\t<div class=\"blockG\" id=\"rotateG_06\"><\/div>\n\t\t\t\t<div class=\"blockG\" id=\"rotateG_07\"><\/div>\n\t\t\t\t<div class=\"blockG\" id=\"rotateG_08\"><\/div>\n\t\t\t<\/div>\n\t\t\t<div class=\"WooZone-cross-sell-loader-text\"><\/div>\n\t\t<\/div>\n\t<\/div>\n\n\t\t\n<\/div>\n<div style=\"clear:both;\"><\/div><\/p>\n","protected":false},"excerpt":{"rendered":"<p>\u2605 Hochwertiges Leder, 20,3 x 17,8 cm, inklusive zwei G\u00fcrtelschlaufen, weich, robust, kompakt und tragbar, ideal f\u00fcr Hochzeitsfeiern und Weihnachtsgeschenk.<br \/>\n\u2605 Diese Tasche ist so konzipiert, dass Sie Ihre M\u00fcnzen, Karten, Kopfh\u00f6rer und Handy in einem Stil transportieren k\u00f6nnen, der an das Mittelalter erinnert. Die Tasche ist aus feinstem, weichem Leder gefertigt, das auch Haltbarkeit und Schutz f\u00fcr den Inhalt bietet.<br \/>\n\u2605 Feine Handwerkskunst \u2666\u2666 Hergestellt aus hochwertigem, echtem Leder. Weich im Griff, aber robust genug, um h\u00e4ufigem Gebrauch standzuhalten, ohne zu rei\u00dfen oder auszufransen.<\/p>\n","protected":false},"featured_media":118463,"comment_status":"open","ping_status":"closed","template":"","meta":[],"product_brand":[],"product_cat":[1186,4069],"product_tag":[],"class_list":{"0":"post-118462","1":"product","2":"type-product","3":"status-publish","4":"has-post-thumbnail","6":"product_cat-bekleidung","7":"product_cat-spezielle-anlaesse","8":"pa_brand-mythrojan","9":"pa_manufacturer-mythrojan","11":"first","12":"instock","13":"shipping-taxable","14":"purchasable","15":"product-type-simple","16":"customify-col","17":"product-has-gallery"},"yoast_head":"<!-- This site is optimized with the Yoast SEO plugin v27.4 - https:\/\/yoast.com\/product\/yoast-seo-wordpress\/ -->\n<title>Mythrojan G\u00fcrteltasche Renaissance Kost\u00fcm Zubeh\u00f6r LARP H\u00fcfttasche Cosplay M\u00fcnzb\u00f6rse - Markt-XXL<\/title>\n<meta name=\"description\" content=\"Markt-XXL Mythrojan G\u00fcrteltasche Renaissance Kost\u00fcm Zubeh\u00f6r LARP H\u00fcfttasche Cosplay M\u00fcnzb\u00f6rse\" \/>\n<meta name=\"robots\" content=\"index, follow, max-snippet:-1, max-image-preview:large, max-video-preview:-1\" \/>\n<link rel=\"canonical\" href=\"https:\/\/marktxxl.de\/markt\/produkt\/mythrojan-guerteltasche-renaissance-kostuem-zubehoer-larp-huefttasche-cosplay-muenzboerse\/\" \/>\n<meta property=\"og:locale\" content=\"de_DE\" \/>\n<meta property=\"og:type\" content=\"article\" \/>\n<meta property=\"og:title\" content=\"Mythrojan G\u00fcrteltasche Renaissance Kost\u00fcm Zubeh\u00f6r LARP H\u00fcfttasche Cosplay M\u00fcnzb\u00f6rse - Markt-XXL\" \/>\n<meta property=\"og:description\" content=\"Markt-XXL Mythrojan G\u00fcrteltasche Renaissance Kost\u00fcm Zubeh\u00f6r LARP H\u00fcfttasche Cosplay M\u00fcnzb\u00f6rse\" \/>\n<meta property=\"og:url\" content=\"https:\/\/marktxxl.de\/markt\/produkt\/mythrojan-guerteltasche-renaissance-kostuem-zubehoer-larp-huefttasche-cosplay-muenzboerse\/\" \/>\n<meta property=\"og:site_name\" content=\"Markt-XXL\" \/>\n<meta property=\"article:modified_time\" content=\"2023-04-11T01:47:42+00:00\" \/>\n<meta property=\"og:image\" content=\"https:\/\/m.media-amazon.com\/images\/I\/51qvAhdry3L._SL500_.jpg\" \/>\n\t<meta property=\"og:image:width\" content=\"500\" \/>\n\t<meta property=\"og:image:height\" content=\"500\" \/>\n\t<meta property=\"og:image:type\" content=\"image\/jpeg\" \/>\n<meta name=\"twitter:card\" content=\"summary_large_image\" \/>\n<meta name=\"twitter:label1\" content=\"Gesch\u00e4tzte Lesezeit\" \/>\n\t<meta name=\"twitter:data1\" content=\"1\u00a0Minute\" \/>\n<script type=\"application\/ld+json\" class=\"yoast-schema-graph\">{\"@context\":\"https:\\\/\\\/schema.org\",\"@graph\":[{\"@type\":\"WebPage\",\"@id\":\"https:\\\/\\\/marktxxl.de\\\/markt\\\/produkt\\\/mythrojan-guerteltasche-renaissance-kostuem-zubehoer-larp-huefttasche-cosplay-muenzboerse\\\/\",\"url\":\"https:\\\/\\\/marktxxl.de\\\/markt\\\/produkt\\\/mythrojan-guerteltasche-renaissance-kostuem-zubehoer-larp-huefttasche-cosplay-muenzboerse\\\/\",\"name\":\"Mythrojan G\u00fcrteltasche Renaissance Kost\u00fcm Zubeh\u00f6r LARP H\u00fcfttasche Cosplay M\u00fcnzb\u00f6rse - Markt-XXL\",\"isPartOf\":{\"@id\":\"https:\\\/\\\/marktxxl.de\\\/markt\\\/#website\"},\"primaryImageOfPage\":{\"@id\":\"https:\\\/\\\/marktxxl.de\\\/markt\\\/produkt\\\/mythrojan-guerteltasche-renaissance-kostuem-zubehoer-larp-huefttasche-cosplay-muenzboerse\\\/#primaryimage\"},\"image\":{\"@id\":\"https:\\\/\\\/marktxxl.de\\\/markt\\\/produkt\\\/mythrojan-guerteltasche-renaissance-kostuem-zubehoer-larp-huefttasche-cosplay-muenzboerse\\\/#primaryimage\"},\"thumbnailUrl\":\"https:\\\/\\\/m.media-amazon.com\\\/images\\\/I\\\/51qvAhdry3L._SL500_.jpg\",\"datePublished\":\"2022-05-15T00:13:33+00:00\",\"dateModified\":\"2023-04-11T01:47:42+00:00\",\"description\":\"Markt-XXL Mythrojan G\u00fcrteltasche Renaissance Kost\u00fcm Zubeh\u00f6r LARP H\u00fcfttasche Cosplay M\u00fcnzb\u00f6rse\",\"breadcrumb\":{\"@id\":\"https:\\\/\\\/marktxxl.de\\\/markt\\\/produkt\\\/mythrojan-guerteltasche-renaissance-kostuem-zubehoer-larp-huefttasche-cosplay-muenzboerse\\\/#breadcrumb\"},\"inLanguage\":\"de\",\"potentialAction\":[{\"@type\":\"ReadAction\",\"target\":[\"https:\\\/\\\/marktxxl.de\\\/markt\\\/produkt\\\/mythrojan-guerteltasche-renaissance-kostuem-zubehoer-larp-huefttasche-cosplay-muenzboerse\\\/\"]}]},{\"@type\":\"ImageObject\",\"inLanguage\":\"de\",\"@id\":\"https:\\\/\\\/marktxxl.de\\\/markt\\\/produkt\\\/mythrojan-guerteltasche-renaissance-kostuem-zubehoer-larp-huefttasche-cosplay-muenzboerse\\\/#primaryimage\",\"url\":\"https:\\\/\\\/m.media-amazon.com\\\/images\\\/I\\\/51qvAhdry3L._SL500_.jpg\",\"contentUrl\":\"https:\\\/\\\/m.media-amazon.com\\\/images\\\/I\\\/51qvAhdry3L._SL500_.jpg\",\"width\":500,\"height\":500},{\"@type\":\"BreadcrumbList\",\"@id\":\"https:\\\/\\\/marktxxl.de\\\/markt\\\/produkt\\\/mythrojan-guerteltasche-renaissance-kostuem-zubehoer-larp-huefttasche-cosplay-muenzboerse\\\/#breadcrumb\",\"itemListElement\":[{\"@type\":\"ListItem\",\"position\":1,\"name\":\"Startseite\",\"item\":\"https:\\\/\\\/marktxxl.de\\\/markt\\\/\"},{\"@type\":\"ListItem\",\"position\":2,\"name\":\"Markt\",\"item\":\"https:\\\/\\\/marktxxl.de\\\/markt\\\/\"},{\"@type\":\"ListItem\",\"position\":3,\"name\":\"Mythrojan G\u00fcrteltasche Renaissance Kost\u00fcm Zubeh\u00f6r LARP H\u00fcfttasche Cosplay M\u00fcnzb\u00f6rse\"}]},{\"@type\":\"WebSite\",\"@id\":\"https:\\\/\\\/marktxxl.de\\\/markt\\\/#website\",\"url\":\"https:\\\/\\\/marktxxl.de\\\/markt\\\/\",\"name\":\"Markt-XXL\",\"description\":\"Ihr Markt Online\",\"publisher\":{\"@id\":\"https:\\\/\\\/marktxxl.de\\\/markt\\\/#organization\"},\"potentialAction\":[{\"@type\":\"SearchAction\",\"target\":{\"@type\":\"EntryPoint\",\"urlTemplate\":\"https:\\\/\\\/marktxxl.de\\\/markt\\\/?s={search_term_string}\"},\"query-input\":{\"@type\":\"PropertyValueSpecification\",\"valueRequired\":true,\"valueName\":\"search_term_string\"}}],\"inLanguage\":\"de\"},{\"@type\":\"Organization\",\"@id\":\"https:\\\/\\\/marktxxl.de\\\/markt\\\/#organization\",\"name\":\"Markt-XXL\",\"url\":\"https:\\\/\\\/marktxxl.de\\\/markt\\\/\",\"logo\":{\"@type\":\"ImageObject\",\"inLanguage\":\"de\",\"@id\":\"https:\\\/\\\/marktxxl.de\\\/markt\\\/#\\\/schema\\\/logo\\\/image\\\/\",\"url\":\"https:\\\/\\\/marktxxl.de\\\/markt\\\/wp-content\\\/uploads\\\/sites\\\/3\\\/2020\\\/12\\\/logo.png\",\"contentUrl\":\"https:\\\/\\\/marktxxl.de\\\/markt\\\/wp-content\\\/uploads\\\/sites\\\/3\\\/2020\\\/12\\\/logo.png\",\"width\":200,\"height\":70,\"caption\":\"Markt-XXL\"},\"image\":{\"@id\":\"https:\\\/\\\/marktxxl.de\\\/markt\\\/#\\\/schema\\\/logo\\\/image\\\/\"}}]}<\/script>\n<!-- \/ Yoast SEO plugin. -->","yoast_head_json":{"title":"Mythrojan G\u00fcrteltasche Renaissance Kost\u00fcm Zubeh\u00f6r LARP H\u00fcfttasche Cosplay M\u00fcnzb\u00f6rse - Markt-XXL","description":"Markt-XXL Mythrojan G\u00fcrteltasche Renaissance Kost\u00fcm Zubeh\u00f6r LARP H\u00fcfttasche Cosplay M\u00fcnzb\u00f6rse","robots":{"index":"index","follow":"follow","max-snippet":"max-snippet:-1","max-image-preview":"max-image-preview:large","max-video-preview":"max-video-preview:-1"},"canonical":"https:\/\/marktxxl.de\/markt\/produkt\/mythrojan-guerteltasche-renaissance-kostuem-zubehoer-larp-huefttasche-cosplay-muenzboerse\/","og_locale":"de_DE","og_type":"article","og_title":"Mythrojan G\u00fcrteltasche Renaissance Kost\u00fcm Zubeh\u00f6r LARP H\u00fcfttasche Cosplay M\u00fcnzb\u00f6rse - Markt-XXL","og_description":"Markt-XXL Mythrojan G\u00fcrteltasche Renaissance Kost\u00fcm Zubeh\u00f6r LARP H\u00fcfttasche Cosplay M\u00fcnzb\u00f6rse","og_url":"https:\/\/marktxxl.de\/markt\/produkt\/mythrojan-guerteltasche-renaissance-kostuem-zubehoer-larp-huefttasche-cosplay-muenzboerse\/","og_site_name":"Markt-XXL","article_modified_time":"2023-04-11T01:47:42+00:00","og_image":[{"width":500,"height":500,"url":"https:\/\/m.media-amazon.com\/images\/I\/51qvAhdry3L._SL500_.jpg","type":"image\/jpeg"}],"twitter_card":"summary_large_image","twitter_misc":{"Gesch\u00e4tzte Lesezeit":"1\u00a0Minute"},"schema":{"@context":"https:\/\/schema.org","@graph":[{"@type":"WebPage","@id":"https:\/\/marktxxl.de\/markt\/produkt\/mythrojan-guerteltasche-renaissance-kostuem-zubehoer-larp-huefttasche-cosplay-muenzboerse\/","url":"https:\/\/marktxxl.de\/markt\/produkt\/mythrojan-guerteltasche-renaissance-kostuem-zubehoer-larp-huefttasche-cosplay-muenzboerse\/","name":"Mythrojan G\u00fcrteltasche Renaissance Kost\u00fcm Zubeh\u00f6r LARP H\u00fcfttasche Cosplay M\u00fcnzb\u00f6rse - Markt-XXL","isPartOf":{"@id":"https:\/\/marktxxl.de\/markt\/#website"},"primaryImageOfPage":{"@id":"https:\/\/marktxxl.de\/markt\/produkt\/mythrojan-guerteltasche-renaissance-kostuem-zubehoer-larp-huefttasche-cosplay-muenzboerse\/#primaryimage"},"image":{"@id":"https:\/\/marktxxl.de\/markt\/produkt\/mythrojan-guerteltasche-renaissance-kostuem-zubehoer-larp-huefttasche-cosplay-muenzboerse\/#primaryimage"},"thumbnailUrl":"https:\/\/m.media-amazon.com\/images\/I\/51qvAhdry3L._SL500_.jpg","datePublished":"2022-05-15T00:13:33+00:00","dateModified":"2023-04-11T01:47:42+00:00","description":"Markt-XXL Mythrojan G\u00fcrteltasche Renaissance Kost\u00fcm Zubeh\u00f6r LARP H\u00fcfttasche Cosplay M\u00fcnzb\u00f6rse","breadcrumb":{"@id":"https:\/\/marktxxl.de\/markt\/produkt\/mythrojan-guerteltasche-renaissance-kostuem-zubehoer-larp-huefttasche-cosplay-muenzboerse\/#breadcrumb"},"inLanguage":"de","potentialAction":[{"@type":"ReadAction","target":["https:\/\/marktxxl.de\/markt\/produkt\/mythrojan-guerteltasche-renaissance-kostuem-zubehoer-larp-huefttasche-cosplay-muenzboerse\/"]}]},{"@type":"ImageObject","inLanguage":"de","@id":"https:\/\/marktxxl.de\/markt\/produkt\/mythrojan-guerteltasche-renaissance-kostuem-zubehoer-larp-huefttasche-cosplay-muenzboerse\/#primaryimage","url":"https:\/\/m.media-amazon.com\/images\/I\/51qvAhdry3L._SL500_.jpg","contentUrl":"https:\/\/m.media-amazon.com\/images\/I\/51qvAhdry3L._SL500_.jpg","width":500,"height":500},{"@type":"BreadcrumbList","@id":"https:\/\/marktxxl.de\/markt\/produkt\/mythrojan-guerteltasche-renaissance-kostuem-zubehoer-larp-huefttasche-cosplay-muenzboerse\/#breadcrumb","itemListElement":[{"@type":"ListItem","position":1,"name":"Startseite","item":"https:\/\/marktxxl.de\/markt\/"},{"@type":"ListItem","position":2,"name":"Markt","item":"https:\/\/marktxxl.de\/markt\/"},{"@type":"ListItem","position":3,"name":"Mythrojan G\u00fcrteltasche Renaissance Kost\u00fcm Zubeh\u00f6r LARP H\u00fcfttasche Cosplay M\u00fcnzb\u00f6rse"}]},{"@type":"WebSite","@id":"https:\/\/marktxxl.de\/markt\/#website","url":"https:\/\/marktxxl.de\/markt\/","name":"Markt-XXL","description":"Ihr Markt Online","publisher":{"@id":"https:\/\/marktxxl.de\/markt\/#organization"},"potentialAction":[{"@type":"SearchAction","target":{"@type":"EntryPoint","urlTemplate":"https:\/\/marktxxl.de\/markt\/?s={search_term_string}"},"query-input":{"@type":"PropertyValueSpecification","valueRequired":true,"valueName":"search_term_string"}}],"inLanguage":"de"},{"@type":"Organization","@id":"https:\/\/marktxxl.de\/markt\/#organization","name":"Markt-XXL","url":"https:\/\/marktxxl.de\/markt\/","logo":{"@type":"ImageObject","inLanguage":"de","@id":"https:\/\/marktxxl.de\/markt\/#\/schema\/logo\/image\/","url":"https:\/\/marktxxl.de\/markt\/wp-content\/uploads\/sites\/3\/2020\/12\/logo.png","contentUrl":"https:\/\/marktxxl.de\/markt\/wp-content\/uploads\/sites\/3\/2020\/12\/logo.png","width":200,"height":70,"caption":"Markt-XXL"},"image":{"@id":"https:\/\/marktxxl.de\/markt\/#\/schema\/logo\/image\/"}}]}},"_links":{"self":[{"href":"https:\/\/marktxxl.de\/markt\/wp-json\/wp\/v2\/product\/118462","targetHints":{"allow":["GET"]}}],"collection":[{"href":"https:\/\/marktxxl.de\/markt\/wp-json\/wp\/v2\/product"}],"about":[{"href":"https:\/\/marktxxl.de\/markt\/wp-json\/wp\/v2\/types\/product"}],"replies":[{"embeddable":true,"href":"https:\/\/marktxxl.de\/markt\/wp-json\/wp\/v2\/comments?post=118462"}],"wp:featuredmedia":[{"embeddable":true,"href":"https:\/\/marktxxl.de\/markt\/wp-json\/wp\/v2\/media\/118463"}],"wp:attachment":[{"href":"https:\/\/marktxxl.de\/markt\/wp-json\/wp\/v2\/media?parent=118462"}],"wp:term":[{"taxonomy":"product_brand","embeddable":true,"href":"https:\/\/marktxxl.de\/markt\/wp-json\/wp\/v2\/product_brand?post=118462"},{"taxonomy":"product_cat","embeddable":true,"href":"https:\/\/marktxxl.de\/markt\/wp-json\/wp\/v2\/product_cat?post=118462"},{"taxonomy":"product_tag","embeddable":true,"href":"https:\/\/marktxxl.de\/markt\/wp-json\/wp\/v2\/product_tag?post=118462"}],"curies":[{"name":"wp","href":"https:\/\/api.w.org\/{rel}","templated":true}]}}