{"id":117134,"date":"2022-05-15T01:10:37","date_gmt":"2022-05-14T23:10:37","guid":{"rendered":"https:\/\/marktxxl.de\/markt\/produkt\/breiter-zahnkam-haarkamm-haarbuerste-breiter-kamm-antistatischer-haar-kamm-grobzinkiger-griff-styler-kamm-breite-haarbuerste-fuer-langem-nassem-oder-lockigem-haar\/"},"modified":"2023-04-09T03:24:23","modified_gmt":"2023-04-09T01:24:23","slug":"breiter-zahnkam-haarkamm-haarbuerste-breiter-kamm-antistatischer-haar-kamm-grobzinkiger-griff-styler-kamm-breite-haarbuerste-fuer-langem-nassem-oder-lockigem-haar","status":"publish","type":"product","link":"https:\/\/marktxxl.de\/markt\/produkt\/breiter-zahnkam-haarkamm-haarbuerste-breiter-kamm-antistatischer-haar-kamm-grobzinkiger-griff-styler-kamm-breite-haarbuerste-fuer-langem-nassem-oder-lockigem-haar\/","title":{"rendered":"Breiter Zahnkam, Haarkamm, Haarb\u00fcrste Breiter Kamm, Antistatischer Haar Kamm, Grobzinkiger Griff-Styler Kamm, Breite\u2026"},"content":{"rendered":"<p>\u3010Haltbares Material\u3011 Die Breiter Zahnkam besteht aus Kohlefaser, die Oberfl\u00e4che ist glatt, er hat die Eigenschaften hohe Temperaturbest\u00e4ndigkeit, Reibungsbest\u00e4ndigkeit, Korrosionsbest\u00e4ndigkeit, antistatische Eigenschaften, leicht, langlebig und leicht zu reinigen.<br \/>\n\u3010Exquisites Design\u3011 Die richtige Abstand zwischen den Z\u00e4hnen des Haarkamm kann Haarbruch und Ziehen effektiv reduzieren. Es wurde speziell f\u00fcr Haare und den t\u00e4glichen Gebrauch entwickelt. Das flache, spitze Design wird zum Stylen, Scheiteln, Stylen, Haarf\u00e4rben und f\u00fcr Zauberst\u00e4be verwendet und bietet guten Schutz f\u00fcr die Kopfhaut.<br \/>\n\u3010Leicht zu Tragen\u3011 DieAntistatischer Haar Kamm ist leicht, bequem zu tragen und nimmt wenig Platz ein. Es kann nach dem F\u00e4rben, Stylen, Curling und Styling verwendet werden, wodurch es attraktiver wird. Regelm\u00e4\u00dfige Anwendung kann das Haar weich und seidig genug machen, um Ihren t\u00e4glichen Bedarf zu decken.<br \/>\n\u3010Verschiedene Haartypen\u3011 Die Breite Haarb\u00fcrste mit breiten Z\u00e4hnen eignet sich f\u00fcr lockiges und weiches, dickes und feines, trockenes oder nasses Haar, gutes Werkzeug f\u00fcr langes Haar, kurzes Haar, lockiges Haar und glattes Haar. Sch\u00fctzen Sie Ihr Haar vor Verwicklungen und halten Sie es flauschig. Geeignet f\u00fcr Familien und Berufst\u00e4tige.<br \/>\n\u3010Qualit\u00e4tsservice\u3011 Wenn Sie Fragen haben, k\u00f6nnen Sie sich gerne an uns wenden, wir werden unser Bestes tun, um das Problem zu l\u00f6sen. Wenn Sie mit unseren Produkten nicht zufrieden sind, k\u00f6nnen wir sie erstatten oder ersetzen.<br \/>\n<div class=\"main-cross-sell\" data-asin=\"B09C2L499W\">\n\n\t<div class=\"WooZone-cross-sell-loader\">\n\t\t<div>\n\t\t\t<div id=\"floatingBarsG\">\n\t\t\t\t<div class=\"blockG\" id=\"rotateG_01\"><\/div>\n\t\t\t\t<div class=\"blockG\" id=\"rotateG_02\"><\/div>\n\t\t\t\t<div class=\"blockG\" id=\"rotateG_03\"><\/div>\n\t\t\t\t<div class=\"blockG\" id=\"rotateG_04\"><\/div>\n\t\t\t\t<div class=\"blockG\" id=\"rotateG_05\"><\/div>\n\t\t\t\t<div class=\"blockG\" id=\"rotateG_06\"><\/div>\n\t\t\t\t<div class=\"blockG\" id=\"rotateG_07\"><\/div>\n\t\t\t\t<div class=\"blockG\" id=\"rotateG_08\"><\/div>\n\t\t\t<\/div>\n\t\t\t<div class=\"WooZone-cross-sell-loader-text\"><\/div>\n\t\t<\/div>\n\t<\/div>\n\n\t\t\n<\/div>\n<div style=\"clear:both;\"><\/div><\/p>\n","protected":false},"excerpt":{"rendered":"<p>\u3010Haltbares Material\u3011 Die Breiter Zahnkam besteht aus Kohlefaser, die Oberfl\u00e4che ist glatt, er hat die Eigenschaften hohe Temperaturbest\u00e4ndigkeit, Reibungsbest\u00e4ndigkeit, Korrosionsbest\u00e4ndigkeit, antistatische Eigenschaften, leicht, langlebig und leicht zu reinigen.<br \/>\n\u3010Exquisites Design\u3011 Die richtige Abstand zwischen den Z\u00e4hnen des Haarkamm kann Haarbruch und Ziehen effektiv reduzieren. Es wurde speziell f\u00fcr Haare und den t\u00e4glichen Gebrauch entwickelt. Das flache, spitze Design wird zum Stylen, Scheiteln, Stylen, Haarf\u00e4rben und f\u00fcr Zauberst\u00e4be verwendet und bietet guten Schutz f\u00fcr die Kopfhaut.<br \/>\n\u3010Leicht zu Tragen\u3011 DieAntistatischer Haar Kamm ist leicht, bequem zu tragen und nimmt wenig Platz ein. Es kann nach dem F\u00e4rben, Stylen, Curling und Styling verwendet werden, wodurch es attraktiver wird. Regelm\u00e4\u00dfige Anwendung kann das Haar weich und seidig genug machen, um Ihren t\u00e4glichen Bedarf zu decken.<\/p>\n","protected":false},"featured_media":117135,"comment_status":"open","ping_status":"closed","template":"","meta":[],"product_brand":[],"product_cat":[2858,6994],"product_tag":[],"class_list":{"0":"post-117134","1":"product","2":"type-product","3":"status-publish","4":"has-post-thumbnail","6":"product_cat-beauty","7":"product_cat-haarpflege-styling","8":"pa_brand-fyaccd","9":"pa_manufacturer-fyaccd","11":"first","12":"instock","13":"shipping-taxable","14":"purchasable","15":"product-type-simple","16":"customify-col","17":"product-has-gallery"},"yoast_head":"<!-- This site is optimized with the Yoast SEO plugin v27.4 - https:\/\/yoast.com\/product\/yoast-seo-wordpress\/ -->\n<title>Breiter Zahnkam, Haarkamm, Haarb\u00fcrste Breiter Kamm, Antistatischer Haar Kamm, Grobzinkiger Griff-Styler Kamm, Breite\u2026 - Markt-XXL<\/title>\n<meta name=\"description\" content=\"Markt-XXL Breiter Zahnkam, Haarkamm, Haarb\u00fcrste Breiter Kamm, Antistatischer Haar Kamm, Grobzinkiger Griff-Styler Kamm, Breite\u2026\" \/>\n<meta name=\"robots\" content=\"index, follow, max-snippet:-1, max-image-preview:large, max-video-preview:-1\" \/>\n<link rel=\"canonical\" href=\"https:\/\/marktxxl.de\/markt\/produkt\/breiter-zahnkam-haarkamm-haarbuerste-breiter-kamm-antistatischer-haar-kamm-grobzinkiger-griff-styler-kamm-breite-haarbuerste-fuer-langem-nassem-oder-lockigem-haar\/\" \/>\n<meta property=\"og:locale\" content=\"de_DE\" \/>\n<meta property=\"og:type\" content=\"article\" \/>\n<meta property=\"og:title\" content=\"Breiter Zahnkam, Haarkamm, Haarb\u00fcrste Breiter Kamm, Antistatischer Haar Kamm, Grobzinkiger Griff-Styler Kamm, Breite\u2026 - Markt-XXL\" \/>\n<meta property=\"og:description\" content=\"Markt-XXL Breiter Zahnkam, Haarkamm, Haarb\u00fcrste Breiter Kamm, Antistatischer Haar Kamm, Grobzinkiger Griff-Styler Kamm, Breite\u2026\" \/>\n<meta property=\"og:url\" content=\"https:\/\/marktxxl.de\/markt\/produkt\/breiter-zahnkam-haarkamm-haarbuerste-breiter-kamm-antistatischer-haar-kamm-grobzinkiger-griff-styler-kamm-breite-haarbuerste-fuer-langem-nassem-oder-lockigem-haar\/\" \/>\n<meta property=\"og:site_name\" content=\"Markt-XXL\" \/>\n<meta property=\"article:modified_time\" content=\"2023-04-09T01:24:23+00:00\" \/>\n<meta property=\"og:image\" content=\"https:\/\/m.media-amazon.com\/images\/I\/31GYK1q+XvL._SL500_.jpg\" \/>\n\t<meta property=\"og:image:width\" content=\"500\" \/>\n\t<meta property=\"og:image:height\" content=\"500\" \/>\n\t<meta property=\"og:image:type\" content=\"image\/jpeg\" \/>\n<meta name=\"twitter:card\" content=\"summary_large_image\" \/>\n<meta name=\"twitter:label1\" content=\"Gesch\u00e4tzte Lesezeit\" \/>\n\t<meta name=\"twitter:data1\" content=\"1\u00a0Minute\" \/>\n<script type=\"application\/ld+json\" class=\"yoast-schema-graph\">{\"@context\":\"https:\\\/\\\/schema.org\",\"@graph\":[{\"@type\":\"WebPage\",\"@id\":\"https:\\\/\\\/marktxxl.de\\\/markt\\\/produkt\\\/breiter-zahnkam-haarkamm-haarbuerste-breiter-kamm-antistatischer-haar-kamm-grobzinkiger-griff-styler-kamm-breite-haarbuerste-fuer-langem-nassem-oder-lockigem-haar\\\/\",\"url\":\"https:\\\/\\\/marktxxl.de\\\/markt\\\/produkt\\\/breiter-zahnkam-haarkamm-haarbuerste-breiter-kamm-antistatischer-haar-kamm-grobzinkiger-griff-styler-kamm-breite-haarbuerste-fuer-langem-nassem-oder-lockigem-haar\\\/\",\"name\":\"Breiter Zahnkam, Haarkamm, Haarb\u00fcrste Breiter Kamm, Antistatischer Haar Kamm, Grobzinkiger Griff-Styler Kamm, Breite\u2026 - Markt-XXL\",\"isPartOf\":{\"@id\":\"https:\\\/\\\/marktxxl.de\\\/markt\\\/#website\"},\"primaryImageOfPage\":{\"@id\":\"https:\\\/\\\/marktxxl.de\\\/markt\\\/produkt\\\/breiter-zahnkam-haarkamm-haarbuerste-breiter-kamm-antistatischer-haar-kamm-grobzinkiger-griff-styler-kamm-breite-haarbuerste-fuer-langem-nassem-oder-lockigem-haar\\\/#primaryimage\"},\"image\":{\"@id\":\"https:\\\/\\\/marktxxl.de\\\/markt\\\/produkt\\\/breiter-zahnkam-haarkamm-haarbuerste-breiter-kamm-antistatischer-haar-kamm-grobzinkiger-griff-styler-kamm-breite-haarbuerste-fuer-langem-nassem-oder-lockigem-haar\\\/#primaryimage\"},\"thumbnailUrl\":\"https:\\\/\\\/m.media-amazon.com\\\/images\\\/I\\\/31GYK1q+XvL._SL500_.jpg\",\"datePublished\":\"2022-05-14T23:10:37+00:00\",\"dateModified\":\"2023-04-09T01:24:23+00:00\",\"description\":\"Markt-XXL Breiter Zahnkam, Haarkamm, Haarb\u00fcrste Breiter Kamm, Antistatischer Haar Kamm, Grobzinkiger Griff-Styler Kamm, Breite\u2026\",\"breadcrumb\":{\"@id\":\"https:\\\/\\\/marktxxl.de\\\/markt\\\/produkt\\\/breiter-zahnkam-haarkamm-haarbuerste-breiter-kamm-antistatischer-haar-kamm-grobzinkiger-griff-styler-kamm-breite-haarbuerste-fuer-langem-nassem-oder-lockigem-haar\\\/#breadcrumb\"},\"inLanguage\":\"de\",\"potentialAction\":[{\"@type\":\"ReadAction\",\"target\":[\"https:\\\/\\\/marktxxl.de\\\/markt\\\/produkt\\\/breiter-zahnkam-haarkamm-haarbuerste-breiter-kamm-antistatischer-haar-kamm-grobzinkiger-griff-styler-kamm-breite-haarbuerste-fuer-langem-nassem-oder-lockigem-haar\\\/\"]}]},{\"@type\":\"ImageObject\",\"inLanguage\":\"de\",\"@id\":\"https:\\\/\\\/marktxxl.de\\\/markt\\\/produkt\\\/breiter-zahnkam-haarkamm-haarbuerste-breiter-kamm-antistatischer-haar-kamm-grobzinkiger-griff-styler-kamm-breite-haarbuerste-fuer-langem-nassem-oder-lockigem-haar\\\/#primaryimage\",\"url\":\"https:\\\/\\\/m.media-amazon.com\\\/images\\\/I\\\/31GYK1q+XvL._SL500_.jpg\",\"contentUrl\":\"https:\\\/\\\/m.media-amazon.com\\\/images\\\/I\\\/31GYK1q+XvL._SL500_.jpg\",\"width\":500,\"height\":500},{\"@type\":\"BreadcrumbList\",\"@id\":\"https:\\\/\\\/marktxxl.de\\\/markt\\\/produkt\\\/breiter-zahnkam-haarkamm-haarbuerste-breiter-kamm-antistatischer-haar-kamm-grobzinkiger-griff-styler-kamm-breite-haarbuerste-fuer-langem-nassem-oder-lockigem-haar\\\/#breadcrumb\",\"itemListElement\":[{\"@type\":\"ListItem\",\"position\":1,\"name\":\"Startseite\",\"item\":\"https:\\\/\\\/marktxxl.de\\\/markt\\\/\"},{\"@type\":\"ListItem\",\"position\":2,\"name\":\"Markt\",\"item\":\"https:\\\/\\\/marktxxl.de\\\/markt\\\/\"},{\"@type\":\"ListItem\",\"position\":3,\"name\":\"Breiter Zahnkam, Haarkamm, Haarb\u00fcrste Breiter Kamm, Antistatischer Haar Kamm, Grobzinkiger Griff-Styler Kamm, Breite\u2026\"}]},{\"@type\":\"WebSite\",\"@id\":\"https:\\\/\\\/marktxxl.de\\\/markt\\\/#website\",\"url\":\"https:\\\/\\\/marktxxl.de\\\/markt\\\/\",\"name\":\"Markt-XXL\",\"description\":\"Ihr Markt Online\",\"publisher\":{\"@id\":\"https:\\\/\\\/marktxxl.de\\\/markt\\\/#organization\"},\"potentialAction\":[{\"@type\":\"SearchAction\",\"target\":{\"@type\":\"EntryPoint\",\"urlTemplate\":\"https:\\\/\\\/marktxxl.de\\\/markt\\\/?s={search_term_string}\"},\"query-input\":{\"@type\":\"PropertyValueSpecification\",\"valueRequired\":true,\"valueName\":\"search_term_string\"}}],\"inLanguage\":\"de\"},{\"@type\":\"Organization\",\"@id\":\"https:\\\/\\\/marktxxl.de\\\/markt\\\/#organization\",\"name\":\"Markt-XXL\",\"url\":\"https:\\\/\\\/marktxxl.de\\\/markt\\\/\",\"logo\":{\"@type\":\"ImageObject\",\"inLanguage\":\"de\",\"@id\":\"https:\\\/\\\/marktxxl.de\\\/markt\\\/#\\\/schema\\\/logo\\\/image\\\/\",\"url\":\"https:\\\/\\\/marktxxl.de\\\/markt\\\/wp-content\\\/uploads\\\/sites\\\/3\\\/2020\\\/12\\\/logo.png\",\"contentUrl\":\"https:\\\/\\\/marktxxl.de\\\/markt\\\/wp-content\\\/uploads\\\/sites\\\/3\\\/2020\\\/12\\\/logo.png\",\"width\":200,\"height\":70,\"caption\":\"Markt-XXL\"},\"image\":{\"@id\":\"https:\\\/\\\/marktxxl.de\\\/markt\\\/#\\\/schema\\\/logo\\\/image\\\/\"}}]}<\/script>\n<!-- \/ Yoast SEO plugin. -->","yoast_head_json":{"title":"Breiter Zahnkam, Haarkamm, Haarb\u00fcrste Breiter Kamm, Antistatischer Haar Kamm, Grobzinkiger Griff-Styler Kamm, Breite\u2026 - Markt-XXL","description":"Markt-XXL Breiter Zahnkam, Haarkamm, Haarb\u00fcrste Breiter Kamm, Antistatischer Haar Kamm, Grobzinkiger Griff-Styler Kamm, Breite\u2026","robots":{"index":"index","follow":"follow","max-snippet":"max-snippet:-1","max-image-preview":"max-image-preview:large","max-video-preview":"max-video-preview:-1"},"canonical":"https:\/\/marktxxl.de\/markt\/produkt\/breiter-zahnkam-haarkamm-haarbuerste-breiter-kamm-antistatischer-haar-kamm-grobzinkiger-griff-styler-kamm-breite-haarbuerste-fuer-langem-nassem-oder-lockigem-haar\/","og_locale":"de_DE","og_type":"article","og_title":"Breiter Zahnkam, Haarkamm, Haarb\u00fcrste Breiter Kamm, Antistatischer Haar Kamm, Grobzinkiger Griff-Styler Kamm, Breite\u2026 - Markt-XXL","og_description":"Markt-XXL Breiter Zahnkam, Haarkamm, Haarb\u00fcrste Breiter Kamm, Antistatischer Haar Kamm, Grobzinkiger Griff-Styler Kamm, Breite\u2026","og_url":"https:\/\/marktxxl.de\/markt\/produkt\/breiter-zahnkam-haarkamm-haarbuerste-breiter-kamm-antistatischer-haar-kamm-grobzinkiger-griff-styler-kamm-breite-haarbuerste-fuer-langem-nassem-oder-lockigem-haar\/","og_site_name":"Markt-XXL","article_modified_time":"2023-04-09T01:24:23+00:00","og_image":[{"width":500,"height":500,"url":"https:\/\/m.media-amazon.com\/images\/I\/31GYK1q+XvL._SL500_.jpg","type":"image\/jpeg"}],"twitter_card":"summary_large_image","twitter_misc":{"Gesch\u00e4tzte Lesezeit":"1\u00a0Minute"},"schema":{"@context":"https:\/\/schema.org","@graph":[{"@type":"WebPage","@id":"https:\/\/marktxxl.de\/markt\/produkt\/breiter-zahnkam-haarkamm-haarbuerste-breiter-kamm-antistatischer-haar-kamm-grobzinkiger-griff-styler-kamm-breite-haarbuerste-fuer-langem-nassem-oder-lockigem-haar\/","url":"https:\/\/marktxxl.de\/markt\/produkt\/breiter-zahnkam-haarkamm-haarbuerste-breiter-kamm-antistatischer-haar-kamm-grobzinkiger-griff-styler-kamm-breite-haarbuerste-fuer-langem-nassem-oder-lockigem-haar\/","name":"Breiter Zahnkam, Haarkamm, Haarb\u00fcrste Breiter Kamm, Antistatischer Haar Kamm, Grobzinkiger Griff-Styler Kamm, Breite\u2026 - Markt-XXL","isPartOf":{"@id":"https:\/\/marktxxl.de\/markt\/#website"},"primaryImageOfPage":{"@id":"https:\/\/marktxxl.de\/markt\/produkt\/breiter-zahnkam-haarkamm-haarbuerste-breiter-kamm-antistatischer-haar-kamm-grobzinkiger-griff-styler-kamm-breite-haarbuerste-fuer-langem-nassem-oder-lockigem-haar\/#primaryimage"},"image":{"@id":"https:\/\/marktxxl.de\/markt\/produkt\/breiter-zahnkam-haarkamm-haarbuerste-breiter-kamm-antistatischer-haar-kamm-grobzinkiger-griff-styler-kamm-breite-haarbuerste-fuer-langem-nassem-oder-lockigem-haar\/#primaryimage"},"thumbnailUrl":"https:\/\/m.media-amazon.com\/images\/I\/31GYK1q+XvL._SL500_.jpg","datePublished":"2022-05-14T23:10:37+00:00","dateModified":"2023-04-09T01:24:23+00:00","description":"Markt-XXL Breiter Zahnkam, Haarkamm, Haarb\u00fcrste Breiter Kamm, Antistatischer Haar Kamm, Grobzinkiger Griff-Styler Kamm, Breite\u2026","breadcrumb":{"@id":"https:\/\/marktxxl.de\/markt\/produkt\/breiter-zahnkam-haarkamm-haarbuerste-breiter-kamm-antistatischer-haar-kamm-grobzinkiger-griff-styler-kamm-breite-haarbuerste-fuer-langem-nassem-oder-lockigem-haar\/#breadcrumb"},"inLanguage":"de","potentialAction":[{"@type":"ReadAction","target":["https:\/\/marktxxl.de\/markt\/produkt\/breiter-zahnkam-haarkamm-haarbuerste-breiter-kamm-antistatischer-haar-kamm-grobzinkiger-griff-styler-kamm-breite-haarbuerste-fuer-langem-nassem-oder-lockigem-haar\/"]}]},{"@type":"ImageObject","inLanguage":"de","@id":"https:\/\/marktxxl.de\/markt\/produkt\/breiter-zahnkam-haarkamm-haarbuerste-breiter-kamm-antistatischer-haar-kamm-grobzinkiger-griff-styler-kamm-breite-haarbuerste-fuer-langem-nassem-oder-lockigem-haar\/#primaryimage","url":"https:\/\/m.media-amazon.com\/images\/I\/31GYK1q+XvL._SL500_.jpg","contentUrl":"https:\/\/m.media-amazon.com\/images\/I\/31GYK1q+XvL._SL500_.jpg","width":500,"height":500},{"@type":"BreadcrumbList","@id":"https:\/\/marktxxl.de\/markt\/produkt\/breiter-zahnkam-haarkamm-haarbuerste-breiter-kamm-antistatischer-haar-kamm-grobzinkiger-griff-styler-kamm-breite-haarbuerste-fuer-langem-nassem-oder-lockigem-haar\/#breadcrumb","itemListElement":[{"@type":"ListItem","position":1,"name":"Startseite","item":"https:\/\/marktxxl.de\/markt\/"},{"@type":"ListItem","position":2,"name":"Markt","item":"https:\/\/marktxxl.de\/markt\/"},{"@type":"ListItem","position":3,"name":"Breiter Zahnkam, Haarkamm, Haarb\u00fcrste Breiter Kamm, Antistatischer Haar Kamm, Grobzinkiger Griff-Styler Kamm, Breite\u2026"}]},{"@type":"WebSite","@id":"https:\/\/marktxxl.de\/markt\/#website","url":"https:\/\/marktxxl.de\/markt\/","name":"Markt-XXL","description":"Ihr Markt Online","publisher":{"@id":"https:\/\/marktxxl.de\/markt\/#organization"},"potentialAction":[{"@type":"SearchAction","target":{"@type":"EntryPoint","urlTemplate":"https:\/\/marktxxl.de\/markt\/?s={search_term_string}"},"query-input":{"@type":"PropertyValueSpecification","valueRequired":true,"valueName":"search_term_string"}}],"inLanguage":"de"},{"@type":"Organization","@id":"https:\/\/marktxxl.de\/markt\/#organization","name":"Markt-XXL","url":"https:\/\/marktxxl.de\/markt\/","logo":{"@type":"ImageObject","inLanguage":"de","@id":"https:\/\/marktxxl.de\/markt\/#\/schema\/logo\/image\/","url":"https:\/\/marktxxl.de\/markt\/wp-content\/uploads\/sites\/3\/2020\/12\/logo.png","contentUrl":"https:\/\/marktxxl.de\/markt\/wp-content\/uploads\/sites\/3\/2020\/12\/logo.png","width":200,"height":70,"caption":"Markt-XXL"},"image":{"@id":"https:\/\/marktxxl.de\/markt\/#\/schema\/logo\/image\/"}}]}},"_links":{"self":[{"href":"https:\/\/marktxxl.de\/markt\/wp-json\/wp\/v2\/product\/117134","targetHints":{"allow":["GET"]}}],"collection":[{"href":"https:\/\/marktxxl.de\/markt\/wp-json\/wp\/v2\/product"}],"about":[{"href":"https:\/\/marktxxl.de\/markt\/wp-json\/wp\/v2\/types\/product"}],"replies":[{"embeddable":true,"href":"https:\/\/marktxxl.de\/markt\/wp-json\/wp\/v2\/comments?post=117134"}],"wp:featuredmedia":[{"embeddable":true,"href":"https:\/\/marktxxl.de\/markt\/wp-json\/wp\/v2\/media\/117135"}],"wp:attachment":[{"href":"https:\/\/marktxxl.de\/markt\/wp-json\/wp\/v2\/media?parent=117134"}],"wp:term":[{"taxonomy":"product_brand","embeddable":true,"href":"https:\/\/marktxxl.de\/markt\/wp-json\/wp\/v2\/product_brand?post=117134"},{"taxonomy":"product_cat","embeddable":true,"href":"https:\/\/marktxxl.de\/markt\/wp-json\/wp\/v2\/product_cat?post=117134"},{"taxonomy":"product_tag","embeddable":true,"href":"https:\/\/marktxxl.de\/markt\/wp-json\/wp\/v2\/product_tag?post=117134"}],"curies":[{"name":"wp","href":"https:\/\/api.w.org\/{rel}","templated":true}]}}