{"id":117111,"date":"2022-05-15T01:07:47","date_gmt":"2022-05-14T23:07:47","guid":{"rendered":"https:\/\/marktxxl.de\/markt\/produkt\/framar-gummierte-haarklammern\/"},"modified":"2023-04-09T03:23:41","modified_gmt":"2023-04-09T01:23:41","slug":"framar-gummierte-haarklammern","status":"publish","type":"product","link":"https:\/\/marktxxl.de\/markt\/produkt\/framar-gummierte-haarklammern\/","title":{"rendered":"Framar Gummierte Haarklammern"},"content":{"rendered":"<p>Hohe Qualit\u00e4t \u2013 4 hochwertige Krokodilklemmen mit hoher Elastizit\u00e4t, Metallfeder, die auch nach mehrmaligem Gebrauch lange h\u00e4lt. Erh\u00f6ht die Langlebigkeit jeder Spange.<br \/>\nVielseitig: Diese handlichen Krokodil-Haarklemmen sind perfekt zum F\u00e4rben, Schneiden und Stylen aller M\u00e4nner- und Frauenhaare geeignet. Verf\u00fcgen \u00fcber zwei Federn, die es ihnen erm\u00f6glichen, sich automatisch an jede Art von Haar anzupassen, unabh\u00e4ngig von Menge, Dicke oder Typ. Sie sind perfekte Haarspangen zum Stylen und Haarspangen f\u00fcr Damen.<br \/>\nKein Verrutschen \u2013 gummierte Textur sorgt f\u00fcr einen erh\u00f6hten Halt ohne Verrutschen.<br \/>\nVielseitig \u2013 funktioniert gut mit allen Haartypen, einschlie\u00dflich lockig, dick, fein oder Haarverl\u00e4ngerungen. Sie eignen sich auch als perfekte Schnittklammern.<br \/>\nGro\u00dfartiges Preis-Leistungs-Verh\u00e4ltnis \u2013 jede Packung enth\u00e4lt 4 rosa Krokodilklammern.<br \/>\n<div class=\"main-cross-sell\" data-asin=\"B00U9RQEFO\">\n\n\t<div class=\"WooZone-cross-sell-loader\">\n\t\t<div>\n\t\t\t<div id=\"floatingBarsG\">\n\t\t\t\t<div class=\"blockG\" id=\"rotateG_01\"><\/div>\n\t\t\t\t<div class=\"blockG\" id=\"rotateG_02\"><\/div>\n\t\t\t\t<div class=\"blockG\" id=\"rotateG_03\"><\/div>\n\t\t\t\t<div class=\"blockG\" id=\"rotateG_04\"><\/div>\n\t\t\t\t<div class=\"blockG\" id=\"rotateG_05\"><\/div>\n\t\t\t\t<div class=\"blockG\" id=\"rotateG_06\"><\/div>\n\t\t\t\t<div class=\"blockG\" id=\"rotateG_07\"><\/div>\n\t\t\t\t<div class=\"blockG\" id=\"rotateG_08\"><\/div>\n\t\t\t<\/div>\n\t\t\t<div class=\"WooZone-cross-sell-loader-text\"><\/div>\n\t\t<\/div>\n\t<\/div>\n\n\t\t\n<\/div>\n<div style=\"clear:both;\"><\/div><\/p>\n","protected":false},"excerpt":{"rendered":"<p>Hohe Qualit\u00e4t \u2013 4 hochwertige Krokodilklemmen mit hoher Elastizit\u00e4t, Metallfeder, die auch nach mehrmaligem Gebrauch lange h\u00e4lt. Erh\u00f6ht die Langlebigkeit jeder Spange.<br \/>\nVielseitig: Diese handlichen Krokodil-Haarklemmen sind perfekt zum F\u00e4rben, Schneiden und Stylen aller M\u00e4nner- und Frauenhaare geeignet. Verf\u00fcgen \u00fcber zwei Federn, die es ihnen erm\u00f6glichen, sich automatisch an jede Art von Haar anzupassen, unabh\u00e4ngig von Menge, Dicke oder Typ. Sie sind perfekte Haarspangen zum Stylen und Haarspangen f\u00fcr Damen.<br \/>\nKein Verrutschen \u2013 gummierte Textur sorgt f\u00fcr einen erh\u00f6hten Halt ohne Verrutschen.<\/p>\n","protected":false},"featured_media":117112,"comment_status":"open","ping_status":"closed","template":"","meta":[],"product_brand":[],"product_cat":[2858,6994],"product_tag":[],"class_list":{"0":"post-117111","1":"product","2":"type-product","3":"status-publish","4":"has-post-thumbnail","6":"product_cat-beauty","7":"product_cat-haarpflege-styling","8":"pa_binding-badartikel","9":"pa_brand-framar","10":"pa_height-0-zoll","11":"pa_length-0-zoll","12":"pa_manufacturer-framar","13":"pa_model-34449","14":"pa_size-4-stueck-1er-pack","15":"pa_weight-0-13-pfund","16":"pa_width-0-zoll","18":"first","19":"instock","20":"shipping-taxable","21":"purchasable","22":"product-type-simple","23":"customify-col","24":"product-has-gallery"},"yoast_head":"<!-- This site is optimized with the Yoast SEO plugin v27.3 - https:\/\/yoast.com\/product\/yoast-seo-wordpress\/ -->\n<title>Framar Gummierte Haarklammern - Markt-XXL<\/title>\n<meta name=\"description\" content=\"Markt-XXL Framar Gummierte Haarklammern\" \/>\n<meta name=\"robots\" content=\"index, follow, max-snippet:-1, max-image-preview:large, max-video-preview:-1\" \/>\n<link rel=\"canonical\" href=\"https:\/\/marktxxl.de\/markt\/produkt\/framar-gummierte-haarklammern\/\" \/>\n<meta property=\"og:locale\" content=\"de_DE\" \/>\n<meta property=\"og:type\" content=\"article\" \/>\n<meta property=\"og:title\" content=\"Framar Gummierte Haarklammern - Markt-XXL\" \/>\n<meta property=\"og:description\" content=\"Markt-XXL Framar Gummierte Haarklammern\" \/>\n<meta property=\"og:url\" content=\"https:\/\/marktxxl.de\/markt\/produkt\/framar-gummierte-haarklammern\/\" \/>\n<meta property=\"og:site_name\" content=\"Markt-XXL\" \/>\n<meta property=\"article:modified_time\" content=\"2023-04-09T01:23:41+00:00\" \/>\n<meta property=\"og:image\" content=\"https:\/\/m.media-amazon.com\/images\/I\/41Cq5r1e2ML._SL500_.jpg\" \/>\n\t<meta property=\"og:image:width\" content=\"400\" \/>\n\t<meta property=\"og:image:height\" content=\"500\" \/>\n\t<meta property=\"og:image:type\" content=\"image\/jpeg\" \/>\n<meta name=\"twitter:card\" content=\"summary_large_image\" \/>\n<meta name=\"twitter:label1\" content=\"Gesch\u00e4tzte Lesezeit\" \/>\n\t<meta name=\"twitter:data1\" content=\"1\u00a0Minute\" \/>\n<script type=\"application\/ld+json\" class=\"yoast-schema-graph\">{\"@context\":\"https:\\\/\\\/schema.org\",\"@graph\":[{\"@type\":\"WebPage\",\"@id\":\"https:\\\/\\\/marktxxl.de\\\/markt\\\/produkt\\\/framar-gummierte-haarklammern\\\/\",\"url\":\"https:\\\/\\\/marktxxl.de\\\/markt\\\/produkt\\\/framar-gummierte-haarklammern\\\/\",\"name\":\"Framar Gummierte Haarklammern - Markt-XXL\",\"isPartOf\":{\"@id\":\"https:\\\/\\\/marktxxl.de\\\/markt\\\/#website\"},\"primaryImageOfPage\":{\"@id\":\"https:\\\/\\\/marktxxl.de\\\/markt\\\/produkt\\\/framar-gummierte-haarklammern\\\/#primaryimage\"},\"image\":{\"@id\":\"https:\\\/\\\/marktxxl.de\\\/markt\\\/produkt\\\/framar-gummierte-haarklammern\\\/#primaryimage\"},\"thumbnailUrl\":\"https:\\\/\\\/m.media-amazon.com\\\/images\\\/I\\\/41Cq5r1e2ML._SL500_.jpg\",\"datePublished\":\"2022-05-14T23:07:47+00:00\",\"dateModified\":\"2023-04-09T01:23:41+00:00\",\"description\":\"Markt-XXL Framar Gummierte Haarklammern\",\"breadcrumb\":{\"@id\":\"https:\\\/\\\/marktxxl.de\\\/markt\\\/produkt\\\/framar-gummierte-haarklammern\\\/#breadcrumb\"},\"inLanguage\":\"de\",\"potentialAction\":[{\"@type\":\"ReadAction\",\"target\":[\"https:\\\/\\\/marktxxl.de\\\/markt\\\/produkt\\\/framar-gummierte-haarklammern\\\/\"]}]},{\"@type\":\"ImageObject\",\"inLanguage\":\"de\",\"@id\":\"https:\\\/\\\/marktxxl.de\\\/markt\\\/produkt\\\/framar-gummierte-haarklammern\\\/#primaryimage\",\"url\":\"https:\\\/\\\/m.media-amazon.com\\\/images\\\/I\\\/41Cq5r1e2ML._SL500_.jpg\",\"contentUrl\":\"https:\\\/\\\/m.media-amazon.com\\\/images\\\/I\\\/41Cq5r1e2ML._SL500_.jpg\",\"width\":400,\"height\":500},{\"@type\":\"BreadcrumbList\",\"@id\":\"https:\\\/\\\/marktxxl.de\\\/markt\\\/produkt\\\/framar-gummierte-haarklammern\\\/#breadcrumb\",\"itemListElement\":[{\"@type\":\"ListItem\",\"position\":1,\"name\":\"Startseite\",\"item\":\"https:\\\/\\\/marktxxl.de\\\/markt\\\/\"},{\"@type\":\"ListItem\",\"position\":2,\"name\":\"Markt\",\"item\":\"https:\\\/\\\/marktxxl.de\\\/markt\\\/\"},{\"@type\":\"ListItem\",\"position\":3,\"name\":\"Framar Gummierte Haarklammern\"}]},{\"@type\":\"WebSite\",\"@id\":\"https:\\\/\\\/marktxxl.de\\\/markt\\\/#website\",\"url\":\"https:\\\/\\\/marktxxl.de\\\/markt\\\/\",\"name\":\"Markt-XXL\",\"description\":\"Ihr Markt Online\",\"publisher\":{\"@id\":\"https:\\\/\\\/marktxxl.de\\\/markt\\\/#organization\"},\"potentialAction\":[{\"@type\":\"SearchAction\",\"target\":{\"@type\":\"EntryPoint\",\"urlTemplate\":\"https:\\\/\\\/marktxxl.de\\\/markt\\\/?s={search_term_string}\"},\"query-input\":{\"@type\":\"PropertyValueSpecification\",\"valueRequired\":true,\"valueName\":\"search_term_string\"}}],\"inLanguage\":\"de\"},{\"@type\":\"Organization\",\"@id\":\"https:\\\/\\\/marktxxl.de\\\/markt\\\/#organization\",\"name\":\"Markt-XXL\",\"url\":\"https:\\\/\\\/marktxxl.de\\\/markt\\\/\",\"logo\":{\"@type\":\"ImageObject\",\"inLanguage\":\"de\",\"@id\":\"https:\\\/\\\/marktxxl.de\\\/markt\\\/#\\\/schema\\\/logo\\\/image\\\/\",\"url\":\"https:\\\/\\\/marktxxl.de\\\/markt\\\/wp-content\\\/uploads\\\/sites\\\/3\\\/2020\\\/12\\\/logo.png\",\"contentUrl\":\"https:\\\/\\\/marktxxl.de\\\/markt\\\/wp-content\\\/uploads\\\/sites\\\/3\\\/2020\\\/12\\\/logo.png\",\"width\":200,\"height\":70,\"caption\":\"Markt-XXL\"},\"image\":{\"@id\":\"https:\\\/\\\/marktxxl.de\\\/markt\\\/#\\\/schema\\\/logo\\\/image\\\/\"}}]}<\/script>\n<!-- \/ Yoast SEO plugin. -->","yoast_head_json":{"title":"Framar Gummierte Haarklammern - Markt-XXL","description":"Markt-XXL Framar Gummierte Haarklammern","robots":{"index":"index","follow":"follow","max-snippet":"max-snippet:-1","max-image-preview":"max-image-preview:large","max-video-preview":"max-video-preview:-1"},"canonical":"https:\/\/marktxxl.de\/markt\/produkt\/framar-gummierte-haarklammern\/","og_locale":"de_DE","og_type":"article","og_title":"Framar Gummierte Haarklammern - Markt-XXL","og_description":"Markt-XXL Framar Gummierte Haarklammern","og_url":"https:\/\/marktxxl.de\/markt\/produkt\/framar-gummierte-haarklammern\/","og_site_name":"Markt-XXL","article_modified_time":"2023-04-09T01:23:41+00:00","og_image":[{"width":400,"height":500,"url":"https:\/\/m.media-amazon.com\/images\/I\/41Cq5r1e2ML._SL500_.jpg","type":"image\/jpeg"}],"twitter_card":"summary_large_image","twitter_misc":{"Gesch\u00e4tzte Lesezeit":"1\u00a0Minute"},"schema":{"@context":"https:\/\/schema.org","@graph":[{"@type":"WebPage","@id":"https:\/\/marktxxl.de\/markt\/produkt\/framar-gummierte-haarklammern\/","url":"https:\/\/marktxxl.de\/markt\/produkt\/framar-gummierte-haarklammern\/","name":"Framar Gummierte Haarklammern - Markt-XXL","isPartOf":{"@id":"https:\/\/marktxxl.de\/markt\/#website"},"primaryImageOfPage":{"@id":"https:\/\/marktxxl.de\/markt\/produkt\/framar-gummierte-haarklammern\/#primaryimage"},"image":{"@id":"https:\/\/marktxxl.de\/markt\/produkt\/framar-gummierte-haarklammern\/#primaryimage"},"thumbnailUrl":"https:\/\/m.media-amazon.com\/images\/I\/41Cq5r1e2ML._SL500_.jpg","datePublished":"2022-05-14T23:07:47+00:00","dateModified":"2023-04-09T01:23:41+00:00","description":"Markt-XXL Framar Gummierte Haarklammern","breadcrumb":{"@id":"https:\/\/marktxxl.de\/markt\/produkt\/framar-gummierte-haarklammern\/#breadcrumb"},"inLanguage":"de","potentialAction":[{"@type":"ReadAction","target":["https:\/\/marktxxl.de\/markt\/produkt\/framar-gummierte-haarklammern\/"]}]},{"@type":"ImageObject","inLanguage":"de","@id":"https:\/\/marktxxl.de\/markt\/produkt\/framar-gummierte-haarklammern\/#primaryimage","url":"https:\/\/m.media-amazon.com\/images\/I\/41Cq5r1e2ML._SL500_.jpg","contentUrl":"https:\/\/m.media-amazon.com\/images\/I\/41Cq5r1e2ML._SL500_.jpg","width":400,"height":500},{"@type":"BreadcrumbList","@id":"https:\/\/marktxxl.de\/markt\/produkt\/framar-gummierte-haarklammern\/#breadcrumb","itemListElement":[{"@type":"ListItem","position":1,"name":"Startseite","item":"https:\/\/marktxxl.de\/markt\/"},{"@type":"ListItem","position":2,"name":"Markt","item":"https:\/\/marktxxl.de\/markt\/"},{"@type":"ListItem","position":3,"name":"Framar Gummierte Haarklammern"}]},{"@type":"WebSite","@id":"https:\/\/marktxxl.de\/markt\/#website","url":"https:\/\/marktxxl.de\/markt\/","name":"Markt-XXL","description":"Ihr Markt Online","publisher":{"@id":"https:\/\/marktxxl.de\/markt\/#organization"},"potentialAction":[{"@type":"SearchAction","target":{"@type":"EntryPoint","urlTemplate":"https:\/\/marktxxl.de\/markt\/?s={search_term_string}"},"query-input":{"@type":"PropertyValueSpecification","valueRequired":true,"valueName":"search_term_string"}}],"inLanguage":"de"},{"@type":"Organization","@id":"https:\/\/marktxxl.de\/markt\/#organization","name":"Markt-XXL","url":"https:\/\/marktxxl.de\/markt\/","logo":{"@type":"ImageObject","inLanguage":"de","@id":"https:\/\/marktxxl.de\/markt\/#\/schema\/logo\/image\/","url":"https:\/\/marktxxl.de\/markt\/wp-content\/uploads\/sites\/3\/2020\/12\/logo.png","contentUrl":"https:\/\/marktxxl.de\/markt\/wp-content\/uploads\/sites\/3\/2020\/12\/logo.png","width":200,"height":70,"caption":"Markt-XXL"},"image":{"@id":"https:\/\/marktxxl.de\/markt\/#\/schema\/logo\/image\/"}}]}},"_links":{"self":[{"href":"https:\/\/marktxxl.de\/markt\/wp-json\/wp\/v2\/product\/117111","targetHints":{"allow":["GET"]}}],"collection":[{"href":"https:\/\/marktxxl.de\/markt\/wp-json\/wp\/v2\/product"}],"about":[{"href":"https:\/\/marktxxl.de\/markt\/wp-json\/wp\/v2\/types\/product"}],"replies":[{"embeddable":true,"href":"https:\/\/marktxxl.de\/markt\/wp-json\/wp\/v2\/comments?post=117111"}],"wp:featuredmedia":[{"embeddable":true,"href":"https:\/\/marktxxl.de\/markt\/wp-json\/wp\/v2\/media\/117112"}],"wp:attachment":[{"href":"https:\/\/marktxxl.de\/markt\/wp-json\/wp\/v2\/media?parent=117111"}],"wp:term":[{"taxonomy":"product_brand","embeddable":true,"href":"https:\/\/marktxxl.de\/markt\/wp-json\/wp\/v2\/product_brand?post=117111"},{"taxonomy":"product_cat","embeddable":true,"href":"https:\/\/marktxxl.de\/markt\/wp-json\/wp\/v2\/product_cat?post=117111"},{"taxonomy":"product_tag","embeddable":true,"href":"https:\/\/marktxxl.de\/markt\/wp-json\/wp\/v2\/product_tag?post=117111"}],"curies":[{"name":"wp","href":"https:\/\/api.w.org\/{rel}","templated":true}]}}