{"id":114811,"date":"2022-05-14T22:55:10","date_gmt":"2022-05-14T20:55:10","guid":{"rendered":"https:\/\/marktxxl.de\/markt\/produkt\/noppies-baby-kinder-unisex-strickjacke-jacke-jungen-maedchen\/"},"modified":"2023-04-10T03:44:47","modified_gmt":"2023-04-10T01:44:47","slug":"noppies-baby-kinder-unisex-strickjacke-jacke-jungen-maedchen","status":"publish","type":"product","link":"https:\/\/marktxxl.de\/markt\/produkt\/noppies-baby-kinder-unisex-strickjacke-jacke-jungen-maedchen\/","title":{"rendered":"Noppies Baby Kinder Unisex Strickjacke Jacke Jungen &amp; M\u00e4dchen"},"content":{"rendered":"<p>Magst du es ein bisschen exklusiver? Diese Jacke mit Leopardenmuster von Noppies ist eines unserer limited Edition Artikel und ein Muss f\u00fcr deine Babygarderobe. Die Jacke hat lange \u00c4rmel, eine Kapuze und kann auch beidseitig getragen werden. W\u00e4hle die unifarbene Seite mit einem Hauch von Zebra oder hast du Lust auf einen Allover-Print?<br \/>\nDie Jacke hat praktische Druckkn\u00f6pfe und \u00c4rmel, die du leicht umschlagen kannst, wenn sie noch etwas zu lang sind.Die Jacke ist aus superweicher, GOTS-zertifizierter Baumwolle. Ideal f\u00fcr dein Kind, aber auch f\u00fcr die Bekleidungshersteller und die Umwelt.M\u00f6chtest du noch mehr mit diesem coolen Print?<br \/>\nWir haben ihn auch als Hose, Kleid, Strampelanzug und Shirt. Du vervollst\u00e4ndigst das Outfit mit den passenden Socken und M\u00fctze. So s\u00fc\u00df! M\u00f6chtest du es noch verspielter? Kombiniere diesen Zebraprint mit unserem Leopardenmuster in limited Edition. So cool!<br \/>\nEine Seite ist mit einem Herzmuster versehen, die andere Seite ist einfarbig.<br \/>\nDie Jacke ist aus besonders weichem Material gearbeitet und hat eine Kapuze.<br \/>\n<div class=\"main-cross-sell\" data-asin=\"B086ZTV6W6\">\n\n\t<div class=\"WooZone-cross-sell-loader\">\n\t\t<div>\n\t\t\t<div id=\"floatingBarsG\">\n\t\t\t\t<div class=\"blockG\" id=\"rotateG_01\"><\/div>\n\t\t\t\t<div class=\"blockG\" id=\"rotateG_02\"><\/div>\n\t\t\t\t<div class=\"blockG\" id=\"rotateG_03\"><\/div>\n\t\t\t\t<div class=\"blockG\" id=\"rotateG_04\"><\/div>\n\t\t\t\t<div class=\"blockG\" id=\"rotateG_05\"><\/div>\n\t\t\t\t<div class=\"blockG\" id=\"rotateG_06\"><\/div>\n\t\t\t\t<div class=\"blockG\" id=\"rotateG_07\"><\/div>\n\t\t\t\t<div class=\"blockG\" id=\"rotateG_08\"><\/div>\n\t\t\t<\/div>\n\t\t\t<div class=\"WooZone-cross-sell-loader-text\"><\/div>\n\t\t<\/div>\n\t<\/div>\n\n\t\t\n<\/div>\n<div style=\"clear:both;\"><\/div><\/p>\n","protected":false},"excerpt":{"rendered":"<p>Magst du es ein bisschen exklusiver? Diese Jacke mit Leopardenmuster von Noppies ist eines unserer limited Edition Artikel und ein Muss f\u00fcr deine Babygarderobe. Die Jacke hat lange \u00c4rmel, eine Kapuze und kann auch beidseitig getragen werden. W\u00e4hle die unifarbene Seite mit einem Hauch von Zebra oder hast du Lust auf einen Allover-Print?<br \/>\nDie Jacke hat praktische Druckkn\u00f6pfe und \u00c4rmel, die du leicht umschlagen kannst, wenn sie noch etwas zu lang sind.Die Jacke ist aus superweicher, GOTS-zertifizierter Baumwolle. Ideal f\u00fcr dein Kind, aber auch f\u00fcr die Bekleidungshersteller und die Umwelt.M\u00f6chtest du noch mehr mit diesem coolen Print?<br \/>\nWir haben ihn auch als Hose, Kleid, Strampelanzug und Shirt. Du vervollst\u00e4ndigst das Outfit mit den passenden Socken und M\u00fctze. So s\u00fc\u00df! M\u00f6chtest du es noch verspielter? Kombiniere diesen Zebraprint mit unserem Leopardenmuster in limited Edition. So cool!<\/p>\n","protected":false},"featured_media":114812,"comment_status":"open","ping_status":"closed","template":"","meta":[],"product_brand":[],"product_cat":[21,9478],"product_tag":[],"class_list":{"0":"post-114811","1":"product","2":"type-product","3":"status-publish","4":"has-post-thumbnail","6":"product_cat-baby","7":"product_cat-umstandskleidung-baby","8":"pa_binding-textilien","9":"pa_brand-noppies","10":"pa_height-3-93700787-zoll","11":"pa_length-3-93700787-zoll","12":"pa_width-1-181102361-zoll","14":"first","15":"instock","16":"shipping-taxable","17":"purchasable","18":"product-type-simple","19":"customify-col","20":"product-has-gallery"},"yoast_head":"<!-- This site is optimized with the Yoast SEO plugin v27.4 - https:\/\/yoast.com\/product\/yoast-seo-wordpress\/ -->\n<title>Noppies Baby Kinder Unisex Strickjacke Jacke Jungen &amp; M\u00e4dchen - Markt-XXL<\/title>\n<meta name=\"description\" content=\"Markt-XXL Noppies Baby Kinder Unisex Strickjacke Jacke Jungen &amp; M\u00e4dchen\" \/>\n<meta name=\"robots\" content=\"index, follow, max-snippet:-1, max-image-preview:large, max-video-preview:-1\" \/>\n<link rel=\"canonical\" href=\"https:\/\/marktxxl.de\/markt\/produkt\/noppies-baby-kinder-unisex-strickjacke-jacke-jungen-maedchen\/\" \/>\n<meta property=\"og:locale\" content=\"de_DE\" \/>\n<meta property=\"og:type\" content=\"article\" \/>\n<meta property=\"og:title\" content=\"Noppies Baby Kinder Unisex Strickjacke Jacke Jungen &amp; M\u00e4dchen - Markt-XXL\" \/>\n<meta property=\"og:description\" content=\"Markt-XXL Noppies Baby Kinder Unisex Strickjacke Jacke Jungen &amp; M\u00e4dchen\" \/>\n<meta property=\"og:url\" content=\"https:\/\/marktxxl.de\/markt\/produkt\/noppies-baby-kinder-unisex-strickjacke-jacke-jungen-maedchen\/\" \/>\n<meta property=\"og:site_name\" content=\"Markt-XXL\" \/>\n<meta property=\"article:modified_time\" content=\"2023-04-10T01:44:47+00:00\" \/>\n<meta property=\"og:image\" content=\"https:\/\/m.media-amazon.com\/images\/I\/41H7zjy3tzL._SL500_.jpg\" \/>\n\t<meta property=\"og:image:width\" content=\"500\" \/>\n\t<meta property=\"og:image:height\" content=\"407\" \/>\n\t<meta property=\"og:image:type\" content=\"image\/jpeg\" \/>\n<meta name=\"twitter:card\" content=\"summary_large_image\" \/>\n<meta name=\"twitter:label1\" content=\"Gesch\u00e4tzte Lesezeit\" \/>\n\t<meta name=\"twitter:data1\" content=\"1\u00a0Minute\" \/>\n<script type=\"application\/ld+json\" class=\"yoast-schema-graph\">{\"@context\":\"https:\\\/\\\/schema.org\",\"@graph\":[{\"@type\":\"WebPage\",\"@id\":\"https:\\\/\\\/marktxxl.de\\\/markt\\\/produkt\\\/noppies-baby-kinder-unisex-strickjacke-jacke-jungen-maedchen\\\/\",\"url\":\"https:\\\/\\\/marktxxl.de\\\/markt\\\/produkt\\\/noppies-baby-kinder-unisex-strickjacke-jacke-jungen-maedchen\\\/\",\"name\":\"Noppies Baby Kinder Unisex Strickjacke Jacke Jungen &amp; M\u00e4dchen - Markt-XXL\",\"isPartOf\":{\"@id\":\"https:\\\/\\\/marktxxl.de\\\/markt\\\/#website\"},\"primaryImageOfPage\":{\"@id\":\"https:\\\/\\\/marktxxl.de\\\/markt\\\/produkt\\\/noppies-baby-kinder-unisex-strickjacke-jacke-jungen-maedchen\\\/#primaryimage\"},\"image\":{\"@id\":\"https:\\\/\\\/marktxxl.de\\\/markt\\\/produkt\\\/noppies-baby-kinder-unisex-strickjacke-jacke-jungen-maedchen\\\/#primaryimage\"},\"thumbnailUrl\":\"https:\\\/\\\/m.media-amazon.com\\\/images\\\/I\\\/41H7zjy3tzL._SL500_.jpg\",\"datePublished\":\"2022-05-14T20:55:10+00:00\",\"dateModified\":\"2023-04-10T01:44:47+00:00\",\"description\":\"Markt-XXL Noppies Baby Kinder Unisex Strickjacke Jacke Jungen &amp; M\u00e4dchen\",\"breadcrumb\":{\"@id\":\"https:\\\/\\\/marktxxl.de\\\/markt\\\/produkt\\\/noppies-baby-kinder-unisex-strickjacke-jacke-jungen-maedchen\\\/#breadcrumb\"},\"inLanguage\":\"de\",\"potentialAction\":[{\"@type\":\"ReadAction\",\"target\":[\"https:\\\/\\\/marktxxl.de\\\/markt\\\/produkt\\\/noppies-baby-kinder-unisex-strickjacke-jacke-jungen-maedchen\\\/\"]}]},{\"@type\":\"ImageObject\",\"inLanguage\":\"de\",\"@id\":\"https:\\\/\\\/marktxxl.de\\\/markt\\\/produkt\\\/noppies-baby-kinder-unisex-strickjacke-jacke-jungen-maedchen\\\/#primaryimage\",\"url\":\"https:\\\/\\\/m.media-amazon.com\\\/images\\\/I\\\/41H7zjy3tzL._SL500_.jpg\",\"contentUrl\":\"https:\\\/\\\/m.media-amazon.com\\\/images\\\/I\\\/41H7zjy3tzL._SL500_.jpg\",\"width\":500,\"height\":407},{\"@type\":\"BreadcrumbList\",\"@id\":\"https:\\\/\\\/marktxxl.de\\\/markt\\\/produkt\\\/noppies-baby-kinder-unisex-strickjacke-jacke-jungen-maedchen\\\/#breadcrumb\",\"itemListElement\":[{\"@type\":\"ListItem\",\"position\":1,\"name\":\"Startseite\",\"item\":\"https:\\\/\\\/marktxxl.de\\\/markt\\\/\"},{\"@type\":\"ListItem\",\"position\":2,\"name\":\"Markt\",\"item\":\"https:\\\/\\\/marktxxl.de\\\/markt\\\/\"},{\"@type\":\"ListItem\",\"position\":3,\"name\":\"Noppies Baby Kinder Unisex Strickjacke Jacke Jungen &amp; M\u00e4dchen\"}]},{\"@type\":\"WebSite\",\"@id\":\"https:\\\/\\\/marktxxl.de\\\/markt\\\/#website\",\"url\":\"https:\\\/\\\/marktxxl.de\\\/markt\\\/\",\"name\":\"Markt-XXL\",\"description\":\"Ihr Markt Online\",\"publisher\":{\"@id\":\"https:\\\/\\\/marktxxl.de\\\/markt\\\/#organization\"},\"potentialAction\":[{\"@type\":\"SearchAction\",\"target\":{\"@type\":\"EntryPoint\",\"urlTemplate\":\"https:\\\/\\\/marktxxl.de\\\/markt\\\/?s={search_term_string}\"},\"query-input\":{\"@type\":\"PropertyValueSpecification\",\"valueRequired\":true,\"valueName\":\"search_term_string\"}}],\"inLanguage\":\"de\"},{\"@type\":\"Organization\",\"@id\":\"https:\\\/\\\/marktxxl.de\\\/markt\\\/#organization\",\"name\":\"Markt-XXL\",\"url\":\"https:\\\/\\\/marktxxl.de\\\/markt\\\/\",\"logo\":{\"@type\":\"ImageObject\",\"inLanguage\":\"de\",\"@id\":\"https:\\\/\\\/marktxxl.de\\\/markt\\\/#\\\/schema\\\/logo\\\/image\\\/\",\"url\":\"https:\\\/\\\/marktxxl.de\\\/markt\\\/wp-content\\\/uploads\\\/sites\\\/3\\\/2020\\\/12\\\/logo.png\",\"contentUrl\":\"https:\\\/\\\/marktxxl.de\\\/markt\\\/wp-content\\\/uploads\\\/sites\\\/3\\\/2020\\\/12\\\/logo.png\",\"width\":200,\"height\":70,\"caption\":\"Markt-XXL\"},\"image\":{\"@id\":\"https:\\\/\\\/marktxxl.de\\\/markt\\\/#\\\/schema\\\/logo\\\/image\\\/\"}}]}<\/script>\n<!-- \/ Yoast SEO plugin. -->","yoast_head_json":{"title":"Noppies Baby Kinder Unisex Strickjacke Jacke Jungen &amp; M\u00e4dchen - Markt-XXL","description":"Markt-XXL Noppies Baby Kinder Unisex Strickjacke Jacke Jungen &amp; M\u00e4dchen","robots":{"index":"index","follow":"follow","max-snippet":"max-snippet:-1","max-image-preview":"max-image-preview:large","max-video-preview":"max-video-preview:-1"},"canonical":"https:\/\/marktxxl.de\/markt\/produkt\/noppies-baby-kinder-unisex-strickjacke-jacke-jungen-maedchen\/","og_locale":"de_DE","og_type":"article","og_title":"Noppies Baby Kinder Unisex Strickjacke Jacke Jungen &amp; M\u00e4dchen - Markt-XXL","og_description":"Markt-XXL Noppies Baby Kinder Unisex Strickjacke Jacke Jungen &amp; M\u00e4dchen","og_url":"https:\/\/marktxxl.de\/markt\/produkt\/noppies-baby-kinder-unisex-strickjacke-jacke-jungen-maedchen\/","og_site_name":"Markt-XXL","article_modified_time":"2023-04-10T01:44:47+00:00","og_image":[{"width":500,"height":407,"url":"https:\/\/m.media-amazon.com\/images\/I\/41H7zjy3tzL._SL500_.jpg","type":"image\/jpeg"}],"twitter_card":"summary_large_image","twitter_misc":{"Gesch\u00e4tzte Lesezeit":"1\u00a0Minute"},"schema":{"@context":"https:\/\/schema.org","@graph":[{"@type":"WebPage","@id":"https:\/\/marktxxl.de\/markt\/produkt\/noppies-baby-kinder-unisex-strickjacke-jacke-jungen-maedchen\/","url":"https:\/\/marktxxl.de\/markt\/produkt\/noppies-baby-kinder-unisex-strickjacke-jacke-jungen-maedchen\/","name":"Noppies Baby Kinder Unisex Strickjacke Jacke Jungen &amp; M\u00e4dchen - Markt-XXL","isPartOf":{"@id":"https:\/\/marktxxl.de\/markt\/#website"},"primaryImageOfPage":{"@id":"https:\/\/marktxxl.de\/markt\/produkt\/noppies-baby-kinder-unisex-strickjacke-jacke-jungen-maedchen\/#primaryimage"},"image":{"@id":"https:\/\/marktxxl.de\/markt\/produkt\/noppies-baby-kinder-unisex-strickjacke-jacke-jungen-maedchen\/#primaryimage"},"thumbnailUrl":"https:\/\/m.media-amazon.com\/images\/I\/41H7zjy3tzL._SL500_.jpg","datePublished":"2022-05-14T20:55:10+00:00","dateModified":"2023-04-10T01:44:47+00:00","description":"Markt-XXL Noppies Baby Kinder Unisex Strickjacke Jacke Jungen &amp; M\u00e4dchen","breadcrumb":{"@id":"https:\/\/marktxxl.de\/markt\/produkt\/noppies-baby-kinder-unisex-strickjacke-jacke-jungen-maedchen\/#breadcrumb"},"inLanguage":"de","potentialAction":[{"@type":"ReadAction","target":["https:\/\/marktxxl.de\/markt\/produkt\/noppies-baby-kinder-unisex-strickjacke-jacke-jungen-maedchen\/"]}]},{"@type":"ImageObject","inLanguage":"de","@id":"https:\/\/marktxxl.de\/markt\/produkt\/noppies-baby-kinder-unisex-strickjacke-jacke-jungen-maedchen\/#primaryimage","url":"https:\/\/m.media-amazon.com\/images\/I\/41H7zjy3tzL._SL500_.jpg","contentUrl":"https:\/\/m.media-amazon.com\/images\/I\/41H7zjy3tzL._SL500_.jpg","width":500,"height":407},{"@type":"BreadcrumbList","@id":"https:\/\/marktxxl.de\/markt\/produkt\/noppies-baby-kinder-unisex-strickjacke-jacke-jungen-maedchen\/#breadcrumb","itemListElement":[{"@type":"ListItem","position":1,"name":"Startseite","item":"https:\/\/marktxxl.de\/markt\/"},{"@type":"ListItem","position":2,"name":"Markt","item":"https:\/\/marktxxl.de\/markt\/"},{"@type":"ListItem","position":3,"name":"Noppies Baby Kinder Unisex Strickjacke Jacke Jungen &amp; M\u00e4dchen"}]},{"@type":"WebSite","@id":"https:\/\/marktxxl.de\/markt\/#website","url":"https:\/\/marktxxl.de\/markt\/","name":"Markt-XXL","description":"Ihr Markt Online","publisher":{"@id":"https:\/\/marktxxl.de\/markt\/#organization"},"potentialAction":[{"@type":"SearchAction","target":{"@type":"EntryPoint","urlTemplate":"https:\/\/marktxxl.de\/markt\/?s={search_term_string}"},"query-input":{"@type":"PropertyValueSpecification","valueRequired":true,"valueName":"search_term_string"}}],"inLanguage":"de"},{"@type":"Organization","@id":"https:\/\/marktxxl.de\/markt\/#organization","name":"Markt-XXL","url":"https:\/\/marktxxl.de\/markt\/","logo":{"@type":"ImageObject","inLanguage":"de","@id":"https:\/\/marktxxl.de\/markt\/#\/schema\/logo\/image\/","url":"https:\/\/marktxxl.de\/markt\/wp-content\/uploads\/sites\/3\/2020\/12\/logo.png","contentUrl":"https:\/\/marktxxl.de\/markt\/wp-content\/uploads\/sites\/3\/2020\/12\/logo.png","width":200,"height":70,"caption":"Markt-XXL"},"image":{"@id":"https:\/\/marktxxl.de\/markt\/#\/schema\/logo\/image\/"}}]}},"_links":{"self":[{"href":"https:\/\/marktxxl.de\/markt\/wp-json\/wp\/v2\/product\/114811","targetHints":{"allow":["GET"]}}],"collection":[{"href":"https:\/\/marktxxl.de\/markt\/wp-json\/wp\/v2\/product"}],"about":[{"href":"https:\/\/marktxxl.de\/markt\/wp-json\/wp\/v2\/types\/product"}],"replies":[{"embeddable":true,"href":"https:\/\/marktxxl.de\/markt\/wp-json\/wp\/v2\/comments?post=114811"}],"wp:featuredmedia":[{"embeddable":true,"href":"https:\/\/marktxxl.de\/markt\/wp-json\/wp\/v2\/media\/114812"}],"wp:attachment":[{"href":"https:\/\/marktxxl.de\/markt\/wp-json\/wp\/v2\/media?parent=114811"}],"wp:term":[{"taxonomy":"product_brand","embeddable":true,"href":"https:\/\/marktxxl.de\/markt\/wp-json\/wp\/v2\/product_brand?post=114811"},{"taxonomy":"product_cat","embeddable":true,"href":"https:\/\/marktxxl.de\/markt\/wp-json\/wp\/v2\/product_cat?post=114811"},{"taxonomy":"product_tag","embeddable":true,"href":"https:\/\/marktxxl.de\/markt\/wp-json\/wp\/v2\/product_tag?post=114811"}],"curies":[{"name":"wp","href":"https:\/\/api.w.org\/{rel}","templated":true}]}}