{"id":113784,"date":"2022-05-14T22:07:19","date_gmt":"2022-05-14T20:07:19","guid":{"rendered":"https:\/\/marktxxl.de\/markt\/produkt\/ergobaby-adapt-babytrage-fuer-neugeborene-bis-kleinkind-adapt-3-positionen-tragesystem-baby-tragetasche-und-kinder-trage-frosted-mint\/"},"modified":"2023-04-11T03:40:37","modified_gmt":"2023-04-11T01:40:37","slug":"ergobaby-adapt-babytrage-fuer-neugeborene-bis-kleinkind-adapt-3-positionen-tragesystem-baby-tragetasche-und-kinder-trage-frosted-mint","status":"publish","type":"product","link":"https:\/\/marktxxl.de\/markt\/produkt\/ergobaby-adapt-babytrage-fuer-neugeborene-bis-kleinkind-adapt-3-positionen-tragesystem-baby-tragetasche-und-kinder-trage-frosted-mint\/","title":{"rendered":"Ergobaby Adapt Babytrage f\u00fcr Neugeborene bis Kleinkind, Adapt 3-Positionen Tragesystem, Baby-Tragetasche und Kinder\u2026"},"content":{"rendered":"<p>Babytrage f\u00fcr Neugeborene &#8211; Der ergonomische Schalensitz passt sich an Ihr wachsendes Baby an und stellt sicher, dass es von Geburt an bis zum Kleinkind (3,2 bis 20 kg) in der nat\u00fcrlichen Anhock-Spreiz-Haltung (M-PosiIon) sitzt.<br \/>\nNEU &#8211; Jetzt mit Lordosenst\u00fctze. Dauerhafter Tragekomfort f\u00fcr Eltern dank einer gleichm\u00e4\u00dfigen Gewichtsverteilung zwischen H\u00fcfte und Schultern. H\u00fcftgurt mit Lordosenst\u00fctze, der in der H\u00f6he der Trageposition variiert werden kann f\u00fcr Extra langanhaltenden Tragekomfort.<br \/>\n3 Tragepositionen: Bauch-, H\u00fcft- und R\u00fcckentrage. Die Trage hat eine gepolsterte, faltbare Kopf-und Nackenst\u00fctze und eine verstaubare Kapuze f\u00fcr Sonnen-und Sichtschutz (SPF 50+). Das Stillen ist in der Komforttrage m\u00f6glich.<br \/>\nMintgr\u00fcne Baby Trage mit metallischen Punkten auf grauem Innenstoff. 100% Premium Baumwolle. Maschinenwaschbar bis 30\u00b0C.<br \/>\nVom International Hip Dysplasia Institut als \u201cgesund f\u00fcr die H\u00fcften\u201d ausgezeichnet und tr\u00e4gt das G\u00fctesiegel der \u201eAktion gesunder R\u00fccken e.V.\u201c<br \/>\n<div class=\"main-cross-sell\" data-asin=\"B07FRJL6Y5\">\n\n\t<div class=\"WooZone-cross-sell-loader\">\n\t\t<div>\n\t\t\t<div id=\"floatingBarsG\">\n\t\t\t\t<div class=\"blockG\" id=\"rotateG_01\"><\/div>\n\t\t\t\t<div class=\"blockG\" id=\"rotateG_02\"><\/div>\n\t\t\t\t<div class=\"blockG\" id=\"rotateG_03\"><\/div>\n\t\t\t\t<div class=\"blockG\" id=\"rotateG_04\"><\/div>\n\t\t\t\t<div class=\"blockG\" id=\"rotateG_05\"><\/div>\n\t\t\t\t<div class=\"blockG\" id=\"rotateG_06\"><\/div>\n\t\t\t\t<div class=\"blockG\" id=\"rotateG_07\"><\/div>\n\t\t\t\t<div class=\"blockG\" id=\"rotateG_08\"><\/div>\n\t\t\t<\/div>\n\t\t\t<div class=\"WooZone-cross-sell-loader-text\"><\/div>\n\t\t<\/div>\n\t<\/div>\n\n\t\t\n<\/div>\n<div style=\"clear:both;\"><\/div><\/p>\n","protected":false},"excerpt":{"rendered":"<p>Babytrage f\u00fcr Neugeborene &#8211; Der ergonomische Schalensitz passt sich an Ihr wachsendes Baby an und stellt sicher, dass es von Geburt an bis zum Kleinkind (3,2 bis 20 kg) in der nat\u00fcrlichen Anhock-Spreiz-Haltung (M-PosiIon) sitzt.<br \/>\nNEU &#8211; Jetzt mit Lordosenst\u00fctze. Dauerhafter Tragekomfort f\u00fcr Eltern dank einer gleichm\u00e4\u00dfigen Gewichtsverteilung zwischen H\u00fcfte und Schultern. H\u00fcftgurt mit Lordosenst\u00fctze, der in der H\u00f6he der Trageposition variiert werden kann f\u00fcr Extra langanhaltenden Tragekomfort.<br \/>\n3 Tragepositionen: Bauch-, H\u00fcft- und R\u00fcckentrage. Die Trage hat eine gepolsterte, faltbare Kopf-und Nackenst\u00fctze und eine verstaubare Kapuze f\u00fcr Sonnen-und Sichtschutz (SPF 50+). Das Stillen ist in der Komforttrage m\u00f6glich.<\/p>\n","protected":false},"featured_media":113785,"comment_status":"open","ping_status":"closed","template":"","meta":[],"product_brand":[],"product_cat":[21,9074],"product_tag":[],"class_list":{"0":"post-113784","1":"product","2":"type-product","3":"status-publish","4":"has-post-thumbnail","6":"product_cat-baby","7":"product_cat-babytragen-baby","8":"pa_binding-babyartikel","9":"pa_brand-ergobaby","10":"pa_color-frosted-mint","11":"pa_height-10-629921249-zoll","12":"pa_length-6-692913379-zoll","13":"pa_manufacturer-ergobaby","14":"pa_model-ebcapeamint","15":"pa_size-1-stueck-1er-pack","16":"pa_warranty-24-monate","17":"pa_weight-1-543235835-pfund","18":"pa_width-6-692913379-zoll","20":"first","21":"instock","22":"shipping-taxable","23":"purchasable","24":"product-type-simple","25":"customify-col","26":"product-has-gallery"},"yoast_head":"<!-- This site is optimized with the Yoast SEO plugin v27.4 - https:\/\/yoast.com\/product\/yoast-seo-wordpress\/ -->\n<title>Ergobaby Adapt Babytrage f\u00fcr Neugeborene bis Kleinkind, Adapt 3-Positionen Tragesystem, Baby-Tragetasche und Kinder\u2026 - Markt-XXL<\/title>\n<meta name=\"description\" content=\"Markt-XXL Ergobaby Adapt Babytrage f\u00fcr Neugeborene bis Kleinkind, Adapt 3-Positionen Tragesystem, Baby-Tragetasche und Kinder\u2026\" \/>\n<meta name=\"robots\" content=\"index, follow, max-snippet:-1, max-image-preview:large, max-video-preview:-1\" \/>\n<link rel=\"canonical\" href=\"https:\/\/marktxxl.de\/markt\/produkt\/ergobaby-adapt-babytrage-fuer-neugeborene-bis-kleinkind-adapt-3-positionen-tragesystem-baby-tragetasche-und-kinder-trage-frosted-mint\/\" \/>\n<meta property=\"og:locale\" content=\"de_DE\" \/>\n<meta property=\"og:type\" content=\"article\" \/>\n<meta property=\"og:title\" content=\"Ergobaby Adapt Babytrage f\u00fcr Neugeborene bis Kleinkind, Adapt 3-Positionen Tragesystem, Baby-Tragetasche und Kinder\u2026 - Markt-XXL\" \/>\n<meta property=\"og:description\" content=\"Markt-XXL Ergobaby Adapt Babytrage f\u00fcr Neugeborene bis Kleinkind, Adapt 3-Positionen Tragesystem, Baby-Tragetasche und Kinder\u2026\" \/>\n<meta property=\"og:url\" content=\"https:\/\/marktxxl.de\/markt\/produkt\/ergobaby-adapt-babytrage-fuer-neugeborene-bis-kleinkind-adapt-3-positionen-tragesystem-baby-tragetasche-und-kinder-trage-frosted-mint\/\" \/>\n<meta property=\"og:site_name\" content=\"Markt-XXL\" \/>\n<meta property=\"article:modified_time\" content=\"2023-04-11T01:40:37+00:00\" \/>\n<meta property=\"og:image\" content=\"https:\/\/m.media-amazon.com\/images\/I\/41ZAVgQKZmL._SL500_.jpg\" \/>\n\t<meta property=\"og:image:width\" content=\"500\" \/>\n\t<meta property=\"og:image:height\" content=\"500\" \/>\n\t<meta property=\"og:image:type\" content=\"image\/jpeg\" \/>\n<meta name=\"twitter:card\" content=\"summary_large_image\" \/>\n<meta name=\"twitter:label1\" content=\"Gesch\u00e4tzte Lesezeit\" \/>\n\t<meta name=\"twitter:data1\" content=\"1\u00a0Minute\" \/>\n<script type=\"application\/ld+json\" class=\"yoast-schema-graph\">{\"@context\":\"https:\\\/\\\/schema.org\",\"@graph\":[{\"@type\":\"WebPage\",\"@id\":\"https:\\\/\\\/marktxxl.de\\\/markt\\\/produkt\\\/ergobaby-adapt-babytrage-fuer-neugeborene-bis-kleinkind-adapt-3-positionen-tragesystem-baby-tragetasche-und-kinder-trage-frosted-mint\\\/\",\"url\":\"https:\\\/\\\/marktxxl.de\\\/markt\\\/produkt\\\/ergobaby-adapt-babytrage-fuer-neugeborene-bis-kleinkind-adapt-3-positionen-tragesystem-baby-tragetasche-und-kinder-trage-frosted-mint\\\/\",\"name\":\"Ergobaby Adapt Babytrage f\u00fcr Neugeborene bis Kleinkind, Adapt 3-Positionen Tragesystem, Baby-Tragetasche und Kinder\u2026 - Markt-XXL\",\"isPartOf\":{\"@id\":\"https:\\\/\\\/marktxxl.de\\\/markt\\\/#website\"},\"primaryImageOfPage\":{\"@id\":\"https:\\\/\\\/marktxxl.de\\\/markt\\\/produkt\\\/ergobaby-adapt-babytrage-fuer-neugeborene-bis-kleinkind-adapt-3-positionen-tragesystem-baby-tragetasche-und-kinder-trage-frosted-mint\\\/#primaryimage\"},\"image\":{\"@id\":\"https:\\\/\\\/marktxxl.de\\\/markt\\\/produkt\\\/ergobaby-adapt-babytrage-fuer-neugeborene-bis-kleinkind-adapt-3-positionen-tragesystem-baby-tragetasche-und-kinder-trage-frosted-mint\\\/#primaryimage\"},\"thumbnailUrl\":\"https:\\\/\\\/m.media-amazon.com\\\/images\\\/I\\\/41ZAVgQKZmL._SL500_.jpg\",\"datePublished\":\"2022-05-14T20:07:19+00:00\",\"dateModified\":\"2023-04-11T01:40:37+00:00\",\"description\":\"Markt-XXL Ergobaby Adapt Babytrage f\u00fcr Neugeborene bis Kleinkind, Adapt 3-Positionen Tragesystem, Baby-Tragetasche und Kinder\u2026\",\"breadcrumb\":{\"@id\":\"https:\\\/\\\/marktxxl.de\\\/markt\\\/produkt\\\/ergobaby-adapt-babytrage-fuer-neugeborene-bis-kleinkind-adapt-3-positionen-tragesystem-baby-tragetasche-und-kinder-trage-frosted-mint\\\/#breadcrumb\"},\"inLanguage\":\"de\",\"potentialAction\":[{\"@type\":\"ReadAction\",\"target\":[\"https:\\\/\\\/marktxxl.de\\\/markt\\\/produkt\\\/ergobaby-adapt-babytrage-fuer-neugeborene-bis-kleinkind-adapt-3-positionen-tragesystem-baby-tragetasche-und-kinder-trage-frosted-mint\\\/\"]}]},{\"@type\":\"ImageObject\",\"inLanguage\":\"de\",\"@id\":\"https:\\\/\\\/marktxxl.de\\\/markt\\\/produkt\\\/ergobaby-adapt-babytrage-fuer-neugeborene-bis-kleinkind-adapt-3-positionen-tragesystem-baby-tragetasche-und-kinder-trage-frosted-mint\\\/#primaryimage\",\"url\":\"https:\\\/\\\/m.media-amazon.com\\\/images\\\/I\\\/41ZAVgQKZmL._SL500_.jpg\",\"contentUrl\":\"https:\\\/\\\/m.media-amazon.com\\\/images\\\/I\\\/41ZAVgQKZmL._SL500_.jpg\",\"width\":500,\"height\":500},{\"@type\":\"BreadcrumbList\",\"@id\":\"https:\\\/\\\/marktxxl.de\\\/markt\\\/produkt\\\/ergobaby-adapt-babytrage-fuer-neugeborene-bis-kleinkind-adapt-3-positionen-tragesystem-baby-tragetasche-und-kinder-trage-frosted-mint\\\/#breadcrumb\",\"itemListElement\":[{\"@type\":\"ListItem\",\"position\":1,\"name\":\"Startseite\",\"item\":\"https:\\\/\\\/marktxxl.de\\\/markt\\\/\"},{\"@type\":\"ListItem\",\"position\":2,\"name\":\"Markt\",\"item\":\"https:\\\/\\\/marktxxl.de\\\/markt\\\/\"},{\"@type\":\"ListItem\",\"position\":3,\"name\":\"Ergobaby Adapt Babytrage f\u00fcr Neugeborene bis Kleinkind, Adapt 3-Positionen Tragesystem, Baby-Tragetasche und Kinder\u2026\"}]},{\"@type\":\"WebSite\",\"@id\":\"https:\\\/\\\/marktxxl.de\\\/markt\\\/#website\",\"url\":\"https:\\\/\\\/marktxxl.de\\\/markt\\\/\",\"name\":\"Markt-XXL\",\"description\":\"Ihr Markt Online\",\"publisher\":{\"@id\":\"https:\\\/\\\/marktxxl.de\\\/markt\\\/#organization\"},\"potentialAction\":[{\"@type\":\"SearchAction\",\"target\":{\"@type\":\"EntryPoint\",\"urlTemplate\":\"https:\\\/\\\/marktxxl.de\\\/markt\\\/?s={search_term_string}\"},\"query-input\":{\"@type\":\"PropertyValueSpecification\",\"valueRequired\":true,\"valueName\":\"search_term_string\"}}],\"inLanguage\":\"de\"},{\"@type\":\"Organization\",\"@id\":\"https:\\\/\\\/marktxxl.de\\\/markt\\\/#organization\",\"name\":\"Markt-XXL\",\"url\":\"https:\\\/\\\/marktxxl.de\\\/markt\\\/\",\"logo\":{\"@type\":\"ImageObject\",\"inLanguage\":\"de\",\"@id\":\"https:\\\/\\\/marktxxl.de\\\/markt\\\/#\\\/schema\\\/logo\\\/image\\\/\",\"url\":\"https:\\\/\\\/marktxxl.de\\\/markt\\\/wp-content\\\/uploads\\\/sites\\\/3\\\/2020\\\/12\\\/logo.png\",\"contentUrl\":\"https:\\\/\\\/marktxxl.de\\\/markt\\\/wp-content\\\/uploads\\\/sites\\\/3\\\/2020\\\/12\\\/logo.png\",\"width\":200,\"height\":70,\"caption\":\"Markt-XXL\"},\"image\":{\"@id\":\"https:\\\/\\\/marktxxl.de\\\/markt\\\/#\\\/schema\\\/logo\\\/image\\\/\"}}]}<\/script>\n<!-- \/ Yoast SEO plugin. -->","yoast_head_json":{"title":"Ergobaby Adapt Babytrage f\u00fcr Neugeborene bis Kleinkind, Adapt 3-Positionen Tragesystem, Baby-Tragetasche und Kinder\u2026 - Markt-XXL","description":"Markt-XXL Ergobaby Adapt Babytrage f\u00fcr Neugeborene bis Kleinkind, Adapt 3-Positionen Tragesystem, Baby-Tragetasche und Kinder\u2026","robots":{"index":"index","follow":"follow","max-snippet":"max-snippet:-1","max-image-preview":"max-image-preview:large","max-video-preview":"max-video-preview:-1"},"canonical":"https:\/\/marktxxl.de\/markt\/produkt\/ergobaby-adapt-babytrage-fuer-neugeborene-bis-kleinkind-adapt-3-positionen-tragesystem-baby-tragetasche-und-kinder-trage-frosted-mint\/","og_locale":"de_DE","og_type":"article","og_title":"Ergobaby Adapt Babytrage f\u00fcr Neugeborene bis Kleinkind, Adapt 3-Positionen Tragesystem, Baby-Tragetasche und Kinder\u2026 - Markt-XXL","og_description":"Markt-XXL Ergobaby Adapt Babytrage f\u00fcr Neugeborene bis Kleinkind, Adapt 3-Positionen Tragesystem, Baby-Tragetasche und Kinder\u2026","og_url":"https:\/\/marktxxl.de\/markt\/produkt\/ergobaby-adapt-babytrage-fuer-neugeborene-bis-kleinkind-adapt-3-positionen-tragesystem-baby-tragetasche-und-kinder-trage-frosted-mint\/","og_site_name":"Markt-XXL","article_modified_time":"2023-04-11T01:40:37+00:00","og_image":[{"width":500,"height":500,"url":"https:\/\/m.media-amazon.com\/images\/I\/41ZAVgQKZmL._SL500_.jpg","type":"image\/jpeg"}],"twitter_card":"summary_large_image","twitter_misc":{"Gesch\u00e4tzte Lesezeit":"1\u00a0Minute"},"schema":{"@context":"https:\/\/schema.org","@graph":[{"@type":"WebPage","@id":"https:\/\/marktxxl.de\/markt\/produkt\/ergobaby-adapt-babytrage-fuer-neugeborene-bis-kleinkind-adapt-3-positionen-tragesystem-baby-tragetasche-und-kinder-trage-frosted-mint\/","url":"https:\/\/marktxxl.de\/markt\/produkt\/ergobaby-adapt-babytrage-fuer-neugeborene-bis-kleinkind-adapt-3-positionen-tragesystem-baby-tragetasche-und-kinder-trage-frosted-mint\/","name":"Ergobaby Adapt Babytrage f\u00fcr Neugeborene bis Kleinkind, Adapt 3-Positionen Tragesystem, Baby-Tragetasche und Kinder\u2026 - Markt-XXL","isPartOf":{"@id":"https:\/\/marktxxl.de\/markt\/#website"},"primaryImageOfPage":{"@id":"https:\/\/marktxxl.de\/markt\/produkt\/ergobaby-adapt-babytrage-fuer-neugeborene-bis-kleinkind-adapt-3-positionen-tragesystem-baby-tragetasche-und-kinder-trage-frosted-mint\/#primaryimage"},"image":{"@id":"https:\/\/marktxxl.de\/markt\/produkt\/ergobaby-adapt-babytrage-fuer-neugeborene-bis-kleinkind-adapt-3-positionen-tragesystem-baby-tragetasche-und-kinder-trage-frosted-mint\/#primaryimage"},"thumbnailUrl":"https:\/\/m.media-amazon.com\/images\/I\/41ZAVgQKZmL._SL500_.jpg","datePublished":"2022-05-14T20:07:19+00:00","dateModified":"2023-04-11T01:40:37+00:00","description":"Markt-XXL Ergobaby Adapt Babytrage f\u00fcr Neugeborene bis Kleinkind, Adapt 3-Positionen Tragesystem, Baby-Tragetasche und Kinder\u2026","breadcrumb":{"@id":"https:\/\/marktxxl.de\/markt\/produkt\/ergobaby-adapt-babytrage-fuer-neugeborene-bis-kleinkind-adapt-3-positionen-tragesystem-baby-tragetasche-und-kinder-trage-frosted-mint\/#breadcrumb"},"inLanguage":"de","potentialAction":[{"@type":"ReadAction","target":["https:\/\/marktxxl.de\/markt\/produkt\/ergobaby-adapt-babytrage-fuer-neugeborene-bis-kleinkind-adapt-3-positionen-tragesystem-baby-tragetasche-und-kinder-trage-frosted-mint\/"]}]},{"@type":"ImageObject","inLanguage":"de","@id":"https:\/\/marktxxl.de\/markt\/produkt\/ergobaby-adapt-babytrage-fuer-neugeborene-bis-kleinkind-adapt-3-positionen-tragesystem-baby-tragetasche-und-kinder-trage-frosted-mint\/#primaryimage","url":"https:\/\/m.media-amazon.com\/images\/I\/41ZAVgQKZmL._SL500_.jpg","contentUrl":"https:\/\/m.media-amazon.com\/images\/I\/41ZAVgQKZmL._SL500_.jpg","width":500,"height":500},{"@type":"BreadcrumbList","@id":"https:\/\/marktxxl.de\/markt\/produkt\/ergobaby-adapt-babytrage-fuer-neugeborene-bis-kleinkind-adapt-3-positionen-tragesystem-baby-tragetasche-und-kinder-trage-frosted-mint\/#breadcrumb","itemListElement":[{"@type":"ListItem","position":1,"name":"Startseite","item":"https:\/\/marktxxl.de\/markt\/"},{"@type":"ListItem","position":2,"name":"Markt","item":"https:\/\/marktxxl.de\/markt\/"},{"@type":"ListItem","position":3,"name":"Ergobaby Adapt Babytrage f\u00fcr Neugeborene bis Kleinkind, Adapt 3-Positionen Tragesystem, Baby-Tragetasche und Kinder\u2026"}]},{"@type":"WebSite","@id":"https:\/\/marktxxl.de\/markt\/#website","url":"https:\/\/marktxxl.de\/markt\/","name":"Markt-XXL","description":"Ihr Markt Online","publisher":{"@id":"https:\/\/marktxxl.de\/markt\/#organization"},"potentialAction":[{"@type":"SearchAction","target":{"@type":"EntryPoint","urlTemplate":"https:\/\/marktxxl.de\/markt\/?s={search_term_string}"},"query-input":{"@type":"PropertyValueSpecification","valueRequired":true,"valueName":"search_term_string"}}],"inLanguage":"de"},{"@type":"Organization","@id":"https:\/\/marktxxl.de\/markt\/#organization","name":"Markt-XXL","url":"https:\/\/marktxxl.de\/markt\/","logo":{"@type":"ImageObject","inLanguage":"de","@id":"https:\/\/marktxxl.de\/markt\/#\/schema\/logo\/image\/","url":"https:\/\/marktxxl.de\/markt\/wp-content\/uploads\/sites\/3\/2020\/12\/logo.png","contentUrl":"https:\/\/marktxxl.de\/markt\/wp-content\/uploads\/sites\/3\/2020\/12\/logo.png","width":200,"height":70,"caption":"Markt-XXL"},"image":{"@id":"https:\/\/marktxxl.de\/markt\/#\/schema\/logo\/image\/"}}]}},"_links":{"self":[{"href":"https:\/\/marktxxl.de\/markt\/wp-json\/wp\/v2\/product\/113784","targetHints":{"allow":["GET"]}}],"collection":[{"href":"https:\/\/marktxxl.de\/markt\/wp-json\/wp\/v2\/product"}],"about":[{"href":"https:\/\/marktxxl.de\/markt\/wp-json\/wp\/v2\/types\/product"}],"replies":[{"embeddable":true,"href":"https:\/\/marktxxl.de\/markt\/wp-json\/wp\/v2\/comments?post=113784"}],"wp:featuredmedia":[{"embeddable":true,"href":"https:\/\/marktxxl.de\/markt\/wp-json\/wp\/v2\/media\/113785"}],"wp:attachment":[{"href":"https:\/\/marktxxl.de\/markt\/wp-json\/wp\/v2\/media?parent=113784"}],"wp:term":[{"taxonomy":"product_brand","embeddable":true,"href":"https:\/\/marktxxl.de\/markt\/wp-json\/wp\/v2\/product_brand?post=113784"},{"taxonomy":"product_cat","embeddable":true,"href":"https:\/\/marktxxl.de\/markt\/wp-json\/wp\/v2\/product_cat?post=113784"},{"taxonomy":"product_tag","embeddable":true,"href":"https:\/\/marktxxl.de\/markt\/wp-json\/wp\/v2\/product_tag?post=113784"}],"curies":[{"name":"wp","href":"https:\/\/api.w.org\/{rel}","templated":true}]}}