{"id":113263,"date":"2022-05-14T21:46:39","date_gmt":"2022-05-14T19:46:39","guid":{"rendered":"https:\/\/marktxxl.de\/markt\/produkt\/die-veranstaltungen-der-tatate-original-geschenk-40-karten-baby-milestone-karten-fuer-das-erste-jahr-fotokarten-fuer-babys-besondere-momente\/"},"modified":"2023-04-11T03:40:30","modified_gmt":"2023-04-11T01:40:30","slug":"die-veranstaltungen-der-tatate-original-geschenk-40-karten-baby-milestone-karten-fuer-das-erste-jahr-fotokarten-fuer-babys-besondere-momente","status":"publish","type":"product","link":"https:\/\/marktxxl.de\/markt\/produkt\/die-veranstaltungen-der-tatate-original-geschenk-40-karten-baby-milestone-karten-fuer-das-erste-jahr-fotokarten-fuer-babys-besondere-momente\/","title":{"rendered":"Die Veranstaltungen der Tatate &#8211; Original Geschenk 40 Karten &#8211; Baby Milestone Karten f\u00fcr das erste Jahr &#8211; Fotokarten f\u00fcr\u2026"},"content":{"rendered":"<p>Die Ankunft eines Babys ist sehr spannend und sein erstes Jahr geht sehr schnell. Aus diesem Grund haben wir dieses Set mit 40 Karten f\u00fcr das Andenken geschaffen, um Fotos der wichtigsten Momente des ersten Jahres zu machen.<br \/>\nDie Karten von Milestone wurden entworfen, bedruckt und personalisiert in Spanien, Farbdruck, beidseitig bedruckt, satinierter Karton mit 300 g\/m\u00b2, eine Seite ist beschreibbar, damit Sie das Datum und die Erinnerungen eintragen k\u00f6nnen, die Sie lieben. Abgerundete Kanten, damit keine Gefahr f\u00fcr das Baby besteht. Ma\u00dfe der Karten: 10 x 15,24 cm. Enth\u00e4lt Beutel aus Bio-Baumwolle mit 180 g\/m\u00b2 und Kordelzug, bedruckt mit Tieren, die auf den Karten springen. Gr\u00f6\u00dfe der Tasche: 15 x 21 cm<br \/>\nDie Gastgeschenke sind auf einer Seite speziell f\u00fcr das Schreiben von Erinnerungen, und wenn sie \u00e4lter sind, werden sie eine gro\u00dfe Illusion machen.<br \/>\nIdeal als Geschenk f\u00fcr Neugeborene oder als Geschenk f\u00fcr eine Babyparty. Sie werden sicher \u00fcberrascht sein.<br \/>\nJede der Karten ist sorgf\u00e4ltig mit Dschungel-Tieren im Aquarell-Stil.<br \/>\n<div class=\"main-cross-sell\" data-asin=\"B09V6SM2W7\">\n\n\t<div class=\"WooZone-cross-sell-loader\">\n\t\t<div>\n\t\t\t<div id=\"floatingBarsG\">\n\t\t\t\t<div class=\"blockG\" id=\"rotateG_01\"><\/div>\n\t\t\t\t<div class=\"blockG\" id=\"rotateG_02\"><\/div>\n\t\t\t\t<div class=\"blockG\" id=\"rotateG_03\"><\/div>\n\t\t\t\t<div class=\"blockG\" id=\"rotateG_04\"><\/div>\n\t\t\t\t<div class=\"blockG\" id=\"rotateG_05\"><\/div>\n\t\t\t\t<div class=\"blockG\" id=\"rotateG_06\"><\/div>\n\t\t\t\t<div class=\"blockG\" id=\"rotateG_07\"><\/div>\n\t\t\t\t<div class=\"blockG\" id=\"rotateG_08\"><\/div>\n\t\t\t<\/div>\n\t\t\t<div class=\"WooZone-cross-sell-loader-text\"><\/div>\n\t\t<\/div>\n\t<\/div>\n\n\t\t\n<\/div>\n<div style=\"clear:both;\"><\/div><\/p>\n","protected":false},"excerpt":{"rendered":"<p>Die Ankunft eines Babys ist sehr spannend und sein erstes Jahr geht sehr schnell. Aus diesem Grund haben wir dieses Set mit 40 Karten f\u00fcr das Andenken geschaffen, um Fotos der wichtigsten Momente des ersten Jahres zu machen.<br \/>\nDie Karten von Milestone wurden entworfen, bedruckt und personalisiert in Spanien, Farbdruck, beidseitig bedruckt, satinierter Karton mit 300 g\/m\u00b2, eine Seite ist beschreibbar, damit Sie das Datum und die Erinnerungen eintragen k\u00f6nnen, die Sie lieben. Abgerundete Kanten, damit keine Gefahr f\u00fcr das Baby besteht. Ma\u00dfe der Karten: 10 x 15,24 cm. Enth\u00e4lt Beutel aus Bio-Baumwolle mit 180 g\/m\u00b2 und Kordelzug, bedruckt mit Tieren, die auf den Karten springen. Gr\u00f6\u00dfe der Tasche: 15 x 21 cm<br \/>\nDie Gastgeschenke sind auf einer Seite speziell f\u00fcr das Schreiben von Erinnerungen, und wenn sie \u00e4lter sind, werden sie eine gro\u00dfe Illusion machen.<\/p>\n","protected":false},"featured_media":113264,"comment_status":"open","ping_status":"closed","template":"","meta":[],"product_brand":[],"product_cat":[21,8929],"product_tag":[],"class_list":{"0":"post-113263","1":"product","2":"type-product","3":"status-publish","4":"has-post-thumbnail","6":"product_cat-baby","7":"product_cat-babygeschenke-baby","8":"pa_binding-babyartikel","9":"pa_brand-los-eventos-de-la-tata-detalles-que-enamoran","10":"pa_manufacturer-los-eventos-de-la-tata","12":"first","13":"instock","14":"shipping-taxable","15":"purchasable","16":"product-type-simple","17":"customify-col","18":"product-has-gallery"},"yoast_head":"<!-- This site is optimized with the Yoast SEO plugin v27.4 - https:\/\/yoast.com\/product\/yoast-seo-wordpress\/ -->\n<title>Die Veranstaltungen der Tatate - Original Geschenk 40 Karten - Baby Milestone Karten f\u00fcr das erste Jahr - Fotokarten f\u00fcr\u2026 - Markt-XXL<\/title>\n<meta name=\"description\" content=\"Markt-XXL Die Veranstaltungen der Tatate - Original Geschenk 40 Karten - Baby Milestone Karten f\u00fcr das erste Jahr - Fotokarten f\u00fcr\u2026\" \/>\n<meta name=\"robots\" content=\"index, follow, max-snippet:-1, max-image-preview:large, max-video-preview:-1\" \/>\n<link rel=\"canonical\" href=\"https:\/\/marktxxl.de\/markt\/produkt\/die-veranstaltungen-der-tatate-original-geschenk-40-karten-baby-milestone-karten-fuer-das-erste-jahr-fotokarten-fuer-babys-besondere-momente\/\" \/>\n<meta property=\"og:locale\" content=\"de_DE\" \/>\n<meta property=\"og:type\" content=\"article\" \/>\n<meta property=\"og:title\" content=\"Die Veranstaltungen der Tatate - Original Geschenk 40 Karten - Baby Milestone Karten f\u00fcr das erste Jahr - Fotokarten f\u00fcr\u2026 - Markt-XXL\" \/>\n<meta property=\"og:description\" content=\"Markt-XXL Die Veranstaltungen der Tatate - Original Geschenk 40 Karten - Baby Milestone Karten f\u00fcr das erste Jahr - Fotokarten f\u00fcr\u2026\" \/>\n<meta property=\"og:url\" content=\"https:\/\/marktxxl.de\/markt\/produkt\/die-veranstaltungen-der-tatate-original-geschenk-40-karten-baby-milestone-karten-fuer-das-erste-jahr-fotokarten-fuer-babys-besondere-momente\/\" \/>\n<meta property=\"og:site_name\" content=\"Markt-XXL\" \/>\n<meta property=\"article:modified_time\" content=\"2023-04-11T01:40:30+00:00\" \/>\n<meta property=\"og:image\" content=\"https:\/\/m.media-amazon.com\/images\/I\/41l5IcIDYzL._SL500_.jpg\" \/>\n\t<meta property=\"og:image:width\" content=\"348\" \/>\n\t<meta property=\"og:image:height\" content=\"500\" \/>\n\t<meta property=\"og:image:type\" content=\"image\/jpeg\" \/>\n<meta name=\"twitter:card\" content=\"summary_large_image\" \/>\n<meta name=\"twitter:label1\" content=\"Gesch\u00e4tzte Lesezeit\" \/>\n\t<meta name=\"twitter:data1\" content=\"1\u00a0Minute\" \/>\n<script type=\"application\/ld+json\" class=\"yoast-schema-graph\">{\"@context\":\"https:\\\/\\\/schema.org\",\"@graph\":[{\"@type\":\"WebPage\",\"@id\":\"https:\\\/\\\/marktxxl.de\\\/markt\\\/produkt\\\/die-veranstaltungen-der-tatate-original-geschenk-40-karten-baby-milestone-karten-fuer-das-erste-jahr-fotokarten-fuer-babys-besondere-momente\\\/\",\"url\":\"https:\\\/\\\/marktxxl.de\\\/markt\\\/produkt\\\/die-veranstaltungen-der-tatate-original-geschenk-40-karten-baby-milestone-karten-fuer-das-erste-jahr-fotokarten-fuer-babys-besondere-momente\\\/\",\"name\":\"Die Veranstaltungen der Tatate - Original Geschenk 40 Karten - Baby Milestone Karten f\u00fcr das erste Jahr - Fotokarten f\u00fcr\u2026 - Markt-XXL\",\"isPartOf\":{\"@id\":\"https:\\\/\\\/marktxxl.de\\\/markt\\\/#website\"},\"primaryImageOfPage\":{\"@id\":\"https:\\\/\\\/marktxxl.de\\\/markt\\\/produkt\\\/die-veranstaltungen-der-tatate-original-geschenk-40-karten-baby-milestone-karten-fuer-das-erste-jahr-fotokarten-fuer-babys-besondere-momente\\\/#primaryimage\"},\"image\":{\"@id\":\"https:\\\/\\\/marktxxl.de\\\/markt\\\/produkt\\\/die-veranstaltungen-der-tatate-original-geschenk-40-karten-baby-milestone-karten-fuer-das-erste-jahr-fotokarten-fuer-babys-besondere-momente\\\/#primaryimage\"},\"thumbnailUrl\":\"https:\\\/\\\/m.media-amazon.com\\\/images\\\/I\\\/41l5IcIDYzL._SL500_.jpg\",\"datePublished\":\"2022-05-14T19:46:39+00:00\",\"dateModified\":\"2023-04-11T01:40:30+00:00\",\"description\":\"Markt-XXL Die Veranstaltungen der Tatate - Original Geschenk 40 Karten - Baby Milestone Karten f\u00fcr das erste Jahr - Fotokarten f\u00fcr\u2026\",\"breadcrumb\":{\"@id\":\"https:\\\/\\\/marktxxl.de\\\/markt\\\/produkt\\\/die-veranstaltungen-der-tatate-original-geschenk-40-karten-baby-milestone-karten-fuer-das-erste-jahr-fotokarten-fuer-babys-besondere-momente\\\/#breadcrumb\"},\"inLanguage\":\"de\",\"potentialAction\":[{\"@type\":\"ReadAction\",\"target\":[\"https:\\\/\\\/marktxxl.de\\\/markt\\\/produkt\\\/die-veranstaltungen-der-tatate-original-geschenk-40-karten-baby-milestone-karten-fuer-das-erste-jahr-fotokarten-fuer-babys-besondere-momente\\\/\"]}]},{\"@type\":\"ImageObject\",\"inLanguage\":\"de\",\"@id\":\"https:\\\/\\\/marktxxl.de\\\/markt\\\/produkt\\\/die-veranstaltungen-der-tatate-original-geschenk-40-karten-baby-milestone-karten-fuer-das-erste-jahr-fotokarten-fuer-babys-besondere-momente\\\/#primaryimage\",\"url\":\"https:\\\/\\\/m.media-amazon.com\\\/images\\\/I\\\/41l5IcIDYzL._SL500_.jpg\",\"contentUrl\":\"https:\\\/\\\/m.media-amazon.com\\\/images\\\/I\\\/41l5IcIDYzL._SL500_.jpg\",\"width\":348,\"height\":500},{\"@type\":\"BreadcrumbList\",\"@id\":\"https:\\\/\\\/marktxxl.de\\\/markt\\\/produkt\\\/die-veranstaltungen-der-tatate-original-geschenk-40-karten-baby-milestone-karten-fuer-das-erste-jahr-fotokarten-fuer-babys-besondere-momente\\\/#breadcrumb\",\"itemListElement\":[{\"@type\":\"ListItem\",\"position\":1,\"name\":\"Startseite\",\"item\":\"https:\\\/\\\/marktxxl.de\\\/markt\\\/\"},{\"@type\":\"ListItem\",\"position\":2,\"name\":\"Markt\",\"item\":\"https:\\\/\\\/marktxxl.de\\\/markt\\\/\"},{\"@type\":\"ListItem\",\"position\":3,\"name\":\"Die Veranstaltungen der Tatate &#8211; Original Geschenk 40 Karten &#8211; Baby Milestone Karten f\u00fcr das erste Jahr &#8211; Fotokarten f\u00fcr\u2026\"}]},{\"@type\":\"WebSite\",\"@id\":\"https:\\\/\\\/marktxxl.de\\\/markt\\\/#website\",\"url\":\"https:\\\/\\\/marktxxl.de\\\/markt\\\/\",\"name\":\"Markt-XXL\",\"description\":\"Ihr Markt Online\",\"publisher\":{\"@id\":\"https:\\\/\\\/marktxxl.de\\\/markt\\\/#organization\"},\"potentialAction\":[{\"@type\":\"SearchAction\",\"target\":{\"@type\":\"EntryPoint\",\"urlTemplate\":\"https:\\\/\\\/marktxxl.de\\\/markt\\\/?s={search_term_string}\"},\"query-input\":{\"@type\":\"PropertyValueSpecification\",\"valueRequired\":true,\"valueName\":\"search_term_string\"}}],\"inLanguage\":\"de\"},{\"@type\":\"Organization\",\"@id\":\"https:\\\/\\\/marktxxl.de\\\/markt\\\/#organization\",\"name\":\"Markt-XXL\",\"url\":\"https:\\\/\\\/marktxxl.de\\\/markt\\\/\",\"logo\":{\"@type\":\"ImageObject\",\"inLanguage\":\"de\",\"@id\":\"https:\\\/\\\/marktxxl.de\\\/markt\\\/#\\\/schema\\\/logo\\\/image\\\/\",\"url\":\"https:\\\/\\\/marktxxl.de\\\/markt\\\/wp-content\\\/uploads\\\/sites\\\/3\\\/2020\\\/12\\\/logo.png\",\"contentUrl\":\"https:\\\/\\\/marktxxl.de\\\/markt\\\/wp-content\\\/uploads\\\/sites\\\/3\\\/2020\\\/12\\\/logo.png\",\"width\":200,\"height\":70,\"caption\":\"Markt-XXL\"},\"image\":{\"@id\":\"https:\\\/\\\/marktxxl.de\\\/markt\\\/#\\\/schema\\\/logo\\\/image\\\/\"}}]}<\/script>\n<!-- \/ Yoast SEO plugin. -->","yoast_head_json":{"title":"Die Veranstaltungen der Tatate - Original Geschenk 40 Karten - Baby Milestone Karten f\u00fcr das erste Jahr - Fotokarten f\u00fcr\u2026 - Markt-XXL","description":"Markt-XXL Die Veranstaltungen der Tatate - Original Geschenk 40 Karten - Baby Milestone Karten f\u00fcr das erste Jahr - Fotokarten f\u00fcr\u2026","robots":{"index":"index","follow":"follow","max-snippet":"max-snippet:-1","max-image-preview":"max-image-preview:large","max-video-preview":"max-video-preview:-1"},"canonical":"https:\/\/marktxxl.de\/markt\/produkt\/die-veranstaltungen-der-tatate-original-geschenk-40-karten-baby-milestone-karten-fuer-das-erste-jahr-fotokarten-fuer-babys-besondere-momente\/","og_locale":"de_DE","og_type":"article","og_title":"Die Veranstaltungen der Tatate - Original Geschenk 40 Karten - Baby Milestone Karten f\u00fcr das erste Jahr - Fotokarten f\u00fcr\u2026 - Markt-XXL","og_description":"Markt-XXL Die Veranstaltungen der Tatate - Original Geschenk 40 Karten - Baby Milestone Karten f\u00fcr das erste Jahr - Fotokarten f\u00fcr\u2026","og_url":"https:\/\/marktxxl.de\/markt\/produkt\/die-veranstaltungen-der-tatate-original-geschenk-40-karten-baby-milestone-karten-fuer-das-erste-jahr-fotokarten-fuer-babys-besondere-momente\/","og_site_name":"Markt-XXL","article_modified_time":"2023-04-11T01:40:30+00:00","og_image":[{"width":348,"height":500,"url":"https:\/\/m.media-amazon.com\/images\/I\/41l5IcIDYzL._SL500_.jpg","type":"image\/jpeg"}],"twitter_card":"summary_large_image","twitter_misc":{"Gesch\u00e4tzte Lesezeit":"1\u00a0Minute"},"schema":{"@context":"https:\/\/schema.org","@graph":[{"@type":"WebPage","@id":"https:\/\/marktxxl.de\/markt\/produkt\/die-veranstaltungen-der-tatate-original-geschenk-40-karten-baby-milestone-karten-fuer-das-erste-jahr-fotokarten-fuer-babys-besondere-momente\/","url":"https:\/\/marktxxl.de\/markt\/produkt\/die-veranstaltungen-der-tatate-original-geschenk-40-karten-baby-milestone-karten-fuer-das-erste-jahr-fotokarten-fuer-babys-besondere-momente\/","name":"Die Veranstaltungen der Tatate - Original Geschenk 40 Karten - Baby Milestone Karten f\u00fcr das erste Jahr - Fotokarten f\u00fcr\u2026 - Markt-XXL","isPartOf":{"@id":"https:\/\/marktxxl.de\/markt\/#website"},"primaryImageOfPage":{"@id":"https:\/\/marktxxl.de\/markt\/produkt\/die-veranstaltungen-der-tatate-original-geschenk-40-karten-baby-milestone-karten-fuer-das-erste-jahr-fotokarten-fuer-babys-besondere-momente\/#primaryimage"},"image":{"@id":"https:\/\/marktxxl.de\/markt\/produkt\/die-veranstaltungen-der-tatate-original-geschenk-40-karten-baby-milestone-karten-fuer-das-erste-jahr-fotokarten-fuer-babys-besondere-momente\/#primaryimage"},"thumbnailUrl":"https:\/\/m.media-amazon.com\/images\/I\/41l5IcIDYzL._SL500_.jpg","datePublished":"2022-05-14T19:46:39+00:00","dateModified":"2023-04-11T01:40:30+00:00","description":"Markt-XXL Die Veranstaltungen der Tatate - Original Geschenk 40 Karten - Baby Milestone Karten f\u00fcr das erste Jahr - Fotokarten f\u00fcr\u2026","breadcrumb":{"@id":"https:\/\/marktxxl.de\/markt\/produkt\/die-veranstaltungen-der-tatate-original-geschenk-40-karten-baby-milestone-karten-fuer-das-erste-jahr-fotokarten-fuer-babys-besondere-momente\/#breadcrumb"},"inLanguage":"de","potentialAction":[{"@type":"ReadAction","target":["https:\/\/marktxxl.de\/markt\/produkt\/die-veranstaltungen-der-tatate-original-geschenk-40-karten-baby-milestone-karten-fuer-das-erste-jahr-fotokarten-fuer-babys-besondere-momente\/"]}]},{"@type":"ImageObject","inLanguage":"de","@id":"https:\/\/marktxxl.de\/markt\/produkt\/die-veranstaltungen-der-tatate-original-geschenk-40-karten-baby-milestone-karten-fuer-das-erste-jahr-fotokarten-fuer-babys-besondere-momente\/#primaryimage","url":"https:\/\/m.media-amazon.com\/images\/I\/41l5IcIDYzL._SL500_.jpg","contentUrl":"https:\/\/m.media-amazon.com\/images\/I\/41l5IcIDYzL._SL500_.jpg","width":348,"height":500},{"@type":"BreadcrumbList","@id":"https:\/\/marktxxl.de\/markt\/produkt\/die-veranstaltungen-der-tatate-original-geschenk-40-karten-baby-milestone-karten-fuer-das-erste-jahr-fotokarten-fuer-babys-besondere-momente\/#breadcrumb","itemListElement":[{"@type":"ListItem","position":1,"name":"Startseite","item":"https:\/\/marktxxl.de\/markt\/"},{"@type":"ListItem","position":2,"name":"Markt","item":"https:\/\/marktxxl.de\/markt\/"},{"@type":"ListItem","position":3,"name":"Die Veranstaltungen der Tatate &#8211; Original Geschenk 40 Karten &#8211; Baby Milestone Karten f\u00fcr das erste Jahr &#8211; Fotokarten f\u00fcr\u2026"}]},{"@type":"WebSite","@id":"https:\/\/marktxxl.de\/markt\/#website","url":"https:\/\/marktxxl.de\/markt\/","name":"Markt-XXL","description":"Ihr Markt Online","publisher":{"@id":"https:\/\/marktxxl.de\/markt\/#organization"},"potentialAction":[{"@type":"SearchAction","target":{"@type":"EntryPoint","urlTemplate":"https:\/\/marktxxl.de\/markt\/?s={search_term_string}"},"query-input":{"@type":"PropertyValueSpecification","valueRequired":true,"valueName":"search_term_string"}}],"inLanguage":"de"},{"@type":"Organization","@id":"https:\/\/marktxxl.de\/markt\/#organization","name":"Markt-XXL","url":"https:\/\/marktxxl.de\/markt\/","logo":{"@type":"ImageObject","inLanguage":"de","@id":"https:\/\/marktxxl.de\/markt\/#\/schema\/logo\/image\/","url":"https:\/\/marktxxl.de\/markt\/wp-content\/uploads\/sites\/3\/2020\/12\/logo.png","contentUrl":"https:\/\/marktxxl.de\/markt\/wp-content\/uploads\/sites\/3\/2020\/12\/logo.png","width":200,"height":70,"caption":"Markt-XXL"},"image":{"@id":"https:\/\/marktxxl.de\/markt\/#\/schema\/logo\/image\/"}}]}},"_links":{"self":[{"href":"https:\/\/marktxxl.de\/markt\/wp-json\/wp\/v2\/product\/113263","targetHints":{"allow":["GET"]}}],"collection":[{"href":"https:\/\/marktxxl.de\/markt\/wp-json\/wp\/v2\/product"}],"about":[{"href":"https:\/\/marktxxl.de\/markt\/wp-json\/wp\/v2\/types\/product"}],"replies":[{"embeddable":true,"href":"https:\/\/marktxxl.de\/markt\/wp-json\/wp\/v2\/comments?post=113263"}],"wp:featuredmedia":[{"embeddable":true,"href":"https:\/\/marktxxl.de\/markt\/wp-json\/wp\/v2\/media\/113264"}],"wp:attachment":[{"href":"https:\/\/marktxxl.de\/markt\/wp-json\/wp\/v2\/media?parent=113263"}],"wp:term":[{"taxonomy":"product_brand","embeddable":true,"href":"https:\/\/marktxxl.de\/markt\/wp-json\/wp\/v2\/product_brand?post=113263"},{"taxonomy":"product_cat","embeddable":true,"href":"https:\/\/marktxxl.de\/markt\/wp-json\/wp\/v2\/product_cat?post=113263"},{"taxonomy":"product_tag","embeddable":true,"href":"https:\/\/marktxxl.de\/markt\/wp-json\/wp\/v2\/product_tag?post=113263"}],"curies":[{"name":"wp","href":"https:\/\/api.w.org\/{rel}","templated":true}]}}