{"id":112289,"date":"2022-03-02T18:04:31","date_gmt":"2022-03-02T17:04:31","guid":{"rendered":"https:\/\/marktxxl.de\/markt\/produkt\/topquafocus-einlauf-set-zur-darmreinigung-2l-silikon-irrigator-komplett-set-bpa-frei-einlaufbeutel-kit-fuer-zuhause\/"},"modified":"2023-04-07T02:53:22","modified_gmt":"2023-04-07T00:53:22","slug":"topquafocus-einlauf-set-zur-darmreinigung-2l-silikon-irrigator-komplett-set-bpa-frei-einlaufbeutel-kit-fuer-zuhause","status":"publish","type":"product","link":"https:\/\/marktxxl.de\/markt\/produkt\/topquafocus-einlauf-set-zur-darmreinigung-2l-silikon-irrigator-komplett-set-bpa-frei-einlaufbeutel-kit-fuer-zuhause\/","title":{"rendered":"TopQuaFocus Einlauf Set Zur Darmreinigung \u2013 2L Silikon Irrigator Komplett-Set &#8211; BPA-frei Einlaufbeutel-Kit F\u00fcr Zuhause\u2026"},"content":{"rendered":"<p>2L Silikon-Klistierbeutel &#8212; Der dicke Silikonbeutel ist mit Volumenskala gekennzeichnet, fasst 2 Liter warmes Wasser oder Bio-Kaffee. Und es wird mit einem Edelstahlhaken geliefert, mit dem Sie es beim Duschen \u00fcberall aufh\u00e4ngen k\u00f6nnen.<br \/>\n2-Meter-Schlauchset&#8211; Beinhaltet 1 St\u00fcck Silikonschlauch, kann nach Bedarf gek\u00fcrzt werden. Absperrventil zum schnellen \u00d6ffnen oder Schlie\u00dfen. Zus\u00e4tzliche Steuerklemme, die sich auf dem Rohr bewegen k\u00f6nnte. Anti-R\u00fcckflussventil, um einen R\u00fcckfluss in das Rohr zu verhindern.<br \/>\n4 Austauschbare D\u00fcsen &#8212; Lange Klistierd\u00fcse * 1St. Kurze d\u00fcnne Spitze * 1St. Weiche D\u00fcse *2St. Verschiedene D\u00fcsen bringen Ihnen unterschiedliche Klistiererlebnisse.<br \/>\nIrrigator Komplett-Set &#8212; Das Einlauf-System enth\u00e4lt alles, was man f\u00fcr die Darmreinigung zuhause ben\u00f6tigt. Durch die sehr einfache Handhabung k\u00f6nnen Sie damit ab sofort Einl\u00e4ufe zu Hause selber durchf\u00fchren. Daher ist es auch f\u00fcr unerfahrene und erstmalige Benutzer geeignet.<br \/>\nVielseitige Anwendung &#8212; Dieses Set ist optimal geeignet bei Verstopfung und Darmtr\u00e4gheit, zur Darmreinigung bei Entgiftungs-\/Detoxkuren und beim Heilfasten, zur Mobilisierung des Immunsystems, zur Vorbereitung einer Darmspiegelung, zur Geburtsvorbereitung oder zur Verabreichung von Medikamenten.<br \/>\n<div class=\"main-cross-sell\" data-asin=\"B08BJMR91N\">\n\n\t<div class=\"WooZone-cross-sell-loader\">\n\t\t<div>\n\t\t\t<div id=\"floatingBarsG\">\n\t\t\t\t<div class=\"blockG\" id=\"rotateG_01\"><\/div>\n\t\t\t\t<div class=\"blockG\" id=\"rotateG_02\"><\/div>\n\t\t\t\t<div class=\"blockG\" id=\"rotateG_03\"><\/div>\n\t\t\t\t<div class=\"blockG\" id=\"rotateG_04\"><\/div>\n\t\t\t\t<div class=\"blockG\" id=\"rotateG_05\"><\/div>\n\t\t\t\t<div class=\"blockG\" id=\"rotateG_06\"><\/div>\n\t\t\t\t<div class=\"blockG\" id=\"rotateG_07\"><\/div>\n\t\t\t\t<div class=\"blockG\" id=\"rotateG_08\"><\/div>\n\t\t\t<\/div>\n\t\t\t<div class=\"WooZone-cross-sell-loader-text\"><\/div>\n\t\t<\/div>\n\t<\/div>\n\n\t\t\n<\/div>\n<div style=\"clear:both;\"><\/div><\/p>\n","protected":false},"excerpt":{"rendered":"<p>2L Silikon-Klistierbeutel &#8212; Der dicke Silikonbeutel ist mit Volumenskala gekennzeichnet, fasst 2 Liter warmes Wasser oder Bio-Kaffee. Und es wird mit einem Edelstahlhaken geliefert, mit dem Sie es beim Duschen \u00fcberall aufh\u00e4ngen k\u00f6nnen.<br \/>\n2-Meter-Schlauchset&#8211; Beinhaltet 1 St\u00fcck Silikonschlauch, kann nach Bedarf gek\u00fcrzt werden. Absperrventil zum schnellen \u00d6ffnen oder Schlie\u00dfen. Zus\u00e4tzliche Steuerklemme, die sich auf dem Rohr bewegen k\u00f6nnte. Anti-R\u00fcckflussventil, um einen R\u00fcckfluss in das Rohr zu verhindern.<br \/>\n4 Austauschbare D\u00fcsen &#8212; Lange Klistierd\u00fcse * 1St. Kurze d\u00fcnne Spitze * 1St. Weiche D\u00fcse *2St. Verschiedene D\u00fcsen bringen Ihnen unterschiedliche Klistiererlebnisse.<\/p>\n","protected":false},"featured_media":112290,"comment_status":"open","ping_status":"closed","template":"","meta":[],"product_brand":[],"product_cat":[652,2977],"product_tag":[],"class_list":{"0":"post-112289","1":"product","2":"type-product","3":"status-publish","4":"has-post-thumbnail","6":"product_cat-erotik-markt-xxl","7":"product_cat-sexspielzeug","8":"pa_binding-badartikel","9":"pa_brand-topquafocus","10":"pa_manufacturer-luofunake","12":"first","13":"instock","14":"shipping-taxable","15":"purchasable","16":"product-type-simple","17":"customify-col","18":"product-has-gallery"},"yoast_head":"<!-- This site is optimized with the Yoast SEO plugin v27.4 - https:\/\/yoast.com\/product\/yoast-seo-wordpress\/ -->\n<title>TopQuaFocus Einlauf Set Zur Darmreinigung \u2013 2L Silikon Irrigator Komplett-Set - BPA-frei Einlaufbeutel-Kit F\u00fcr Zuhause\u2026 - Markt-XXL<\/title>\n<meta name=\"description\" content=\"Markt-XXL TopQuaFocus Einlauf Set Zur Darmreinigung \u2013 2L Silikon Irrigator Komplett-Set - BPA-frei Einlaufbeutel-Kit F\u00fcr Zuhause\u2026\" \/>\n<meta name=\"robots\" content=\"index, follow, max-snippet:-1, max-image-preview:large, max-video-preview:-1\" \/>\n<link rel=\"canonical\" href=\"https:\/\/marktxxl.de\/markt\/produkt\/topquafocus-einlauf-set-zur-darmreinigung-2l-silikon-irrigator-komplett-set-bpa-frei-einlaufbeutel-kit-fuer-zuhause\/\" \/>\n<meta property=\"og:locale\" content=\"de_DE\" \/>\n<meta property=\"og:type\" content=\"article\" \/>\n<meta property=\"og:title\" content=\"TopQuaFocus Einlauf Set Zur Darmreinigung \u2013 2L Silikon Irrigator Komplett-Set - BPA-frei Einlaufbeutel-Kit F\u00fcr Zuhause\u2026 - Markt-XXL\" \/>\n<meta property=\"og:description\" content=\"Markt-XXL TopQuaFocus Einlauf Set Zur Darmreinigung \u2013 2L Silikon Irrigator Komplett-Set - BPA-frei Einlaufbeutel-Kit F\u00fcr Zuhause\u2026\" \/>\n<meta property=\"og:url\" content=\"https:\/\/marktxxl.de\/markt\/produkt\/topquafocus-einlauf-set-zur-darmreinigung-2l-silikon-irrigator-komplett-set-bpa-frei-einlaufbeutel-kit-fuer-zuhause\/\" \/>\n<meta property=\"og:site_name\" content=\"Markt-XXL\" \/>\n<meta property=\"article:modified_time\" content=\"2023-04-07T00:53:22+00:00\" \/>\n<meta property=\"og:image\" content=\"https:\/\/m.media-amazon.com\/images\/I\/41hOFSyByiL._SL500_.jpg\" \/>\n\t<meta property=\"og:image:width\" content=\"500\" \/>\n\t<meta property=\"og:image:height\" content=\"500\" \/>\n\t<meta property=\"og:image:type\" content=\"image\/jpeg\" \/>\n<meta name=\"twitter:card\" content=\"summary_large_image\" \/>\n<meta name=\"twitter:label1\" content=\"Gesch\u00e4tzte Lesezeit\" \/>\n\t<meta name=\"twitter:data1\" content=\"1\u00a0Minute\" \/>\n<script type=\"application\/ld+json\" class=\"yoast-schema-graph\">{\"@context\":\"https:\\\/\\\/schema.org\",\"@graph\":[{\"@type\":\"WebPage\",\"@id\":\"https:\\\/\\\/marktxxl.de\\\/markt\\\/produkt\\\/topquafocus-einlauf-set-zur-darmreinigung-2l-silikon-irrigator-komplett-set-bpa-frei-einlaufbeutel-kit-fuer-zuhause\\\/\",\"url\":\"https:\\\/\\\/marktxxl.de\\\/markt\\\/produkt\\\/topquafocus-einlauf-set-zur-darmreinigung-2l-silikon-irrigator-komplett-set-bpa-frei-einlaufbeutel-kit-fuer-zuhause\\\/\",\"name\":\"TopQuaFocus Einlauf Set Zur Darmreinigung \u2013 2L Silikon Irrigator Komplett-Set - BPA-frei Einlaufbeutel-Kit F\u00fcr Zuhause\u2026 - Markt-XXL\",\"isPartOf\":{\"@id\":\"https:\\\/\\\/marktxxl.de\\\/markt\\\/#website\"},\"primaryImageOfPage\":{\"@id\":\"https:\\\/\\\/marktxxl.de\\\/markt\\\/produkt\\\/topquafocus-einlauf-set-zur-darmreinigung-2l-silikon-irrigator-komplett-set-bpa-frei-einlaufbeutel-kit-fuer-zuhause\\\/#primaryimage\"},\"image\":{\"@id\":\"https:\\\/\\\/marktxxl.de\\\/markt\\\/produkt\\\/topquafocus-einlauf-set-zur-darmreinigung-2l-silikon-irrigator-komplett-set-bpa-frei-einlaufbeutel-kit-fuer-zuhause\\\/#primaryimage\"},\"thumbnailUrl\":\"https:\\\/\\\/m.media-amazon.com\\\/images\\\/I\\\/41hOFSyByiL._SL500_.jpg\",\"datePublished\":\"2022-03-02T17:04:31+00:00\",\"dateModified\":\"2023-04-07T00:53:22+00:00\",\"description\":\"Markt-XXL TopQuaFocus Einlauf Set Zur Darmreinigung \u2013 2L Silikon Irrigator Komplett-Set - BPA-frei Einlaufbeutel-Kit F\u00fcr Zuhause\u2026\",\"breadcrumb\":{\"@id\":\"https:\\\/\\\/marktxxl.de\\\/markt\\\/produkt\\\/topquafocus-einlauf-set-zur-darmreinigung-2l-silikon-irrigator-komplett-set-bpa-frei-einlaufbeutel-kit-fuer-zuhause\\\/#breadcrumb\"},\"inLanguage\":\"de\",\"potentialAction\":[{\"@type\":\"ReadAction\",\"target\":[\"https:\\\/\\\/marktxxl.de\\\/markt\\\/produkt\\\/topquafocus-einlauf-set-zur-darmreinigung-2l-silikon-irrigator-komplett-set-bpa-frei-einlaufbeutel-kit-fuer-zuhause\\\/\"]}]},{\"@type\":\"ImageObject\",\"inLanguage\":\"de\",\"@id\":\"https:\\\/\\\/marktxxl.de\\\/markt\\\/produkt\\\/topquafocus-einlauf-set-zur-darmreinigung-2l-silikon-irrigator-komplett-set-bpa-frei-einlaufbeutel-kit-fuer-zuhause\\\/#primaryimage\",\"url\":\"https:\\\/\\\/m.media-amazon.com\\\/images\\\/I\\\/41hOFSyByiL._SL500_.jpg\",\"contentUrl\":\"https:\\\/\\\/m.media-amazon.com\\\/images\\\/I\\\/41hOFSyByiL._SL500_.jpg\",\"width\":500,\"height\":500},{\"@type\":\"BreadcrumbList\",\"@id\":\"https:\\\/\\\/marktxxl.de\\\/markt\\\/produkt\\\/topquafocus-einlauf-set-zur-darmreinigung-2l-silikon-irrigator-komplett-set-bpa-frei-einlaufbeutel-kit-fuer-zuhause\\\/#breadcrumb\",\"itemListElement\":[{\"@type\":\"ListItem\",\"position\":1,\"name\":\"Startseite\",\"item\":\"https:\\\/\\\/marktxxl.de\\\/markt\\\/\"},{\"@type\":\"ListItem\",\"position\":2,\"name\":\"Markt\",\"item\":\"https:\\\/\\\/marktxxl.de\\\/markt\\\/\"},{\"@type\":\"ListItem\",\"position\":3,\"name\":\"TopQuaFocus Einlauf Set Zur Darmreinigung \u2013 2L Silikon Irrigator Komplett-Set &#8211; BPA-frei Einlaufbeutel-Kit F\u00fcr Zuhause\u2026\"}]},{\"@type\":\"WebSite\",\"@id\":\"https:\\\/\\\/marktxxl.de\\\/markt\\\/#website\",\"url\":\"https:\\\/\\\/marktxxl.de\\\/markt\\\/\",\"name\":\"Markt-XXL\",\"description\":\"Ihr Markt Online\",\"publisher\":{\"@id\":\"https:\\\/\\\/marktxxl.de\\\/markt\\\/#organization\"},\"potentialAction\":[{\"@type\":\"SearchAction\",\"target\":{\"@type\":\"EntryPoint\",\"urlTemplate\":\"https:\\\/\\\/marktxxl.de\\\/markt\\\/?s={search_term_string}\"},\"query-input\":{\"@type\":\"PropertyValueSpecification\",\"valueRequired\":true,\"valueName\":\"search_term_string\"}}],\"inLanguage\":\"de\"},{\"@type\":\"Organization\",\"@id\":\"https:\\\/\\\/marktxxl.de\\\/markt\\\/#organization\",\"name\":\"Markt-XXL\",\"url\":\"https:\\\/\\\/marktxxl.de\\\/markt\\\/\",\"logo\":{\"@type\":\"ImageObject\",\"inLanguage\":\"de\",\"@id\":\"https:\\\/\\\/marktxxl.de\\\/markt\\\/#\\\/schema\\\/logo\\\/image\\\/\",\"url\":\"https:\\\/\\\/marktxxl.de\\\/markt\\\/wp-content\\\/uploads\\\/sites\\\/3\\\/2020\\\/12\\\/logo.png\",\"contentUrl\":\"https:\\\/\\\/marktxxl.de\\\/markt\\\/wp-content\\\/uploads\\\/sites\\\/3\\\/2020\\\/12\\\/logo.png\",\"width\":200,\"height\":70,\"caption\":\"Markt-XXL\"},\"image\":{\"@id\":\"https:\\\/\\\/marktxxl.de\\\/markt\\\/#\\\/schema\\\/logo\\\/image\\\/\"}}]}<\/script>\n<!-- \/ Yoast SEO plugin. -->","yoast_head_json":{"title":"TopQuaFocus Einlauf Set Zur Darmreinigung \u2013 2L Silikon Irrigator Komplett-Set - BPA-frei Einlaufbeutel-Kit F\u00fcr Zuhause\u2026 - Markt-XXL","description":"Markt-XXL TopQuaFocus Einlauf Set Zur Darmreinigung \u2013 2L Silikon Irrigator Komplett-Set - BPA-frei Einlaufbeutel-Kit F\u00fcr Zuhause\u2026","robots":{"index":"index","follow":"follow","max-snippet":"max-snippet:-1","max-image-preview":"max-image-preview:large","max-video-preview":"max-video-preview:-1"},"canonical":"https:\/\/marktxxl.de\/markt\/produkt\/topquafocus-einlauf-set-zur-darmreinigung-2l-silikon-irrigator-komplett-set-bpa-frei-einlaufbeutel-kit-fuer-zuhause\/","og_locale":"de_DE","og_type":"article","og_title":"TopQuaFocus Einlauf Set Zur Darmreinigung \u2013 2L Silikon Irrigator Komplett-Set - BPA-frei Einlaufbeutel-Kit F\u00fcr Zuhause\u2026 - Markt-XXL","og_description":"Markt-XXL TopQuaFocus Einlauf Set Zur Darmreinigung \u2013 2L Silikon Irrigator Komplett-Set - BPA-frei Einlaufbeutel-Kit F\u00fcr Zuhause\u2026","og_url":"https:\/\/marktxxl.de\/markt\/produkt\/topquafocus-einlauf-set-zur-darmreinigung-2l-silikon-irrigator-komplett-set-bpa-frei-einlaufbeutel-kit-fuer-zuhause\/","og_site_name":"Markt-XXL","article_modified_time":"2023-04-07T00:53:22+00:00","og_image":[{"width":500,"height":500,"url":"https:\/\/m.media-amazon.com\/images\/I\/41hOFSyByiL._SL500_.jpg","type":"image\/jpeg"}],"twitter_card":"summary_large_image","twitter_misc":{"Gesch\u00e4tzte Lesezeit":"1\u00a0Minute"},"schema":{"@context":"https:\/\/schema.org","@graph":[{"@type":"WebPage","@id":"https:\/\/marktxxl.de\/markt\/produkt\/topquafocus-einlauf-set-zur-darmreinigung-2l-silikon-irrigator-komplett-set-bpa-frei-einlaufbeutel-kit-fuer-zuhause\/","url":"https:\/\/marktxxl.de\/markt\/produkt\/topquafocus-einlauf-set-zur-darmreinigung-2l-silikon-irrigator-komplett-set-bpa-frei-einlaufbeutel-kit-fuer-zuhause\/","name":"TopQuaFocus Einlauf Set Zur Darmreinigung \u2013 2L Silikon Irrigator Komplett-Set - BPA-frei Einlaufbeutel-Kit F\u00fcr Zuhause\u2026 - Markt-XXL","isPartOf":{"@id":"https:\/\/marktxxl.de\/markt\/#website"},"primaryImageOfPage":{"@id":"https:\/\/marktxxl.de\/markt\/produkt\/topquafocus-einlauf-set-zur-darmreinigung-2l-silikon-irrigator-komplett-set-bpa-frei-einlaufbeutel-kit-fuer-zuhause\/#primaryimage"},"image":{"@id":"https:\/\/marktxxl.de\/markt\/produkt\/topquafocus-einlauf-set-zur-darmreinigung-2l-silikon-irrigator-komplett-set-bpa-frei-einlaufbeutel-kit-fuer-zuhause\/#primaryimage"},"thumbnailUrl":"https:\/\/m.media-amazon.com\/images\/I\/41hOFSyByiL._SL500_.jpg","datePublished":"2022-03-02T17:04:31+00:00","dateModified":"2023-04-07T00:53:22+00:00","description":"Markt-XXL TopQuaFocus Einlauf Set Zur Darmreinigung \u2013 2L Silikon Irrigator Komplett-Set - BPA-frei Einlaufbeutel-Kit F\u00fcr Zuhause\u2026","breadcrumb":{"@id":"https:\/\/marktxxl.de\/markt\/produkt\/topquafocus-einlauf-set-zur-darmreinigung-2l-silikon-irrigator-komplett-set-bpa-frei-einlaufbeutel-kit-fuer-zuhause\/#breadcrumb"},"inLanguage":"de","potentialAction":[{"@type":"ReadAction","target":["https:\/\/marktxxl.de\/markt\/produkt\/topquafocus-einlauf-set-zur-darmreinigung-2l-silikon-irrigator-komplett-set-bpa-frei-einlaufbeutel-kit-fuer-zuhause\/"]}]},{"@type":"ImageObject","inLanguage":"de","@id":"https:\/\/marktxxl.de\/markt\/produkt\/topquafocus-einlauf-set-zur-darmreinigung-2l-silikon-irrigator-komplett-set-bpa-frei-einlaufbeutel-kit-fuer-zuhause\/#primaryimage","url":"https:\/\/m.media-amazon.com\/images\/I\/41hOFSyByiL._SL500_.jpg","contentUrl":"https:\/\/m.media-amazon.com\/images\/I\/41hOFSyByiL._SL500_.jpg","width":500,"height":500},{"@type":"BreadcrumbList","@id":"https:\/\/marktxxl.de\/markt\/produkt\/topquafocus-einlauf-set-zur-darmreinigung-2l-silikon-irrigator-komplett-set-bpa-frei-einlaufbeutel-kit-fuer-zuhause\/#breadcrumb","itemListElement":[{"@type":"ListItem","position":1,"name":"Startseite","item":"https:\/\/marktxxl.de\/markt\/"},{"@type":"ListItem","position":2,"name":"Markt","item":"https:\/\/marktxxl.de\/markt\/"},{"@type":"ListItem","position":3,"name":"TopQuaFocus Einlauf Set Zur Darmreinigung \u2013 2L Silikon Irrigator Komplett-Set &#8211; BPA-frei Einlaufbeutel-Kit F\u00fcr Zuhause\u2026"}]},{"@type":"WebSite","@id":"https:\/\/marktxxl.de\/markt\/#website","url":"https:\/\/marktxxl.de\/markt\/","name":"Markt-XXL","description":"Ihr Markt Online","publisher":{"@id":"https:\/\/marktxxl.de\/markt\/#organization"},"potentialAction":[{"@type":"SearchAction","target":{"@type":"EntryPoint","urlTemplate":"https:\/\/marktxxl.de\/markt\/?s={search_term_string}"},"query-input":{"@type":"PropertyValueSpecification","valueRequired":true,"valueName":"search_term_string"}}],"inLanguage":"de"},{"@type":"Organization","@id":"https:\/\/marktxxl.de\/markt\/#organization","name":"Markt-XXL","url":"https:\/\/marktxxl.de\/markt\/","logo":{"@type":"ImageObject","inLanguage":"de","@id":"https:\/\/marktxxl.de\/markt\/#\/schema\/logo\/image\/","url":"https:\/\/marktxxl.de\/markt\/wp-content\/uploads\/sites\/3\/2020\/12\/logo.png","contentUrl":"https:\/\/marktxxl.de\/markt\/wp-content\/uploads\/sites\/3\/2020\/12\/logo.png","width":200,"height":70,"caption":"Markt-XXL"},"image":{"@id":"https:\/\/marktxxl.de\/markt\/#\/schema\/logo\/image\/"}}]}},"_links":{"self":[{"href":"https:\/\/marktxxl.de\/markt\/wp-json\/wp\/v2\/product\/112289","targetHints":{"allow":["GET"]}}],"collection":[{"href":"https:\/\/marktxxl.de\/markt\/wp-json\/wp\/v2\/product"}],"about":[{"href":"https:\/\/marktxxl.de\/markt\/wp-json\/wp\/v2\/types\/product"}],"replies":[{"embeddable":true,"href":"https:\/\/marktxxl.de\/markt\/wp-json\/wp\/v2\/comments?post=112289"}],"wp:featuredmedia":[{"embeddable":true,"href":"https:\/\/marktxxl.de\/markt\/wp-json\/wp\/v2\/media\/112290"}],"wp:attachment":[{"href":"https:\/\/marktxxl.de\/markt\/wp-json\/wp\/v2\/media?parent=112289"}],"wp:term":[{"taxonomy":"product_brand","embeddable":true,"href":"https:\/\/marktxxl.de\/markt\/wp-json\/wp\/v2\/product_brand?post=112289"},{"taxonomy":"product_cat","embeddable":true,"href":"https:\/\/marktxxl.de\/markt\/wp-json\/wp\/v2\/product_cat?post=112289"},{"taxonomy":"product_tag","embeddable":true,"href":"https:\/\/marktxxl.de\/markt\/wp-json\/wp\/v2\/product_tag?post=112289"}],"curies":[{"name":"wp","href":"https:\/\/api.w.org\/{rel}","templated":true}]}}