{"id":111503,"date":"2022-02-27T00:18:52","date_gmt":"2022-02-26T23:18:52","guid":{"rendered":"https:\/\/marktxxl.de\/markt\/produkt\/poly-nagel-gel-gelnaegel-starter-set-mit-48w-uv-lampe-8-farben-nagelverlaengerung-nagelgel-set-mit-basetop-coatrutschloesung100-naegel-tipsnagelaufklebermanikuere-werkzeuge-komplette-nagels\/"},"modified":"2023-04-09T03:14:00","modified_gmt":"2023-04-09T01:14:00","slug":"poly-nagel-gel-gelnaegel-starter-set-mit-48w-uv-lampe-8-farben-nagelverlaengerung-nagelgel-set-mit-basetop-coatrutschloesung100-naegel-tipsnagelaufklebermanikuere-werkzeuge-komplette-nagels","status":"publish","type":"product","link":"https:\/\/marktxxl.de\/markt\/produkt\/poly-nagel-gel-gelnaegel-starter-set-mit-48w-uv-lampe-8-farben-nagelverlaengerung-nagelgel-set-mit-basetop-coatrutschloesung100-naegel-tipsnagelaufklebermanikuere-werkzeuge-komplette-nagels\/","title":{"rendered":"Poly Nagel Gel Geln\u00e4gel Starter Set mit 48W UV lampe, 8 Farben Nagelverl\u00e4ngerung Nagelgel Set mit Base&amp;Top Coat\u2026"},"content":{"rendered":"<p>\ud83c\udf38\ud83c\udf38\u3010Gelnagel-Komplettsets f\u00fcr Anf\u00e4nger\u3011 Sie erhalten 8*Poly Builder-Gele, 48W UV-Lampe, 2*Base&amp;Top Coat, Rutschl\u00f6sung, 20*Reinigungs und Entfernerpads, 1*Nagelhaut-Revitalisator\u00f6l, 1*Doppelkopf-Nagelstift, 3*gebogene Werkzeuge, 5* Nagelpunktstifte, 3*Nagelfeilen, 2*Nagelkunstb\u00fcrsten, 9*Nageldekorationen, 100*N\u00e4gel Tips. Sparen Sie Zeit und Geld im Manik\u00fcre-Gesch\u00e4ft und bringen Sie dieses umfassende Set zur\u00fcck Zuhause und sei dein eigener Nageldesigner! Genie\u00dfen Sie Ihren Nagelstudio zu Hause!<br \/>\n\ud83c\udf3b\ud83c\udf3b\u301048 W schnell trocknende UV-Nagellampe mit 18 LED-Perlen\u3011 Xins-Yonha-Nagellampe kombiniert das Beste aus UV-Lampe und LED-Lampe. Mit Superfunktionen, UV &amp; LED 2 in 1 + Smart Auto-Sensation-Funktion + USB-Schnellladung + Kein Brennen + Augenschutz + Energiesparen + Geeignet f\u00fcr alle Arten von Gel-Nagellack sorgt Xins-Yonha f\u00fcr die Qualit\u00e4t und die Wirkung aller N\u00e4gel Designs. Sie k\u00f6nnen je nach Ihren Anforderungen verschiedene Timer (30s, 60s, 90s) ausw\u00e4hlen.<br \/>\n\ud83c\udf52\ud83c\udf52\u3010Nat\u00fcrliche und lang anhaltende Wirkung\u3011: Im Gegensatz zu herk\u00f6mmlichem Nagellack, der nur 2-3 Tage halten kann, kann Xins-Yonha UV-Poly-Nagelgel bis zu einem Monat halten. Mit Hilfe des Basis- und Decklacks und der Formgebung der UV-Lampe kann sie bei ordnungsgem\u00e4\u00dfem Betrieb sogar l\u00e4nger halten (3-4 Monate). Mit h\u00fcbscher L\u00e4nge, Ordentlichkeit und Glanz sieht Xins-Yonha Nail Art nat\u00fcrlich und charmant aus.<br \/>\n\ud83c\udf40\ud83c\udf40\u3010Sicher und hautfreundlich\u3011: Xins-Yonha Nagelverl\u00e4ngerungsgele bestehen haupts\u00e4chlich aus nat\u00fcrlichen Harzen und organischen Stoffen, die geruchlos sind und Ihre N\u00e4gel nicht sch\u00e4digen. Mit Hilfe des Basis- und Decklacks k\u00f6nnen Ihre N\u00e4gel sogar fester und gut geformt werden. Es ist weich und einfach zu bedienen und Sie k\u00f6nnen frei darauf malen. Nagel Strasssteine, Schnur und Aufkleber machen Ihre N\u00e4gel einzigartiger und attraktiver.<br \/>\n\ud83d\udc9e\ud83d\udc9e\u3010Warm Tips and Xins-Yonha Service\u3011: The slip solution will help you to smoothee the gel and the clean pad will be helpful to your removal. If you have any problems, please feel free to contact us and we will solve the probelms quickly for you. Your satisfaction is our highest persuit!<br \/>\n<div class=\"main-cross-sell\" data-asin=\"B08HWXWB9C\">\n\n\t<div class=\"WooZone-cross-sell-loader\">\n\t\t<div>\n\t\t\t<div id=\"floatingBarsG\">\n\t\t\t\t<div class=\"blockG\" id=\"rotateG_01\"><\/div>\n\t\t\t\t<div class=\"blockG\" id=\"rotateG_02\"><\/div>\n\t\t\t\t<div class=\"blockG\" id=\"rotateG_03\"><\/div>\n\t\t\t\t<div class=\"blockG\" id=\"rotateG_04\"><\/div>\n\t\t\t\t<div class=\"blockG\" id=\"rotateG_05\"><\/div>\n\t\t\t\t<div class=\"blockG\" id=\"rotateG_06\"><\/div>\n\t\t\t\t<div class=\"blockG\" id=\"rotateG_07\"><\/div>\n\t\t\t\t<div class=\"blockG\" id=\"rotateG_08\"><\/div>\n\t\t\t<\/div>\n\t\t\t<div class=\"WooZone-cross-sell-loader-text\"><\/div>\n\t\t<\/div>\n\t<\/div>\n\n\t\t\n<\/div>\n<div style=\"clear:both;\"><\/div><\/p>\n","protected":false},"excerpt":{"rendered":"<p>\ud83c\udf38\ud83c\udf38\u3010Gelnagel-Komplettsets f\u00fcr Anf\u00e4nger\u3011 Sie erhalten 8*Poly Builder-Gele, 48W UV-Lampe, 2*Base&amp;Top Coat, Rutschl\u00f6sung, 20*Reinigungs und Entfernerpads, 1*Nagelhaut-Revitalisator\u00f6l, 1*Doppelkopf-Nagelstift, 3*gebogene Werkzeuge, 5* Nagelpunktstifte, 3*Nagelfeilen, 2*Nagelkunstb\u00fcrsten, 9*Nageldekorationen, 100*N\u00e4gel Tips. Sparen Sie Zeit und Geld im Manik\u00fcre-Gesch\u00e4ft und bringen Sie dieses umfassende Set zur\u00fcck Zuhause und sei dein eigener Nageldesigner! Genie\u00dfen Sie Ihren Nagelstudio zu Hause!<br \/>\n\ud83c\udf3b\ud83c\udf3b\u301048 W schnell trocknende UV-Nagellampe mit 18 LED-Perlen\u3011 Xins-Yonha-Nagellampe kombiniert das Beste aus UV-Lampe und LED-Lampe. Mit Superfunktionen, UV &amp; LED 2 in 1 + Smart Auto-Sensation-Funktion + USB-Schnellladung + Kein Brennen + Augenschutz + Energiesparen + Geeignet f\u00fcr alle Arten von Gel-Nagellack sorgt Xins-Yonha f\u00fcr die Qualit\u00e4t und die Wirkung aller N\u00e4gel Designs. Sie k\u00f6nnen je nach Ihren Anforderungen verschiedene Timer (30s, 60s, 90s) ausw\u00e4hlen.<br \/>\n\ud83c\udf52\ud83c\udf52\u3010Nat\u00fcrliche und lang anhaltende Wirkung\u3011: Im Gegensatz zu herk\u00f6mmlichem Nagellack, der nur 2-3 Tage halten kann, kann Xins-Yonha UV-Poly-Nagelgel bis zu einem Monat halten. Mit Hilfe des Basis- und Decklacks und der Formgebung der UV-Lampe kann sie bei ordnungsgem\u00e4\u00dfem Betrieb sogar l\u00e4nger halten (3-4 Monate). Mit h\u00fcbscher L\u00e4nge, Ordentlichkeit und Glanz sieht Xins-Yonha Nail Art nat\u00fcrlich und charmant aus.<\/p>\n","protected":false},"featured_media":111504,"comment_status":"open","ping_status":"closed","template":"","meta":[],"product_brand":[],"product_cat":[2858,7659],"product_tag":[],"class_list":{"0":"post-111503","1":"product","2":"type-product","3":"status-publish","4":"has-post-thumbnail","6":"product_cat-beauty","7":"product_cat-manikuere-pedikuere","8":"pa_brand-xins-yonha","9":"pa_color-volltonfarben-1","10":"pa_height-2-755905509-zoll","11":"pa_length-9-055118101-zoll","12":"pa_manufacturer-jane-choi","13":"pa_size-160-stueck-1er-pack","14":"pa_width-7-086614166-zoll","16":"first","17":"instock","18":"shipping-taxable","19":"purchasable","20":"product-type-simple","21":"customify-col","22":"product-has-gallery"},"yoast_head":"<!-- This site is optimized with the Yoast SEO plugin v27.4 - https:\/\/yoast.com\/product\/yoast-seo-wordpress\/ -->\n<title>Poly Nagel Gel Geln\u00e4gel Starter Set mit 48W UV lampe, 8 Farben Nagelverl\u00e4ngerung Nagelgel Set mit Base&amp;Top Coat\u2026 - Markt-XXL<\/title>\n<meta name=\"description\" content=\"Markt-XXL Poly Nagel Gel Geln\u00e4gel Starter Set mit 48W UV lampe, 8 Farben Nagelverl\u00e4ngerung Nagelgel Set mit Base&amp;Top Coat\u2026\" \/>\n<meta name=\"robots\" content=\"index, follow, max-snippet:-1, max-image-preview:large, max-video-preview:-1\" \/>\n<link rel=\"canonical\" href=\"https:\/\/marktxxl.de\/markt\/produkt\/poly-nagel-gel-gelnaegel-starter-set-mit-48w-uv-lampe-8-farben-nagelverlaengerung-nagelgel-set-mit-basetop-coatrutschloesung100-naegel-tipsnagelaufklebermanikuere-werkzeuge-komplette-nagels\/\" \/>\n<meta property=\"og:locale\" content=\"de_DE\" \/>\n<meta property=\"og:type\" content=\"article\" \/>\n<meta property=\"og:title\" content=\"Poly Nagel Gel Geln\u00e4gel Starter Set mit 48W UV lampe, 8 Farben Nagelverl\u00e4ngerung Nagelgel Set mit Base&amp;Top Coat\u2026 - Markt-XXL\" \/>\n<meta property=\"og:description\" content=\"Markt-XXL Poly Nagel Gel Geln\u00e4gel Starter Set mit 48W UV lampe, 8 Farben Nagelverl\u00e4ngerung Nagelgel Set mit Base&amp;Top Coat\u2026\" \/>\n<meta property=\"og:url\" content=\"https:\/\/marktxxl.de\/markt\/produkt\/poly-nagel-gel-gelnaegel-starter-set-mit-48w-uv-lampe-8-farben-nagelverlaengerung-nagelgel-set-mit-basetop-coatrutschloesung100-naegel-tipsnagelaufklebermanikuere-werkzeuge-komplette-nagels\/\" \/>\n<meta property=\"og:site_name\" content=\"Markt-XXL\" \/>\n<meta property=\"article:modified_time\" content=\"2023-04-09T01:14:00+00:00\" \/>\n<meta property=\"og:image\" content=\"https:\/\/m.media-amazon.com\/images\/I\/51WLp8pgh7L._SL500_.jpg\" \/>\n\t<meta property=\"og:image:width\" content=\"500\" \/>\n\t<meta property=\"og:image:height\" content=\"500\" \/>\n\t<meta property=\"og:image:type\" content=\"image\/jpeg\" \/>\n<meta name=\"twitter:card\" content=\"summary_large_image\" \/>\n<meta name=\"twitter:label1\" content=\"Gesch\u00e4tzte Lesezeit\" \/>\n\t<meta name=\"twitter:data1\" content=\"2\u00a0Minuten\" \/>\n<script type=\"application\/ld+json\" class=\"yoast-schema-graph\">{\"@context\":\"https:\\\/\\\/schema.org\",\"@graph\":[{\"@type\":\"WebPage\",\"@id\":\"https:\\\/\\\/marktxxl.de\\\/markt\\\/produkt\\\/poly-nagel-gel-gelnaegel-starter-set-mit-48w-uv-lampe-8-farben-nagelverlaengerung-nagelgel-set-mit-basetop-coatrutschloesung100-naegel-tipsnagelaufklebermanikuere-werkzeuge-komplette-nagels\\\/\",\"url\":\"https:\\\/\\\/marktxxl.de\\\/markt\\\/produkt\\\/poly-nagel-gel-gelnaegel-starter-set-mit-48w-uv-lampe-8-farben-nagelverlaengerung-nagelgel-set-mit-basetop-coatrutschloesung100-naegel-tipsnagelaufklebermanikuere-werkzeuge-komplette-nagels\\\/\",\"name\":\"Poly Nagel Gel Geln\u00e4gel Starter Set mit 48W UV lampe, 8 Farben Nagelverl\u00e4ngerung Nagelgel Set mit Base&amp;Top Coat\u2026 - Markt-XXL\",\"isPartOf\":{\"@id\":\"https:\\\/\\\/marktxxl.de\\\/markt\\\/#website\"},\"primaryImageOfPage\":{\"@id\":\"https:\\\/\\\/marktxxl.de\\\/markt\\\/produkt\\\/poly-nagel-gel-gelnaegel-starter-set-mit-48w-uv-lampe-8-farben-nagelverlaengerung-nagelgel-set-mit-basetop-coatrutschloesung100-naegel-tipsnagelaufklebermanikuere-werkzeuge-komplette-nagels\\\/#primaryimage\"},\"image\":{\"@id\":\"https:\\\/\\\/marktxxl.de\\\/markt\\\/produkt\\\/poly-nagel-gel-gelnaegel-starter-set-mit-48w-uv-lampe-8-farben-nagelverlaengerung-nagelgel-set-mit-basetop-coatrutschloesung100-naegel-tipsnagelaufklebermanikuere-werkzeuge-komplette-nagels\\\/#primaryimage\"},\"thumbnailUrl\":\"https:\\\/\\\/m.media-amazon.com\\\/images\\\/I\\\/51WLp8pgh7L._SL500_.jpg\",\"datePublished\":\"2022-02-26T23:18:52+00:00\",\"dateModified\":\"2023-04-09T01:14:00+00:00\",\"description\":\"Markt-XXL Poly Nagel Gel Geln\u00e4gel Starter Set mit 48W UV lampe, 8 Farben Nagelverl\u00e4ngerung Nagelgel Set mit Base&amp;Top Coat\u2026\",\"breadcrumb\":{\"@id\":\"https:\\\/\\\/marktxxl.de\\\/markt\\\/produkt\\\/poly-nagel-gel-gelnaegel-starter-set-mit-48w-uv-lampe-8-farben-nagelverlaengerung-nagelgel-set-mit-basetop-coatrutschloesung100-naegel-tipsnagelaufklebermanikuere-werkzeuge-komplette-nagels\\\/#breadcrumb\"},\"inLanguage\":\"de\",\"potentialAction\":[{\"@type\":\"ReadAction\",\"target\":[\"https:\\\/\\\/marktxxl.de\\\/markt\\\/produkt\\\/poly-nagel-gel-gelnaegel-starter-set-mit-48w-uv-lampe-8-farben-nagelverlaengerung-nagelgel-set-mit-basetop-coatrutschloesung100-naegel-tipsnagelaufklebermanikuere-werkzeuge-komplette-nagels\\\/\"]}]},{\"@type\":\"ImageObject\",\"inLanguage\":\"de\",\"@id\":\"https:\\\/\\\/marktxxl.de\\\/markt\\\/produkt\\\/poly-nagel-gel-gelnaegel-starter-set-mit-48w-uv-lampe-8-farben-nagelverlaengerung-nagelgel-set-mit-basetop-coatrutschloesung100-naegel-tipsnagelaufklebermanikuere-werkzeuge-komplette-nagels\\\/#primaryimage\",\"url\":\"https:\\\/\\\/m.media-amazon.com\\\/images\\\/I\\\/51WLp8pgh7L._SL500_.jpg\",\"contentUrl\":\"https:\\\/\\\/m.media-amazon.com\\\/images\\\/I\\\/51WLp8pgh7L._SL500_.jpg\",\"width\":500,\"height\":500},{\"@type\":\"BreadcrumbList\",\"@id\":\"https:\\\/\\\/marktxxl.de\\\/markt\\\/produkt\\\/poly-nagel-gel-gelnaegel-starter-set-mit-48w-uv-lampe-8-farben-nagelverlaengerung-nagelgel-set-mit-basetop-coatrutschloesung100-naegel-tipsnagelaufklebermanikuere-werkzeuge-komplette-nagels\\\/#breadcrumb\",\"itemListElement\":[{\"@type\":\"ListItem\",\"position\":1,\"name\":\"Startseite\",\"item\":\"https:\\\/\\\/marktxxl.de\\\/markt\\\/\"},{\"@type\":\"ListItem\",\"position\":2,\"name\":\"Markt\",\"item\":\"https:\\\/\\\/marktxxl.de\\\/markt\\\/\"},{\"@type\":\"ListItem\",\"position\":3,\"name\":\"Poly Nagel Gel Geln\u00e4gel Starter Set mit 48W UV lampe, 8 Farben Nagelverl\u00e4ngerung Nagelgel Set mit Base&amp;Top Coat\u2026\"}]},{\"@type\":\"WebSite\",\"@id\":\"https:\\\/\\\/marktxxl.de\\\/markt\\\/#website\",\"url\":\"https:\\\/\\\/marktxxl.de\\\/markt\\\/\",\"name\":\"Markt-XXL\",\"description\":\"Ihr Markt Online\",\"publisher\":{\"@id\":\"https:\\\/\\\/marktxxl.de\\\/markt\\\/#organization\"},\"potentialAction\":[{\"@type\":\"SearchAction\",\"target\":{\"@type\":\"EntryPoint\",\"urlTemplate\":\"https:\\\/\\\/marktxxl.de\\\/markt\\\/?s={search_term_string}\"},\"query-input\":{\"@type\":\"PropertyValueSpecification\",\"valueRequired\":true,\"valueName\":\"search_term_string\"}}],\"inLanguage\":\"de\"},{\"@type\":\"Organization\",\"@id\":\"https:\\\/\\\/marktxxl.de\\\/markt\\\/#organization\",\"name\":\"Markt-XXL\",\"url\":\"https:\\\/\\\/marktxxl.de\\\/markt\\\/\",\"logo\":{\"@type\":\"ImageObject\",\"inLanguage\":\"de\",\"@id\":\"https:\\\/\\\/marktxxl.de\\\/markt\\\/#\\\/schema\\\/logo\\\/image\\\/\",\"url\":\"https:\\\/\\\/marktxxl.de\\\/markt\\\/wp-content\\\/uploads\\\/sites\\\/3\\\/2020\\\/12\\\/logo.png\",\"contentUrl\":\"https:\\\/\\\/marktxxl.de\\\/markt\\\/wp-content\\\/uploads\\\/sites\\\/3\\\/2020\\\/12\\\/logo.png\",\"width\":200,\"height\":70,\"caption\":\"Markt-XXL\"},\"image\":{\"@id\":\"https:\\\/\\\/marktxxl.de\\\/markt\\\/#\\\/schema\\\/logo\\\/image\\\/\"}}]}<\/script>\n<!-- \/ Yoast SEO plugin. -->","yoast_head_json":{"title":"Poly Nagel Gel Geln\u00e4gel Starter Set mit 48W UV lampe, 8 Farben Nagelverl\u00e4ngerung Nagelgel Set mit Base&amp;Top Coat\u2026 - Markt-XXL","description":"Markt-XXL Poly Nagel Gel Geln\u00e4gel Starter Set mit 48W UV lampe, 8 Farben Nagelverl\u00e4ngerung Nagelgel Set mit Base&amp;Top Coat\u2026","robots":{"index":"index","follow":"follow","max-snippet":"max-snippet:-1","max-image-preview":"max-image-preview:large","max-video-preview":"max-video-preview:-1"},"canonical":"https:\/\/marktxxl.de\/markt\/produkt\/poly-nagel-gel-gelnaegel-starter-set-mit-48w-uv-lampe-8-farben-nagelverlaengerung-nagelgel-set-mit-basetop-coatrutschloesung100-naegel-tipsnagelaufklebermanikuere-werkzeuge-komplette-nagels\/","og_locale":"de_DE","og_type":"article","og_title":"Poly Nagel Gel Geln\u00e4gel Starter Set mit 48W UV lampe, 8 Farben Nagelverl\u00e4ngerung Nagelgel Set mit Base&amp;Top Coat\u2026 - Markt-XXL","og_description":"Markt-XXL Poly Nagel Gel Geln\u00e4gel Starter Set mit 48W UV lampe, 8 Farben Nagelverl\u00e4ngerung Nagelgel Set mit Base&amp;Top Coat\u2026","og_url":"https:\/\/marktxxl.de\/markt\/produkt\/poly-nagel-gel-gelnaegel-starter-set-mit-48w-uv-lampe-8-farben-nagelverlaengerung-nagelgel-set-mit-basetop-coatrutschloesung100-naegel-tipsnagelaufklebermanikuere-werkzeuge-komplette-nagels\/","og_site_name":"Markt-XXL","article_modified_time":"2023-04-09T01:14:00+00:00","og_image":[{"width":500,"height":500,"url":"https:\/\/m.media-amazon.com\/images\/I\/51WLp8pgh7L._SL500_.jpg","type":"image\/jpeg"}],"twitter_card":"summary_large_image","twitter_misc":{"Gesch\u00e4tzte Lesezeit":"2\u00a0Minuten"},"schema":{"@context":"https:\/\/schema.org","@graph":[{"@type":"WebPage","@id":"https:\/\/marktxxl.de\/markt\/produkt\/poly-nagel-gel-gelnaegel-starter-set-mit-48w-uv-lampe-8-farben-nagelverlaengerung-nagelgel-set-mit-basetop-coatrutschloesung100-naegel-tipsnagelaufklebermanikuere-werkzeuge-komplette-nagels\/","url":"https:\/\/marktxxl.de\/markt\/produkt\/poly-nagel-gel-gelnaegel-starter-set-mit-48w-uv-lampe-8-farben-nagelverlaengerung-nagelgel-set-mit-basetop-coatrutschloesung100-naegel-tipsnagelaufklebermanikuere-werkzeuge-komplette-nagels\/","name":"Poly Nagel Gel Geln\u00e4gel Starter Set mit 48W UV lampe, 8 Farben Nagelverl\u00e4ngerung Nagelgel Set mit Base&amp;Top Coat\u2026 - Markt-XXL","isPartOf":{"@id":"https:\/\/marktxxl.de\/markt\/#website"},"primaryImageOfPage":{"@id":"https:\/\/marktxxl.de\/markt\/produkt\/poly-nagel-gel-gelnaegel-starter-set-mit-48w-uv-lampe-8-farben-nagelverlaengerung-nagelgel-set-mit-basetop-coatrutschloesung100-naegel-tipsnagelaufklebermanikuere-werkzeuge-komplette-nagels\/#primaryimage"},"image":{"@id":"https:\/\/marktxxl.de\/markt\/produkt\/poly-nagel-gel-gelnaegel-starter-set-mit-48w-uv-lampe-8-farben-nagelverlaengerung-nagelgel-set-mit-basetop-coatrutschloesung100-naegel-tipsnagelaufklebermanikuere-werkzeuge-komplette-nagels\/#primaryimage"},"thumbnailUrl":"https:\/\/m.media-amazon.com\/images\/I\/51WLp8pgh7L._SL500_.jpg","datePublished":"2022-02-26T23:18:52+00:00","dateModified":"2023-04-09T01:14:00+00:00","description":"Markt-XXL Poly Nagel Gel Geln\u00e4gel Starter Set mit 48W UV lampe, 8 Farben Nagelverl\u00e4ngerung Nagelgel Set mit Base&amp;Top Coat\u2026","breadcrumb":{"@id":"https:\/\/marktxxl.de\/markt\/produkt\/poly-nagel-gel-gelnaegel-starter-set-mit-48w-uv-lampe-8-farben-nagelverlaengerung-nagelgel-set-mit-basetop-coatrutschloesung100-naegel-tipsnagelaufklebermanikuere-werkzeuge-komplette-nagels\/#breadcrumb"},"inLanguage":"de","potentialAction":[{"@type":"ReadAction","target":["https:\/\/marktxxl.de\/markt\/produkt\/poly-nagel-gel-gelnaegel-starter-set-mit-48w-uv-lampe-8-farben-nagelverlaengerung-nagelgel-set-mit-basetop-coatrutschloesung100-naegel-tipsnagelaufklebermanikuere-werkzeuge-komplette-nagels\/"]}]},{"@type":"ImageObject","inLanguage":"de","@id":"https:\/\/marktxxl.de\/markt\/produkt\/poly-nagel-gel-gelnaegel-starter-set-mit-48w-uv-lampe-8-farben-nagelverlaengerung-nagelgel-set-mit-basetop-coatrutschloesung100-naegel-tipsnagelaufklebermanikuere-werkzeuge-komplette-nagels\/#primaryimage","url":"https:\/\/m.media-amazon.com\/images\/I\/51WLp8pgh7L._SL500_.jpg","contentUrl":"https:\/\/m.media-amazon.com\/images\/I\/51WLp8pgh7L._SL500_.jpg","width":500,"height":500},{"@type":"BreadcrumbList","@id":"https:\/\/marktxxl.de\/markt\/produkt\/poly-nagel-gel-gelnaegel-starter-set-mit-48w-uv-lampe-8-farben-nagelverlaengerung-nagelgel-set-mit-basetop-coatrutschloesung100-naegel-tipsnagelaufklebermanikuere-werkzeuge-komplette-nagels\/#breadcrumb","itemListElement":[{"@type":"ListItem","position":1,"name":"Startseite","item":"https:\/\/marktxxl.de\/markt\/"},{"@type":"ListItem","position":2,"name":"Markt","item":"https:\/\/marktxxl.de\/markt\/"},{"@type":"ListItem","position":3,"name":"Poly Nagel Gel Geln\u00e4gel Starter Set mit 48W UV lampe, 8 Farben Nagelverl\u00e4ngerung Nagelgel Set mit Base&amp;Top Coat\u2026"}]},{"@type":"WebSite","@id":"https:\/\/marktxxl.de\/markt\/#website","url":"https:\/\/marktxxl.de\/markt\/","name":"Markt-XXL","description":"Ihr Markt Online","publisher":{"@id":"https:\/\/marktxxl.de\/markt\/#organization"},"potentialAction":[{"@type":"SearchAction","target":{"@type":"EntryPoint","urlTemplate":"https:\/\/marktxxl.de\/markt\/?s={search_term_string}"},"query-input":{"@type":"PropertyValueSpecification","valueRequired":true,"valueName":"search_term_string"}}],"inLanguage":"de"},{"@type":"Organization","@id":"https:\/\/marktxxl.de\/markt\/#organization","name":"Markt-XXL","url":"https:\/\/marktxxl.de\/markt\/","logo":{"@type":"ImageObject","inLanguage":"de","@id":"https:\/\/marktxxl.de\/markt\/#\/schema\/logo\/image\/","url":"https:\/\/marktxxl.de\/markt\/wp-content\/uploads\/sites\/3\/2020\/12\/logo.png","contentUrl":"https:\/\/marktxxl.de\/markt\/wp-content\/uploads\/sites\/3\/2020\/12\/logo.png","width":200,"height":70,"caption":"Markt-XXL"},"image":{"@id":"https:\/\/marktxxl.de\/markt\/#\/schema\/logo\/image\/"}}]}},"_links":{"self":[{"href":"https:\/\/marktxxl.de\/markt\/wp-json\/wp\/v2\/product\/111503","targetHints":{"allow":["GET"]}}],"collection":[{"href":"https:\/\/marktxxl.de\/markt\/wp-json\/wp\/v2\/product"}],"about":[{"href":"https:\/\/marktxxl.de\/markt\/wp-json\/wp\/v2\/types\/product"}],"replies":[{"embeddable":true,"href":"https:\/\/marktxxl.de\/markt\/wp-json\/wp\/v2\/comments?post=111503"}],"wp:featuredmedia":[{"embeddable":true,"href":"https:\/\/marktxxl.de\/markt\/wp-json\/wp\/v2\/media\/111504"}],"wp:attachment":[{"href":"https:\/\/marktxxl.de\/markt\/wp-json\/wp\/v2\/media?parent=111503"}],"wp:term":[{"taxonomy":"product_brand","embeddable":true,"href":"https:\/\/marktxxl.de\/markt\/wp-json\/wp\/v2\/product_brand?post=111503"},{"taxonomy":"product_cat","embeddable":true,"href":"https:\/\/marktxxl.de\/markt\/wp-json\/wp\/v2\/product_cat?post=111503"},{"taxonomy":"product_tag","embeddable":true,"href":"https:\/\/marktxxl.de\/markt\/wp-json\/wp\/v2\/product_tag?post=111503"}],"curies":[{"name":"wp","href":"https:\/\/api.w.org\/{rel}","templated":true}]}}