{"id":111383,"date":"2022-02-26T23:52:11","date_gmt":"2022-02-26T22:52:11","guid":{"rendered":"https:\/\/marktxxl.de\/markt\/produkt\/dewenwils-batteriebetriebene-weihnachtslichter-mit-timer-fotozellen-sensor-68-m-40-leds-c7-led-weihnachts-lichterkette-mehrfarbig-blinkend\/"},"modified":"2023-04-10T03:37:22","modified_gmt":"2023-04-10T01:37:22","slug":"dewenwils-batteriebetriebene-weihnachtslichter-mit-timer-fotozellen-sensor-68-m-40-leds-c7-led-weihnachts-lichterkette-mehrfarbig-blinkend","status":"publish","type":"product","link":"https:\/\/marktxxl.de\/markt\/produkt\/dewenwils-batteriebetriebene-weihnachtslichter-mit-timer-fotozellen-sensor-68-m-40-leds-c7-led-weihnachts-lichterkette-mehrfarbig-blinkend\/","title":{"rendered":"DEWENWILS Batteriebetriebene Weihnachtslichter mit Timer, Fotozellen-Sensor, 6,8 m, 40 LEDs, C7 LED-Weihnachts\u2026"},"content":{"rendered":"<p>Farbige C7-LED-Lichterkette: 40 C7-LED-Leuchtmittel, heller als herk\u00f6mmliche Gl\u00fchlampen, flimmerfreie Beleuchtung, erhellen Sie Ihren Weihnachtsbaum, Hof, Terrasse, Garten oder \u00fcberall, wo Sie einen farbigen Glanz w\u00fcnschen.<br \/>\n\u3010Fotosensor und Timer\u3011 D\u00e4mmerung bis Morgend\u00e4mmerung, er kann sich automatisch bei D\u00e4mmerung ein- und nach 4\/6\/8 Stunden ausschalten. Oder Sie k\u00f6nnen ihn sofort ein- und nach 4\/6\/8 Stunden ausschalten. 3 Beleuchtungsmodi: Dauerlicht, Blinken, Blinken, Blinken, Leuchten.<br \/>\nBatteriebetrieben: Keine Verkabelung erforderlich, 3 x D-Zellen betrieben (nicht im Lieferumfang enthalten), super hell und flimmerfrei. Schnallen-Design, die Batteriebox ist wasserdicht, tragbar und sicher, ideal f\u00fcr den Innen- und Au\u00dfenbereich. &#8220;Energy Saving&#8221; Taste f\u00fcr l\u00e4ngere Nutzung der Batterien.<br \/>\n\u3010Durchdachtes Design und verwicklungsfreie Kabel\u3011: 6,9 m lange beleuchtete L\u00e4nge, 15,2 cm Lampenabstand, 91,4 cm Kabell\u00e4nge; komplett verhedderungsfreie sechs gr\u00fcne Kabel, f\u00fcgt sich leicht in die Wand, Fenster, Vorhang und Deck; keine Sorge, \u00fcbersch\u00fcssige Dr\u00e4hte zu verstecken.<br \/>\n\u3010Breite Anwendung\u3011H\u00e4ngen Sie die bunten Lichterketten \u00fcberall auf, wo Sie dekorieren m\u00f6chten. Perfekte Beleuchtung beleuchten Sie Ihre Weihnachtsb\u00e4ume, schaffen Sie eine fr\u00f6hliche Atmosph\u00e4re f\u00fcr eine Party, Hochzeit oder zu Weihnachten, Halloween und anderen Feiertagen.<br \/>\n<div class=\"main-cross-sell\" data-asin=\"B08ML5651M\">\n\n\t<div class=\"WooZone-cross-sell-loader\">\n\t\t<div>\n\t\t\t<div id=\"floatingBarsG\">\n\t\t\t\t<div class=\"blockG\" id=\"rotateG_01\"><\/div>\n\t\t\t\t<div class=\"blockG\" id=\"rotateG_02\"><\/div>\n\t\t\t\t<div class=\"blockG\" id=\"rotateG_03\"><\/div>\n\t\t\t\t<div class=\"blockG\" id=\"rotateG_04\"><\/div>\n\t\t\t\t<div class=\"blockG\" id=\"rotateG_05\"><\/div>\n\t\t\t\t<div class=\"blockG\" id=\"rotateG_06\"><\/div>\n\t\t\t\t<div class=\"blockG\" id=\"rotateG_07\"><\/div>\n\t\t\t\t<div class=\"blockG\" id=\"rotateG_08\"><\/div>\n\t\t\t<\/div>\n\t\t\t<div class=\"WooZone-cross-sell-loader-text\"><\/div>\n\t\t<\/div>\n\t<\/div>\n\n\t\t\n<\/div>\n<div style=\"clear:both;\"><\/div><\/p>\n","protected":false},"excerpt":{"rendered":"<p>Farbige C7-LED-Lichterkette: 40 C7-LED-Leuchtmittel, heller als herk\u00f6mmliche Gl\u00fchlampen, flimmerfreie Beleuchtung, erhellen Sie Ihren Weihnachtsbaum, Hof, Terrasse, Garten oder \u00fcberall, wo Sie einen farbigen Glanz w\u00fcnschen.<br \/>\n\u3010Fotosensor und Timer\u3011 D\u00e4mmerung bis Morgend\u00e4mmerung, er kann sich automatisch bei D\u00e4mmerung ein- und nach 4\/6\/8 Stunden ausschalten. Oder Sie k\u00f6nnen ihn sofort ein- und nach 4\/6\/8 Stunden ausschalten. 3 Beleuchtungsmodi: Dauerlicht, Blinken, Blinken, Blinken, Leuchten.<br \/>\nBatteriebetrieben: Keine Verkabelung erforderlich, 3 x D-Zellen betrieben (nicht im Lieferumfang enthalten), super hell und flimmerfrei. Schnallen-Design, die Batteriebox ist wasserdicht, tragbar und sicher, ideal f\u00fcr den Innen- und Au\u00dfenbereich. &#8220;Energy Saving&#8221; Taste f\u00fcr l\u00e4ngere Nutzung der Batterien.<\/p>\n","protected":false},"featured_media":111384,"comment_status":"open","ping_status":"closed","template":"","meta":[],"product_brand":[],"product_cat":[2108,15622],"product_tag":[],"class_list":{"0":"post-111383","1":"product","2":"type-product","3":"status-publish","4":"has-post-thumbnail","6":"product_cat-beleuchtung","7":"product_cat-lichterketten","8":"pa_brand-dewenwils","9":"pa_brand-thames-hudson","10":"pa_length-22-5-fuss","11":"pa_manufacturer-dewenwils","13":"first","14":"instock","15":"shipping-taxable","16":"purchasable","17":"product-type-simple","18":"customify-col","19":"product-has-gallery"},"yoast_head":"<!-- This site is optimized with the Yoast SEO plugin v27.4 - https:\/\/yoast.com\/product\/yoast-seo-wordpress\/ -->\n<title>DEWENWILS Batteriebetriebene Weihnachtslichter mit Timer, Fotozellen-Sensor, 6,8 m, 40 LEDs, C7 LED-Weihnachts\u2026 - Markt-XXL<\/title>\n<meta name=\"description\" content=\"Markt-XXL DEWENWILS Batteriebetriebene Weihnachtslichter mit Timer, Fotozellen-Sensor, 6,8 m, 40 LEDs, C7 LED-Weihnachts\u2026\" \/>\n<meta name=\"robots\" content=\"index, follow, max-snippet:-1, max-image-preview:large, max-video-preview:-1\" \/>\n<link rel=\"canonical\" href=\"https:\/\/marktxxl.de\/markt\/produkt\/dewenwils-batteriebetriebene-weihnachtslichter-mit-timer-fotozellen-sensor-68-m-40-leds-c7-led-weihnachts-lichterkette-mehrfarbig-blinkend\/\" \/>\n<meta property=\"og:locale\" content=\"de_DE\" \/>\n<meta property=\"og:type\" content=\"article\" \/>\n<meta property=\"og:title\" content=\"DEWENWILS Batteriebetriebene Weihnachtslichter mit Timer, Fotozellen-Sensor, 6,8 m, 40 LEDs, C7 LED-Weihnachts\u2026 - Markt-XXL\" \/>\n<meta property=\"og:description\" content=\"Markt-XXL DEWENWILS Batteriebetriebene Weihnachtslichter mit Timer, Fotozellen-Sensor, 6,8 m, 40 LEDs, C7 LED-Weihnachts\u2026\" \/>\n<meta property=\"og:url\" content=\"https:\/\/marktxxl.de\/markt\/produkt\/dewenwils-batteriebetriebene-weihnachtslichter-mit-timer-fotozellen-sensor-68-m-40-leds-c7-led-weihnachts-lichterkette-mehrfarbig-blinkend\/\" \/>\n<meta property=\"og:site_name\" content=\"Markt-XXL\" \/>\n<meta property=\"article:modified_time\" content=\"2023-04-10T01:37:22+00:00\" \/>\n<meta property=\"og:image\" content=\"https:\/\/m.media-amazon.com\/images\/I\/519+jroGY8L._SL500_.jpg\" \/>\n\t<meta property=\"og:image:width\" content=\"500\" \/>\n\t<meta property=\"og:image:height\" content=\"500\" \/>\n\t<meta property=\"og:image:type\" content=\"image\/jpeg\" \/>\n<meta name=\"twitter:card\" content=\"summary_large_image\" \/>\n<meta name=\"twitter:label1\" content=\"Gesch\u00e4tzte Lesezeit\" \/>\n\t<meta name=\"twitter:data1\" content=\"1\u00a0Minute\" \/>\n<script type=\"application\/ld+json\" class=\"yoast-schema-graph\">{\"@context\":\"https:\\\/\\\/schema.org\",\"@graph\":[{\"@type\":\"WebPage\",\"@id\":\"https:\\\/\\\/marktxxl.de\\\/markt\\\/produkt\\\/dewenwils-batteriebetriebene-weihnachtslichter-mit-timer-fotozellen-sensor-68-m-40-leds-c7-led-weihnachts-lichterkette-mehrfarbig-blinkend\\\/\",\"url\":\"https:\\\/\\\/marktxxl.de\\\/markt\\\/produkt\\\/dewenwils-batteriebetriebene-weihnachtslichter-mit-timer-fotozellen-sensor-68-m-40-leds-c7-led-weihnachts-lichterkette-mehrfarbig-blinkend\\\/\",\"name\":\"DEWENWILS Batteriebetriebene Weihnachtslichter mit Timer, Fotozellen-Sensor, 6,8 m, 40 LEDs, C7 LED-Weihnachts\u2026 - Markt-XXL\",\"isPartOf\":{\"@id\":\"https:\\\/\\\/marktxxl.de\\\/markt\\\/#website\"},\"primaryImageOfPage\":{\"@id\":\"https:\\\/\\\/marktxxl.de\\\/markt\\\/produkt\\\/dewenwils-batteriebetriebene-weihnachtslichter-mit-timer-fotozellen-sensor-68-m-40-leds-c7-led-weihnachts-lichterkette-mehrfarbig-blinkend\\\/#primaryimage\"},\"image\":{\"@id\":\"https:\\\/\\\/marktxxl.de\\\/markt\\\/produkt\\\/dewenwils-batteriebetriebene-weihnachtslichter-mit-timer-fotozellen-sensor-68-m-40-leds-c7-led-weihnachts-lichterkette-mehrfarbig-blinkend\\\/#primaryimage\"},\"thumbnailUrl\":\"https:\\\/\\\/m.media-amazon.com\\\/images\\\/I\\\/519+jroGY8L._SL500_.jpg\",\"datePublished\":\"2022-02-26T22:52:11+00:00\",\"dateModified\":\"2023-04-10T01:37:22+00:00\",\"description\":\"Markt-XXL DEWENWILS Batteriebetriebene Weihnachtslichter mit Timer, Fotozellen-Sensor, 6,8 m, 40 LEDs, C7 LED-Weihnachts\u2026\",\"breadcrumb\":{\"@id\":\"https:\\\/\\\/marktxxl.de\\\/markt\\\/produkt\\\/dewenwils-batteriebetriebene-weihnachtslichter-mit-timer-fotozellen-sensor-68-m-40-leds-c7-led-weihnachts-lichterkette-mehrfarbig-blinkend\\\/#breadcrumb\"},\"inLanguage\":\"de\",\"potentialAction\":[{\"@type\":\"ReadAction\",\"target\":[\"https:\\\/\\\/marktxxl.de\\\/markt\\\/produkt\\\/dewenwils-batteriebetriebene-weihnachtslichter-mit-timer-fotozellen-sensor-68-m-40-leds-c7-led-weihnachts-lichterkette-mehrfarbig-blinkend\\\/\"]}]},{\"@type\":\"ImageObject\",\"inLanguage\":\"de\",\"@id\":\"https:\\\/\\\/marktxxl.de\\\/markt\\\/produkt\\\/dewenwils-batteriebetriebene-weihnachtslichter-mit-timer-fotozellen-sensor-68-m-40-leds-c7-led-weihnachts-lichterkette-mehrfarbig-blinkend\\\/#primaryimage\",\"url\":\"https:\\\/\\\/m.media-amazon.com\\\/images\\\/I\\\/519+jroGY8L._SL500_.jpg\",\"contentUrl\":\"https:\\\/\\\/m.media-amazon.com\\\/images\\\/I\\\/519+jroGY8L._SL500_.jpg\",\"width\":500,\"height\":500},{\"@type\":\"BreadcrumbList\",\"@id\":\"https:\\\/\\\/marktxxl.de\\\/markt\\\/produkt\\\/dewenwils-batteriebetriebene-weihnachtslichter-mit-timer-fotozellen-sensor-68-m-40-leds-c7-led-weihnachts-lichterkette-mehrfarbig-blinkend\\\/#breadcrumb\",\"itemListElement\":[{\"@type\":\"ListItem\",\"position\":1,\"name\":\"Startseite\",\"item\":\"https:\\\/\\\/marktxxl.de\\\/markt\\\/\"},{\"@type\":\"ListItem\",\"position\":2,\"name\":\"Markt\",\"item\":\"https:\\\/\\\/marktxxl.de\\\/markt\\\/\"},{\"@type\":\"ListItem\",\"position\":3,\"name\":\"DEWENWILS Batteriebetriebene Weihnachtslichter mit Timer, Fotozellen-Sensor, 6,8 m, 40 LEDs, C7 LED-Weihnachts\u2026\"}]},{\"@type\":\"WebSite\",\"@id\":\"https:\\\/\\\/marktxxl.de\\\/markt\\\/#website\",\"url\":\"https:\\\/\\\/marktxxl.de\\\/markt\\\/\",\"name\":\"Markt-XXL\",\"description\":\"Ihr Markt Online\",\"publisher\":{\"@id\":\"https:\\\/\\\/marktxxl.de\\\/markt\\\/#organization\"},\"potentialAction\":[{\"@type\":\"SearchAction\",\"target\":{\"@type\":\"EntryPoint\",\"urlTemplate\":\"https:\\\/\\\/marktxxl.de\\\/markt\\\/?s={search_term_string}\"},\"query-input\":{\"@type\":\"PropertyValueSpecification\",\"valueRequired\":true,\"valueName\":\"search_term_string\"}}],\"inLanguage\":\"de\"},{\"@type\":\"Organization\",\"@id\":\"https:\\\/\\\/marktxxl.de\\\/markt\\\/#organization\",\"name\":\"Markt-XXL\",\"url\":\"https:\\\/\\\/marktxxl.de\\\/markt\\\/\",\"logo\":{\"@type\":\"ImageObject\",\"inLanguage\":\"de\",\"@id\":\"https:\\\/\\\/marktxxl.de\\\/markt\\\/#\\\/schema\\\/logo\\\/image\\\/\",\"url\":\"https:\\\/\\\/marktxxl.de\\\/markt\\\/wp-content\\\/uploads\\\/sites\\\/3\\\/2020\\\/12\\\/logo.png\",\"contentUrl\":\"https:\\\/\\\/marktxxl.de\\\/markt\\\/wp-content\\\/uploads\\\/sites\\\/3\\\/2020\\\/12\\\/logo.png\",\"width\":200,\"height\":70,\"caption\":\"Markt-XXL\"},\"image\":{\"@id\":\"https:\\\/\\\/marktxxl.de\\\/markt\\\/#\\\/schema\\\/logo\\\/image\\\/\"}}]}<\/script>\n<!-- \/ Yoast SEO plugin. -->","yoast_head_json":{"title":"DEWENWILS Batteriebetriebene Weihnachtslichter mit Timer, Fotozellen-Sensor, 6,8 m, 40 LEDs, C7 LED-Weihnachts\u2026 - Markt-XXL","description":"Markt-XXL DEWENWILS Batteriebetriebene Weihnachtslichter mit Timer, Fotozellen-Sensor, 6,8 m, 40 LEDs, C7 LED-Weihnachts\u2026","robots":{"index":"index","follow":"follow","max-snippet":"max-snippet:-1","max-image-preview":"max-image-preview:large","max-video-preview":"max-video-preview:-1"},"canonical":"https:\/\/marktxxl.de\/markt\/produkt\/dewenwils-batteriebetriebene-weihnachtslichter-mit-timer-fotozellen-sensor-68-m-40-leds-c7-led-weihnachts-lichterkette-mehrfarbig-blinkend\/","og_locale":"de_DE","og_type":"article","og_title":"DEWENWILS Batteriebetriebene Weihnachtslichter mit Timer, Fotozellen-Sensor, 6,8 m, 40 LEDs, C7 LED-Weihnachts\u2026 - Markt-XXL","og_description":"Markt-XXL DEWENWILS Batteriebetriebene Weihnachtslichter mit Timer, Fotozellen-Sensor, 6,8 m, 40 LEDs, C7 LED-Weihnachts\u2026","og_url":"https:\/\/marktxxl.de\/markt\/produkt\/dewenwils-batteriebetriebene-weihnachtslichter-mit-timer-fotozellen-sensor-68-m-40-leds-c7-led-weihnachts-lichterkette-mehrfarbig-blinkend\/","og_site_name":"Markt-XXL","article_modified_time":"2023-04-10T01:37:22+00:00","og_image":[{"width":500,"height":500,"url":"https:\/\/m.media-amazon.com\/images\/I\/519+jroGY8L._SL500_.jpg","type":"image\/jpeg"}],"twitter_card":"summary_large_image","twitter_misc":{"Gesch\u00e4tzte Lesezeit":"1\u00a0Minute"},"schema":{"@context":"https:\/\/schema.org","@graph":[{"@type":"WebPage","@id":"https:\/\/marktxxl.de\/markt\/produkt\/dewenwils-batteriebetriebene-weihnachtslichter-mit-timer-fotozellen-sensor-68-m-40-leds-c7-led-weihnachts-lichterkette-mehrfarbig-blinkend\/","url":"https:\/\/marktxxl.de\/markt\/produkt\/dewenwils-batteriebetriebene-weihnachtslichter-mit-timer-fotozellen-sensor-68-m-40-leds-c7-led-weihnachts-lichterkette-mehrfarbig-blinkend\/","name":"DEWENWILS Batteriebetriebene Weihnachtslichter mit Timer, Fotozellen-Sensor, 6,8 m, 40 LEDs, C7 LED-Weihnachts\u2026 - Markt-XXL","isPartOf":{"@id":"https:\/\/marktxxl.de\/markt\/#website"},"primaryImageOfPage":{"@id":"https:\/\/marktxxl.de\/markt\/produkt\/dewenwils-batteriebetriebene-weihnachtslichter-mit-timer-fotozellen-sensor-68-m-40-leds-c7-led-weihnachts-lichterkette-mehrfarbig-blinkend\/#primaryimage"},"image":{"@id":"https:\/\/marktxxl.de\/markt\/produkt\/dewenwils-batteriebetriebene-weihnachtslichter-mit-timer-fotozellen-sensor-68-m-40-leds-c7-led-weihnachts-lichterkette-mehrfarbig-blinkend\/#primaryimage"},"thumbnailUrl":"https:\/\/m.media-amazon.com\/images\/I\/519+jroGY8L._SL500_.jpg","datePublished":"2022-02-26T22:52:11+00:00","dateModified":"2023-04-10T01:37:22+00:00","description":"Markt-XXL DEWENWILS Batteriebetriebene Weihnachtslichter mit Timer, Fotozellen-Sensor, 6,8 m, 40 LEDs, C7 LED-Weihnachts\u2026","breadcrumb":{"@id":"https:\/\/marktxxl.de\/markt\/produkt\/dewenwils-batteriebetriebene-weihnachtslichter-mit-timer-fotozellen-sensor-68-m-40-leds-c7-led-weihnachts-lichterkette-mehrfarbig-blinkend\/#breadcrumb"},"inLanguage":"de","potentialAction":[{"@type":"ReadAction","target":["https:\/\/marktxxl.de\/markt\/produkt\/dewenwils-batteriebetriebene-weihnachtslichter-mit-timer-fotozellen-sensor-68-m-40-leds-c7-led-weihnachts-lichterkette-mehrfarbig-blinkend\/"]}]},{"@type":"ImageObject","inLanguage":"de","@id":"https:\/\/marktxxl.de\/markt\/produkt\/dewenwils-batteriebetriebene-weihnachtslichter-mit-timer-fotozellen-sensor-68-m-40-leds-c7-led-weihnachts-lichterkette-mehrfarbig-blinkend\/#primaryimage","url":"https:\/\/m.media-amazon.com\/images\/I\/519+jroGY8L._SL500_.jpg","contentUrl":"https:\/\/m.media-amazon.com\/images\/I\/519+jroGY8L._SL500_.jpg","width":500,"height":500},{"@type":"BreadcrumbList","@id":"https:\/\/marktxxl.de\/markt\/produkt\/dewenwils-batteriebetriebene-weihnachtslichter-mit-timer-fotozellen-sensor-68-m-40-leds-c7-led-weihnachts-lichterkette-mehrfarbig-blinkend\/#breadcrumb","itemListElement":[{"@type":"ListItem","position":1,"name":"Startseite","item":"https:\/\/marktxxl.de\/markt\/"},{"@type":"ListItem","position":2,"name":"Markt","item":"https:\/\/marktxxl.de\/markt\/"},{"@type":"ListItem","position":3,"name":"DEWENWILS Batteriebetriebene Weihnachtslichter mit Timer, Fotozellen-Sensor, 6,8 m, 40 LEDs, C7 LED-Weihnachts\u2026"}]},{"@type":"WebSite","@id":"https:\/\/marktxxl.de\/markt\/#website","url":"https:\/\/marktxxl.de\/markt\/","name":"Markt-XXL","description":"Ihr Markt Online","publisher":{"@id":"https:\/\/marktxxl.de\/markt\/#organization"},"potentialAction":[{"@type":"SearchAction","target":{"@type":"EntryPoint","urlTemplate":"https:\/\/marktxxl.de\/markt\/?s={search_term_string}"},"query-input":{"@type":"PropertyValueSpecification","valueRequired":true,"valueName":"search_term_string"}}],"inLanguage":"de"},{"@type":"Organization","@id":"https:\/\/marktxxl.de\/markt\/#organization","name":"Markt-XXL","url":"https:\/\/marktxxl.de\/markt\/","logo":{"@type":"ImageObject","inLanguage":"de","@id":"https:\/\/marktxxl.de\/markt\/#\/schema\/logo\/image\/","url":"https:\/\/marktxxl.de\/markt\/wp-content\/uploads\/sites\/3\/2020\/12\/logo.png","contentUrl":"https:\/\/marktxxl.de\/markt\/wp-content\/uploads\/sites\/3\/2020\/12\/logo.png","width":200,"height":70,"caption":"Markt-XXL"},"image":{"@id":"https:\/\/marktxxl.de\/markt\/#\/schema\/logo\/image\/"}}]}},"_links":{"self":[{"href":"https:\/\/marktxxl.de\/markt\/wp-json\/wp\/v2\/product\/111383","targetHints":{"allow":["GET"]}}],"collection":[{"href":"https:\/\/marktxxl.de\/markt\/wp-json\/wp\/v2\/product"}],"about":[{"href":"https:\/\/marktxxl.de\/markt\/wp-json\/wp\/v2\/types\/product"}],"replies":[{"embeddable":true,"href":"https:\/\/marktxxl.de\/markt\/wp-json\/wp\/v2\/comments?post=111383"}],"wp:featuredmedia":[{"embeddable":true,"href":"https:\/\/marktxxl.de\/markt\/wp-json\/wp\/v2\/media\/111384"}],"wp:attachment":[{"href":"https:\/\/marktxxl.de\/markt\/wp-json\/wp\/v2\/media?parent=111383"}],"wp:term":[{"taxonomy":"product_brand","embeddable":true,"href":"https:\/\/marktxxl.de\/markt\/wp-json\/wp\/v2\/product_brand?post=111383"},{"taxonomy":"product_cat","embeddable":true,"href":"https:\/\/marktxxl.de\/markt\/wp-json\/wp\/v2\/product_cat?post=111383"},{"taxonomy":"product_tag","embeddable":true,"href":"https:\/\/marktxxl.de\/markt\/wp-json\/wp\/v2\/product_tag?post=111383"}],"curies":[{"name":"wp","href":"https:\/\/api.w.org\/{rel}","templated":true}]}}