{"id":111033,"date":"2022-02-26T23:33:46","date_gmt":"2022-02-26T22:33:46","guid":{"rendered":"https:\/\/marktxxl.de\/markt\/produkt\/harry-potter-bademantel-kinder-jungen-fleece-morgenmantel-fuer-kinder-hogwarts-gryffindor-slytherin-bademantel\/"},"modified":"2023-04-10T03:37:12","modified_gmt":"2023-04-10T01:37:12","slug":"harry-potter-bademantel-kinder-jungen-fleece-morgenmantel-fuer-kinder-hogwarts-gryffindor-slytherin-bademantel","status":"publish","type":"product","link":"https:\/\/marktxxl.de\/markt\/produkt\/harry-potter-bademantel-kinder-jungen-fleece-morgenmantel-fuer-kinder-hogwarts-gryffindor-slytherin-bademantel\/","title":{"rendered":"Harry Potter Bademantel Kinder Jungen, Fleece Morgenmantel f\u00fcr Kinder, Hogwarts Gryffindor Slytherin Bademantel"},"content":{"rendered":"<p>HARRY POTTER KUSCHELIGER BADEMANTEL: Die offizielle Harry Potter Morgenmantel Kinder Kollektion ist aus sanftem Fleece gefertigt. Der Pl\u00fcsch Bademantel ist verf\u00fcgbar in verschiedenen Ausf\u00fchrungen und Gr\u00f6\u00dfen. Unser flauschiger Kinder Bademantel f\u00fcr Jungs verf\u00fcgt \u00fcber eine Kapuze, 2 praktische Taschen und einen G\u00fcrtel &#8211; das perfekte Harry Potter Geschenk f\u00fcr begeisterte Hogwarts Fans<br \/>\nGR\u00d6SSEN UND MATERIAL: Der Kuschel Bademantel ist erh\u00e4ltlich in verschiedenen Gr\u00f6\u00dfen f\u00fcr Kinder und Jugendliche im Alter von 7 bis 14 Jahren. Der Flausch Bademantel ist aus sanftem Fleece gefertigt (100% Polyester). Der kuschelige Stoff macht den Kinder Bademantel flauschig, warm und bequem<br \/>\nOFFIZIELLES HARRY POTTER MERCH: Unsere Bademantel Harry Potter Kollektion liefert lizenzierte Harry Potter Fanartikel des offiziellen Harry Potter Merchandise. Diese magischen Harry Potter Jungen Badem\u00e4ntel werden Ihre Liebsten bezaubern<br \/>\nVERSCHIEDENE AUSF\u00dcHRUNGEN: Unser Bademantel Jungen Dressing Gown ist verf\u00fcgbar in verschiedenen, tollen Hogwarts Designs. Durchst\u00f6bern Sie die Bildergalerie und w\u00e4hlen Sie Ihren Favoriten unserer Kinderbademantel Junge Kollektion<br \/>\nHARRY POTTER GESCHENKE F\u00dcR KINDER: Suchen Sie fantastische Harry Potter Kinder Geschenke? Unser Fleece Bademantel f\u00fcr Kinder ist ein tolles Geschenk zum Geburtstag oder zu Weihnachten<br \/>\n<div class=\"main-cross-sell\" data-asin=\"B08L765LXH\">\n\n\t<div class=\"WooZone-cross-sell-loader\">\n\t\t<div>\n\t\t\t<div id=\"floatingBarsG\">\n\t\t\t\t<div class=\"blockG\" id=\"rotateG_01\"><\/div>\n\t\t\t\t<div class=\"blockG\" id=\"rotateG_02\"><\/div>\n\t\t\t\t<div class=\"blockG\" id=\"rotateG_03\"><\/div>\n\t\t\t\t<div class=\"blockG\" id=\"rotateG_04\"><\/div>\n\t\t\t\t<div class=\"blockG\" id=\"rotateG_05\"><\/div>\n\t\t\t\t<div class=\"blockG\" id=\"rotateG_06\"><\/div>\n\t\t\t\t<div class=\"blockG\" id=\"rotateG_07\"><\/div>\n\t\t\t\t<div class=\"blockG\" id=\"rotateG_08\"><\/div>\n\t\t\t<\/div>\n\t\t\t<div class=\"WooZone-cross-sell-loader-text\"><\/div>\n\t\t<\/div>\n\t<\/div>\n\n\t\t\n<\/div>\n<div style=\"clear:both;\"><\/div><\/p>\n","protected":false},"excerpt":{"rendered":"<p>HARRY POTTER KUSCHELIGER BADEMANTEL: Die offizielle Harry Potter Morgenmantel Kinder Kollektion ist aus sanftem Fleece gefertigt. Der Pl\u00fcsch Bademantel ist verf\u00fcgbar in verschiedenen Ausf\u00fchrungen und Gr\u00f6\u00dfen. Unser flauschiger Kinder Bademantel f\u00fcr Jungs verf\u00fcgt \u00fcber eine Kapuze, 2 praktische Taschen und einen G\u00fcrtel &#8211; das perfekte Harry Potter Geschenk f\u00fcr begeisterte Hogwarts Fans<br \/>\nGR\u00d6SSEN UND MATERIAL: Der Kuschel Bademantel ist erh\u00e4ltlich in verschiedenen Gr\u00f6\u00dfen f\u00fcr Kinder und Jugendliche im Alter von 7 bis 14 Jahren. Der Flausch Bademantel ist aus sanftem Fleece gefertigt (100% Polyester). Der kuschelige Stoff macht den Kinder Bademantel flauschig, warm und bequem<br \/>\nOFFIZIELLES HARRY POTTER MERCH: Unsere Bademantel Harry Potter Kollektion liefert lizenzierte Harry Potter Fanartikel des offiziellen Harry Potter Merchandise. Diese magischen Harry Potter Jungen Badem\u00e4ntel werden Ihre Liebsten bezaubern<\/p>\n","protected":false},"featured_media":111034,"comment_status":"open","ping_status":"closed","template":"","meta":[],"product_brand":[],"product_cat":[1186,4034],"product_tag":[],"class_list":{"0":"post-111033","1":"product","2":"type-product","3":"status-publish","4":"has-post-thumbnail","6":"product_cat-bekleidung","7":"product_cat-jungen","8":"pa_binding-textilien","9":"pa_brand-harry-potter","10":"pa_color-schwarz","12":"first","13":"instock","14":"shipping-taxable","15":"purchasable","16":"product-type-simple","17":"customify-col","18":"product-has-gallery"},"yoast_head":"<!-- This site is optimized with the Yoast SEO plugin v27.4 - https:\/\/yoast.com\/product\/yoast-seo-wordpress\/ -->\n<title>Harry Potter Bademantel Kinder Jungen, Fleece Morgenmantel f\u00fcr Kinder, Hogwarts Gryffindor Slytherin Bademantel - Markt-XXL<\/title>\n<meta name=\"description\" content=\"Markt-XXL Harry Potter Bademantel Kinder Jungen, Fleece Morgenmantel f\u00fcr Kinder, Hogwarts Gryffindor Slytherin Bademantel\" \/>\n<meta name=\"robots\" content=\"index, follow, max-snippet:-1, max-image-preview:large, max-video-preview:-1\" \/>\n<link rel=\"canonical\" href=\"https:\/\/marktxxl.de\/markt\/produkt\/harry-potter-bademantel-kinder-jungen-fleece-morgenmantel-fuer-kinder-hogwarts-gryffindor-slytherin-bademantel\/\" \/>\n<meta property=\"og:locale\" content=\"de_DE\" \/>\n<meta property=\"og:type\" content=\"article\" \/>\n<meta property=\"og:title\" content=\"Harry Potter Bademantel Kinder Jungen, Fleece Morgenmantel f\u00fcr Kinder, Hogwarts Gryffindor Slytherin Bademantel - Markt-XXL\" \/>\n<meta property=\"og:description\" content=\"Markt-XXL Harry Potter Bademantel Kinder Jungen, Fleece Morgenmantel f\u00fcr Kinder, Hogwarts Gryffindor Slytherin Bademantel\" \/>\n<meta property=\"og:url\" content=\"https:\/\/marktxxl.de\/markt\/produkt\/harry-potter-bademantel-kinder-jungen-fleece-morgenmantel-fuer-kinder-hogwarts-gryffindor-slytherin-bademantel\/\" \/>\n<meta property=\"og:site_name\" content=\"Markt-XXL\" \/>\n<meta property=\"article:modified_time\" content=\"2023-04-10T01:37:12+00:00\" \/>\n<meta property=\"og:image\" content=\"https:\/\/m.media-amazon.com\/images\/I\/41XgPF3xBZL._SL500_.jpg\" \/>\n\t<meta property=\"og:image:width\" content=\"339\" \/>\n\t<meta property=\"og:image:height\" content=\"500\" \/>\n\t<meta property=\"og:image:type\" content=\"image\/jpeg\" \/>\n<meta name=\"twitter:card\" content=\"summary_large_image\" \/>\n<meta name=\"twitter:label1\" content=\"Gesch\u00e4tzte Lesezeit\" \/>\n\t<meta name=\"twitter:data1\" content=\"1\u00a0Minute\" \/>\n<script type=\"application\/ld+json\" class=\"yoast-schema-graph\">{\"@context\":\"https:\\\/\\\/schema.org\",\"@graph\":[{\"@type\":\"WebPage\",\"@id\":\"https:\\\/\\\/marktxxl.de\\\/markt\\\/produkt\\\/harry-potter-bademantel-kinder-jungen-fleece-morgenmantel-fuer-kinder-hogwarts-gryffindor-slytherin-bademantel\\\/\",\"url\":\"https:\\\/\\\/marktxxl.de\\\/markt\\\/produkt\\\/harry-potter-bademantel-kinder-jungen-fleece-morgenmantel-fuer-kinder-hogwarts-gryffindor-slytherin-bademantel\\\/\",\"name\":\"Harry Potter Bademantel Kinder Jungen, Fleece Morgenmantel f\u00fcr Kinder, Hogwarts Gryffindor Slytherin Bademantel - Markt-XXL\",\"isPartOf\":{\"@id\":\"https:\\\/\\\/marktxxl.de\\\/markt\\\/#website\"},\"primaryImageOfPage\":{\"@id\":\"https:\\\/\\\/marktxxl.de\\\/markt\\\/produkt\\\/harry-potter-bademantel-kinder-jungen-fleece-morgenmantel-fuer-kinder-hogwarts-gryffindor-slytherin-bademantel\\\/#primaryimage\"},\"image\":{\"@id\":\"https:\\\/\\\/marktxxl.de\\\/markt\\\/produkt\\\/harry-potter-bademantel-kinder-jungen-fleece-morgenmantel-fuer-kinder-hogwarts-gryffindor-slytherin-bademantel\\\/#primaryimage\"},\"thumbnailUrl\":\"https:\\\/\\\/m.media-amazon.com\\\/images\\\/I\\\/41XgPF3xBZL._SL500_.jpg\",\"datePublished\":\"2022-02-26T22:33:46+00:00\",\"dateModified\":\"2023-04-10T01:37:12+00:00\",\"description\":\"Markt-XXL Harry Potter Bademantel Kinder Jungen, Fleece Morgenmantel f\u00fcr Kinder, Hogwarts Gryffindor Slytherin Bademantel\",\"breadcrumb\":{\"@id\":\"https:\\\/\\\/marktxxl.de\\\/markt\\\/produkt\\\/harry-potter-bademantel-kinder-jungen-fleece-morgenmantel-fuer-kinder-hogwarts-gryffindor-slytherin-bademantel\\\/#breadcrumb\"},\"inLanguage\":\"de\",\"potentialAction\":[{\"@type\":\"ReadAction\",\"target\":[\"https:\\\/\\\/marktxxl.de\\\/markt\\\/produkt\\\/harry-potter-bademantel-kinder-jungen-fleece-morgenmantel-fuer-kinder-hogwarts-gryffindor-slytherin-bademantel\\\/\"]}]},{\"@type\":\"ImageObject\",\"inLanguage\":\"de\",\"@id\":\"https:\\\/\\\/marktxxl.de\\\/markt\\\/produkt\\\/harry-potter-bademantel-kinder-jungen-fleece-morgenmantel-fuer-kinder-hogwarts-gryffindor-slytherin-bademantel\\\/#primaryimage\",\"url\":\"https:\\\/\\\/m.media-amazon.com\\\/images\\\/I\\\/41XgPF3xBZL._SL500_.jpg\",\"contentUrl\":\"https:\\\/\\\/m.media-amazon.com\\\/images\\\/I\\\/41XgPF3xBZL._SL500_.jpg\",\"width\":339,\"height\":500},{\"@type\":\"BreadcrumbList\",\"@id\":\"https:\\\/\\\/marktxxl.de\\\/markt\\\/produkt\\\/harry-potter-bademantel-kinder-jungen-fleece-morgenmantel-fuer-kinder-hogwarts-gryffindor-slytherin-bademantel\\\/#breadcrumb\",\"itemListElement\":[{\"@type\":\"ListItem\",\"position\":1,\"name\":\"Startseite\",\"item\":\"https:\\\/\\\/marktxxl.de\\\/markt\\\/\"},{\"@type\":\"ListItem\",\"position\":2,\"name\":\"Markt\",\"item\":\"https:\\\/\\\/marktxxl.de\\\/markt\\\/\"},{\"@type\":\"ListItem\",\"position\":3,\"name\":\"Harry Potter Bademantel Kinder Jungen, Fleece Morgenmantel f\u00fcr Kinder, Hogwarts Gryffindor Slytherin Bademantel\"}]},{\"@type\":\"WebSite\",\"@id\":\"https:\\\/\\\/marktxxl.de\\\/markt\\\/#website\",\"url\":\"https:\\\/\\\/marktxxl.de\\\/markt\\\/\",\"name\":\"Markt-XXL\",\"description\":\"Ihr Markt Online\",\"publisher\":{\"@id\":\"https:\\\/\\\/marktxxl.de\\\/markt\\\/#organization\"},\"potentialAction\":[{\"@type\":\"SearchAction\",\"target\":{\"@type\":\"EntryPoint\",\"urlTemplate\":\"https:\\\/\\\/marktxxl.de\\\/markt\\\/?s={search_term_string}\"},\"query-input\":{\"@type\":\"PropertyValueSpecification\",\"valueRequired\":true,\"valueName\":\"search_term_string\"}}],\"inLanguage\":\"de\"},{\"@type\":\"Organization\",\"@id\":\"https:\\\/\\\/marktxxl.de\\\/markt\\\/#organization\",\"name\":\"Markt-XXL\",\"url\":\"https:\\\/\\\/marktxxl.de\\\/markt\\\/\",\"logo\":{\"@type\":\"ImageObject\",\"inLanguage\":\"de\",\"@id\":\"https:\\\/\\\/marktxxl.de\\\/markt\\\/#\\\/schema\\\/logo\\\/image\\\/\",\"url\":\"https:\\\/\\\/marktxxl.de\\\/markt\\\/wp-content\\\/uploads\\\/sites\\\/3\\\/2020\\\/12\\\/logo.png\",\"contentUrl\":\"https:\\\/\\\/marktxxl.de\\\/markt\\\/wp-content\\\/uploads\\\/sites\\\/3\\\/2020\\\/12\\\/logo.png\",\"width\":200,\"height\":70,\"caption\":\"Markt-XXL\"},\"image\":{\"@id\":\"https:\\\/\\\/marktxxl.de\\\/markt\\\/#\\\/schema\\\/logo\\\/image\\\/\"}}]}<\/script>\n<!-- \/ Yoast SEO plugin. -->","yoast_head_json":{"title":"Harry Potter Bademantel Kinder Jungen, Fleece Morgenmantel f\u00fcr Kinder, Hogwarts Gryffindor Slytherin Bademantel - Markt-XXL","description":"Markt-XXL Harry Potter Bademantel Kinder Jungen, Fleece Morgenmantel f\u00fcr Kinder, Hogwarts Gryffindor Slytherin Bademantel","robots":{"index":"index","follow":"follow","max-snippet":"max-snippet:-1","max-image-preview":"max-image-preview:large","max-video-preview":"max-video-preview:-1"},"canonical":"https:\/\/marktxxl.de\/markt\/produkt\/harry-potter-bademantel-kinder-jungen-fleece-morgenmantel-fuer-kinder-hogwarts-gryffindor-slytherin-bademantel\/","og_locale":"de_DE","og_type":"article","og_title":"Harry Potter Bademantel Kinder Jungen, Fleece Morgenmantel f\u00fcr Kinder, Hogwarts Gryffindor Slytherin Bademantel - Markt-XXL","og_description":"Markt-XXL Harry Potter Bademantel Kinder Jungen, Fleece Morgenmantel f\u00fcr Kinder, Hogwarts Gryffindor Slytherin Bademantel","og_url":"https:\/\/marktxxl.de\/markt\/produkt\/harry-potter-bademantel-kinder-jungen-fleece-morgenmantel-fuer-kinder-hogwarts-gryffindor-slytherin-bademantel\/","og_site_name":"Markt-XXL","article_modified_time":"2023-04-10T01:37:12+00:00","og_image":[{"width":339,"height":500,"url":"https:\/\/m.media-amazon.com\/images\/I\/41XgPF3xBZL._SL500_.jpg","type":"image\/jpeg"}],"twitter_card":"summary_large_image","twitter_misc":{"Gesch\u00e4tzte Lesezeit":"1\u00a0Minute"},"schema":{"@context":"https:\/\/schema.org","@graph":[{"@type":"WebPage","@id":"https:\/\/marktxxl.de\/markt\/produkt\/harry-potter-bademantel-kinder-jungen-fleece-morgenmantel-fuer-kinder-hogwarts-gryffindor-slytherin-bademantel\/","url":"https:\/\/marktxxl.de\/markt\/produkt\/harry-potter-bademantel-kinder-jungen-fleece-morgenmantel-fuer-kinder-hogwarts-gryffindor-slytherin-bademantel\/","name":"Harry Potter Bademantel Kinder Jungen, Fleece Morgenmantel f\u00fcr Kinder, Hogwarts Gryffindor Slytherin Bademantel - Markt-XXL","isPartOf":{"@id":"https:\/\/marktxxl.de\/markt\/#website"},"primaryImageOfPage":{"@id":"https:\/\/marktxxl.de\/markt\/produkt\/harry-potter-bademantel-kinder-jungen-fleece-morgenmantel-fuer-kinder-hogwarts-gryffindor-slytherin-bademantel\/#primaryimage"},"image":{"@id":"https:\/\/marktxxl.de\/markt\/produkt\/harry-potter-bademantel-kinder-jungen-fleece-morgenmantel-fuer-kinder-hogwarts-gryffindor-slytherin-bademantel\/#primaryimage"},"thumbnailUrl":"https:\/\/m.media-amazon.com\/images\/I\/41XgPF3xBZL._SL500_.jpg","datePublished":"2022-02-26T22:33:46+00:00","dateModified":"2023-04-10T01:37:12+00:00","description":"Markt-XXL Harry Potter Bademantel Kinder Jungen, Fleece Morgenmantel f\u00fcr Kinder, Hogwarts Gryffindor Slytherin Bademantel","breadcrumb":{"@id":"https:\/\/marktxxl.de\/markt\/produkt\/harry-potter-bademantel-kinder-jungen-fleece-morgenmantel-fuer-kinder-hogwarts-gryffindor-slytherin-bademantel\/#breadcrumb"},"inLanguage":"de","potentialAction":[{"@type":"ReadAction","target":["https:\/\/marktxxl.de\/markt\/produkt\/harry-potter-bademantel-kinder-jungen-fleece-morgenmantel-fuer-kinder-hogwarts-gryffindor-slytherin-bademantel\/"]}]},{"@type":"ImageObject","inLanguage":"de","@id":"https:\/\/marktxxl.de\/markt\/produkt\/harry-potter-bademantel-kinder-jungen-fleece-morgenmantel-fuer-kinder-hogwarts-gryffindor-slytherin-bademantel\/#primaryimage","url":"https:\/\/m.media-amazon.com\/images\/I\/41XgPF3xBZL._SL500_.jpg","contentUrl":"https:\/\/m.media-amazon.com\/images\/I\/41XgPF3xBZL._SL500_.jpg","width":339,"height":500},{"@type":"BreadcrumbList","@id":"https:\/\/marktxxl.de\/markt\/produkt\/harry-potter-bademantel-kinder-jungen-fleece-morgenmantel-fuer-kinder-hogwarts-gryffindor-slytherin-bademantel\/#breadcrumb","itemListElement":[{"@type":"ListItem","position":1,"name":"Startseite","item":"https:\/\/marktxxl.de\/markt\/"},{"@type":"ListItem","position":2,"name":"Markt","item":"https:\/\/marktxxl.de\/markt\/"},{"@type":"ListItem","position":3,"name":"Harry Potter Bademantel Kinder Jungen, Fleece Morgenmantel f\u00fcr Kinder, Hogwarts Gryffindor Slytherin Bademantel"}]},{"@type":"WebSite","@id":"https:\/\/marktxxl.de\/markt\/#website","url":"https:\/\/marktxxl.de\/markt\/","name":"Markt-XXL","description":"Ihr Markt Online","publisher":{"@id":"https:\/\/marktxxl.de\/markt\/#organization"},"potentialAction":[{"@type":"SearchAction","target":{"@type":"EntryPoint","urlTemplate":"https:\/\/marktxxl.de\/markt\/?s={search_term_string}"},"query-input":{"@type":"PropertyValueSpecification","valueRequired":true,"valueName":"search_term_string"}}],"inLanguage":"de"},{"@type":"Organization","@id":"https:\/\/marktxxl.de\/markt\/#organization","name":"Markt-XXL","url":"https:\/\/marktxxl.de\/markt\/","logo":{"@type":"ImageObject","inLanguage":"de","@id":"https:\/\/marktxxl.de\/markt\/#\/schema\/logo\/image\/","url":"https:\/\/marktxxl.de\/markt\/wp-content\/uploads\/sites\/3\/2020\/12\/logo.png","contentUrl":"https:\/\/marktxxl.de\/markt\/wp-content\/uploads\/sites\/3\/2020\/12\/logo.png","width":200,"height":70,"caption":"Markt-XXL"},"image":{"@id":"https:\/\/marktxxl.de\/markt\/#\/schema\/logo\/image\/"}}]}},"_links":{"self":[{"href":"https:\/\/marktxxl.de\/markt\/wp-json\/wp\/v2\/product\/111033","targetHints":{"allow":["GET"]}}],"collection":[{"href":"https:\/\/marktxxl.de\/markt\/wp-json\/wp\/v2\/product"}],"about":[{"href":"https:\/\/marktxxl.de\/markt\/wp-json\/wp\/v2\/types\/product"}],"replies":[{"embeddable":true,"href":"https:\/\/marktxxl.de\/markt\/wp-json\/wp\/v2\/comments?post=111033"}],"wp:featuredmedia":[{"embeddable":true,"href":"https:\/\/marktxxl.de\/markt\/wp-json\/wp\/v2\/media\/111034"}],"wp:attachment":[{"href":"https:\/\/marktxxl.de\/markt\/wp-json\/wp\/v2\/media?parent=111033"}],"wp:term":[{"taxonomy":"product_brand","embeddable":true,"href":"https:\/\/marktxxl.de\/markt\/wp-json\/wp\/v2\/product_brand?post=111033"},{"taxonomy":"product_cat","embeddable":true,"href":"https:\/\/marktxxl.de\/markt\/wp-json\/wp\/v2\/product_cat?post=111033"},{"taxonomy":"product_tag","embeddable":true,"href":"https:\/\/marktxxl.de\/markt\/wp-json\/wp\/v2\/product_tag?post=111033"}],"curies":[{"name":"wp","href":"https:\/\/api.w.org\/{rel}","templated":true}]}}