{"id":111004,"date":"2022-02-26T23:31:27","date_gmt":"2022-02-26T22:31:27","guid":{"rendered":"https:\/\/marktxxl.de\/markt\/produkt\/nagelhautschere-professionelle-nagelschere-extrafeiner-edelstahl-scharf-gebogene-schere-mit-lederetui-nagelschere-fussnaegel-nagelhautschere-fuer-fingernagel\/"},"modified":"2023-04-10T03:37:11","modified_gmt":"2023-04-10T01:37:11","slug":"nagelhautschere-professionelle-nagelschere-extrafeiner-edelstahl-scharf-gebogene-schere-mit-lederetui-nagelschere-fussnaegel-nagelhautschere-fuer-fingernagel","status":"publish","type":"product","link":"https:\/\/marktxxl.de\/markt\/produkt\/nagelhautschere-professionelle-nagelschere-extrafeiner-edelstahl-scharf-gebogene-schere-mit-lederetui-nagelschere-fussnaegel-nagelhautschere-fuer-fingernagel\/","title":{"rendered":"Nagelschere, Professionelle Nagelhautschere, Extrafeiner Edelstahl Scharf gebogene Schere mit Lederetui, Fu\u00dfn\u00e4gel\u2026"},"content":{"rendered":"<p>\u2702\ufe0fPremium-Qualit\u00e4t: Extra scharfe Hautscheren sind aus hochwertigem Edelstahl, K\u00f6rper und Rasierklinge fein geschliffen und handpoliert. Diese Fingernagelschere ist absolut rostfrei.<br \/>\n\u2702\ufe0fExtra fein und scharf: Die extra scharfen Klingen dieser kleinen Schere halten die Nagelhaut sauber und ordentlich f\u00fcr eine gleichbleibend hochwertige Nagelpflege und ein gepflegtes Aussehen. Die Nagelhautschere ist extrem scharf auf die Spitze, sodass Ihre unerw\u00fcnschte Haut pr\u00e4zise und sauber geschnitten werden kann.<br \/>\n\u2702\ufe0fKomfortabel und langlebig: Das gebogene Klingendesign erm\u00f6glicht eine verbesserte Sichtbarkeit und Genauigkeit und h\u00e4lt Ihre Hand in einer bequemen Position. Gro\u00dfz\u00fcgige, abgerundete Fingerl\u00f6cher sorgen f\u00fcr Griffigkeit und Kontrolle ohne zu klemmen.<br \/>\n\u2702\ufe0fPr\u00e4zision: Extra scharfe Nagelschere zum Entfernen von Finger- und Fu\u00dfn\u00e4geln hat eine Pr\u00e4zise und leicht gebogene Schneide. Die extrafein geschwungenen Klingen dieser Mini-Schere halten die Nagelhaut sauber und sorgen f\u00fcr ein gepflegtes Aussehen.<br \/>\n\u2702\ufe0fFlexibel und tragbar: Die Nagelhautschere wird durch ein robustes Lederetui mit Spitzenschutz gesch\u00fctzt. Einfach in Ihrer Handtasche zu tragen. Geeignet f\u00fcr Zuhause, Salon, Badezimmer. Beste Geschenke f\u00fcr M\u00e4nner und Frauen.<br \/>\n<div class=\"main-cross-sell\" data-asin=\"B08Z5WM7Q9\">\n\n\t<div class=\"WooZone-cross-sell-loader\">\n\t\t<div>\n\t\t\t<div id=\"floatingBarsG\">\n\t\t\t\t<div class=\"blockG\" id=\"rotateG_01\"><\/div>\n\t\t\t\t<div class=\"blockG\" id=\"rotateG_02\"><\/div>\n\t\t\t\t<div class=\"blockG\" id=\"rotateG_03\"><\/div>\n\t\t\t\t<div class=\"blockG\" id=\"rotateG_04\"><\/div>\n\t\t\t\t<div class=\"blockG\" id=\"rotateG_05\"><\/div>\n\t\t\t\t<div class=\"blockG\" id=\"rotateG_06\"><\/div>\n\t\t\t\t<div class=\"blockG\" id=\"rotateG_07\"><\/div>\n\t\t\t\t<div class=\"blockG\" id=\"rotateG_08\"><\/div>\n\t\t\t<\/div>\n\t\t\t<div class=\"WooZone-cross-sell-loader-text\"><\/div>\n\t\t<\/div>\n\t<\/div>\n\n\t\t\n<\/div>\n<div style=\"clear:both;\"><\/div><\/p>\n","protected":false},"excerpt":{"rendered":"<p>\u2702\ufe0fPremium-Qualit\u00e4t: Extra scharfe Hautscheren sind aus hochwertigem Edelstahl, K\u00f6rper und Rasierklinge fein geschliffen und handpoliert. Diese Fingernagelschere ist absolut rostfrei.<br \/>\n\u2702\ufe0fExtra fein und scharf: Die extra scharfen Klingen dieser kleinen Schere halten die Nagelhaut sauber und ordentlich f\u00fcr eine gleichbleibend hochwertige Nagelpflege und ein gepflegtes Aussehen. Die Nagelhautschere ist extrem scharf auf die Spitze, sodass Ihre unerw\u00fcnschte Haut pr\u00e4zise und sauber geschnitten werden kann.<br \/>\n\u2702\ufe0fKomfortabel und langlebig: Das gebogene Klingendesign erm\u00f6glicht eine verbesserte Sichtbarkeit und Genauigkeit und h\u00e4lt Ihre Hand in einer bequemen Position. Gro\u00dfz\u00fcgige, abgerundete Fingerl\u00f6cher sorgen f\u00fcr Griffigkeit und Kontrolle ohne zu klemmen.<\/p>\n","protected":false},"featured_media":111005,"comment_status":"open","ping_status":"closed","template":"","meta":[],"product_brand":[],"product_cat":[2858,7659],"product_tag":[],"class_list":{"0":"post-111004","1":"product","2":"type-product","3":"status-publish","4":"has-post-thumbnail","6":"product_cat-beauty","7":"product_cat-manikuere-pedikuere","8":"pa_brand-scuft-trends","9":"pa_height-3-543307083-zoll","10":"pa_length-3-543307083-zoll","11":"pa_manufacturer-scuft","12":"pa_weight-0-0551155655-pfund","13":"pa_width-1-574803148-zoll","15":"first","16":"instock","17":"shipping-taxable","18":"purchasable","19":"product-type-simple","20":"customify-col","21":"product-has-gallery"},"yoast_head":"<!-- This site is optimized with the Yoast SEO plugin v27.3 - https:\/\/yoast.com\/product\/yoast-seo-wordpress\/ -->\n<title>Nagelschere, Professionelle Nagelhautschere, Extrafeiner Edelstahl Scharf gebogene Schere mit Lederetui, Fu\u00dfn\u00e4gel\u2026 - Markt-XXL<\/title>\n<meta name=\"description\" content=\"Markt-XXL Nagelschere, Professionelle Nagelhautschere, Extrafeiner Edelstahl Scharf gebogene Schere mit Lederetui, Fu\u00dfn\u00e4gel\u2026\" \/>\n<meta name=\"robots\" content=\"index, follow, max-snippet:-1, max-image-preview:large, max-video-preview:-1\" \/>\n<link rel=\"canonical\" href=\"https:\/\/marktxxl.de\/markt\/produkt\/nagelhautschere-professionelle-nagelschere-extrafeiner-edelstahl-scharf-gebogene-schere-mit-lederetui-nagelschere-fussnaegel-nagelhautschere-fuer-fingernagel\/\" \/>\n<meta property=\"og:locale\" content=\"de_DE\" \/>\n<meta property=\"og:type\" content=\"article\" \/>\n<meta property=\"og:title\" content=\"Nagelschere, Professionelle Nagelhautschere, Extrafeiner Edelstahl Scharf gebogene Schere mit Lederetui, Fu\u00dfn\u00e4gel\u2026 - Markt-XXL\" \/>\n<meta property=\"og:description\" content=\"Markt-XXL Nagelschere, Professionelle Nagelhautschere, Extrafeiner Edelstahl Scharf gebogene Schere mit Lederetui, Fu\u00dfn\u00e4gel\u2026\" \/>\n<meta property=\"og:url\" content=\"https:\/\/marktxxl.de\/markt\/produkt\/nagelhautschere-professionelle-nagelschere-extrafeiner-edelstahl-scharf-gebogene-schere-mit-lederetui-nagelschere-fussnaegel-nagelhautschere-fuer-fingernagel\/\" \/>\n<meta property=\"og:site_name\" content=\"Markt-XXL\" \/>\n<meta property=\"article:modified_time\" content=\"2023-04-10T01:37:11+00:00\" \/>\n<meta property=\"og:image\" content=\"https:\/\/m.media-amazon.com\/images\/I\/41GpDM2eh+L._SL500_.jpg\" \/>\n\t<meta property=\"og:image:width\" content=\"500\" \/>\n\t<meta property=\"og:image:height\" content=\"500\" \/>\n\t<meta property=\"og:image:type\" content=\"image\/jpeg\" \/>\n<meta name=\"twitter:card\" content=\"summary_large_image\" \/>\n<meta name=\"twitter:label1\" content=\"Gesch\u00e4tzte Lesezeit\" \/>\n\t<meta name=\"twitter:data1\" content=\"1\u00a0Minute\" \/>\n<script type=\"application\/ld+json\" class=\"yoast-schema-graph\">{\"@context\":\"https:\\\/\\\/schema.org\",\"@graph\":[{\"@type\":\"WebPage\",\"@id\":\"https:\\\/\\\/marktxxl.de\\\/markt\\\/produkt\\\/nagelhautschere-professionelle-nagelschere-extrafeiner-edelstahl-scharf-gebogene-schere-mit-lederetui-nagelschere-fussnaegel-nagelhautschere-fuer-fingernagel\\\/\",\"url\":\"https:\\\/\\\/marktxxl.de\\\/markt\\\/produkt\\\/nagelhautschere-professionelle-nagelschere-extrafeiner-edelstahl-scharf-gebogene-schere-mit-lederetui-nagelschere-fussnaegel-nagelhautschere-fuer-fingernagel\\\/\",\"name\":\"Nagelschere, Professionelle Nagelhautschere, Extrafeiner Edelstahl Scharf gebogene Schere mit Lederetui, Fu\u00dfn\u00e4gel\u2026 - Markt-XXL\",\"isPartOf\":{\"@id\":\"https:\\\/\\\/marktxxl.de\\\/markt\\\/#website\"},\"primaryImageOfPage\":{\"@id\":\"https:\\\/\\\/marktxxl.de\\\/markt\\\/produkt\\\/nagelhautschere-professionelle-nagelschere-extrafeiner-edelstahl-scharf-gebogene-schere-mit-lederetui-nagelschere-fussnaegel-nagelhautschere-fuer-fingernagel\\\/#primaryimage\"},\"image\":{\"@id\":\"https:\\\/\\\/marktxxl.de\\\/markt\\\/produkt\\\/nagelhautschere-professionelle-nagelschere-extrafeiner-edelstahl-scharf-gebogene-schere-mit-lederetui-nagelschere-fussnaegel-nagelhautschere-fuer-fingernagel\\\/#primaryimage\"},\"thumbnailUrl\":\"https:\\\/\\\/m.media-amazon.com\\\/images\\\/I\\\/41GpDM2eh+L._SL500_.jpg\",\"datePublished\":\"2022-02-26T22:31:27+00:00\",\"dateModified\":\"2023-04-10T01:37:11+00:00\",\"description\":\"Markt-XXL Nagelschere, Professionelle Nagelhautschere, Extrafeiner Edelstahl Scharf gebogene Schere mit Lederetui, Fu\u00dfn\u00e4gel\u2026\",\"breadcrumb\":{\"@id\":\"https:\\\/\\\/marktxxl.de\\\/markt\\\/produkt\\\/nagelhautschere-professionelle-nagelschere-extrafeiner-edelstahl-scharf-gebogene-schere-mit-lederetui-nagelschere-fussnaegel-nagelhautschere-fuer-fingernagel\\\/#breadcrumb\"},\"inLanguage\":\"de\",\"potentialAction\":[{\"@type\":\"ReadAction\",\"target\":[\"https:\\\/\\\/marktxxl.de\\\/markt\\\/produkt\\\/nagelhautschere-professionelle-nagelschere-extrafeiner-edelstahl-scharf-gebogene-schere-mit-lederetui-nagelschere-fussnaegel-nagelhautschere-fuer-fingernagel\\\/\"]}]},{\"@type\":\"ImageObject\",\"inLanguage\":\"de\",\"@id\":\"https:\\\/\\\/marktxxl.de\\\/markt\\\/produkt\\\/nagelhautschere-professionelle-nagelschere-extrafeiner-edelstahl-scharf-gebogene-schere-mit-lederetui-nagelschere-fussnaegel-nagelhautschere-fuer-fingernagel\\\/#primaryimage\",\"url\":\"https:\\\/\\\/m.media-amazon.com\\\/images\\\/I\\\/41GpDM2eh+L._SL500_.jpg\",\"contentUrl\":\"https:\\\/\\\/m.media-amazon.com\\\/images\\\/I\\\/41GpDM2eh+L._SL500_.jpg\",\"width\":500,\"height\":500},{\"@type\":\"BreadcrumbList\",\"@id\":\"https:\\\/\\\/marktxxl.de\\\/markt\\\/produkt\\\/nagelhautschere-professionelle-nagelschere-extrafeiner-edelstahl-scharf-gebogene-schere-mit-lederetui-nagelschere-fussnaegel-nagelhautschere-fuer-fingernagel\\\/#breadcrumb\",\"itemListElement\":[{\"@type\":\"ListItem\",\"position\":1,\"name\":\"Startseite\",\"item\":\"https:\\\/\\\/marktxxl.de\\\/markt\\\/\"},{\"@type\":\"ListItem\",\"position\":2,\"name\":\"Markt\",\"item\":\"https:\\\/\\\/marktxxl.de\\\/markt\\\/\"},{\"@type\":\"ListItem\",\"position\":3,\"name\":\"Nagelschere, Professionelle Nagelhautschere, Extrafeiner Edelstahl Scharf gebogene Schere mit Lederetui, Fu\u00dfn\u00e4gel\u2026\"}]},{\"@type\":\"WebSite\",\"@id\":\"https:\\\/\\\/marktxxl.de\\\/markt\\\/#website\",\"url\":\"https:\\\/\\\/marktxxl.de\\\/markt\\\/\",\"name\":\"Markt-XXL\",\"description\":\"Ihr Markt Online\",\"publisher\":{\"@id\":\"https:\\\/\\\/marktxxl.de\\\/markt\\\/#organization\"},\"potentialAction\":[{\"@type\":\"SearchAction\",\"target\":{\"@type\":\"EntryPoint\",\"urlTemplate\":\"https:\\\/\\\/marktxxl.de\\\/markt\\\/?s={search_term_string}\"},\"query-input\":{\"@type\":\"PropertyValueSpecification\",\"valueRequired\":true,\"valueName\":\"search_term_string\"}}],\"inLanguage\":\"de\"},{\"@type\":\"Organization\",\"@id\":\"https:\\\/\\\/marktxxl.de\\\/markt\\\/#organization\",\"name\":\"Markt-XXL\",\"url\":\"https:\\\/\\\/marktxxl.de\\\/markt\\\/\",\"logo\":{\"@type\":\"ImageObject\",\"inLanguage\":\"de\",\"@id\":\"https:\\\/\\\/marktxxl.de\\\/markt\\\/#\\\/schema\\\/logo\\\/image\\\/\",\"url\":\"https:\\\/\\\/marktxxl.de\\\/markt\\\/wp-content\\\/uploads\\\/sites\\\/3\\\/2020\\\/12\\\/logo.png\",\"contentUrl\":\"https:\\\/\\\/marktxxl.de\\\/markt\\\/wp-content\\\/uploads\\\/sites\\\/3\\\/2020\\\/12\\\/logo.png\",\"width\":200,\"height\":70,\"caption\":\"Markt-XXL\"},\"image\":{\"@id\":\"https:\\\/\\\/marktxxl.de\\\/markt\\\/#\\\/schema\\\/logo\\\/image\\\/\"}}]}<\/script>\n<!-- \/ Yoast SEO plugin. -->","yoast_head_json":{"title":"Nagelschere, Professionelle Nagelhautschere, Extrafeiner Edelstahl Scharf gebogene Schere mit Lederetui, Fu\u00dfn\u00e4gel\u2026 - Markt-XXL","description":"Markt-XXL Nagelschere, Professionelle Nagelhautschere, Extrafeiner Edelstahl Scharf gebogene Schere mit Lederetui, Fu\u00dfn\u00e4gel\u2026","robots":{"index":"index","follow":"follow","max-snippet":"max-snippet:-1","max-image-preview":"max-image-preview:large","max-video-preview":"max-video-preview:-1"},"canonical":"https:\/\/marktxxl.de\/markt\/produkt\/nagelhautschere-professionelle-nagelschere-extrafeiner-edelstahl-scharf-gebogene-schere-mit-lederetui-nagelschere-fussnaegel-nagelhautschere-fuer-fingernagel\/","og_locale":"de_DE","og_type":"article","og_title":"Nagelschere, Professionelle Nagelhautschere, Extrafeiner Edelstahl Scharf gebogene Schere mit Lederetui, Fu\u00dfn\u00e4gel\u2026 - Markt-XXL","og_description":"Markt-XXL Nagelschere, Professionelle Nagelhautschere, Extrafeiner Edelstahl Scharf gebogene Schere mit Lederetui, Fu\u00dfn\u00e4gel\u2026","og_url":"https:\/\/marktxxl.de\/markt\/produkt\/nagelhautschere-professionelle-nagelschere-extrafeiner-edelstahl-scharf-gebogene-schere-mit-lederetui-nagelschere-fussnaegel-nagelhautschere-fuer-fingernagel\/","og_site_name":"Markt-XXL","article_modified_time":"2023-04-10T01:37:11+00:00","og_image":[{"width":500,"height":500,"url":"https:\/\/m.media-amazon.com\/images\/I\/41GpDM2eh+L._SL500_.jpg","type":"image\/jpeg"}],"twitter_card":"summary_large_image","twitter_misc":{"Gesch\u00e4tzte Lesezeit":"1\u00a0Minute"},"schema":{"@context":"https:\/\/schema.org","@graph":[{"@type":"WebPage","@id":"https:\/\/marktxxl.de\/markt\/produkt\/nagelhautschere-professionelle-nagelschere-extrafeiner-edelstahl-scharf-gebogene-schere-mit-lederetui-nagelschere-fussnaegel-nagelhautschere-fuer-fingernagel\/","url":"https:\/\/marktxxl.de\/markt\/produkt\/nagelhautschere-professionelle-nagelschere-extrafeiner-edelstahl-scharf-gebogene-schere-mit-lederetui-nagelschere-fussnaegel-nagelhautschere-fuer-fingernagel\/","name":"Nagelschere, Professionelle Nagelhautschere, Extrafeiner Edelstahl Scharf gebogene Schere mit Lederetui, Fu\u00dfn\u00e4gel\u2026 - Markt-XXL","isPartOf":{"@id":"https:\/\/marktxxl.de\/markt\/#website"},"primaryImageOfPage":{"@id":"https:\/\/marktxxl.de\/markt\/produkt\/nagelhautschere-professionelle-nagelschere-extrafeiner-edelstahl-scharf-gebogene-schere-mit-lederetui-nagelschere-fussnaegel-nagelhautschere-fuer-fingernagel\/#primaryimage"},"image":{"@id":"https:\/\/marktxxl.de\/markt\/produkt\/nagelhautschere-professionelle-nagelschere-extrafeiner-edelstahl-scharf-gebogene-schere-mit-lederetui-nagelschere-fussnaegel-nagelhautschere-fuer-fingernagel\/#primaryimage"},"thumbnailUrl":"https:\/\/m.media-amazon.com\/images\/I\/41GpDM2eh+L._SL500_.jpg","datePublished":"2022-02-26T22:31:27+00:00","dateModified":"2023-04-10T01:37:11+00:00","description":"Markt-XXL Nagelschere, Professionelle Nagelhautschere, Extrafeiner Edelstahl Scharf gebogene Schere mit Lederetui, Fu\u00dfn\u00e4gel\u2026","breadcrumb":{"@id":"https:\/\/marktxxl.de\/markt\/produkt\/nagelhautschere-professionelle-nagelschere-extrafeiner-edelstahl-scharf-gebogene-schere-mit-lederetui-nagelschere-fussnaegel-nagelhautschere-fuer-fingernagel\/#breadcrumb"},"inLanguage":"de","potentialAction":[{"@type":"ReadAction","target":["https:\/\/marktxxl.de\/markt\/produkt\/nagelhautschere-professionelle-nagelschere-extrafeiner-edelstahl-scharf-gebogene-schere-mit-lederetui-nagelschere-fussnaegel-nagelhautschere-fuer-fingernagel\/"]}]},{"@type":"ImageObject","inLanguage":"de","@id":"https:\/\/marktxxl.de\/markt\/produkt\/nagelhautschere-professionelle-nagelschere-extrafeiner-edelstahl-scharf-gebogene-schere-mit-lederetui-nagelschere-fussnaegel-nagelhautschere-fuer-fingernagel\/#primaryimage","url":"https:\/\/m.media-amazon.com\/images\/I\/41GpDM2eh+L._SL500_.jpg","contentUrl":"https:\/\/m.media-amazon.com\/images\/I\/41GpDM2eh+L._SL500_.jpg","width":500,"height":500},{"@type":"BreadcrumbList","@id":"https:\/\/marktxxl.de\/markt\/produkt\/nagelhautschere-professionelle-nagelschere-extrafeiner-edelstahl-scharf-gebogene-schere-mit-lederetui-nagelschere-fussnaegel-nagelhautschere-fuer-fingernagel\/#breadcrumb","itemListElement":[{"@type":"ListItem","position":1,"name":"Startseite","item":"https:\/\/marktxxl.de\/markt\/"},{"@type":"ListItem","position":2,"name":"Markt","item":"https:\/\/marktxxl.de\/markt\/"},{"@type":"ListItem","position":3,"name":"Nagelschere, Professionelle Nagelhautschere, Extrafeiner Edelstahl Scharf gebogene Schere mit Lederetui, Fu\u00dfn\u00e4gel\u2026"}]},{"@type":"WebSite","@id":"https:\/\/marktxxl.de\/markt\/#website","url":"https:\/\/marktxxl.de\/markt\/","name":"Markt-XXL","description":"Ihr Markt Online","publisher":{"@id":"https:\/\/marktxxl.de\/markt\/#organization"},"potentialAction":[{"@type":"SearchAction","target":{"@type":"EntryPoint","urlTemplate":"https:\/\/marktxxl.de\/markt\/?s={search_term_string}"},"query-input":{"@type":"PropertyValueSpecification","valueRequired":true,"valueName":"search_term_string"}}],"inLanguage":"de"},{"@type":"Organization","@id":"https:\/\/marktxxl.de\/markt\/#organization","name":"Markt-XXL","url":"https:\/\/marktxxl.de\/markt\/","logo":{"@type":"ImageObject","inLanguage":"de","@id":"https:\/\/marktxxl.de\/markt\/#\/schema\/logo\/image\/","url":"https:\/\/marktxxl.de\/markt\/wp-content\/uploads\/sites\/3\/2020\/12\/logo.png","contentUrl":"https:\/\/marktxxl.de\/markt\/wp-content\/uploads\/sites\/3\/2020\/12\/logo.png","width":200,"height":70,"caption":"Markt-XXL"},"image":{"@id":"https:\/\/marktxxl.de\/markt\/#\/schema\/logo\/image\/"}}]}},"_links":{"self":[{"href":"https:\/\/marktxxl.de\/markt\/wp-json\/wp\/v2\/product\/111004","targetHints":{"allow":["GET"]}}],"collection":[{"href":"https:\/\/marktxxl.de\/markt\/wp-json\/wp\/v2\/product"}],"about":[{"href":"https:\/\/marktxxl.de\/markt\/wp-json\/wp\/v2\/types\/product"}],"replies":[{"embeddable":true,"href":"https:\/\/marktxxl.de\/markt\/wp-json\/wp\/v2\/comments?post=111004"}],"wp:featuredmedia":[{"embeddable":true,"href":"https:\/\/marktxxl.de\/markt\/wp-json\/wp\/v2\/media\/111005"}],"wp:attachment":[{"href":"https:\/\/marktxxl.de\/markt\/wp-json\/wp\/v2\/media?parent=111004"}],"wp:term":[{"taxonomy":"product_brand","embeddable":true,"href":"https:\/\/marktxxl.de\/markt\/wp-json\/wp\/v2\/product_brand?post=111004"},{"taxonomy":"product_cat","embeddable":true,"href":"https:\/\/marktxxl.de\/markt\/wp-json\/wp\/v2\/product_cat?post=111004"},{"taxonomy":"product_tag","embeddable":true,"href":"https:\/\/marktxxl.de\/markt\/wp-json\/wp\/v2\/product_tag?post=111004"}],"curies":[{"name":"wp","href":"https:\/\/api.w.org\/{rel}","templated":true}]}}