{"id":110678,"date":"2022-02-26T23:18:44","date_gmt":"2022-02-26T22:18:44","guid":{"rendered":"https:\/\/marktxxl.de\/markt\/produkt\/bugatti-cali-geldboerse-herren-leder-portemonnaie-herren-querformat-schwarz-geldbeutel-portmonee-wallet-brieftasche-maenner-portmonaise\/"},"modified":"2023-04-07T02:50:26","modified_gmt":"2023-04-07T00:50:26","slug":"bugatti-cali-geldboerse-herren-leder-portemonnaie-herren-querformat-schwarz-geldbeutel-portmonee-wallet-brieftasche-maenner-portmonaise","status":"publish","type":"product","link":"https:\/\/marktxxl.de\/markt\/produkt\/bugatti-cali-geldboerse-herren-leder-portemonnaie-herren-querformat-schwarz-geldbeutel-portmonee-wallet-brieftasche-maenner-portmonaise\/","title":{"rendered":"Bugatti Cali Geldb\u00f6rse Herren Leder \u2013 Portemonnaie Herren Querformat Schwarz \u2013 Geldbeutel Portmonee Wallet Brieftasche\u2026"},"content":{"rendered":"<p>Die Herren Geldb\u00f6rse hat 8 Kartensteckf\u00e4cher, 4 Steckf\u00e4cher, 1 Netzfach, 2 Scheinf\u00e4cher, ein M\u00fcnzfach und Rei\u00dfverschlussfach<br \/>\nMit einer geschlossenen Gr\u00f6\u00dfe von 12 cm (L) x 2 cm (B) x 9,5 cm (H) passt der Geldbeutel perfekt in die Hosentasche. Das Eigengewicht betr\u00e4gt 95g<br \/>\nDas zeitlose Design und hochwertige Leder machen die Brieftasche zum idealen Begleiter f\u00fcr Freizeit und Business<br \/>\nWeiches Echtleder schmeichelt der Haut bei jeder Ber\u00fchrung<br \/>\nBei den Kartenf\u00e4chern haben wir besonders auf die Gr\u00f6\u00dfe geachtet, damit Karten problemlos eingesteckt und entnommen werden k\u00f6nnen<br \/>\n<div class=\"main-cross-sell\" data-asin=\"B018WZOU8W\">\n\n\t<div class=\"WooZone-cross-sell-loader\">\n\t\t<div>\n\t\t\t<div id=\"floatingBarsG\">\n\t\t\t\t<div class=\"blockG\" id=\"rotateG_01\"><\/div>\n\t\t\t\t<div class=\"blockG\" id=\"rotateG_02\"><\/div>\n\t\t\t\t<div class=\"blockG\" id=\"rotateG_03\"><\/div>\n\t\t\t\t<div class=\"blockG\" id=\"rotateG_04\"><\/div>\n\t\t\t\t<div class=\"blockG\" id=\"rotateG_05\"><\/div>\n\t\t\t\t<div class=\"blockG\" id=\"rotateG_06\"><\/div>\n\t\t\t\t<div class=\"blockG\" id=\"rotateG_07\"><\/div>\n\t\t\t\t<div class=\"blockG\" id=\"rotateG_08\"><\/div>\n\t\t\t<\/div>\n\t\t\t<div class=\"WooZone-cross-sell-loader-text\"><\/div>\n\t\t<\/div>\n\t<\/div>\n\n\t\t\n<\/div>\n<div style=\"clear:both;\"><\/div><\/p>\n","protected":false},"excerpt":{"rendered":"<p>Die Herren Geldb\u00f6rse hat 8 Kartensteckf\u00e4cher, 4 Steckf\u00e4cher, 1 Netzfach, 2 Scheinf\u00e4cher, ein M\u00fcnzfach und Rei\u00dfverschlussfach<br \/>\nMit einer geschlossenen Gr\u00f6\u00dfe von 12 cm (L) x 2 cm (B) x 9,5 cm (H) passt der Geldbeutel perfekt in die Hosentasche. Das Eigengewicht betr\u00e4gt 95g<br \/>\nDas zeitlose Design und hochwertige Leder machen die Brieftasche zum idealen Begleiter f\u00fcr Freizeit und Business<\/p>\n","protected":false},"featured_media":110679,"comment_status":"open","ping_status":"closed","template":"","meta":[],"product_brand":[],"product_cat":[1186,3960],"product_tag":[],"class_list":{"0":"post-110678","1":"product","2":"type-product","3":"status-publish","4":"has-post-thumbnail","6":"product_cat-bekleidung","7":"product_cat-herren","8":"pa_brand-bugatti","9":"pa_color-schwarz","10":"pa_height-3-7401574765-zoll","11":"pa_length-4-724409444-zoll","12":"pa_manufacturer-bugatti","13":"pa_model-493410-01","14":"pa_size-einheitsgroesse","15":"pa_weight-0-2-pfund","16":"pa_width-0-787401574-zoll","18":"first","19":"instock","20":"shipping-taxable","21":"purchasable","22":"product-type-simple","23":"customify-col","24":"product-has-gallery"},"yoast_head":"<!-- This site is optimized with the Yoast SEO plugin v27.4 - https:\/\/yoast.com\/product\/yoast-seo-wordpress\/ -->\n<title>Bugatti Cali Geldb\u00f6rse Herren Leder \u2013 Portemonnaie Herren Querformat Schwarz \u2013 Geldbeutel Portmonee Wallet Brieftasche\u2026 - Markt-XXL<\/title>\n<meta name=\"description\" content=\"Markt-XXL Bugatti Cali Geldb\u00f6rse Herren Leder \u2013 Portemonnaie Herren Querformat Schwarz \u2013 Geldbeutel Portmonee Wallet Brieftasche\u2026\" \/>\n<meta name=\"robots\" content=\"index, follow, max-snippet:-1, max-image-preview:large, max-video-preview:-1\" \/>\n<link rel=\"canonical\" href=\"https:\/\/marktxxl.de\/markt\/produkt\/bugatti-cali-geldboerse-herren-leder-portemonnaie-herren-querformat-schwarz-geldbeutel-portmonee-wallet-brieftasche-maenner-portmonaise\/\" \/>\n<meta property=\"og:locale\" content=\"de_DE\" \/>\n<meta property=\"og:type\" content=\"article\" \/>\n<meta property=\"og:title\" content=\"Bugatti Cali Geldb\u00f6rse Herren Leder \u2013 Portemonnaie Herren Querformat Schwarz \u2013 Geldbeutel Portmonee Wallet Brieftasche\u2026 - Markt-XXL\" \/>\n<meta property=\"og:description\" content=\"Markt-XXL Bugatti Cali Geldb\u00f6rse Herren Leder \u2013 Portemonnaie Herren Querformat Schwarz \u2013 Geldbeutel Portmonee Wallet Brieftasche\u2026\" \/>\n<meta property=\"og:url\" content=\"https:\/\/marktxxl.de\/markt\/produkt\/bugatti-cali-geldboerse-herren-leder-portemonnaie-herren-querformat-schwarz-geldbeutel-portmonee-wallet-brieftasche-maenner-portmonaise\/\" \/>\n<meta property=\"og:site_name\" content=\"Markt-XXL\" \/>\n<meta property=\"article:modified_time\" content=\"2023-04-07T00:50:26+00:00\" \/>\n<meta property=\"og:image\" content=\"https:\/\/m.media-amazon.com\/images\/I\/51oWP5EttML._SL500_.jpg\" \/>\n\t<meta property=\"og:image:width\" content=\"500\" \/>\n\t<meta property=\"og:image:height\" content=\"490\" \/>\n\t<meta property=\"og:image:type\" content=\"image\/jpeg\" \/>\n<meta name=\"twitter:card\" content=\"summary_large_image\" \/>\n<script type=\"application\/ld+json\" class=\"yoast-schema-graph\">{\"@context\":\"https:\\\/\\\/schema.org\",\"@graph\":[{\"@type\":\"WebPage\",\"@id\":\"https:\\\/\\\/marktxxl.de\\\/markt\\\/produkt\\\/bugatti-cali-geldboerse-herren-leder-portemonnaie-herren-querformat-schwarz-geldbeutel-portmonee-wallet-brieftasche-maenner-portmonaise\\\/\",\"url\":\"https:\\\/\\\/marktxxl.de\\\/markt\\\/produkt\\\/bugatti-cali-geldboerse-herren-leder-portemonnaie-herren-querformat-schwarz-geldbeutel-portmonee-wallet-brieftasche-maenner-portmonaise\\\/\",\"name\":\"Bugatti Cali Geldb\u00f6rse Herren Leder \u2013 Portemonnaie Herren Querformat Schwarz \u2013 Geldbeutel Portmonee Wallet Brieftasche\u2026 - Markt-XXL\",\"isPartOf\":{\"@id\":\"https:\\\/\\\/marktxxl.de\\\/markt\\\/#website\"},\"primaryImageOfPage\":{\"@id\":\"https:\\\/\\\/marktxxl.de\\\/markt\\\/produkt\\\/bugatti-cali-geldboerse-herren-leder-portemonnaie-herren-querformat-schwarz-geldbeutel-portmonee-wallet-brieftasche-maenner-portmonaise\\\/#primaryimage\"},\"image\":{\"@id\":\"https:\\\/\\\/marktxxl.de\\\/markt\\\/produkt\\\/bugatti-cali-geldboerse-herren-leder-portemonnaie-herren-querformat-schwarz-geldbeutel-portmonee-wallet-brieftasche-maenner-portmonaise\\\/#primaryimage\"},\"thumbnailUrl\":\"https:\\\/\\\/m.media-amazon.com\\\/images\\\/I\\\/51oWP5EttML._SL500_.jpg\",\"datePublished\":\"2022-02-26T22:18:44+00:00\",\"dateModified\":\"2023-04-07T00:50:26+00:00\",\"description\":\"Markt-XXL Bugatti Cali Geldb\u00f6rse Herren Leder \u2013 Portemonnaie Herren Querformat Schwarz \u2013 Geldbeutel Portmonee Wallet Brieftasche\u2026\",\"breadcrumb\":{\"@id\":\"https:\\\/\\\/marktxxl.de\\\/markt\\\/produkt\\\/bugatti-cali-geldboerse-herren-leder-portemonnaie-herren-querformat-schwarz-geldbeutel-portmonee-wallet-brieftasche-maenner-portmonaise\\\/#breadcrumb\"},\"inLanguage\":\"de\",\"potentialAction\":[{\"@type\":\"ReadAction\",\"target\":[\"https:\\\/\\\/marktxxl.de\\\/markt\\\/produkt\\\/bugatti-cali-geldboerse-herren-leder-portemonnaie-herren-querformat-schwarz-geldbeutel-portmonee-wallet-brieftasche-maenner-portmonaise\\\/\"]}]},{\"@type\":\"ImageObject\",\"inLanguage\":\"de\",\"@id\":\"https:\\\/\\\/marktxxl.de\\\/markt\\\/produkt\\\/bugatti-cali-geldboerse-herren-leder-portemonnaie-herren-querformat-schwarz-geldbeutel-portmonee-wallet-brieftasche-maenner-portmonaise\\\/#primaryimage\",\"url\":\"https:\\\/\\\/m.media-amazon.com\\\/images\\\/I\\\/51oWP5EttML._SL500_.jpg\",\"contentUrl\":\"https:\\\/\\\/m.media-amazon.com\\\/images\\\/I\\\/51oWP5EttML._SL500_.jpg\",\"width\":500,\"height\":490},{\"@type\":\"BreadcrumbList\",\"@id\":\"https:\\\/\\\/marktxxl.de\\\/markt\\\/produkt\\\/bugatti-cali-geldboerse-herren-leder-portemonnaie-herren-querformat-schwarz-geldbeutel-portmonee-wallet-brieftasche-maenner-portmonaise\\\/#breadcrumb\",\"itemListElement\":[{\"@type\":\"ListItem\",\"position\":1,\"name\":\"Startseite\",\"item\":\"https:\\\/\\\/marktxxl.de\\\/markt\\\/\"},{\"@type\":\"ListItem\",\"position\":2,\"name\":\"Markt\",\"item\":\"https:\\\/\\\/marktxxl.de\\\/markt\\\/\"},{\"@type\":\"ListItem\",\"position\":3,\"name\":\"Bugatti Cali Geldb\u00f6rse Herren Leder \u2013 Portemonnaie Herren Querformat Schwarz \u2013 Geldbeutel Portmonee Wallet Brieftasche\u2026\"}]},{\"@type\":\"WebSite\",\"@id\":\"https:\\\/\\\/marktxxl.de\\\/markt\\\/#website\",\"url\":\"https:\\\/\\\/marktxxl.de\\\/markt\\\/\",\"name\":\"Markt-XXL\",\"description\":\"Ihr Markt Online\",\"publisher\":{\"@id\":\"https:\\\/\\\/marktxxl.de\\\/markt\\\/#organization\"},\"potentialAction\":[{\"@type\":\"SearchAction\",\"target\":{\"@type\":\"EntryPoint\",\"urlTemplate\":\"https:\\\/\\\/marktxxl.de\\\/markt\\\/?s={search_term_string}\"},\"query-input\":{\"@type\":\"PropertyValueSpecification\",\"valueRequired\":true,\"valueName\":\"search_term_string\"}}],\"inLanguage\":\"de\"},{\"@type\":\"Organization\",\"@id\":\"https:\\\/\\\/marktxxl.de\\\/markt\\\/#organization\",\"name\":\"Markt-XXL\",\"url\":\"https:\\\/\\\/marktxxl.de\\\/markt\\\/\",\"logo\":{\"@type\":\"ImageObject\",\"inLanguage\":\"de\",\"@id\":\"https:\\\/\\\/marktxxl.de\\\/markt\\\/#\\\/schema\\\/logo\\\/image\\\/\",\"url\":\"https:\\\/\\\/marktxxl.de\\\/markt\\\/wp-content\\\/uploads\\\/sites\\\/3\\\/2020\\\/12\\\/logo.png\",\"contentUrl\":\"https:\\\/\\\/marktxxl.de\\\/markt\\\/wp-content\\\/uploads\\\/sites\\\/3\\\/2020\\\/12\\\/logo.png\",\"width\":200,\"height\":70,\"caption\":\"Markt-XXL\"},\"image\":{\"@id\":\"https:\\\/\\\/marktxxl.de\\\/markt\\\/#\\\/schema\\\/logo\\\/image\\\/\"}}]}<\/script>\n<!-- \/ Yoast SEO plugin. -->","yoast_head_json":{"title":"Bugatti Cali Geldb\u00f6rse Herren Leder \u2013 Portemonnaie Herren Querformat Schwarz \u2013 Geldbeutel Portmonee Wallet Brieftasche\u2026 - Markt-XXL","description":"Markt-XXL Bugatti Cali Geldb\u00f6rse Herren Leder \u2013 Portemonnaie Herren Querformat Schwarz \u2013 Geldbeutel Portmonee Wallet Brieftasche\u2026","robots":{"index":"index","follow":"follow","max-snippet":"max-snippet:-1","max-image-preview":"max-image-preview:large","max-video-preview":"max-video-preview:-1"},"canonical":"https:\/\/marktxxl.de\/markt\/produkt\/bugatti-cali-geldboerse-herren-leder-portemonnaie-herren-querformat-schwarz-geldbeutel-portmonee-wallet-brieftasche-maenner-portmonaise\/","og_locale":"de_DE","og_type":"article","og_title":"Bugatti Cali Geldb\u00f6rse Herren Leder \u2013 Portemonnaie Herren Querformat Schwarz \u2013 Geldbeutel Portmonee Wallet Brieftasche\u2026 - Markt-XXL","og_description":"Markt-XXL Bugatti Cali Geldb\u00f6rse Herren Leder \u2013 Portemonnaie Herren Querformat Schwarz \u2013 Geldbeutel Portmonee Wallet Brieftasche\u2026","og_url":"https:\/\/marktxxl.de\/markt\/produkt\/bugatti-cali-geldboerse-herren-leder-portemonnaie-herren-querformat-schwarz-geldbeutel-portmonee-wallet-brieftasche-maenner-portmonaise\/","og_site_name":"Markt-XXL","article_modified_time":"2023-04-07T00:50:26+00:00","og_image":[{"width":500,"height":490,"url":"https:\/\/m.media-amazon.com\/images\/I\/51oWP5EttML._SL500_.jpg","type":"image\/jpeg"}],"twitter_card":"summary_large_image","schema":{"@context":"https:\/\/schema.org","@graph":[{"@type":"WebPage","@id":"https:\/\/marktxxl.de\/markt\/produkt\/bugatti-cali-geldboerse-herren-leder-portemonnaie-herren-querformat-schwarz-geldbeutel-portmonee-wallet-brieftasche-maenner-portmonaise\/","url":"https:\/\/marktxxl.de\/markt\/produkt\/bugatti-cali-geldboerse-herren-leder-portemonnaie-herren-querformat-schwarz-geldbeutel-portmonee-wallet-brieftasche-maenner-portmonaise\/","name":"Bugatti Cali Geldb\u00f6rse Herren Leder \u2013 Portemonnaie Herren Querformat Schwarz \u2013 Geldbeutel Portmonee Wallet Brieftasche\u2026 - Markt-XXL","isPartOf":{"@id":"https:\/\/marktxxl.de\/markt\/#website"},"primaryImageOfPage":{"@id":"https:\/\/marktxxl.de\/markt\/produkt\/bugatti-cali-geldboerse-herren-leder-portemonnaie-herren-querformat-schwarz-geldbeutel-portmonee-wallet-brieftasche-maenner-portmonaise\/#primaryimage"},"image":{"@id":"https:\/\/marktxxl.de\/markt\/produkt\/bugatti-cali-geldboerse-herren-leder-portemonnaie-herren-querformat-schwarz-geldbeutel-portmonee-wallet-brieftasche-maenner-portmonaise\/#primaryimage"},"thumbnailUrl":"https:\/\/m.media-amazon.com\/images\/I\/51oWP5EttML._SL500_.jpg","datePublished":"2022-02-26T22:18:44+00:00","dateModified":"2023-04-07T00:50:26+00:00","description":"Markt-XXL Bugatti Cali Geldb\u00f6rse Herren Leder \u2013 Portemonnaie Herren Querformat Schwarz \u2013 Geldbeutel Portmonee Wallet Brieftasche\u2026","breadcrumb":{"@id":"https:\/\/marktxxl.de\/markt\/produkt\/bugatti-cali-geldboerse-herren-leder-portemonnaie-herren-querformat-schwarz-geldbeutel-portmonee-wallet-brieftasche-maenner-portmonaise\/#breadcrumb"},"inLanguage":"de","potentialAction":[{"@type":"ReadAction","target":["https:\/\/marktxxl.de\/markt\/produkt\/bugatti-cali-geldboerse-herren-leder-portemonnaie-herren-querformat-schwarz-geldbeutel-portmonee-wallet-brieftasche-maenner-portmonaise\/"]}]},{"@type":"ImageObject","inLanguage":"de","@id":"https:\/\/marktxxl.de\/markt\/produkt\/bugatti-cali-geldboerse-herren-leder-portemonnaie-herren-querformat-schwarz-geldbeutel-portmonee-wallet-brieftasche-maenner-portmonaise\/#primaryimage","url":"https:\/\/m.media-amazon.com\/images\/I\/51oWP5EttML._SL500_.jpg","contentUrl":"https:\/\/m.media-amazon.com\/images\/I\/51oWP5EttML._SL500_.jpg","width":500,"height":490},{"@type":"BreadcrumbList","@id":"https:\/\/marktxxl.de\/markt\/produkt\/bugatti-cali-geldboerse-herren-leder-portemonnaie-herren-querformat-schwarz-geldbeutel-portmonee-wallet-brieftasche-maenner-portmonaise\/#breadcrumb","itemListElement":[{"@type":"ListItem","position":1,"name":"Startseite","item":"https:\/\/marktxxl.de\/markt\/"},{"@type":"ListItem","position":2,"name":"Markt","item":"https:\/\/marktxxl.de\/markt\/"},{"@type":"ListItem","position":3,"name":"Bugatti Cali Geldb\u00f6rse Herren Leder \u2013 Portemonnaie Herren Querformat Schwarz \u2013 Geldbeutel Portmonee Wallet Brieftasche\u2026"}]},{"@type":"WebSite","@id":"https:\/\/marktxxl.de\/markt\/#website","url":"https:\/\/marktxxl.de\/markt\/","name":"Markt-XXL","description":"Ihr Markt Online","publisher":{"@id":"https:\/\/marktxxl.de\/markt\/#organization"},"potentialAction":[{"@type":"SearchAction","target":{"@type":"EntryPoint","urlTemplate":"https:\/\/marktxxl.de\/markt\/?s={search_term_string}"},"query-input":{"@type":"PropertyValueSpecification","valueRequired":true,"valueName":"search_term_string"}}],"inLanguage":"de"},{"@type":"Organization","@id":"https:\/\/marktxxl.de\/markt\/#organization","name":"Markt-XXL","url":"https:\/\/marktxxl.de\/markt\/","logo":{"@type":"ImageObject","inLanguage":"de","@id":"https:\/\/marktxxl.de\/markt\/#\/schema\/logo\/image\/","url":"https:\/\/marktxxl.de\/markt\/wp-content\/uploads\/sites\/3\/2020\/12\/logo.png","contentUrl":"https:\/\/marktxxl.de\/markt\/wp-content\/uploads\/sites\/3\/2020\/12\/logo.png","width":200,"height":70,"caption":"Markt-XXL"},"image":{"@id":"https:\/\/marktxxl.de\/markt\/#\/schema\/logo\/image\/"}}]}},"_links":{"self":[{"href":"https:\/\/marktxxl.de\/markt\/wp-json\/wp\/v2\/product\/110678","targetHints":{"allow":["GET"]}}],"collection":[{"href":"https:\/\/marktxxl.de\/markt\/wp-json\/wp\/v2\/product"}],"about":[{"href":"https:\/\/marktxxl.de\/markt\/wp-json\/wp\/v2\/types\/product"}],"replies":[{"embeddable":true,"href":"https:\/\/marktxxl.de\/markt\/wp-json\/wp\/v2\/comments?post=110678"}],"wp:featuredmedia":[{"embeddable":true,"href":"https:\/\/marktxxl.de\/markt\/wp-json\/wp\/v2\/media\/110679"}],"wp:attachment":[{"href":"https:\/\/marktxxl.de\/markt\/wp-json\/wp\/v2\/media?parent=110678"}],"wp:term":[{"taxonomy":"product_brand","embeddable":true,"href":"https:\/\/marktxxl.de\/markt\/wp-json\/wp\/v2\/product_brand?post=110678"},{"taxonomy":"product_cat","embeddable":true,"href":"https:\/\/marktxxl.de\/markt\/wp-json\/wp\/v2\/product_cat?post=110678"},{"taxonomy":"product_tag","embeddable":true,"href":"https:\/\/marktxxl.de\/markt\/wp-json\/wp\/v2\/product_tag?post=110678"}],"curies":[{"name":"wp","href":"https:\/\/api.w.org\/{rel}","templated":true}]}}