{"id":110206,"date":"2022-02-26T21:16:01","date_gmt":"2022-02-26T20:16:01","guid":{"rendered":"https:\/\/marktxxl.de\/markt\/produkt\/dms-fahrradanhaenger-2-in-1-kinderanhaenger-fahrrad-anhaenger-jogger-radanhaenger-kinderwagen-kinderfahrradanhaenger-fuer-2-kinder-5-punkt-sicherheitsgurt-radschutz-fh-02\/"},"modified":"2023-04-07T02:50:18","modified_gmt":"2023-04-07T00:50:18","slug":"dms-fahrradanhaenger-2-in-1-kinderanhaenger-fahrrad-anhaenger-jogger-radanhaenger-kinderwagen-kinderfahrradanhaenger-fuer-2-kinder-5-punkt-sicherheitsgurt-radschutz-fh-02","status":"publish","type":"product","link":"https:\/\/marktxxl.de\/markt\/produkt\/dms-fahrradanhaenger-2-in-1-kinderanhaenger-fahrrad-anhaenger-jogger-radanhaenger-kinderwagen-kinderfahrradanhaenger-fuer-2-kinder-5-punkt-sicherheitsgurt-radschutz-fh-02\/","title":{"rendered":"DMS\u00ae Fahrradanh\u00e4nger 2 in 1 Kinderanh\u00e4nger Fahrrad Anh\u00e4nger Jogger Radanh\u00e4nger Kinderwagen Kinderfahrradanh\u00e4nger f\u00fcr 2\u2026"},"content":{"rendered":"<p>Der Kinder-Fahrradanh\u00e4nger verf\u00fcgt \u00fcber eine gut sichtbare Farbgebung und Radreflektoren f\u00fcr maximale Sichtbarkeit und eine Handbremse am Vorderrad f\u00fcr zus\u00e4tzliche Sicherheit beim Bergabfahren.<br \/>\nSCHNELLE UND EINFACHE MONTAGE: Der Fahrradanh\u00e4nger ist leicht aufzubauen. Werkzeug und Montagematerial werden mitgeliefert. Illustrierte Anleitung liegt bei.<br \/>\nAllwetter-Verdeck &amp; Insektenschutz, Leuchtende Farben und Radreflektoren f\u00fcr hohe Sichtbarkeit, Handbremse am Vorderrad f\u00fcr zus\u00e4tzliche Sicherheit.<br \/>\nGeeignet f\u00fcr 1 oder 2 Kinder: Geeignet f\u00fcr Kinder von 6-36 Monaten (als Kinderwagen), Nicht geeignet f\u00fcr Kinder unter 12 Monaten (als Anh\u00e4nger)<br \/>\nMaterial: Oxford Gewebe + Stahlrahmen, Abmessung: 113 x 85 x 105 cm (L x B x H), Vorderraddurchmesser: 36 cm, Hinterraddurchmesser: 51 cm, Maximale Belastbarkeit: 40 kg.<br \/>\n<div class=\"main-cross-sell\" data-asin=\"B08MB7GG8F\">\n\n\t<div class=\"WooZone-cross-sell-loader\">\n\t\t<div>\n\t\t\t<div id=\"floatingBarsG\">\n\t\t\t\t<div class=\"blockG\" id=\"rotateG_01\"><\/div>\n\t\t\t\t<div class=\"blockG\" id=\"rotateG_02\"><\/div>\n\t\t\t\t<div class=\"blockG\" id=\"rotateG_03\"><\/div>\n\t\t\t\t<div class=\"blockG\" id=\"rotateG_04\"><\/div>\n\t\t\t\t<div class=\"blockG\" id=\"rotateG_05\"><\/div>\n\t\t\t\t<div class=\"blockG\" id=\"rotateG_06\"><\/div>\n\t\t\t\t<div class=\"blockG\" id=\"rotateG_07\"><\/div>\n\t\t\t\t<div class=\"blockG\" id=\"rotateG_08\"><\/div>\n\t\t\t<\/div>\n\t\t\t<div class=\"WooZone-cross-sell-loader-text\"><\/div>\n\t\t<\/div>\n\t<\/div>\n\n\t\t\n<\/div>\n<div style=\"clear:both;\"><\/div><\/p>\n","protected":false},"excerpt":{"rendered":"<p>Der Kinder-Fahrradanh\u00e4nger verf\u00fcgt \u00fcber eine gut sichtbare Farbgebung und Radreflektoren f\u00fcr maximale Sichtbarkeit und eine Handbremse am Vorderrad f\u00fcr zus\u00e4tzliche Sicherheit beim Bergabfahren.<br \/>\nSCHNELLE UND EINFACHE MONTAGE: Der Fahrradanh\u00e4nger ist leicht aufzubauen. Werkzeug und Montagematerial werden mitgeliefert. Illustrierte Anleitung liegt bei.<br \/>\nAllwetter-Verdeck &amp; Insektenschutz, Leuchtende Farben und Radreflektoren f\u00fcr hohe Sichtbarkeit, Handbremse am Vorderrad f\u00fcr zus\u00e4tzliche Sicherheit.<\/p>\n","protected":false},"featured_media":110207,"comment_status":"open","ping_status":"closed","template":"","meta":[],"product_brand":[],"product_cat":[21,9245],"product_tag":[],"class_list":{"0":"post-110206","1":"product","2":"type-product","3":"status-publish","4":"has-post-thumbnail","6":"product_cat-baby","7":"product_cat-fahrradanhaenger-zubehoer-baby","8":"pa_brand-dms","9":"pa_height-41-338582635-zoll","10":"pa_length-44-488188931-zoll","11":"pa_manufacturer-dms","12":"pa_model-fh-02","13":"pa_width-33-464566895-zoll","15":"first","16":"instock","17":"shipping-taxable","18":"purchasable","19":"product-type-simple","20":"customify-col","21":"product-has-gallery"},"yoast_head":"<!-- This site is optimized with the Yoast SEO plugin v27.3 - https:\/\/yoast.com\/product\/yoast-seo-wordpress\/ -->\n<title>DMS\u00ae Fahrradanh\u00e4nger 2 in 1 Kinderanh\u00e4nger Fahrrad Anh\u00e4nger Jogger Radanh\u00e4nger Kinderwagen Kinderfahrradanh\u00e4nger f\u00fcr 2\u2026 - Markt-XXL<\/title>\n<meta name=\"description\" content=\"Markt-XXL DMS\u00ae Fahrradanh\u00e4nger 2 in 1 Kinderanh\u00e4nger Fahrrad Anh\u00e4nger Jogger Radanh\u00e4nger Kinderwagen Kinderfahrradanh\u00e4nger f\u00fcr 2\u2026\" \/>\n<meta name=\"robots\" content=\"index, follow, max-snippet:-1, max-image-preview:large, max-video-preview:-1\" \/>\n<link rel=\"canonical\" href=\"https:\/\/marktxxl.de\/markt\/produkt\/dms-fahrradanhaenger-2-in-1-kinderanhaenger-fahrrad-anhaenger-jogger-radanhaenger-kinderwagen-kinderfahrradanhaenger-fuer-2-kinder-5-punkt-sicherheitsgurt-radschutz-fh-02\/\" \/>\n<meta property=\"og:locale\" content=\"de_DE\" \/>\n<meta property=\"og:type\" content=\"article\" \/>\n<meta property=\"og:title\" content=\"DMS\u00ae Fahrradanh\u00e4nger 2 in 1 Kinderanh\u00e4nger Fahrrad Anh\u00e4nger Jogger Radanh\u00e4nger Kinderwagen Kinderfahrradanh\u00e4nger f\u00fcr 2\u2026 - Markt-XXL\" \/>\n<meta property=\"og:description\" content=\"Markt-XXL DMS\u00ae Fahrradanh\u00e4nger 2 in 1 Kinderanh\u00e4nger Fahrrad Anh\u00e4nger Jogger Radanh\u00e4nger Kinderwagen Kinderfahrradanh\u00e4nger f\u00fcr 2\u2026\" \/>\n<meta property=\"og:url\" content=\"https:\/\/marktxxl.de\/markt\/produkt\/dms-fahrradanhaenger-2-in-1-kinderanhaenger-fahrrad-anhaenger-jogger-radanhaenger-kinderwagen-kinderfahrradanhaenger-fuer-2-kinder-5-punkt-sicherheitsgurt-radschutz-fh-02\/\" \/>\n<meta property=\"og:site_name\" content=\"Markt-XXL\" \/>\n<meta property=\"article:modified_time\" content=\"2023-04-07T00:50:18+00:00\" \/>\n<meta property=\"og:image\" content=\"https:\/\/m.media-amazon.com\/images\/I\/41yvw7sNLEL._SL500_.jpg\" \/>\n\t<meta property=\"og:image:width\" content=\"500\" \/>\n\t<meta property=\"og:image:height\" content=\"484\" \/>\n\t<meta property=\"og:image:type\" content=\"image\/jpeg\" \/>\n<meta name=\"twitter:card\" content=\"summary_large_image\" \/>\n<meta name=\"twitter:label1\" content=\"Gesch\u00e4tzte Lesezeit\" \/>\n\t<meta name=\"twitter:data1\" content=\"1\u00a0Minute\" \/>\n<script type=\"application\/ld+json\" class=\"yoast-schema-graph\">{\"@context\":\"https:\\\/\\\/schema.org\",\"@graph\":[{\"@type\":\"WebPage\",\"@id\":\"https:\\\/\\\/marktxxl.de\\\/markt\\\/produkt\\\/dms-fahrradanhaenger-2-in-1-kinderanhaenger-fahrrad-anhaenger-jogger-radanhaenger-kinderwagen-kinderfahrradanhaenger-fuer-2-kinder-5-punkt-sicherheitsgurt-radschutz-fh-02\\\/\",\"url\":\"https:\\\/\\\/marktxxl.de\\\/markt\\\/produkt\\\/dms-fahrradanhaenger-2-in-1-kinderanhaenger-fahrrad-anhaenger-jogger-radanhaenger-kinderwagen-kinderfahrradanhaenger-fuer-2-kinder-5-punkt-sicherheitsgurt-radschutz-fh-02\\\/\",\"name\":\"DMS\u00ae Fahrradanh\u00e4nger 2 in 1 Kinderanh\u00e4nger Fahrrad Anh\u00e4nger Jogger Radanh\u00e4nger Kinderwagen Kinderfahrradanh\u00e4nger f\u00fcr 2\u2026 - Markt-XXL\",\"isPartOf\":{\"@id\":\"https:\\\/\\\/marktxxl.de\\\/markt\\\/#website\"},\"primaryImageOfPage\":{\"@id\":\"https:\\\/\\\/marktxxl.de\\\/markt\\\/produkt\\\/dms-fahrradanhaenger-2-in-1-kinderanhaenger-fahrrad-anhaenger-jogger-radanhaenger-kinderwagen-kinderfahrradanhaenger-fuer-2-kinder-5-punkt-sicherheitsgurt-radschutz-fh-02\\\/#primaryimage\"},\"image\":{\"@id\":\"https:\\\/\\\/marktxxl.de\\\/markt\\\/produkt\\\/dms-fahrradanhaenger-2-in-1-kinderanhaenger-fahrrad-anhaenger-jogger-radanhaenger-kinderwagen-kinderfahrradanhaenger-fuer-2-kinder-5-punkt-sicherheitsgurt-radschutz-fh-02\\\/#primaryimage\"},\"thumbnailUrl\":\"https:\\\/\\\/m.media-amazon.com\\\/images\\\/I\\\/41yvw7sNLEL._SL500_.jpg\",\"datePublished\":\"2022-02-26T20:16:01+00:00\",\"dateModified\":\"2023-04-07T00:50:18+00:00\",\"description\":\"Markt-XXL DMS\u00ae Fahrradanh\u00e4nger 2 in 1 Kinderanh\u00e4nger Fahrrad Anh\u00e4nger Jogger Radanh\u00e4nger Kinderwagen Kinderfahrradanh\u00e4nger f\u00fcr 2\u2026\",\"breadcrumb\":{\"@id\":\"https:\\\/\\\/marktxxl.de\\\/markt\\\/produkt\\\/dms-fahrradanhaenger-2-in-1-kinderanhaenger-fahrrad-anhaenger-jogger-radanhaenger-kinderwagen-kinderfahrradanhaenger-fuer-2-kinder-5-punkt-sicherheitsgurt-radschutz-fh-02\\\/#breadcrumb\"},\"inLanguage\":\"de\",\"potentialAction\":[{\"@type\":\"ReadAction\",\"target\":[\"https:\\\/\\\/marktxxl.de\\\/markt\\\/produkt\\\/dms-fahrradanhaenger-2-in-1-kinderanhaenger-fahrrad-anhaenger-jogger-radanhaenger-kinderwagen-kinderfahrradanhaenger-fuer-2-kinder-5-punkt-sicherheitsgurt-radschutz-fh-02\\\/\"]}]},{\"@type\":\"ImageObject\",\"inLanguage\":\"de\",\"@id\":\"https:\\\/\\\/marktxxl.de\\\/markt\\\/produkt\\\/dms-fahrradanhaenger-2-in-1-kinderanhaenger-fahrrad-anhaenger-jogger-radanhaenger-kinderwagen-kinderfahrradanhaenger-fuer-2-kinder-5-punkt-sicherheitsgurt-radschutz-fh-02\\\/#primaryimage\",\"url\":\"https:\\\/\\\/m.media-amazon.com\\\/images\\\/I\\\/41yvw7sNLEL._SL500_.jpg\",\"contentUrl\":\"https:\\\/\\\/m.media-amazon.com\\\/images\\\/I\\\/41yvw7sNLEL._SL500_.jpg\",\"width\":500,\"height\":484},{\"@type\":\"BreadcrumbList\",\"@id\":\"https:\\\/\\\/marktxxl.de\\\/markt\\\/produkt\\\/dms-fahrradanhaenger-2-in-1-kinderanhaenger-fahrrad-anhaenger-jogger-radanhaenger-kinderwagen-kinderfahrradanhaenger-fuer-2-kinder-5-punkt-sicherheitsgurt-radschutz-fh-02\\\/#breadcrumb\",\"itemListElement\":[{\"@type\":\"ListItem\",\"position\":1,\"name\":\"Startseite\",\"item\":\"https:\\\/\\\/marktxxl.de\\\/markt\\\/\"},{\"@type\":\"ListItem\",\"position\":2,\"name\":\"Markt\",\"item\":\"https:\\\/\\\/marktxxl.de\\\/markt\\\/\"},{\"@type\":\"ListItem\",\"position\":3,\"name\":\"DMS\u00ae Fahrradanh\u00e4nger 2 in 1 Kinderanh\u00e4nger Fahrrad Anh\u00e4nger Jogger Radanh\u00e4nger Kinderwagen Kinderfahrradanh\u00e4nger f\u00fcr 2\u2026\"}]},{\"@type\":\"WebSite\",\"@id\":\"https:\\\/\\\/marktxxl.de\\\/markt\\\/#website\",\"url\":\"https:\\\/\\\/marktxxl.de\\\/markt\\\/\",\"name\":\"Markt-XXL\",\"description\":\"Ihr Markt Online\",\"publisher\":{\"@id\":\"https:\\\/\\\/marktxxl.de\\\/markt\\\/#organization\"},\"potentialAction\":[{\"@type\":\"SearchAction\",\"target\":{\"@type\":\"EntryPoint\",\"urlTemplate\":\"https:\\\/\\\/marktxxl.de\\\/markt\\\/?s={search_term_string}\"},\"query-input\":{\"@type\":\"PropertyValueSpecification\",\"valueRequired\":true,\"valueName\":\"search_term_string\"}}],\"inLanguage\":\"de\"},{\"@type\":\"Organization\",\"@id\":\"https:\\\/\\\/marktxxl.de\\\/markt\\\/#organization\",\"name\":\"Markt-XXL\",\"url\":\"https:\\\/\\\/marktxxl.de\\\/markt\\\/\",\"logo\":{\"@type\":\"ImageObject\",\"inLanguage\":\"de\",\"@id\":\"https:\\\/\\\/marktxxl.de\\\/markt\\\/#\\\/schema\\\/logo\\\/image\\\/\",\"url\":\"https:\\\/\\\/marktxxl.de\\\/markt\\\/wp-content\\\/uploads\\\/sites\\\/3\\\/2020\\\/12\\\/logo.png\",\"contentUrl\":\"https:\\\/\\\/marktxxl.de\\\/markt\\\/wp-content\\\/uploads\\\/sites\\\/3\\\/2020\\\/12\\\/logo.png\",\"width\":200,\"height\":70,\"caption\":\"Markt-XXL\"},\"image\":{\"@id\":\"https:\\\/\\\/marktxxl.de\\\/markt\\\/#\\\/schema\\\/logo\\\/image\\\/\"}}]}<\/script>\n<!-- \/ Yoast SEO plugin. -->","yoast_head_json":{"title":"DMS\u00ae Fahrradanh\u00e4nger 2 in 1 Kinderanh\u00e4nger Fahrrad Anh\u00e4nger Jogger Radanh\u00e4nger Kinderwagen Kinderfahrradanh\u00e4nger f\u00fcr 2\u2026 - Markt-XXL","description":"Markt-XXL DMS\u00ae Fahrradanh\u00e4nger 2 in 1 Kinderanh\u00e4nger Fahrrad Anh\u00e4nger Jogger Radanh\u00e4nger Kinderwagen Kinderfahrradanh\u00e4nger f\u00fcr 2\u2026","robots":{"index":"index","follow":"follow","max-snippet":"max-snippet:-1","max-image-preview":"max-image-preview:large","max-video-preview":"max-video-preview:-1"},"canonical":"https:\/\/marktxxl.de\/markt\/produkt\/dms-fahrradanhaenger-2-in-1-kinderanhaenger-fahrrad-anhaenger-jogger-radanhaenger-kinderwagen-kinderfahrradanhaenger-fuer-2-kinder-5-punkt-sicherheitsgurt-radschutz-fh-02\/","og_locale":"de_DE","og_type":"article","og_title":"DMS\u00ae Fahrradanh\u00e4nger 2 in 1 Kinderanh\u00e4nger Fahrrad Anh\u00e4nger Jogger Radanh\u00e4nger Kinderwagen Kinderfahrradanh\u00e4nger f\u00fcr 2\u2026 - Markt-XXL","og_description":"Markt-XXL DMS\u00ae Fahrradanh\u00e4nger 2 in 1 Kinderanh\u00e4nger Fahrrad Anh\u00e4nger Jogger Radanh\u00e4nger Kinderwagen Kinderfahrradanh\u00e4nger f\u00fcr 2\u2026","og_url":"https:\/\/marktxxl.de\/markt\/produkt\/dms-fahrradanhaenger-2-in-1-kinderanhaenger-fahrrad-anhaenger-jogger-radanhaenger-kinderwagen-kinderfahrradanhaenger-fuer-2-kinder-5-punkt-sicherheitsgurt-radschutz-fh-02\/","og_site_name":"Markt-XXL","article_modified_time":"2023-04-07T00:50:18+00:00","og_image":[{"width":500,"height":484,"url":"https:\/\/m.media-amazon.com\/images\/I\/41yvw7sNLEL._SL500_.jpg","type":"image\/jpeg"}],"twitter_card":"summary_large_image","twitter_misc":{"Gesch\u00e4tzte Lesezeit":"1\u00a0Minute"},"schema":{"@context":"https:\/\/schema.org","@graph":[{"@type":"WebPage","@id":"https:\/\/marktxxl.de\/markt\/produkt\/dms-fahrradanhaenger-2-in-1-kinderanhaenger-fahrrad-anhaenger-jogger-radanhaenger-kinderwagen-kinderfahrradanhaenger-fuer-2-kinder-5-punkt-sicherheitsgurt-radschutz-fh-02\/","url":"https:\/\/marktxxl.de\/markt\/produkt\/dms-fahrradanhaenger-2-in-1-kinderanhaenger-fahrrad-anhaenger-jogger-radanhaenger-kinderwagen-kinderfahrradanhaenger-fuer-2-kinder-5-punkt-sicherheitsgurt-radschutz-fh-02\/","name":"DMS\u00ae Fahrradanh\u00e4nger 2 in 1 Kinderanh\u00e4nger Fahrrad Anh\u00e4nger Jogger Radanh\u00e4nger Kinderwagen Kinderfahrradanh\u00e4nger f\u00fcr 2\u2026 - Markt-XXL","isPartOf":{"@id":"https:\/\/marktxxl.de\/markt\/#website"},"primaryImageOfPage":{"@id":"https:\/\/marktxxl.de\/markt\/produkt\/dms-fahrradanhaenger-2-in-1-kinderanhaenger-fahrrad-anhaenger-jogger-radanhaenger-kinderwagen-kinderfahrradanhaenger-fuer-2-kinder-5-punkt-sicherheitsgurt-radschutz-fh-02\/#primaryimage"},"image":{"@id":"https:\/\/marktxxl.de\/markt\/produkt\/dms-fahrradanhaenger-2-in-1-kinderanhaenger-fahrrad-anhaenger-jogger-radanhaenger-kinderwagen-kinderfahrradanhaenger-fuer-2-kinder-5-punkt-sicherheitsgurt-radschutz-fh-02\/#primaryimage"},"thumbnailUrl":"https:\/\/m.media-amazon.com\/images\/I\/41yvw7sNLEL._SL500_.jpg","datePublished":"2022-02-26T20:16:01+00:00","dateModified":"2023-04-07T00:50:18+00:00","description":"Markt-XXL DMS\u00ae Fahrradanh\u00e4nger 2 in 1 Kinderanh\u00e4nger Fahrrad Anh\u00e4nger Jogger Radanh\u00e4nger Kinderwagen Kinderfahrradanh\u00e4nger f\u00fcr 2\u2026","breadcrumb":{"@id":"https:\/\/marktxxl.de\/markt\/produkt\/dms-fahrradanhaenger-2-in-1-kinderanhaenger-fahrrad-anhaenger-jogger-radanhaenger-kinderwagen-kinderfahrradanhaenger-fuer-2-kinder-5-punkt-sicherheitsgurt-radschutz-fh-02\/#breadcrumb"},"inLanguage":"de","potentialAction":[{"@type":"ReadAction","target":["https:\/\/marktxxl.de\/markt\/produkt\/dms-fahrradanhaenger-2-in-1-kinderanhaenger-fahrrad-anhaenger-jogger-radanhaenger-kinderwagen-kinderfahrradanhaenger-fuer-2-kinder-5-punkt-sicherheitsgurt-radschutz-fh-02\/"]}]},{"@type":"ImageObject","inLanguage":"de","@id":"https:\/\/marktxxl.de\/markt\/produkt\/dms-fahrradanhaenger-2-in-1-kinderanhaenger-fahrrad-anhaenger-jogger-radanhaenger-kinderwagen-kinderfahrradanhaenger-fuer-2-kinder-5-punkt-sicherheitsgurt-radschutz-fh-02\/#primaryimage","url":"https:\/\/m.media-amazon.com\/images\/I\/41yvw7sNLEL._SL500_.jpg","contentUrl":"https:\/\/m.media-amazon.com\/images\/I\/41yvw7sNLEL._SL500_.jpg","width":500,"height":484},{"@type":"BreadcrumbList","@id":"https:\/\/marktxxl.de\/markt\/produkt\/dms-fahrradanhaenger-2-in-1-kinderanhaenger-fahrrad-anhaenger-jogger-radanhaenger-kinderwagen-kinderfahrradanhaenger-fuer-2-kinder-5-punkt-sicherheitsgurt-radschutz-fh-02\/#breadcrumb","itemListElement":[{"@type":"ListItem","position":1,"name":"Startseite","item":"https:\/\/marktxxl.de\/markt\/"},{"@type":"ListItem","position":2,"name":"Markt","item":"https:\/\/marktxxl.de\/markt\/"},{"@type":"ListItem","position":3,"name":"DMS\u00ae Fahrradanh\u00e4nger 2 in 1 Kinderanh\u00e4nger Fahrrad Anh\u00e4nger Jogger Radanh\u00e4nger Kinderwagen Kinderfahrradanh\u00e4nger f\u00fcr 2\u2026"}]},{"@type":"WebSite","@id":"https:\/\/marktxxl.de\/markt\/#website","url":"https:\/\/marktxxl.de\/markt\/","name":"Markt-XXL","description":"Ihr Markt Online","publisher":{"@id":"https:\/\/marktxxl.de\/markt\/#organization"},"potentialAction":[{"@type":"SearchAction","target":{"@type":"EntryPoint","urlTemplate":"https:\/\/marktxxl.de\/markt\/?s={search_term_string}"},"query-input":{"@type":"PropertyValueSpecification","valueRequired":true,"valueName":"search_term_string"}}],"inLanguage":"de"},{"@type":"Organization","@id":"https:\/\/marktxxl.de\/markt\/#organization","name":"Markt-XXL","url":"https:\/\/marktxxl.de\/markt\/","logo":{"@type":"ImageObject","inLanguage":"de","@id":"https:\/\/marktxxl.de\/markt\/#\/schema\/logo\/image\/","url":"https:\/\/marktxxl.de\/markt\/wp-content\/uploads\/sites\/3\/2020\/12\/logo.png","contentUrl":"https:\/\/marktxxl.de\/markt\/wp-content\/uploads\/sites\/3\/2020\/12\/logo.png","width":200,"height":70,"caption":"Markt-XXL"},"image":{"@id":"https:\/\/marktxxl.de\/markt\/#\/schema\/logo\/image\/"}}]}},"_links":{"self":[{"href":"https:\/\/marktxxl.de\/markt\/wp-json\/wp\/v2\/product\/110206","targetHints":{"allow":["GET"]}}],"collection":[{"href":"https:\/\/marktxxl.de\/markt\/wp-json\/wp\/v2\/product"}],"about":[{"href":"https:\/\/marktxxl.de\/markt\/wp-json\/wp\/v2\/types\/product"}],"replies":[{"embeddable":true,"href":"https:\/\/marktxxl.de\/markt\/wp-json\/wp\/v2\/comments?post=110206"}],"wp:featuredmedia":[{"embeddable":true,"href":"https:\/\/marktxxl.de\/markt\/wp-json\/wp\/v2\/media\/110207"}],"wp:attachment":[{"href":"https:\/\/marktxxl.de\/markt\/wp-json\/wp\/v2\/media?parent=110206"}],"wp:term":[{"taxonomy":"product_brand","embeddable":true,"href":"https:\/\/marktxxl.de\/markt\/wp-json\/wp\/v2\/product_brand?post=110206"},{"taxonomy":"product_cat","embeddable":true,"href":"https:\/\/marktxxl.de\/markt\/wp-json\/wp\/v2\/product_cat?post=110206"},{"taxonomy":"product_tag","embeddable":true,"href":"https:\/\/marktxxl.de\/markt\/wp-json\/wp\/v2\/product_tag?post=110206"}],"curies":[{"name":"wp","href":"https:\/\/api.w.org\/{rel}","templated":true}]}}