{"id":109545,"date":"2022-02-26T20:24:34","date_gmt":"2022-02-26T19:24:34","guid":{"rendered":"https:\/\/marktxxl.de\/markt\/produkt\/solarleuchten-garten-aussen-ruyilam-4-stuecke-solar-flammenlicht-mit-wasserdichte-ip65-automatische-ein-aus-fuer-garten-hof-balkon-auffahrt-weg-weihnachten-party\/"},"modified":"2023-04-09T03:10:15","modified_gmt":"2023-04-09T01:10:15","slug":"solarleuchten-garten-aussen-ruyilam-4-stuecke-solar-flammenlicht-mit-wasserdichte-ip65-automatische-ein-aus-fuer-garten-hof-balkon-auffahrt-weg-weihnachten-party","status":"publish","type":"product","link":"https:\/\/marktxxl.de\/markt\/produkt\/solarleuchten-garten-aussen-ruyilam-4-stuecke-solar-flammenlicht-mit-wasserdichte-ip65-automatische-ein-aus-fuer-garten-hof-balkon-auffahrt-weg-weihnachten-party\/","title":{"rendered":"Solarleuchten garten au\u00dfen, Ruyilam 4 St\u00fccke Solar Flammenlicht mit Wasserdichte IP65, Automatische Ein\/Aus f\u00fcr Garten\u2026"},"content":{"rendered":"<p>\u3010Tanzender Flammeneffekt\u3011 Dieses Ruyilam Flammenlicht erzeugt einen fantastischen Flammeneffekt und eine helle und warme Atmosph\u00e4re. Es ist die beste Dekoration f\u00fcr Ihren Garten, Ihre Auffahrt und Ihren Weg sowie f\u00fcr Veranstaltungen im Freien wie Nachtpartys, Freunde Treffung und Grillen.<br \/>\n\u3010Einfache Installation\u3011Keine Verkabelung erforderlich. Installieren Sie es einfach auf Rasen, Wand, auf Erde ohne Kies oder Kopfsteinpflaster, der eine direkte Sonneneinstrahlung auf dem Panel erm\u00f6glicht. Es absorbiert tags\u00fcber Sonnenlicht und schaltet sich nachts automatisch ein. Mit einer Kapazit\u00e4t der Li-lonen-Akku von 600 mAh kann es 12 Stunden lang betrieben werden, nachdem es 8 Stunden lang vollst\u00e4ndig aufgeladen wurde.<br \/>\n\u3010Wasserdicht und wetterbest\u00e4ndig\u3011Aus ABS Material gefertigt, mit wasserdichtem IP65, kann die Gartenleuchte unter verschiedenen Wetterbedingungen weiterarbeiten, trotz aller Wetterbedingungen, ohne sich um Regen, Schnee und Zuckerguss sorgen zu m\u00fcssen, was f\u00fcr den Au\u00dfenbereich geeignet ist.<br \/>\n\u3010Anwendungen\u3011Weit verbreitet in Garten, Terrasse, Hochzeit, Party, Garten, Auffahrt zur Beleuchtung oder Dekoration beim Camping, Grillfest, Erntedankfest, Halloween, Weihnachten und anderen Anl\u00e4ssen. Sie k\u00f6nnen es an der Haust\u00fcr, auf dem Tisch oder Rasen usw. installieren.<br \/>\n\u3010Exzellenter Kundenservice\u3011Bei Fragen zum Gebrauch, z\u00f6gern Sie bitte nicht, uns zu kontaktieren. Wir werden unser Bestes geben, um Ihnen ein angenehmes Einkaufserlebnis zu garantieren.<br \/>\n<div class=\"main-cross-sell\" data-asin=\"B08C4NRKK3\">\n\n\t<div class=\"WooZone-cross-sell-loader\">\n\t\t<div>\n\t\t\t<div id=\"floatingBarsG\">\n\t\t\t\t<div class=\"blockG\" id=\"rotateG_01\"><\/div>\n\t\t\t\t<div class=\"blockG\" id=\"rotateG_02\"><\/div>\n\t\t\t\t<div class=\"blockG\" id=\"rotateG_03\"><\/div>\n\t\t\t\t<div class=\"blockG\" id=\"rotateG_04\"><\/div>\n\t\t\t\t<div class=\"blockG\" id=\"rotateG_05\"><\/div>\n\t\t\t\t<div class=\"blockG\" id=\"rotateG_06\"><\/div>\n\t\t\t\t<div class=\"blockG\" id=\"rotateG_07\"><\/div>\n\t\t\t\t<div class=\"blockG\" id=\"rotateG_08\"><\/div>\n\t\t\t<\/div>\n\t\t\t<div class=\"WooZone-cross-sell-loader-text\"><\/div>\n\t\t<\/div>\n\t<\/div>\n\n\t\t\n<\/div>\n<div style=\"clear:both;\"><\/div><\/p>\n","protected":false},"excerpt":{"rendered":"<p>\u3010Tanzender Flammeneffekt\u3011 Dieses Ruyilam Flammenlicht erzeugt einen fantastischen Flammeneffekt und eine helle und warme Atmosph\u00e4re. Es ist die beste Dekoration f\u00fcr Ihren Garten, Ihre Auffahrt und Ihren Weg sowie f\u00fcr Veranstaltungen im Freien wie Nachtpartys, Freunde Treffung und Grillen.<br \/>\n\u3010Einfache Installation\u3011Keine Verkabelung erforderlich. Installieren Sie es einfach auf Rasen, Wand, auf Erde ohne Kies oder Kopfsteinpflaster, der eine direkte Sonneneinstrahlung auf dem Panel erm\u00f6glicht. Es absorbiert tags\u00fcber Sonnenlicht und schaltet sich nachts automatisch ein. Mit einer Kapazit\u00e4t der Li-lonen-Akku von 600 mAh kann es 12 Stunden lang betrieben werden, nachdem es 8 Stunden lang vollst\u00e4ndig aufgeladen wurde.<br \/>\n\u3010Wasserdicht und wetterbest\u00e4ndig\u3011Aus ABS Material gefertigt, mit wasserdichtem IP65, kann die Gartenleuchte unter verschiedenen Wetterbedingungen weiterarbeiten, trotz aller Wetterbedingungen, ohne sich um Regen, Schnee und Zuckerguss sorgen zu m\u00fcssen, was f\u00fcr den Au\u00dfenbereich geeignet ist.<\/p>\n","protected":false},"featured_media":109546,"comment_status":"open","ping_status":"closed","template":"","meta":[],"product_brand":[],"product_cat":[11446,2108],"product_tag":[],"class_list":{"0":"post-109545","1":"product","2":"type-product","3":"status-publish","4":"has-post-thumbnail","6":"product_cat-aussenbeleuchtung","7":"product_cat-beleuchtung","8":"pa_binding-ausruestung","9":"pa_brand-ruyilam","10":"pa_manufacturer-ruyilam","11":"pa_model-27924","13":"first","14":"instock","15":"shipping-taxable","16":"purchasable","17":"product-type-simple","18":"customify-col","19":"product-has-gallery"},"yoast_head":"<!-- This site is optimized with the Yoast SEO plugin v27.4 - https:\/\/yoast.com\/product\/yoast-seo-wordpress\/ -->\n<title>Solarleuchten garten au\u00dfen, Ruyilam 4 St\u00fccke Solar Flammenlicht mit Wasserdichte IP65, Automatische Ein\/Aus f\u00fcr Garten\u2026 - Markt-XXL<\/title>\n<meta name=\"description\" content=\"Markt-XXL Solarleuchten garten au\u00dfen, Ruyilam 4 St\u00fccke Solar Flammenlicht mit Wasserdichte IP65, Automatische Ein\/Aus f\u00fcr Garten\u2026\" \/>\n<meta name=\"robots\" content=\"index, follow, max-snippet:-1, max-image-preview:large, max-video-preview:-1\" \/>\n<link rel=\"canonical\" href=\"https:\/\/marktxxl.de\/markt\/produkt\/solarleuchten-garten-aussen-ruyilam-4-stuecke-solar-flammenlicht-mit-wasserdichte-ip65-automatische-ein-aus-fuer-garten-hof-balkon-auffahrt-weg-weihnachten-party\/\" \/>\n<meta property=\"og:locale\" content=\"de_DE\" \/>\n<meta property=\"og:type\" content=\"article\" \/>\n<meta property=\"og:title\" content=\"Solarleuchten garten au\u00dfen, Ruyilam 4 St\u00fccke Solar Flammenlicht mit Wasserdichte IP65, Automatische Ein\/Aus f\u00fcr Garten\u2026 - Markt-XXL\" \/>\n<meta property=\"og:description\" content=\"Markt-XXL Solarleuchten garten au\u00dfen, Ruyilam 4 St\u00fccke Solar Flammenlicht mit Wasserdichte IP65, Automatische Ein\/Aus f\u00fcr Garten\u2026\" \/>\n<meta property=\"og:url\" content=\"https:\/\/marktxxl.de\/markt\/produkt\/solarleuchten-garten-aussen-ruyilam-4-stuecke-solar-flammenlicht-mit-wasserdichte-ip65-automatische-ein-aus-fuer-garten-hof-balkon-auffahrt-weg-weihnachten-party\/\" \/>\n<meta property=\"og:site_name\" content=\"Markt-XXL\" \/>\n<meta property=\"article:modified_time\" content=\"2023-04-09T01:10:15+00:00\" \/>\n<meta property=\"og:image\" content=\"https:\/\/m.media-amazon.com\/images\/I\/51FWFsw0HfL._SL500_.jpg\" \/>\n\t<meta property=\"og:image:width\" content=\"500\" \/>\n\t<meta property=\"og:image:height\" content=\"500\" \/>\n\t<meta property=\"og:image:type\" content=\"image\/jpeg\" \/>\n<meta name=\"twitter:card\" content=\"summary_large_image\" \/>\n<meta name=\"twitter:label1\" content=\"Gesch\u00e4tzte Lesezeit\" \/>\n\t<meta name=\"twitter:data1\" content=\"1\u00a0Minute\" \/>\n<script type=\"application\/ld+json\" class=\"yoast-schema-graph\">{\"@context\":\"https:\\\/\\\/schema.org\",\"@graph\":[{\"@type\":\"WebPage\",\"@id\":\"https:\\\/\\\/marktxxl.de\\\/markt\\\/produkt\\\/solarleuchten-garten-aussen-ruyilam-4-stuecke-solar-flammenlicht-mit-wasserdichte-ip65-automatische-ein-aus-fuer-garten-hof-balkon-auffahrt-weg-weihnachten-party\\\/\",\"url\":\"https:\\\/\\\/marktxxl.de\\\/markt\\\/produkt\\\/solarleuchten-garten-aussen-ruyilam-4-stuecke-solar-flammenlicht-mit-wasserdichte-ip65-automatische-ein-aus-fuer-garten-hof-balkon-auffahrt-weg-weihnachten-party\\\/\",\"name\":\"Solarleuchten garten au\u00dfen, Ruyilam 4 St\u00fccke Solar Flammenlicht mit Wasserdichte IP65, Automatische Ein\\\/Aus f\u00fcr Garten\u2026 - Markt-XXL\",\"isPartOf\":{\"@id\":\"https:\\\/\\\/marktxxl.de\\\/markt\\\/#website\"},\"primaryImageOfPage\":{\"@id\":\"https:\\\/\\\/marktxxl.de\\\/markt\\\/produkt\\\/solarleuchten-garten-aussen-ruyilam-4-stuecke-solar-flammenlicht-mit-wasserdichte-ip65-automatische-ein-aus-fuer-garten-hof-balkon-auffahrt-weg-weihnachten-party\\\/#primaryimage\"},\"image\":{\"@id\":\"https:\\\/\\\/marktxxl.de\\\/markt\\\/produkt\\\/solarleuchten-garten-aussen-ruyilam-4-stuecke-solar-flammenlicht-mit-wasserdichte-ip65-automatische-ein-aus-fuer-garten-hof-balkon-auffahrt-weg-weihnachten-party\\\/#primaryimage\"},\"thumbnailUrl\":\"https:\\\/\\\/m.media-amazon.com\\\/images\\\/I\\\/51FWFsw0HfL._SL500_.jpg\",\"datePublished\":\"2022-02-26T19:24:34+00:00\",\"dateModified\":\"2023-04-09T01:10:15+00:00\",\"description\":\"Markt-XXL Solarleuchten garten au\u00dfen, Ruyilam 4 St\u00fccke Solar Flammenlicht mit Wasserdichte IP65, Automatische Ein\\\/Aus f\u00fcr Garten\u2026\",\"breadcrumb\":{\"@id\":\"https:\\\/\\\/marktxxl.de\\\/markt\\\/produkt\\\/solarleuchten-garten-aussen-ruyilam-4-stuecke-solar-flammenlicht-mit-wasserdichte-ip65-automatische-ein-aus-fuer-garten-hof-balkon-auffahrt-weg-weihnachten-party\\\/#breadcrumb\"},\"inLanguage\":\"de\",\"potentialAction\":[{\"@type\":\"ReadAction\",\"target\":[\"https:\\\/\\\/marktxxl.de\\\/markt\\\/produkt\\\/solarleuchten-garten-aussen-ruyilam-4-stuecke-solar-flammenlicht-mit-wasserdichte-ip65-automatische-ein-aus-fuer-garten-hof-balkon-auffahrt-weg-weihnachten-party\\\/\"]}]},{\"@type\":\"ImageObject\",\"inLanguage\":\"de\",\"@id\":\"https:\\\/\\\/marktxxl.de\\\/markt\\\/produkt\\\/solarleuchten-garten-aussen-ruyilam-4-stuecke-solar-flammenlicht-mit-wasserdichte-ip65-automatische-ein-aus-fuer-garten-hof-balkon-auffahrt-weg-weihnachten-party\\\/#primaryimage\",\"url\":\"https:\\\/\\\/m.media-amazon.com\\\/images\\\/I\\\/51FWFsw0HfL._SL500_.jpg\",\"contentUrl\":\"https:\\\/\\\/m.media-amazon.com\\\/images\\\/I\\\/51FWFsw0HfL._SL500_.jpg\",\"width\":500,\"height\":500},{\"@type\":\"BreadcrumbList\",\"@id\":\"https:\\\/\\\/marktxxl.de\\\/markt\\\/produkt\\\/solarleuchten-garten-aussen-ruyilam-4-stuecke-solar-flammenlicht-mit-wasserdichte-ip65-automatische-ein-aus-fuer-garten-hof-balkon-auffahrt-weg-weihnachten-party\\\/#breadcrumb\",\"itemListElement\":[{\"@type\":\"ListItem\",\"position\":1,\"name\":\"Startseite\",\"item\":\"https:\\\/\\\/marktxxl.de\\\/markt\\\/\"},{\"@type\":\"ListItem\",\"position\":2,\"name\":\"Markt\",\"item\":\"https:\\\/\\\/marktxxl.de\\\/markt\\\/\"},{\"@type\":\"ListItem\",\"position\":3,\"name\":\"Solarleuchten garten au\u00dfen, Ruyilam 4 St\u00fccke Solar Flammenlicht mit Wasserdichte IP65, Automatische Ein\\\/Aus f\u00fcr Garten\u2026\"}]},{\"@type\":\"WebSite\",\"@id\":\"https:\\\/\\\/marktxxl.de\\\/markt\\\/#website\",\"url\":\"https:\\\/\\\/marktxxl.de\\\/markt\\\/\",\"name\":\"Markt-XXL\",\"description\":\"Ihr Markt Online\",\"publisher\":{\"@id\":\"https:\\\/\\\/marktxxl.de\\\/markt\\\/#organization\"},\"potentialAction\":[{\"@type\":\"SearchAction\",\"target\":{\"@type\":\"EntryPoint\",\"urlTemplate\":\"https:\\\/\\\/marktxxl.de\\\/markt\\\/?s={search_term_string}\"},\"query-input\":{\"@type\":\"PropertyValueSpecification\",\"valueRequired\":true,\"valueName\":\"search_term_string\"}}],\"inLanguage\":\"de\"},{\"@type\":\"Organization\",\"@id\":\"https:\\\/\\\/marktxxl.de\\\/markt\\\/#organization\",\"name\":\"Markt-XXL\",\"url\":\"https:\\\/\\\/marktxxl.de\\\/markt\\\/\",\"logo\":{\"@type\":\"ImageObject\",\"inLanguage\":\"de\",\"@id\":\"https:\\\/\\\/marktxxl.de\\\/markt\\\/#\\\/schema\\\/logo\\\/image\\\/\",\"url\":\"https:\\\/\\\/marktxxl.de\\\/markt\\\/wp-content\\\/uploads\\\/sites\\\/3\\\/2020\\\/12\\\/logo.png\",\"contentUrl\":\"https:\\\/\\\/marktxxl.de\\\/markt\\\/wp-content\\\/uploads\\\/sites\\\/3\\\/2020\\\/12\\\/logo.png\",\"width\":200,\"height\":70,\"caption\":\"Markt-XXL\"},\"image\":{\"@id\":\"https:\\\/\\\/marktxxl.de\\\/markt\\\/#\\\/schema\\\/logo\\\/image\\\/\"}}]}<\/script>\n<!-- \/ Yoast SEO plugin. -->","yoast_head_json":{"title":"Solarleuchten garten au\u00dfen, Ruyilam 4 St\u00fccke Solar Flammenlicht mit Wasserdichte IP65, Automatische Ein\/Aus f\u00fcr Garten\u2026 - Markt-XXL","description":"Markt-XXL Solarleuchten garten au\u00dfen, Ruyilam 4 St\u00fccke Solar Flammenlicht mit Wasserdichte IP65, Automatische Ein\/Aus f\u00fcr Garten\u2026","robots":{"index":"index","follow":"follow","max-snippet":"max-snippet:-1","max-image-preview":"max-image-preview:large","max-video-preview":"max-video-preview:-1"},"canonical":"https:\/\/marktxxl.de\/markt\/produkt\/solarleuchten-garten-aussen-ruyilam-4-stuecke-solar-flammenlicht-mit-wasserdichte-ip65-automatische-ein-aus-fuer-garten-hof-balkon-auffahrt-weg-weihnachten-party\/","og_locale":"de_DE","og_type":"article","og_title":"Solarleuchten garten au\u00dfen, Ruyilam 4 St\u00fccke Solar Flammenlicht mit Wasserdichte IP65, Automatische Ein\/Aus f\u00fcr Garten\u2026 - Markt-XXL","og_description":"Markt-XXL Solarleuchten garten au\u00dfen, Ruyilam 4 St\u00fccke Solar Flammenlicht mit Wasserdichte IP65, Automatische Ein\/Aus f\u00fcr Garten\u2026","og_url":"https:\/\/marktxxl.de\/markt\/produkt\/solarleuchten-garten-aussen-ruyilam-4-stuecke-solar-flammenlicht-mit-wasserdichte-ip65-automatische-ein-aus-fuer-garten-hof-balkon-auffahrt-weg-weihnachten-party\/","og_site_name":"Markt-XXL","article_modified_time":"2023-04-09T01:10:15+00:00","og_image":[{"width":500,"height":500,"url":"https:\/\/m.media-amazon.com\/images\/I\/51FWFsw0HfL._SL500_.jpg","type":"image\/jpeg"}],"twitter_card":"summary_large_image","twitter_misc":{"Gesch\u00e4tzte Lesezeit":"1\u00a0Minute"},"schema":{"@context":"https:\/\/schema.org","@graph":[{"@type":"WebPage","@id":"https:\/\/marktxxl.de\/markt\/produkt\/solarleuchten-garten-aussen-ruyilam-4-stuecke-solar-flammenlicht-mit-wasserdichte-ip65-automatische-ein-aus-fuer-garten-hof-balkon-auffahrt-weg-weihnachten-party\/","url":"https:\/\/marktxxl.de\/markt\/produkt\/solarleuchten-garten-aussen-ruyilam-4-stuecke-solar-flammenlicht-mit-wasserdichte-ip65-automatische-ein-aus-fuer-garten-hof-balkon-auffahrt-weg-weihnachten-party\/","name":"Solarleuchten garten au\u00dfen, Ruyilam 4 St\u00fccke Solar Flammenlicht mit Wasserdichte IP65, Automatische Ein\/Aus f\u00fcr Garten\u2026 - Markt-XXL","isPartOf":{"@id":"https:\/\/marktxxl.de\/markt\/#website"},"primaryImageOfPage":{"@id":"https:\/\/marktxxl.de\/markt\/produkt\/solarleuchten-garten-aussen-ruyilam-4-stuecke-solar-flammenlicht-mit-wasserdichte-ip65-automatische-ein-aus-fuer-garten-hof-balkon-auffahrt-weg-weihnachten-party\/#primaryimage"},"image":{"@id":"https:\/\/marktxxl.de\/markt\/produkt\/solarleuchten-garten-aussen-ruyilam-4-stuecke-solar-flammenlicht-mit-wasserdichte-ip65-automatische-ein-aus-fuer-garten-hof-balkon-auffahrt-weg-weihnachten-party\/#primaryimage"},"thumbnailUrl":"https:\/\/m.media-amazon.com\/images\/I\/51FWFsw0HfL._SL500_.jpg","datePublished":"2022-02-26T19:24:34+00:00","dateModified":"2023-04-09T01:10:15+00:00","description":"Markt-XXL Solarleuchten garten au\u00dfen, Ruyilam 4 St\u00fccke Solar Flammenlicht mit Wasserdichte IP65, Automatische Ein\/Aus f\u00fcr Garten\u2026","breadcrumb":{"@id":"https:\/\/marktxxl.de\/markt\/produkt\/solarleuchten-garten-aussen-ruyilam-4-stuecke-solar-flammenlicht-mit-wasserdichte-ip65-automatische-ein-aus-fuer-garten-hof-balkon-auffahrt-weg-weihnachten-party\/#breadcrumb"},"inLanguage":"de","potentialAction":[{"@type":"ReadAction","target":["https:\/\/marktxxl.de\/markt\/produkt\/solarleuchten-garten-aussen-ruyilam-4-stuecke-solar-flammenlicht-mit-wasserdichte-ip65-automatische-ein-aus-fuer-garten-hof-balkon-auffahrt-weg-weihnachten-party\/"]}]},{"@type":"ImageObject","inLanguage":"de","@id":"https:\/\/marktxxl.de\/markt\/produkt\/solarleuchten-garten-aussen-ruyilam-4-stuecke-solar-flammenlicht-mit-wasserdichte-ip65-automatische-ein-aus-fuer-garten-hof-balkon-auffahrt-weg-weihnachten-party\/#primaryimage","url":"https:\/\/m.media-amazon.com\/images\/I\/51FWFsw0HfL._SL500_.jpg","contentUrl":"https:\/\/m.media-amazon.com\/images\/I\/51FWFsw0HfL._SL500_.jpg","width":500,"height":500},{"@type":"BreadcrumbList","@id":"https:\/\/marktxxl.de\/markt\/produkt\/solarleuchten-garten-aussen-ruyilam-4-stuecke-solar-flammenlicht-mit-wasserdichte-ip65-automatische-ein-aus-fuer-garten-hof-balkon-auffahrt-weg-weihnachten-party\/#breadcrumb","itemListElement":[{"@type":"ListItem","position":1,"name":"Startseite","item":"https:\/\/marktxxl.de\/markt\/"},{"@type":"ListItem","position":2,"name":"Markt","item":"https:\/\/marktxxl.de\/markt\/"},{"@type":"ListItem","position":3,"name":"Solarleuchten garten au\u00dfen, Ruyilam 4 St\u00fccke Solar Flammenlicht mit Wasserdichte IP65, Automatische Ein\/Aus f\u00fcr Garten\u2026"}]},{"@type":"WebSite","@id":"https:\/\/marktxxl.de\/markt\/#website","url":"https:\/\/marktxxl.de\/markt\/","name":"Markt-XXL","description":"Ihr Markt Online","publisher":{"@id":"https:\/\/marktxxl.de\/markt\/#organization"},"potentialAction":[{"@type":"SearchAction","target":{"@type":"EntryPoint","urlTemplate":"https:\/\/marktxxl.de\/markt\/?s={search_term_string}"},"query-input":{"@type":"PropertyValueSpecification","valueRequired":true,"valueName":"search_term_string"}}],"inLanguage":"de"},{"@type":"Organization","@id":"https:\/\/marktxxl.de\/markt\/#organization","name":"Markt-XXL","url":"https:\/\/marktxxl.de\/markt\/","logo":{"@type":"ImageObject","inLanguage":"de","@id":"https:\/\/marktxxl.de\/markt\/#\/schema\/logo\/image\/","url":"https:\/\/marktxxl.de\/markt\/wp-content\/uploads\/sites\/3\/2020\/12\/logo.png","contentUrl":"https:\/\/marktxxl.de\/markt\/wp-content\/uploads\/sites\/3\/2020\/12\/logo.png","width":200,"height":70,"caption":"Markt-XXL"},"image":{"@id":"https:\/\/marktxxl.de\/markt\/#\/schema\/logo\/image\/"}}]}},"_links":{"self":[{"href":"https:\/\/marktxxl.de\/markt\/wp-json\/wp\/v2\/product\/109545","targetHints":{"allow":["GET"]}}],"collection":[{"href":"https:\/\/marktxxl.de\/markt\/wp-json\/wp\/v2\/product"}],"about":[{"href":"https:\/\/marktxxl.de\/markt\/wp-json\/wp\/v2\/types\/product"}],"replies":[{"embeddable":true,"href":"https:\/\/marktxxl.de\/markt\/wp-json\/wp\/v2\/comments?post=109545"}],"wp:featuredmedia":[{"embeddable":true,"href":"https:\/\/marktxxl.de\/markt\/wp-json\/wp\/v2\/media\/109546"}],"wp:attachment":[{"href":"https:\/\/marktxxl.de\/markt\/wp-json\/wp\/v2\/media?parent=109545"}],"wp:term":[{"taxonomy":"product_brand","embeddable":true,"href":"https:\/\/marktxxl.de\/markt\/wp-json\/wp\/v2\/product_brand?post=109545"},{"taxonomy":"product_cat","embeddable":true,"href":"https:\/\/marktxxl.de\/markt\/wp-json\/wp\/v2\/product_cat?post=109545"},{"taxonomy":"product_tag","embeddable":true,"href":"https:\/\/marktxxl.de\/markt\/wp-json\/wp\/v2\/product_tag?post=109545"}],"curies":[{"name":"wp","href":"https:\/\/api.w.org\/{rel}","templated":true}]}}