{"id":109105,"date":"2022-02-26T20:03:38","date_gmt":"2022-02-26T19:03:38","guid":{"rendered":"https:\/\/marktxxl.de\/markt\/produkt\/minimalistisches\/"},"modified":"2023-04-11T03:34:23","modified_gmt":"2023-04-11T01:34:23","slug":"minimalistisches","status":"publish","type":"product","link":"https:\/\/marktxxl.de\/markt\/produkt\/minimalistisches\/","title":{"rendered":"Peachly Baby Memory Book For Girls Milestone Keepsake Journal | First Five Years Baby Girl Memory Book | Baby Keepsakes\u2026"},"content":{"rendered":"<p>Einfach auszuf\u00fcllen: Unser Baby-Erinnerungsbuch wurde in chronologischer Reihenfolge entworfen, um sicherzustellen, dass Sie nie einen wichtigen Moment in den ersten Jahren Ihres Babys verpassen. Es gibt separate Abschnitte f\u00fcr jeden Monat im ersten Jahr, Abschnitte, um alle wichtigen Meilensteine zu erfassen sowie weitere Abschnitte, mit denen Sie die Jahre 1-5 zusammenfassen k\u00f6nnen. Es gibt viel Platz zum Hinzuf\u00fcgen von Fotos und Kommentaren. Dar\u00fcber hinaus haben wir 5 zus\u00e4tzliche Seiten hinzugef\u00fcgt, die Sie selbst gestalten k\u00f6nnen.<br \/>\nErinnerungen f\u00fcr die Ewigkeit: Das ist der Sinn des Kaufs eines Baby-Meilenstein-Tagebuchs! So haben Sie ein Andenken, das die Zeit \u00fcberdauert und Sie, auch noch in 30 Jahren, in diese Zeit zur\u00fcckreisen und diese aufregenden Momente noch einmal erleben l\u00e4sst. Jedes Erinnerungsbuch ist mit einem strapazierf\u00e4higen, weichen Leineneinband \u00fcberzogen und der Titel ist vorne und an den Seiten in Silber eingepr\u00e4gt. Wir haben dickes, s\u00e4urefreies Papier der St\u00e4rke  200 g\/m\u00b2 verwendet, um sicherzustellen, dass es nicht rei\u00dft oder ausl\u00e4uft.<br \/>\nWundersch\u00f6n gestaltet: Unser Baby-Erinnerungsbuch f\u00fcr die ersten Jahre wurde von einer sehr talentierten Designerin und jungen Mutter aus Sydney, Australien, entworfen. Dank des minimalistischen Designs hat es nicht den \u00fcblichen, babyhaften Look anderer Baby-Meilenstein-B\u00fccher. Die dezenten aber sch\u00f6nen Blumenakzente in Ihrem Erinnerungsbuch werden die Fotos Ihrer sch\u00f6nen Tochter hervorheben und nicht in den Schatten stellen.<br \/>\nGeeignet f\u00fcr alle Arten von Familien: Wir wissen, dass jede Familie einzigartig ist und sich das Leben st\u00e4ndig im Wandelt befindet. Deshalb haben wir unser Babybuch f\u00fcr Familien jedweder Art entworfen. Wir verwenden den Begriff \u201eElternteil\u201c statt \u201eMutter \/ Vater\u201c, und alle die Familie betreffenden Fragen sind offen gehalten, sodass Sie die Geschichte der ersten Momente Ihres Kindes so erz\u00e4hlen k\u00f6nnen, wie Sie wollen.<br \/>\nUmschlag f\u00fcr Erinnerungsst\u00fccke: Sie wissen nicht, wo Sie all die kleinen Schmuckst\u00fccke aufbewahren sollen, die Sie in den ersten Jahren sammeln? Jetzt k\u00f6nnen Sie alles an einem Ort aufbewahren. Im Lieferumfang ist ein Umschlag f\u00fcr Erinnerungsst\u00fccke enthalten, in dem Sie alle besonderen Dinge, wie Ihre Krankenhausarmb\u00e4nder, Haarstr\u00e4hnen und vieles mehr, aufbewahren k\u00f6nnen.<br \/>\n<div class=\"main-cross-sell\" data-asin=\"B077TF4KV3\">\n\n\t<div class=\"WooZone-cross-sell-loader\">\n\t\t<div>\n\t\t\t<div id=\"floatingBarsG\">\n\t\t\t\t<div class=\"blockG\" id=\"rotateG_01\"><\/div>\n\t\t\t\t<div class=\"blockG\" id=\"rotateG_02\"><\/div>\n\t\t\t\t<div class=\"blockG\" id=\"rotateG_03\"><\/div>\n\t\t\t\t<div class=\"blockG\" id=\"rotateG_04\"><\/div>\n\t\t\t\t<div class=\"blockG\" id=\"rotateG_05\"><\/div>\n\t\t\t\t<div class=\"blockG\" id=\"rotateG_06\"><\/div>\n\t\t\t\t<div class=\"blockG\" id=\"rotateG_07\"><\/div>\n\t\t\t\t<div class=\"blockG\" id=\"rotateG_08\"><\/div>\n\t\t\t<\/div>\n\t\t\t<div class=\"WooZone-cross-sell-loader-text\"><\/div>\n\t\t<\/div>\n\t<\/div>\n\n\t\t\n<\/div>\n<div style=\"clear:both;\"><\/div><\/p>\n","protected":false},"excerpt":{"rendered":"<p>Einfach auszuf\u00fcllen: Unser Baby-Erinnerungsbuch wurde in chronologischer Reihenfolge entworfen, um sicherzustellen, dass Sie nie einen wichtigen Moment in den ersten Jahren Ihres Babys verpassen. Es gibt separate Abschnitte f\u00fcr jeden Monat im ersten Jahr, Abschnitte, um alle wichtigen Meilensteine zu erfassen sowie weitere Abschnitte, mit denen Sie die Jahre 1-5 zusammenfassen k\u00f6nnen. Es gibt viel Platz zum Hinzuf\u00fcgen von Fotos und Kommentaren. Dar\u00fcber hinaus haben wir 5 zus\u00e4tzliche Seiten hinzugef\u00fcgt, die Sie selbst gestalten k\u00f6nnen.<br \/>\nErinnerungen f\u00fcr die Ewigkeit: Das ist der Sinn des Kaufs eines Baby-Meilenstein-Tagebuchs! So haben Sie ein Andenken, das die Zeit \u00fcberdauert und Sie, auch noch in 30 Jahren, in diese Zeit zur\u00fcckreisen und diese aufregenden Momente noch einmal erleben l\u00e4sst. Jedes Erinnerungsbuch ist mit einem strapazierf\u00e4higen, weichen Leineneinband \u00fcberzogen und der Titel ist vorne und an den Seiten in Silber eingepr\u00e4gt. Wir haben dickes, s\u00e4urefreies Papier der St\u00e4rke  200 g\/m\u00b2 verwendet, um sicherzustellen, dass es nicht rei\u00dft oder ausl\u00e4uft.<br \/>\nWundersch\u00f6n gestaltet: Unser Baby-Erinnerungsbuch f\u00fcr die ersten Jahre wurde von einer sehr talentierten Designerin und jungen Mutter aus Sydney, Australien, entworfen. Dank des minimalistischen Designs hat es nicht den \u00fcblichen, babyhaften Look anderer Baby-Meilenstein-B\u00fccher. Die dezenten aber sch\u00f6nen Blumenakzente in Ihrem Erinnerungsbuch werden die Fotos Ihrer sch\u00f6nen Tochter hervorheben und nicht in den Schatten stellen.<\/p>\n","protected":false},"featured_media":109106,"comment_status":"open","ping_status":"closed","template":"","meta":[],"product_brand":[],"product_cat":[21,8929],"product_tag":[],"class_list":{"0":"post-109105","1":"product","2":"type-product","3":"status-publish","4":"has-post-thumbnail","6":"product_cat-baby","7":"product_cat-babygeschenke-baby","8":"pa_binding-unbekannter-einband","9":"pa_brand-peachly","10":"pa_color-grau","11":"pa_height-2-zoll","12":"pa_length-13-9-zoll","13":"pa_manufacturer-peachly","14":"pa_model-peachly_hellobaby_botanica","15":"pa_weight-1-98-pfund","16":"pa_width-11-8-zoll","18":"first","19":"instock","20":"shipping-taxable","21":"purchasable","22":"product-type-simple","23":"customify-col","24":"product-has-gallery"},"yoast_head":"<!-- This site is optimized with the Yoast SEO plugin v27.3 - https:\/\/yoast.com\/product\/yoast-seo-wordpress\/ -->\n<title>Peachly Baby Memory Book For Girls Milestone Keepsake Journal | First Five Years Baby Girl Memory Book | Baby Keepsakes\u2026 - Markt-XXL<\/title>\n<meta name=\"description\" content=\"Markt-XXL Peachly Baby Memory Book For Girls Milestone Keepsake Journal | First Five Years Baby Girl Memory Book | Baby Keepsakes\u2026\" \/>\n<meta name=\"robots\" content=\"index, follow, max-snippet:-1, max-image-preview:large, max-video-preview:-1\" \/>\n<link rel=\"canonical\" href=\"https:\/\/marktxxl.de\/markt\/produkt\/minimalistisches\/\" \/>\n<meta property=\"og:locale\" content=\"de_DE\" \/>\n<meta property=\"og:type\" content=\"article\" \/>\n<meta property=\"og:title\" content=\"Peachly Baby Memory Book For Girls Milestone Keepsake Journal | First Five Years Baby Girl Memory Book | Baby Keepsakes\u2026 - Markt-XXL\" \/>\n<meta property=\"og:description\" content=\"Markt-XXL Peachly Baby Memory Book For Girls Milestone Keepsake Journal | First Five Years Baby Girl Memory Book | Baby Keepsakes\u2026\" \/>\n<meta property=\"og:url\" content=\"https:\/\/marktxxl.de\/markt\/produkt\/minimalistisches\/\" \/>\n<meta property=\"og:site_name\" content=\"Markt-XXL\" \/>\n<meta property=\"article:modified_time\" content=\"2023-04-11T01:34:23+00:00\" \/>\n<meta property=\"og:image\" content=\"https:\/\/m.media-amazon.com\/images\/I\/51YrxMfBtjL._SL500_.jpg\" \/>\n\t<meta property=\"og:image:width\" content=\"500\" \/>\n\t<meta property=\"og:image:height\" content=\"500\" \/>\n\t<meta property=\"og:image:type\" content=\"image\/jpeg\" \/>\n<meta name=\"twitter:card\" content=\"summary_large_image\" \/>\n<meta name=\"twitter:label1\" content=\"Gesch\u00e4tzte Lesezeit\" \/>\n\t<meta name=\"twitter:data1\" content=\"2\u00a0Minuten\" \/>\n<script type=\"application\/ld+json\" class=\"yoast-schema-graph\">{\"@context\":\"https:\\\/\\\/schema.org\",\"@graph\":[{\"@type\":\"WebPage\",\"@id\":\"https:\\\/\\\/marktxxl.de\\\/markt\\\/produkt\\\/minimalistisches\\\/\",\"url\":\"https:\\\/\\\/marktxxl.de\\\/markt\\\/produkt\\\/minimalistisches\\\/\",\"name\":\"Peachly Baby Memory Book For Girls Milestone Keepsake Journal | First Five Years Baby Girl Memory Book | Baby Keepsakes\u2026 - Markt-XXL\",\"isPartOf\":{\"@id\":\"https:\\\/\\\/marktxxl.de\\\/markt\\\/#website\"},\"primaryImageOfPage\":{\"@id\":\"https:\\\/\\\/marktxxl.de\\\/markt\\\/produkt\\\/minimalistisches\\\/#primaryimage\"},\"image\":{\"@id\":\"https:\\\/\\\/marktxxl.de\\\/markt\\\/produkt\\\/minimalistisches\\\/#primaryimage\"},\"thumbnailUrl\":\"https:\\\/\\\/m.media-amazon.com\\\/images\\\/I\\\/51YrxMfBtjL._SL500_.jpg\",\"datePublished\":\"2022-02-26T19:03:38+00:00\",\"dateModified\":\"2023-04-11T01:34:23+00:00\",\"description\":\"Markt-XXL Peachly Baby Memory Book For Girls Milestone Keepsake Journal | First Five Years Baby Girl Memory Book | Baby Keepsakes\u2026\",\"breadcrumb\":{\"@id\":\"https:\\\/\\\/marktxxl.de\\\/markt\\\/produkt\\\/minimalistisches\\\/#breadcrumb\"},\"inLanguage\":\"de\",\"potentialAction\":[{\"@type\":\"ReadAction\",\"target\":[\"https:\\\/\\\/marktxxl.de\\\/markt\\\/produkt\\\/minimalistisches\\\/\"]}]},{\"@type\":\"ImageObject\",\"inLanguage\":\"de\",\"@id\":\"https:\\\/\\\/marktxxl.de\\\/markt\\\/produkt\\\/minimalistisches\\\/#primaryimage\",\"url\":\"https:\\\/\\\/m.media-amazon.com\\\/images\\\/I\\\/51YrxMfBtjL._SL500_.jpg\",\"contentUrl\":\"https:\\\/\\\/m.media-amazon.com\\\/images\\\/I\\\/51YrxMfBtjL._SL500_.jpg\",\"width\":500,\"height\":500},{\"@type\":\"BreadcrumbList\",\"@id\":\"https:\\\/\\\/marktxxl.de\\\/markt\\\/produkt\\\/minimalistisches\\\/#breadcrumb\",\"itemListElement\":[{\"@type\":\"ListItem\",\"position\":1,\"name\":\"Startseite\",\"item\":\"https:\\\/\\\/marktxxl.de\\\/markt\\\/\"},{\"@type\":\"ListItem\",\"position\":2,\"name\":\"Markt\",\"item\":\"https:\\\/\\\/marktxxl.de\\\/markt\\\/\"},{\"@type\":\"ListItem\",\"position\":3,\"name\":\"Peachly Baby Memory Book For Girls Milestone Keepsake Journal | First Five Years Baby Girl Memory Book | Baby Keepsakes\u2026\"}]},{\"@type\":\"WebSite\",\"@id\":\"https:\\\/\\\/marktxxl.de\\\/markt\\\/#website\",\"url\":\"https:\\\/\\\/marktxxl.de\\\/markt\\\/\",\"name\":\"Markt-XXL\",\"description\":\"Ihr Markt Online\",\"publisher\":{\"@id\":\"https:\\\/\\\/marktxxl.de\\\/markt\\\/#organization\"},\"potentialAction\":[{\"@type\":\"SearchAction\",\"target\":{\"@type\":\"EntryPoint\",\"urlTemplate\":\"https:\\\/\\\/marktxxl.de\\\/markt\\\/?s={search_term_string}\"},\"query-input\":{\"@type\":\"PropertyValueSpecification\",\"valueRequired\":true,\"valueName\":\"search_term_string\"}}],\"inLanguage\":\"de\"},{\"@type\":\"Organization\",\"@id\":\"https:\\\/\\\/marktxxl.de\\\/markt\\\/#organization\",\"name\":\"Markt-XXL\",\"url\":\"https:\\\/\\\/marktxxl.de\\\/markt\\\/\",\"logo\":{\"@type\":\"ImageObject\",\"inLanguage\":\"de\",\"@id\":\"https:\\\/\\\/marktxxl.de\\\/markt\\\/#\\\/schema\\\/logo\\\/image\\\/\",\"url\":\"https:\\\/\\\/marktxxl.de\\\/markt\\\/wp-content\\\/uploads\\\/sites\\\/3\\\/2020\\\/12\\\/logo.png\",\"contentUrl\":\"https:\\\/\\\/marktxxl.de\\\/markt\\\/wp-content\\\/uploads\\\/sites\\\/3\\\/2020\\\/12\\\/logo.png\",\"width\":200,\"height\":70,\"caption\":\"Markt-XXL\"},\"image\":{\"@id\":\"https:\\\/\\\/marktxxl.de\\\/markt\\\/#\\\/schema\\\/logo\\\/image\\\/\"}}]}<\/script>\n<!-- \/ Yoast SEO plugin. -->","yoast_head_json":{"title":"Peachly Baby Memory Book For Girls Milestone Keepsake Journal | First Five Years Baby Girl Memory Book | Baby Keepsakes\u2026 - Markt-XXL","description":"Markt-XXL Peachly Baby Memory Book For Girls Milestone Keepsake Journal | First Five Years Baby Girl Memory Book | Baby Keepsakes\u2026","robots":{"index":"index","follow":"follow","max-snippet":"max-snippet:-1","max-image-preview":"max-image-preview:large","max-video-preview":"max-video-preview:-1"},"canonical":"https:\/\/marktxxl.de\/markt\/produkt\/minimalistisches\/","og_locale":"de_DE","og_type":"article","og_title":"Peachly Baby Memory Book For Girls Milestone Keepsake Journal | First Five Years Baby Girl Memory Book | Baby Keepsakes\u2026 - Markt-XXL","og_description":"Markt-XXL Peachly Baby Memory Book For Girls Milestone Keepsake Journal | First Five Years Baby Girl Memory Book | Baby Keepsakes\u2026","og_url":"https:\/\/marktxxl.de\/markt\/produkt\/minimalistisches\/","og_site_name":"Markt-XXL","article_modified_time":"2023-04-11T01:34:23+00:00","og_image":[{"width":500,"height":500,"url":"https:\/\/m.media-amazon.com\/images\/I\/51YrxMfBtjL._SL500_.jpg","type":"image\/jpeg"}],"twitter_card":"summary_large_image","twitter_misc":{"Gesch\u00e4tzte Lesezeit":"2\u00a0Minuten"},"schema":{"@context":"https:\/\/schema.org","@graph":[{"@type":"WebPage","@id":"https:\/\/marktxxl.de\/markt\/produkt\/minimalistisches\/","url":"https:\/\/marktxxl.de\/markt\/produkt\/minimalistisches\/","name":"Peachly Baby Memory Book For Girls Milestone Keepsake Journal | First Five Years Baby Girl Memory Book | Baby Keepsakes\u2026 - Markt-XXL","isPartOf":{"@id":"https:\/\/marktxxl.de\/markt\/#website"},"primaryImageOfPage":{"@id":"https:\/\/marktxxl.de\/markt\/produkt\/minimalistisches\/#primaryimage"},"image":{"@id":"https:\/\/marktxxl.de\/markt\/produkt\/minimalistisches\/#primaryimage"},"thumbnailUrl":"https:\/\/m.media-amazon.com\/images\/I\/51YrxMfBtjL._SL500_.jpg","datePublished":"2022-02-26T19:03:38+00:00","dateModified":"2023-04-11T01:34:23+00:00","description":"Markt-XXL Peachly Baby Memory Book For Girls Milestone Keepsake Journal | First Five Years Baby Girl Memory Book | Baby Keepsakes\u2026","breadcrumb":{"@id":"https:\/\/marktxxl.de\/markt\/produkt\/minimalistisches\/#breadcrumb"},"inLanguage":"de","potentialAction":[{"@type":"ReadAction","target":["https:\/\/marktxxl.de\/markt\/produkt\/minimalistisches\/"]}]},{"@type":"ImageObject","inLanguage":"de","@id":"https:\/\/marktxxl.de\/markt\/produkt\/minimalistisches\/#primaryimage","url":"https:\/\/m.media-amazon.com\/images\/I\/51YrxMfBtjL._SL500_.jpg","contentUrl":"https:\/\/m.media-amazon.com\/images\/I\/51YrxMfBtjL._SL500_.jpg","width":500,"height":500},{"@type":"BreadcrumbList","@id":"https:\/\/marktxxl.de\/markt\/produkt\/minimalistisches\/#breadcrumb","itemListElement":[{"@type":"ListItem","position":1,"name":"Startseite","item":"https:\/\/marktxxl.de\/markt\/"},{"@type":"ListItem","position":2,"name":"Markt","item":"https:\/\/marktxxl.de\/markt\/"},{"@type":"ListItem","position":3,"name":"Peachly Baby Memory Book For Girls Milestone Keepsake Journal | First Five Years Baby Girl Memory Book | Baby Keepsakes\u2026"}]},{"@type":"WebSite","@id":"https:\/\/marktxxl.de\/markt\/#website","url":"https:\/\/marktxxl.de\/markt\/","name":"Markt-XXL","description":"Ihr Markt Online","publisher":{"@id":"https:\/\/marktxxl.de\/markt\/#organization"},"potentialAction":[{"@type":"SearchAction","target":{"@type":"EntryPoint","urlTemplate":"https:\/\/marktxxl.de\/markt\/?s={search_term_string}"},"query-input":{"@type":"PropertyValueSpecification","valueRequired":true,"valueName":"search_term_string"}}],"inLanguage":"de"},{"@type":"Organization","@id":"https:\/\/marktxxl.de\/markt\/#organization","name":"Markt-XXL","url":"https:\/\/marktxxl.de\/markt\/","logo":{"@type":"ImageObject","inLanguage":"de","@id":"https:\/\/marktxxl.de\/markt\/#\/schema\/logo\/image\/","url":"https:\/\/marktxxl.de\/markt\/wp-content\/uploads\/sites\/3\/2020\/12\/logo.png","contentUrl":"https:\/\/marktxxl.de\/markt\/wp-content\/uploads\/sites\/3\/2020\/12\/logo.png","width":200,"height":70,"caption":"Markt-XXL"},"image":{"@id":"https:\/\/marktxxl.de\/markt\/#\/schema\/logo\/image\/"}}]}},"_links":{"self":[{"href":"https:\/\/marktxxl.de\/markt\/wp-json\/wp\/v2\/product\/109105","targetHints":{"allow":["GET"]}}],"collection":[{"href":"https:\/\/marktxxl.de\/markt\/wp-json\/wp\/v2\/product"}],"about":[{"href":"https:\/\/marktxxl.de\/markt\/wp-json\/wp\/v2\/types\/product"}],"replies":[{"embeddable":true,"href":"https:\/\/marktxxl.de\/markt\/wp-json\/wp\/v2\/comments?post=109105"}],"wp:featuredmedia":[{"embeddable":true,"href":"https:\/\/marktxxl.de\/markt\/wp-json\/wp\/v2\/media\/109106"}],"wp:attachment":[{"href":"https:\/\/marktxxl.de\/markt\/wp-json\/wp\/v2\/media?parent=109105"}],"wp:term":[{"taxonomy":"product_brand","embeddable":true,"href":"https:\/\/marktxxl.de\/markt\/wp-json\/wp\/v2\/product_brand?post=109105"},{"taxonomy":"product_cat","embeddable":true,"href":"https:\/\/marktxxl.de\/markt\/wp-json\/wp\/v2\/product_cat?post=109105"},{"taxonomy":"product_tag","embeddable":true,"href":"https:\/\/marktxxl.de\/markt\/wp-json\/wp\/v2\/product_tag?post=109105"}],"curies":[{"name":"wp","href":"https:\/\/api.w.org\/{rel}","templated":true}]}}