{"id":108152,"date":"2022-02-26T18:15:22","date_gmt":"2022-02-26T17:15:22","guid":{"rendered":"https:\/\/marktxxl.de\/markt\/produkt\/yubx-washi-tape-klebeband-papier-dekorativ-masking-tape-fuer-scrapbooking-handwerk-handwerk-kleine-tiere\/"},"modified":"2023-04-11T03:33:21","modified_gmt":"2023-04-11T01:33:21","slug":"yubx-washi-tape-klebeband-papier-dekorativ-masking-tape-fuer-scrapbooking-handwerk-handwerk-kleine-tiere","status":"publish","type":"product","link":"https:\/\/marktxxl.de\/markt\/produkt\/yubx-washi-tape-klebeband-papier-dekorativ-masking-tape-fuer-scrapbooking-handwerk-handwerk-kleine-tiere\/","title":{"rendered":"YUBX Washi Tape Klebeband Papier Dekorativ Masking Tape f\u00fcr Scrapbooking Handwerk Handwerk (kleine Tiere)"},"content":{"rendered":"<p>Design: Dieses Washi-Tape mit speziellen Vorlagen l\u00e4sst Ihre Kreativit\u00e4t gl\u00e4nzen. Es ist mit niedlichen Tiermotiven bedruckt und jede Rolle ist einzigartig. Wenn Sie den Trends des Handwerks folgen und eine wilde Phantasie haben, dann ist dieses Band die beste Wahl.<br \/>\nEinfach zu verwenden und ohne R\u00fcckst\u00e4nde: einfach vom Klebeband abrei\u00dfen und \u00fcberall aufkleben. Und es wird Ihre W\u00e4nde oder M\u00f6bel nicht besch\u00e4digen, Sie k\u00f6nnen es einfach wieder entfernen und aufkleben, ohne R\u00fcckst\u00e4nde zu hinterlassen.<br \/>\nMultifunktional: Das Washi-Klebeband ist eine gro\u00dfartige M\u00f6glichkeit f\u00fcr Ihre Planer, Alben, Ball-Tagebuch, Versch\u00f6nerungen, Kartenherstellung, Geschenkpapier, Partys, DIY Handwerksprojekte, Dekor, Lippenstiftbox, Stifte, Ladekabel, L\u00f6ffelgriff usw.<br \/>\nGeneratorgr\u00f6\u00dfe \u2013 8 Rollen mit 15 mm Breite und 5 m L\u00e4nge<br \/>\n100% Qualit\u00e4tssicherung: Wenn Sie ein Qualit\u00e4tsproblem f\u00fcr diesen Artikel haben, z\u00f6gern Sie nicht, uns zu kontaktieren, wir w\u00fcrden Ihnen gerne helfen. Jetzt bestellen!<br \/>\n<div class=\"main-cross-sell\" data-asin=\"B08X25GT5X\">\n\n\t<div class=\"WooZone-cross-sell-loader\">\n\t\t<div>\n\t\t\t<div id=\"floatingBarsG\">\n\t\t\t\t<div class=\"blockG\" id=\"rotateG_01\"><\/div>\n\t\t\t\t<div class=\"blockG\" id=\"rotateG_02\"><\/div>\n\t\t\t\t<div class=\"blockG\" id=\"rotateG_03\"><\/div>\n\t\t\t\t<div class=\"blockG\" id=\"rotateG_04\"><\/div>\n\t\t\t\t<div class=\"blockG\" id=\"rotateG_05\"><\/div>\n\t\t\t\t<div class=\"blockG\" id=\"rotateG_06\"><\/div>\n\t\t\t\t<div class=\"blockG\" id=\"rotateG_07\"><\/div>\n\t\t\t\t<div class=\"blockG\" id=\"rotateG_08\"><\/div>\n\t\t\t<\/div>\n\t\t\t<div class=\"WooZone-cross-sell-loader-text\"><\/div>\n\t\t<\/div>\n\t<\/div>\n\n\t\t\n<\/div>\n<div style=\"clear:both;\"><\/div><\/p>\n","protected":false},"excerpt":{"rendered":"<p>Design: Dieses Washi-Tape mit speziellen Vorlagen l\u00e4sst Ihre Kreativit\u00e4t gl\u00e4nzen. Es ist mit niedlichen Tiermotiven bedruckt und jede Rolle ist einzigartig. Wenn Sie den Trends des Handwerks folgen und eine wilde Phantasie haben, dann ist dieses Band die beste Wahl.<br \/>\nEinfach zu verwenden und ohne R\u00fcckst\u00e4nde: einfach vom Klebeband abrei\u00dfen und \u00fcberall aufkleben. Und es wird Ihre W\u00e4nde oder M\u00f6bel nicht besch\u00e4digen, Sie k\u00f6nnen es einfach wieder entfernen und aufkleben, ohne R\u00fcckst\u00e4nde zu hinterlassen.<br \/>\nMultifunktional: Das Washi-Klebeband ist eine gro\u00dfartige M\u00f6glichkeit f\u00fcr Ihre Planer, Alben, Ball-Tagebuch, Versch\u00f6nerungen, Kartenherstellung, Geschenkpapier, Partys, DIY Handwerksprojekte, Dekor, Lippenstiftbox, Stifte, Ladekabel, L\u00f6ffelgriff usw.<\/p>\n","protected":false},"featured_media":108153,"comment_status":"open","ping_status":"closed","template":"","meta":[],"product_brand":[],"product_cat":[504,8284],"product_tag":[],"class_list":{"0":"post-108152","1":"product","2":"type-product","3":"status-publish","4":"has-post-thumbnail","6":"product_cat-buerobedarf-schreibwaren","7":"product_cat-bueromaterial","8":"pa_binding-misc","9":"pa_brand-yubx","10":"pa_height-0-7086614166-zoll","11":"pa_length-8-661417314-zoll","12":"pa_manufacturer-yubx","13":"pa_width-3-543307083-zoll","15":"first","16":"instock","17":"shipping-taxable","18":"purchasable","19":"product-type-simple","20":"customify-col","21":"product-has-gallery"},"yoast_head":"<!-- This site is optimized with the Yoast SEO plugin v27.4 - https:\/\/yoast.com\/product\/yoast-seo-wordpress\/ -->\n<title>YUBX Washi Tape Klebeband Papier Dekorativ Masking Tape f\u00fcr Scrapbooking Handwerk Handwerk (kleine Tiere) - Markt-XXL<\/title>\n<meta name=\"description\" content=\"Markt-XXL YUBX Washi Tape Klebeband Papier Dekorativ Masking Tape f\u00fcr Scrapbooking Handwerk Handwerk (kleine Tiere)\" \/>\n<meta name=\"robots\" content=\"index, follow, max-snippet:-1, max-image-preview:large, max-video-preview:-1\" \/>\n<link rel=\"canonical\" href=\"https:\/\/marktxxl.de\/markt\/produkt\/yubx-washi-tape-klebeband-papier-dekorativ-masking-tape-fuer-scrapbooking-handwerk-handwerk-kleine-tiere\/\" \/>\n<meta property=\"og:locale\" content=\"de_DE\" \/>\n<meta property=\"og:type\" content=\"article\" \/>\n<meta property=\"og:title\" content=\"YUBX Washi Tape Klebeband Papier Dekorativ Masking Tape f\u00fcr Scrapbooking Handwerk Handwerk (kleine Tiere) - Markt-XXL\" \/>\n<meta property=\"og:description\" content=\"Markt-XXL YUBX Washi Tape Klebeband Papier Dekorativ Masking Tape f\u00fcr Scrapbooking Handwerk Handwerk (kleine Tiere)\" \/>\n<meta property=\"og:url\" content=\"https:\/\/marktxxl.de\/markt\/produkt\/yubx-washi-tape-klebeband-papier-dekorativ-masking-tape-fuer-scrapbooking-handwerk-handwerk-kleine-tiere\/\" \/>\n<meta property=\"og:site_name\" content=\"Markt-XXL\" \/>\n<meta property=\"article:modified_time\" content=\"2023-04-11T01:33:21+00:00\" \/>\n<meta property=\"og:image\" content=\"https:\/\/m.media-amazon.com\/images\/I\/419yozV+NvL._SL500_.jpg\" \/>\n\t<meta property=\"og:image:width\" content=\"500\" \/>\n\t<meta property=\"og:image:height\" content=\"347\" \/>\n\t<meta property=\"og:image:type\" content=\"image\/jpeg\" \/>\n<meta name=\"twitter:card\" content=\"summary_large_image\" \/>\n<meta name=\"twitter:label1\" content=\"Gesch\u00e4tzte Lesezeit\" \/>\n\t<meta name=\"twitter:data1\" content=\"1\u00a0Minute\" \/>\n<script type=\"application\/ld+json\" class=\"yoast-schema-graph\">{\"@context\":\"https:\\\/\\\/schema.org\",\"@graph\":[{\"@type\":\"WebPage\",\"@id\":\"https:\\\/\\\/marktxxl.de\\\/markt\\\/produkt\\\/yubx-washi-tape-klebeband-papier-dekorativ-masking-tape-fuer-scrapbooking-handwerk-handwerk-kleine-tiere\\\/\",\"url\":\"https:\\\/\\\/marktxxl.de\\\/markt\\\/produkt\\\/yubx-washi-tape-klebeband-papier-dekorativ-masking-tape-fuer-scrapbooking-handwerk-handwerk-kleine-tiere\\\/\",\"name\":\"YUBX Washi Tape Klebeband Papier Dekorativ Masking Tape f\u00fcr Scrapbooking Handwerk Handwerk (kleine Tiere) - Markt-XXL\",\"isPartOf\":{\"@id\":\"https:\\\/\\\/marktxxl.de\\\/markt\\\/#website\"},\"primaryImageOfPage\":{\"@id\":\"https:\\\/\\\/marktxxl.de\\\/markt\\\/produkt\\\/yubx-washi-tape-klebeband-papier-dekorativ-masking-tape-fuer-scrapbooking-handwerk-handwerk-kleine-tiere\\\/#primaryimage\"},\"image\":{\"@id\":\"https:\\\/\\\/marktxxl.de\\\/markt\\\/produkt\\\/yubx-washi-tape-klebeband-papier-dekorativ-masking-tape-fuer-scrapbooking-handwerk-handwerk-kleine-tiere\\\/#primaryimage\"},\"thumbnailUrl\":\"https:\\\/\\\/m.media-amazon.com\\\/images\\\/I\\\/419yozV+NvL._SL500_.jpg\",\"datePublished\":\"2022-02-26T17:15:22+00:00\",\"dateModified\":\"2023-04-11T01:33:21+00:00\",\"description\":\"Markt-XXL YUBX Washi Tape Klebeband Papier Dekorativ Masking Tape f\u00fcr Scrapbooking Handwerk Handwerk (kleine Tiere)\",\"breadcrumb\":{\"@id\":\"https:\\\/\\\/marktxxl.de\\\/markt\\\/produkt\\\/yubx-washi-tape-klebeband-papier-dekorativ-masking-tape-fuer-scrapbooking-handwerk-handwerk-kleine-tiere\\\/#breadcrumb\"},\"inLanguage\":\"de\",\"potentialAction\":[{\"@type\":\"ReadAction\",\"target\":[\"https:\\\/\\\/marktxxl.de\\\/markt\\\/produkt\\\/yubx-washi-tape-klebeband-papier-dekorativ-masking-tape-fuer-scrapbooking-handwerk-handwerk-kleine-tiere\\\/\"]}]},{\"@type\":\"ImageObject\",\"inLanguage\":\"de\",\"@id\":\"https:\\\/\\\/marktxxl.de\\\/markt\\\/produkt\\\/yubx-washi-tape-klebeband-papier-dekorativ-masking-tape-fuer-scrapbooking-handwerk-handwerk-kleine-tiere\\\/#primaryimage\",\"url\":\"https:\\\/\\\/m.media-amazon.com\\\/images\\\/I\\\/419yozV+NvL._SL500_.jpg\",\"contentUrl\":\"https:\\\/\\\/m.media-amazon.com\\\/images\\\/I\\\/419yozV+NvL._SL500_.jpg\",\"width\":500,\"height\":347},{\"@type\":\"BreadcrumbList\",\"@id\":\"https:\\\/\\\/marktxxl.de\\\/markt\\\/produkt\\\/yubx-washi-tape-klebeband-papier-dekorativ-masking-tape-fuer-scrapbooking-handwerk-handwerk-kleine-tiere\\\/#breadcrumb\",\"itemListElement\":[{\"@type\":\"ListItem\",\"position\":1,\"name\":\"Startseite\",\"item\":\"https:\\\/\\\/marktxxl.de\\\/markt\\\/\"},{\"@type\":\"ListItem\",\"position\":2,\"name\":\"Markt\",\"item\":\"https:\\\/\\\/marktxxl.de\\\/markt\\\/\"},{\"@type\":\"ListItem\",\"position\":3,\"name\":\"YUBX Washi Tape Klebeband Papier Dekorativ Masking Tape f\u00fcr Scrapbooking Handwerk Handwerk (kleine Tiere)\"}]},{\"@type\":\"WebSite\",\"@id\":\"https:\\\/\\\/marktxxl.de\\\/markt\\\/#website\",\"url\":\"https:\\\/\\\/marktxxl.de\\\/markt\\\/\",\"name\":\"Markt-XXL\",\"description\":\"Ihr Markt Online\",\"publisher\":{\"@id\":\"https:\\\/\\\/marktxxl.de\\\/markt\\\/#organization\"},\"potentialAction\":[{\"@type\":\"SearchAction\",\"target\":{\"@type\":\"EntryPoint\",\"urlTemplate\":\"https:\\\/\\\/marktxxl.de\\\/markt\\\/?s={search_term_string}\"},\"query-input\":{\"@type\":\"PropertyValueSpecification\",\"valueRequired\":true,\"valueName\":\"search_term_string\"}}],\"inLanguage\":\"de\"},{\"@type\":\"Organization\",\"@id\":\"https:\\\/\\\/marktxxl.de\\\/markt\\\/#organization\",\"name\":\"Markt-XXL\",\"url\":\"https:\\\/\\\/marktxxl.de\\\/markt\\\/\",\"logo\":{\"@type\":\"ImageObject\",\"inLanguage\":\"de\",\"@id\":\"https:\\\/\\\/marktxxl.de\\\/markt\\\/#\\\/schema\\\/logo\\\/image\\\/\",\"url\":\"https:\\\/\\\/marktxxl.de\\\/markt\\\/wp-content\\\/uploads\\\/sites\\\/3\\\/2020\\\/12\\\/logo.png\",\"contentUrl\":\"https:\\\/\\\/marktxxl.de\\\/markt\\\/wp-content\\\/uploads\\\/sites\\\/3\\\/2020\\\/12\\\/logo.png\",\"width\":200,\"height\":70,\"caption\":\"Markt-XXL\"},\"image\":{\"@id\":\"https:\\\/\\\/marktxxl.de\\\/markt\\\/#\\\/schema\\\/logo\\\/image\\\/\"}}]}<\/script>\n<!-- \/ Yoast SEO plugin. -->","yoast_head_json":{"title":"YUBX Washi Tape Klebeband Papier Dekorativ Masking Tape f\u00fcr Scrapbooking Handwerk Handwerk (kleine Tiere) - Markt-XXL","description":"Markt-XXL YUBX Washi Tape Klebeband Papier Dekorativ Masking Tape f\u00fcr Scrapbooking Handwerk Handwerk (kleine Tiere)","robots":{"index":"index","follow":"follow","max-snippet":"max-snippet:-1","max-image-preview":"max-image-preview:large","max-video-preview":"max-video-preview:-1"},"canonical":"https:\/\/marktxxl.de\/markt\/produkt\/yubx-washi-tape-klebeband-papier-dekorativ-masking-tape-fuer-scrapbooking-handwerk-handwerk-kleine-tiere\/","og_locale":"de_DE","og_type":"article","og_title":"YUBX Washi Tape Klebeband Papier Dekorativ Masking Tape f\u00fcr Scrapbooking Handwerk Handwerk (kleine Tiere) - Markt-XXL","og_description":"Markt-XXL YUBX Washi Tape Klebeband Papier Dekorativ Masking Tape f\u00fcr Scrapbooking Handwerk Handwerk (kleine Tiere)","og_url":"https:\/\/marktxxl.de\/markt\/produkt\/yubx-washi-tape-klebeband-papier-dekorativ-masking-tape-fuer-scrapbooking-handwerk-handwerk-kleine-tiere\/","og_site_name":"Markt-XXL","article_modified_time":"2023-04-11T01:33:21+00:00","og_image":[{"width":500,"height":347,"url":"https:\/\/m.media-amazon.com\/images\/I\/419yozV+NvL._SL500_.jpg","type":"image\/jpeg"}],"twitter_card":"summary_large_image","twitter_misc":{"Gesch\u00e4tzte Lesezeit":"1\u00a0Minute"},"schema":{"@context":"https:\/\/schema.org","@graph":[{"@type":"WebPage","@id":"https:\/\/marktxxl.de\/markt\/produkt\/yubx-washi-tape-klebeband-papier-dekorativ-masking-tape-fuer-scrapbooking-handwerk-handwerk-kleine-tiere\/","url":"https:\/\/marktxxl.de\/markt\/produkt\/yubx-washi-tape-klebeband-papier-dekorativ-masking-tape-fuer-scrapbooking-handwerk-handwerk-kleine-tiere\/","name":"YUBX Washi Tape Klebeband Papier Dekorativ Masking Tape f\u00fcr Scrapbooking Handwerk Handwerk (kleine Tiere) - Markt-XXL","isPartOf":{"@id":"https:\/\/marktxxl.de\/markt\/#website"},"primaryImageOfPage":{"@id":"https:\/\/marktxxl.de\/markt\/produkt\/yubx-washi-tape-klebeband-papier-dekorativ-masking-tape-fuer-scrapbooking-handwerk-handwerk-kleine-tiere\/#primaryimage"},"image":{"@id":"https:\/\/marktxxl.de\/markt\/produkt\/yubx-washi-tape-klebeband-papier-dekorativ-masking-tape-fuer-scrapbooking-handwerk-handwerk-kleine-tiere\/#primaryimage"},"thumbnailUrl":"https:\/\/m.media-amazon.com\/images\/I\/419yozV+NvL._SL500_.jpg","datePublished":"2022-02-26T17:15:22+00:00","dateModified":"2023-04-11T01:33:21+00:00","description":"Markt-XXL YUBX Washi Tape Klebeband Papier Dekorativ Masking Tape f\u00fcr Scrapbooking Handwerk Handwerk (kleine Tiere)","breadcrumb":{"@id":"https:\/\/marktxxl.de\/markt\/produkt\/yubx-washi-tape-klebeband-papier-dekorativ-masking-tape-fuer-scrapbooking-handwerk-handwerk-kleine-tiere\/#breadcrumb"},"inLanguage":"de","potentialAction":[{"@type":"ReadAction","target":["https:\/\/marktxxl.de\/markt\/produkt\/yubx-washi-tape-klebeband-papier-dekorativ-masking-tape-fuer-scrapbooking-handwerk-handwerk-kleine-tiere\/"]}]},{"@type":"ImageObject","inLanguage":"de","@id":"https:\/\/marktxxl.de\/markt\/produkt\/yubx-washi-tape-klebeband-papier-dekorativ-masking-tape-fuer-scrapbooking-handwerk-handwerk-kleine-tiere\/#primaryimage","url":"https:\/\/m.media-amazon.com\/images\/I\/419yozV+NvL._SL500_.jpg","contentUrl":"https:\/\/m.media-amazon.com\/images\/I\/419yozV+NvL._SL500_.jpg","width":500,"height":347},{"@type":"BreadcrumbList","@id":"https:\/\/marktxxl.de\/markt\/produkt\/yubx-washi-tape-klebeband-papier-dekorativ-masking-tape-fuer-scrapbooking-handwerk-handwerk-kleine-tiere\/#breadcrumb","itemListElement":[{"@type":"ListItem","position":1,"name":"Startseite","item":"https:\/\/marktxxl.de\/markt\/"},{"@type":"ListItem","position":2,"name":"Markt","item":"https:\/\/marktxxl.de\/markt\/"},{"@type":"ListItem","position":3,"name":"YUBX Washi Tape Klebeband Papier Dekorativ Masking Tape f\u00fcr Scrapbooking Handwerk Handwerk (kleine Tiere)"}]},{"@type":"WebSite","@id":"https:\/\/marktxxl.de\/markt\/#website","url":"https:\/\/marktxxl.de\/markt\/","name":"Markt-XXL","description":"Ihr Markt Online","publisher":{"@id":"https:\/\/marktxxl.de\/markt\/#organization"},"potentialAction":[{"@type":"SearchAction","target":{"@type":"EntryPoint","urlTemplate":"https:\/\/marktxxl.de\/markt\/?s={search_term_string}"},"query-input":{"@type":"PropertyValueSpecification","valueRequired":true,"valueName":"search_term_string"}}],"inLanguage":"de"},{"@type":"Organization","@id":"https:\/\/marktxxl.de\/markt\/#organization","name":"Markt-XXL","url":"https:\/\/marktxxl.de\/markt\/","logo":{"@type":"ImageObject","inLanguage":"de","@id":"https:\/\/marktxxl.de\/markt\/#\/schema\/logo\/image\/","url":"https:\/\/marktxxl.de\/markt\/wp-content\/uploads\/sites\/3\/2020\/12\/logo.png","contentUrl":"https:\/\/marktxxl.de\/markt\/wp-content\/uploads\/sites\/3\/2020\/12\/logo.png","width":200,"height":70,"caption":"Markt-XXL"},"image":{"@id":"https:\/\/marktxxl.de\/markt\/#\/schema\/logo\/image\/"}}]}},"_links":{"self":[{"href":"https:\/\/marktxxl.de\/markt\/wp-json\/wp\/v2\/product\/108152","targetHints":{"allow":["GET"]}}],"collection":[{"href":"https:\/\/marktxxl.de\/markt\/wp-json\/wp\/v2\/product"}],"about":[{"href":"https:\/\/marktxxl.de\/markt\/wp-json\/wp\/v2\/types\/product"}],"replies":[{"embeddable":true,"href":"https:\/\/marktxxl.de\/markt\/wp-json\/wp\/v2\/comments?post=108152"}],"wp:featuredmedia":[{"embeddable":true,"href":"https:\/\/marktxxl.de\/markt\/wp-json\/wp\/v2\/media\/108153"}],"wp:attachment":[{"href":"https:\/\/marktxxl.de\/markt\/wp-json\/wp\/v2\/media?parent=108152"}],"wp:term":[{"taxonomy":"product_brand","embeddable":true,"href":"https:\/\/marktxxl.de\/markt\/wp-json\/wp\/v2\/product_brand?post=108152"},{"taxonomy":"product_cat","embeddable":true,"href":"https:\/\/marktxxl.de\/markt\/wp-json\/wp\/v2\/product_cat?post=108152"},{"taxonomy":"product_tag","embeddable":true,"href":"https:\/\/marktxxl.de\/markt\/wp-json\/wp\/v2\/product_tag?post=108152"}],"curies":[{"name":"wp","href":"https:\/\/api.w.org\/{rel}","templated":true}]}}