{"id":107875,"date":"2022-02-26T17:46:00","date_gmt":"2022-02-26T16:46:00","guid":{"rendered":"https:\/\/marktxxl.de\/markt\/produkt\/karnevalsschminke-kinder-mimoo-16-farben-malen-buntstifte-karneval-ostern-geschenk-ungiftig-koerperbemalung-sticks-koerper-tattoo-buntstifte-kit-fuer-kinder-kleinkinder-set-von-16\/"},"modified":"2023-04-11T03:33:17","modified_gmt":"2023-04-11T01:33:17","slug":"karnevalsschminke-kinder-mimoo-16-farben-malen-buntstifte-karneval-ostern-geschenk-ungiftig-koerperbemalung-sticks-koerper-tattoo-buntstifte-kit-fuer-kinder-kleinkinder-set-von-16","status":"publish","type":"product","link":"https:\/\/marktxxl.de\/markt\/produkt\/karnevalsschminke-kinder-mimoo-16-farben-malen-buntstifte-karneval-ostern-geschenk-ungiftig-koerperbemalung-sticks-koerper-tattoo-buntstifte-kit-fuer-kinder-kleinkinder-set-von-16\/","title":{"rendered":"Halloween Schminke Kinder &#8211; Mimoo 16 Farben Kinderschminke Set, Ungiftig Schminke Halloween Set, Perfekt f\u00fcr Halloween\u2026"},"content":{"rendered":"<p>\ud83e\udd21\u3010Nicht-Toxische Farbige Buntstifte\u3011MiMoo Paint Crayons sind ungiftig und sicher f\u00fcr die Anwendung. Diese Buntstifte eignen sich f\u00fcr Kinder jeden Alters, Kinder, Kleinkinder und Erwachsene.<br \/>\n\ud83e\udd21\u3010Helle Farben\u3011Dieses bodypainting farben Set kommt mit 16 Farben Makeup Buntstifte: wei\u00df (2), gelb, rot, orange, pink, hellgr\u00fcn, dunkelgr\u00fcn, hellblau, dunkelblau, Schokolade, hellviolett, dunkelviolett, schwarz.<br \/>\n\ud83e\udd21\u3010Easy Waschen\u3011Es ist ziemlich einfach, es abwaschen. Verwenden Sie nur Wasser und Seife. Mach dir keine Sorgen, dass es deine H\u00e4nde oder T\u00fccher verschmutzt, Sie werden Spa\u00df mit diesem Farbige Buntstifte haben.<br \/>\n\ud83e\udd21\u3010Perfekt f\u00fcr Face Paint\u3011Unsere Paint Crayon Sticks erm\u00f6glichen Ihnen, Ihre eigene ideale Arbeit auf Ihrem Gesicht zu schaffen. Vervollkommnen Sie f\u00fcr Gesichtsfarbe Entwurf!<br \/>\n\ud83e\udd21\u3010Gro\u00dfe Auswahl an Anwendungen\u3011Unsere Farbige Buntstifte und K\u00f6rpermalstifte sind perfekt f\u00fcr jedes besondere Ereignis, wie K\u00f6rper Tattoo, Anzieh, Carnival, Easter, Halloween, Weihnachten, Neujahr, Thanksgiving Day, Geburtstag, Hochzeit.<br \/>\n<div class=\"main-cross-sell\" data-asin=\"B077KV2MZG\">\n\n\t<div class=\"WooZone-cross-sell-loader\">\n\t\t<div>\n\t\t\t<div id=\"floatingBarsG\">\n\t\t\t\t<div class=\"blockG\" id=\"rotateG_01\"><\/div>\n\t\t\t\t<div class=\"blockG\" id=\"rotateG_02\"><\/div>\n\t\t\t\t<div class=\"blockG\" id=\"rotateG_03\"><\/div>\n\t\t\t\t<div class=\"blockG\" id=\"rotateG_04\"><\/div>\n\t\t\t\t<div class=\"blockG\" id=\"rotateG_05\"><\/div>\n\t\t\t\t<div class=\"blockG\" id=\"rotateG_06\"><\/div>\n\t\t\t\t<div class=\"blockG\" id=\"rotateG_07\"><\/div>\n\t\t\t\t<div class=\"blockG\" id=\"rotateG_08\"><\/div>\n\t\t\t<\/div>\n\t\t\t<div class=\"WooZone-cross-sell-loader-text\"><\/div>\n\t\t<\/div>\n\t<\/div>\n\n\t\t\n<\/div>\n<div style=\"clear:both;\"><\/div><\/p>\n","protected":false},"excerpt":{"rendered":"<p>\ud83e\udd21\u3010Nicht-Toxische Farbige Buntstifte\u3011MiMoo Paint Crayons sind ungiftig und sicher f\u00fcr die Anwendung. Diese Buntstifte eignen sich f\u00fcr Kinder jeden Alters, Kinder, Kleinkinder und Erwachsene.<br \/>\n\ud83e\udd21\u3010Helle Farben\u3011Dieses bodypainting farben Set kommt mit 16 Farben Makeup Buntstifte: wei\u00df (2), gelb, rot, orange, pink, hellgr\u00fcn, dunkelgr\u00fcn, hellblau, dunkelblau, Schokolade, hellviolett, dunkelviolett, schwarz.<br \/>\n\ud83e\udd21\u3010Easy Waschen\u3011Es ist ziemlich einfach, es abwaschen. Verwenden Sie nur Wasser und Seife. Mach dir keine Sorgen, dass es deine H\u00e4nde oder T\u00fccher verschmutzt, Sie werden Spa\u00df mit diesem Farbige Buntstifte haben.<\/p>\n","protected":false},"featured_media":107876,"comment_status":"open","ping_status":"closed","template":"","meta":[],"product_brand":[],"product_cat":[2858,7575],"product_tag":[],"class_list":{"0":"post-107875","1":"product","2":"type-product","3":"status-publish","4":"has-post-thumbnail","6":"product_cat-beauty","7":"product_cat-make-up","8":"pa_binding-spielzeug","9":"pa_brand-mimoo","10":"pa_height-0-59-zoll","11":"pa_languages-unbekannt-englisch","12":"pa_length-5-91-zoll","13":"pa_size-16-stueck-1er-pack","14":"pa_weight-0-2-pfund","15":"pa_width-2-76-zoll","17":"first","18":"instock","19":"shipping-taxable","20":"purchasable","21":"product-type-simple","22":"customify-col","23":"product-has-gallery"},"yoast_head":"<!-- This site is optimized with the Yoast SEO plugin v27.4 - https:\/\/yoast.com\/product\/yoast-seo-wordpress\/ -->\n<title>Halloween Schminke Kinder - Mimoo 16 Farben Kinderschminke Set, Ungiftig Schminke Halloween Set, Perfekt f\u00fcr Halloween\u2026 - Markt-XXL<\/title>\n<meta name=\"description\" content=\"Markt-XXL Halloween Schminke Kinder - Mimoo 16 Farben Kinderschminke Set, Ungiftig Schminke Halloween Set, Perfekt f\u00fcr Halloween\u2026\" \/>\n<meta name=\"robots\" content=\"index, follow, max-snippet:-1, max-image-preview:large, max-video-preview:-1\" \/>\n<link rel=\"canonical\" href=\"https:\/\/marktxxl.de\/markt\/produkt\/karnevalsschminke-kinder-mimoo-16-farben-malen-buntstifte-karneval-ostern-geschenk-ungiftig-koerperbemalung-sticks-koerper-tattoo-buntstifte-kit-fuer-kinder-kleinkinder-set-von-16\/\" \/>\n<meta property=\"og:locale\" content=\"de_DE\" \/>\n<meta property=\"og:type\" content=\"article\" \/>\n<meta property=\"og:title\" content=\"Halloween Schminke Kinder - Mimoo 16 Farben Kinderschminke Set, Ungiftig Schminke Halloween Set, Perfekt f\u00fcr Halloween\u2026 - Markt-XXL\" \/>\n<meta property=\"og:description\" content=\"Markt-XXL Halloween Schminke Kinder - Mimoo 16 Farben Kinderschminke Set, Ungiftig Schminke Halloween Set, Perfekt f\u00fcr Halloween\u2026\" \/>\n<meta property=\"og:url\" content=\"https:\/\/marktxxl.de\/markt\/produkt\/karnevalsschminke-kinder-mimoo-16-farben-malen-buntstifte-karneval-ostern-geschenk-ungiftig-koerperbemalung-sticks-koerper-tattoo-buntstifte-kit-fuer-kinder-kleinkinder-set-von-16\/\" \/>\n<meta property=\"og:site_name\" content=\"Markt-XXL\" \/>\n<meta property=\"article:modified_time\" content=\"2023-04-11T01:33:17+00:00\" \/>\n<meta property=\"og:image\" content=\"https:\/\/m.media-amazon.com\/images\/I\/518+aP6nHCL._SL500_.jpg\" \/>\n\t<meta property=\"og:image:width\" content=\"500\" \/>\n\t<meta property=\"og:image:height\" content=\"417\" \/>\n\t<meta property=\"og:image:type\" content=\"image\/jpeg\" \/>\n<meta name=\"twitter:card\" content=\"summary_large_image\" \/>\n<meta name=\"twitter:label1\" content=\"Gesch\u00e4tzte Lesezeit\" \/>\n\t<meta name=\"twitter:data1\" content=\"1\u00a0Minute\" \/>\n<script type=\"application\/ld+json\" class=\"yoast-schema-graph\">{\"@context\":\"https:\\\/\\\/schema.org\",\"@graph\":[{\"@type\":\"WebPage\",\"@id\":\"https:\\\/\\\/marktxxl.de\\\/markt\\\/produkt\\\/karnevalsschminke-kinder-mimoo-16-farben-malen-buntstifte-karneval-ostern-geschenk-ungiftig-koerperbemalung-sticks-koerper-tattoo-buntstifte-kit-fuer-kinder-kleinkinder-set-von-16\\\/\",\"url\":\"https:\\\/\\\/marktxxl.de\\\/markt\\\/produkt\\\/karnevalsschminke-kinder-mimoo-16-farben-malen-buntstifte-karneval-ostern-geschenk-ungiftig-koerperbemalung-sticks-koerper-tattoo-buntstifte-kit-fuer-kinder-kleinkinder-set-von-16\\\/\",\"name\":\"Halloween Schminke Kinder - Mimoo 16 Farben Kinderschminke Set, Ungiftig Schminke Halloween Set, Perfekt f\u00fcr Halloween\u2026 - Markt-XXL\",\"isPartOf\":{\"@id\":\"https:\\\/\\\/marktxxl.de\\\/markt\\\/#website\"},\"primaryImageOfPage\":{\"@id\":\"https:\\\/\\\/marktxxl.de\\\/markt\\\/produkt\\\/karnevalsschminke-kinder-mimoo-16-farben-malen-buntstifte-karneval-ostern-geschenk-ungiftig-koerperbemalung-sticks-koerper-tattoo-buntstifte-kit-fuer-kinder-kleinkinder-set-von-16\\\/#primaryimage\"},\"image\":{\"@id\":\"https:\\\/\\\/marktxxl.de\\\/markt\\\/produkt\\\/karnevalsschminke-kinder-mimoo-16-farben-malen-buntstifte-karneval-ostern-geschenk-ungiftig-koerperbemalung-sticks-koerper-tattoo-buntstifte-kit-fuer-kinder-kleinkinder-set-von-16\\\/#primaryimage\"},\"thumbnailUrl\":\"https:\\\/\\\/m.media-amazon.com\\\/images\\\/I\\\/518+aP6nHCL._SL500_.jpg\",\"datePublished\":\"2022-02-26T16:46:00+00:00\",\"dateModified\":\"2023-04-11T01:33:17+00:00\",\"description\":\"Markt-XXL Halloween Schminke Kinder - Mimoo 16 Farben Kinderschminke Set, Ungiftig Schminke Halloween Set, Perfekt f\u00fcr Halloween\u2026\",\"breadcrumb\":{\"@id\":\"https:\\\/\\\/marktxxl.de\\\/markt\\\/produkt\\\/karnevalsschminke-kinder-mimoo-16-farben-malen-buntstifte-karneval-ostern-geschenk-ungiftig-koerperbemalung-sticks-koerper-tattoo-buntstifte-kit-fuer-kinder-kleinkinder-set-von-16\\\/#breadcrumb\"},\"inLanguage\":\"de\",\"potentialAction\":[{\"@type\":\"ReadAction\",\"target\":[\"https:\\\/\\\/marktxxl.de\\\/markt\\\/produkt\\\/karnevalsschminke-kinder-mimoo-16-farben-malen-buntstifte-karneval-ostern-geschenk-ungiftig-koerperbemalung-sticks-koerper-tattoo-buntstifte-kit-fuer-kinder-kleinkinder-set-von-16\\\/\"]}]},{\"@type\":\"ImageObject\",\"inLanguage\":\"de\",\"@id\":\"https:\\\/\\\/marktxxl.de\\\/markt\\\/produkt\\\/karnevalsschminke-kinder-mimoo-16-farben-malen-buntstifte-karneval-ostern-geschenk-ungiftig-koerperbemalung-sticks-koerper-tattoo-buntstifte-kit-fuer-kinder-kleinkinder-set-von-16\\\/#primaryimage\",\"url\":\"https:\\\/\\\/m.media-amazon.com\\\/images\\\/I\\\/518+aP6nHCL._SL500_.jpg\",\"contentUrl\":\"https:\\\/\\\/m.media-amazon.com\\\/images\\\/I\\\/518+aP6nHCL._SL500_.jpg\",\"width\":500,\"height\":417},{\"@type\":\"BreadcrumbList\",\"@id\":\"https:\\\/\\\/marktxxl.de\\\/markt\\\/produkt\\\/karnevalsschminke-kinder-mimoo-16-farben-malen-buntstifte-karneval-ostern-geschenk-ungiftig-koerperbemalung-sticks-koerper-tattoo-buntstifte-kit-fuer-kinder-kleinkinder-set-von-16\\\/#breadcrumb\",\"itemListElement\":[{\"@type\":\"ListItem\",\"position\":1,\"name\":\"Startseite\",\"item\":\"https:\\\/\\\/marktxxl.de\\\/markt\\\/\"},{\"@type\":\"ListItem\",\"position\":2,\"name\":\"Markt\",\"item\":\"https:\\\/\\\/marktxxl.de\\\/markt\\\/\"},{\"@type\":\"ListItem\",\"position\":3,\"name\":\"Halloween Schminke Kinder &#8211; Mimoo 16 Farben Kinderschminke Set, Ungiftig Schminke Halloween Set, Perfekt f\u00fcr Halloween\u2026\"}]},{\"@type\":\"WebSite\",\"@id\":\"https:\\\/\\\/marktxxl.de\\\/markt\\\/#website\",\"url\":\"https:\\\/\\\/marktxxl.de\\\/markt\\\/\",\"name\":\"Markt-XXL\",\"description\":\"Ihr Markt Online\",\"publisher\":{\"@id\":\"https:\\\/\\\/marktxxl.de\\\/markt\\\/#organization\"},\"potentialAction\":[{\"@type\":\"SearchAction\",\"target\":{\"@type\":\"EntryPoint\",\"urlTemplate\":\"https:\\\/\\\/marktxxl.de\\\/markt\\\/?s={search_term_string}\"},\"query-input\":{\"@type\":\"PropertyValueSpecification\",\"valueRequired\":true,\"valueName\":\"search_term_string\"}}],\"inLanguage\":\"de\"},{\"@type\":\"Organization\",\"@id\":\"https:\\\/\\\/marktxxl.de\\\/markt\\\/#organization\",\"name\":\"Markt-XXL\",\"url\":\"https:\\\/\\\/marktxxl.de\\\/markt\\\/\",\"logo\":{\"@type\":\"ImageObject\",\"inLanguage\":\"de\",\"@id\":\"https:\\\/\\\/marktxxl.de\\\/markt\\\/#\\\/schema\\\/logo\\\/image\\\/\",\"url\":\"https:\\\/\\\/marktxxl.de\\\/markt\\\/wp-content\\\/uploads\\\/sites\\\/3\\\/2020\\\/12\\\/logo.png\",\"contentUrl\":\"https:\\\/\\\/marktxxl.de\\\/markt\\\/wp-content\\\/uploads\\\/sites\\\/3\\\/2020\\\/12\\\/logo.png\",\"width\":200,\"height\":70,\"caption\":\"Markt-XXL\"},\"image\":{\"@id\":\"https:\\\/\\\/marktxxl.de\\\/markt\\\/#\\\/schema\\\/logo\\\/image\\\/\"}}]}<\/script>\n<!-- \/ Yoast SEO plugin. -->","yoast_head_json":{"title":"Halloween Schminke Kinder - Mimoo 16 Farben Kinderschminke Set, Ungiftig Schminke Halloween Set, Perfekt f\u00fcr Halloween\u2026 - Markt-XXL","description":"Markt-XXL Halloween Schminke Kinder - Mimoo 16 Farben Kinderschminke Set, Ungiftig Schminke Halloween Set, Perfekt f\u00fcr Halloween\u2026","robots":{"index":"index","follow":"follow","max-snippet":"max-snippet:-1","max-image-preview":"max-image-preview:large","max-video-preview":"max-video-preview:-1"},"canonical":"https:\/\/marktxxl.de\/markt\/produkt\/karnevalsschminke-kinder-mimoo-16-farben-malen-buntstifte-karneval-ostern-geschenk-ungiftig-koerperbemalung-sticks-koerper-tattoo-buntstifte-kit-fuer-kinder-kleinkinder-set-von-16\/","og_locale":"de_DE","og_type":"article","og_title":"Halloween Schminke Kinder - Mimoo 16 Farben Kinderschminke Set, Ungiftig Schminke Halloween Set, Perfekt f\u00fcr Halloween\u2026 - Markt-XXL","og_description":"Markt-XXL Halloween Schminke Kinder - Mimoo 16 Farben Kinderschminke Set, Ungiftig Schminke Halloween Set, Perfekt f\u00fcr Halloween\u2026","og_url":"https:\/\/marktxxl.de\/markt\/produkt\/karnevalsschminke-kinder-mimoo-16-farben-malen-buntstifte-karneval-ostern-geschenk-ungiftig-koerperbemalung-sticks-koerper-tattoo-buntstifte-kit-fuer-kinder-kleinkinder-set-von-16\/","og_site_name":"Markt-XXL","article_modified_time":"2023-04-11T01:33:17+00:00","og_image":[{"width":500,"height":417,"url":"https:\/\/m.media-amazon.com\/images\/I\/518+aP6nHCL._SL500_.jpg","type":"image\/jpeg"}],"twitter_card":"summary_large_image","twitter_misc":{"Gesch\u00e4tzte Lesezeit":"1\u00a0Minute"},"schema":{"@context":"https:\/\/schema.org","@graph":[{"@type":"WebPage","@id":"https:\/\/marktxxl.de\/markt\/produkt\/karnevalsschminke-kinder-mimoo-16-farben-malen-buntstifte-karneval-ostern-geschenk-ungiftig-koerperbemalung-sticks-koerper-tattoo-buntstifte-kit-fuer-kinder-kleinkinder-set-von-16\/","url":"https:\/\/marktxxl.de\/markt\/produkt\/karnevalsschminke-kinder-mimoo-16-farben-malen-buntstifte-karneval-ostern-geschenk-ungiftig-koerperbemalung-sticks-koerper-tattoo-buntstifte-kit-fuer-kinder-kleinkinder-set-von-16\/","name":"Halloween Schminke Kinder - Mimoo 16 Farben Kinderschminke Set, Ungiftig Schminke Halloween Set, Perfekt f\u00fcr Halloween\u2026 - Markt-XXL","isPartOf":{"@id":"https:\/\/marktxxl.de\/markt\/#website"},"primaryImageOfPage":{"@id":"https:\/\/marktxxl.de\/markt\/produkt\/karnevalsschminke-kinder-mimoo-16-farben-malen-buntstifte-karneval-ostern-geschenk-ungiftig-koerperbemalung-sticks-koerper-tattoo-buntstifte-kit-fuer-kinder-kleinkinder-set-von-16\/#primaryimage"},"image":{"@id":"https:\/\/marktxxl.de\/markt\/produkt\/karnevalsschminke-kinder-mimoo-16-farben-malen-buntstifte-karneval-ostern-geschenk-ungiftig-koerperbemalung-sticks-koerper-tattoo-buntstifte-kit-fuer-kinder-kleinkinder-set-von-16\/#primaryimage"},"thumbnailUrl":"https:\/\/m.media-amazon.com\/images\/I\/518+aP6nHCL._SL500_.jpg","datePublished":"2022-02-26T16:46:00+00:00","dateModified":"2023-04-11T01:33:17+00:00","description":"Markt-XXL Halloween Schminke Kinder - Mimoo 16 Farben Kinderschminke Set, Ungiftig Schminke Halloween Set, Perfekt f\u00fcr Halloween\u2026","breadcrumb":{"@id":"https:\/\/marktxxl.de\/markt\/produkt\/karnevalsschminke-kinder-mimoo-16-farben-malen-buntstifte-karneval-ostern-geschenk-ungiftig-koerperbemalung-sticks-koerper-tattoo-buntstifte-kit-fuer-kinder-kleinkinder-set-von-16\/#breadcrumb"},"inLanguage":"de","potentialAction":[{"@type":"ReadAction","target":["https:\/\/marktxxl.de\/markt\/produkt\/karnevalsschminke-kinder-mimoo-16-farben-malen-buntstifte-karneval-ostern-geschenk-ungiftig-koerperbemalung-sticks-koerper-tattoo-buntstifte-kit-fuer-kinder-kleinkinder-set-von-16\/"]}]},{"@type":"ImageObject","inLanguage":"de","@id":"https:\/\/marktxxl.de\/markt\/produkt\/karnevalsschminke-kinder-mimoo-16-farben-malen-buntstifte-karneval-ostern-geschenk-ungiftig-koerperbemalung-sticks-koerper-tattoo-buntstifte-kit-fuer-kinder-kleinkinder-set-von-16\/#primaryimage","url":"https:\/\/m.media-amazon.com\/images\/I\/518+aP6nHCL._SL500_.jpg","contentUrl":"https:\/\/m.media-amazon.com\/images\/I\/518+aP6nHCL._SL500_.jpg","width":500,"height":417},{"@type":"BreadcrumbList","@id":"https:\/\/marktxxl.de\/markt\/produkt\/karnevalsschminke-kinder-mimoo-16-farben-malen-buntstifte-karneval-ostern-geschenk-ungiftig-koerperbemalung-sticks-koerper-tattoo-buntstifte-kit-fuer-kinder-kleinkinder-set-von-16\/#breadcrumb","itemListElement":[{"@type":"ListItem","position":1,"name":"Startseite","item":"https:\/\/marktxxl.de\/markt\/"},{"@type":"ListItem","position":2,"name":"Markt","item":"https:\/\/marktxxl.de\/markt\/"},{"@type":"ListItem","position":3,"name":"Halloween Schminke Kinder &#8211; Mimoo 16 Farben Kinderschminke Set, Ungiftig Schminke Halloween Set, Perfekt f\u00fcr Halloween\u2026"}]},{"@type":"WebSite","@id":"https:\/\/marktxxl.de\/markt\/#website","url":"https:\/\/marktxxl.de\/markt\/","name":"Markt-XXL","description":"Ihr Markt Online","publisher":{"@id":"https:\/\/marktxxl.de\/markt\/#organization"},"potentialAction":[{"@type":"SearchAction","target":{"@type":"EntryPoint","urlTemplate":"https:\/\/marktxxl.de\/markt\/?s={search_term_string}"},"query-input":{"@type":"PropertyValueSpecification","valueRequired":true,"valueName":"search_term_string"}}],"inLanguage":"de"},{"@type":"Organization","@id":"https:\/\/marktxxl.de\/markt\/#organization","name":"Markt-XXL","url":"https:\/\/marktxxl.de\/markt\/","logo":{"@type":"ImageObject","inLanguage":"de","@id":"https:\/\/marktxxl.de\/markt\/#\/schema\/logo\/image\/","url":"https:\/\/marktxxl.de\/markt\/wp-content\/uploads\/sites\/3\/2020\/12\/logo.png","contentUrl":"https:\/\/marktxxl.de\/markt\/wp-content\/uploads\/sites\/3\/2020\/12\/logo.png","width":200,"height":70,"caption":"Markt-XXL"},"image":{"@id":"https:\/\/marktxxl.de\/markt\/#\/schema\/logo\/image\/"}}]}},"_links":{"self":[{"href":"https:\/\/marktxxl.de\/markt\/wp-json\/wp\/v2\/product\/107875","targetHints":{"allow":["GET"]}}],"collection":[{"href":"https:\/\/marktxxl.de\/markt\/wp-json\/wp\/v2\/product"}],"about":[{"href":"https:\/\/marktxxl.de\/markt\/wp-json\/wp\/v2\/types\/product"}],"replies":[{"embeddable":true,"href":"https:\/\/marktxxl.de\/markt\/wp-json\/wp\/v2\/comments?post=107875"}],"wp:featuredmedia":[{"embeddable":true,"href":"https:\/\/marktxxl.de\/markt\/wp-json\/wp\/v2\/media\/107876"}],"wp:attachment":[{"href":"https:\/\/marktxxl.de\/markt\/wp-json\/wp\/v2\/media?parent=107875"}],"wp:term":[{"taxonomy":"product_brand","embeddable":true,"href":"https:\/\/marktxxl.de\/markt\/wp-json\/wp\/v2\/product_brand?post=107875"},{"taxonomy":"product_cat","embeddable":true,"href":"https:\/\/marktxxl.de\/markt\/wp-json\/wp\/v2\/product_cat?post=107875"},{"taxonomy":"product_tag","embeddable":true,"href":"https:\/\/marktxxl.de\/markt\/wp-json\/wp\/v2\/product_tag?post=107875"}],"curies":[{"name":"wp","href":"https:\/\/api.w.org\/{rel}","templated":true}]}}