{"id":107508,"date":"2022-02-26T16:45:51","date_gmt":"2022-02-26T15:45:51","guid":{"rendered":"https:\/\/marktxxl.de\/markt\/produkt\/byxas-waermflasche-mit-einschubtasche\/"},"modified":"2023-04-10T03:32:57","modified_gmt":"2023-04-10T01:32:57","slug":"byxas-waermflasche-mit-einschubtasche","status":"publish","type":"product","link":"https:\/\/marktxxl.de\/markt\/produkt\/byxas-waermflasche-mit-einschubtasche\/","title":{"rendered":"BYXAS W\u00e4rmflasche mit Bezug- 2.0L W\u00e4rmflaschen Auslaufsicher, Bettflasche mit Superweichem Abnehmbaren Bezug, Hand\u2026"},"content":{"rendered":"<p>Professionelles Material: geruchloses und recyclebares thermoplastisches Material. Diese Art von thermoplastischem Material kann die W\u00e4rme l\u00e4nger speichern als eine herk\u00f6mmliche Hei\u00dfwasserflasche. Kann als Eisbeutel oder eine Flasche kalt verwendet werden. Bitte beachten Sie, dass dieser nicht zum Erw\u00e4rmen der Mikrowelle geeignet ist.<br \/>\nSicher und einfach zu bedienen: Die W\u00e4rmflasche ist explosionssicher, auslaufsicher, gut f\u00fcr den t\u00e4glichen Gebrauch. Schwangere Frauen und Kinder k\u00f6nnen es sicher verwenden, da es geruchlos ist. Bitte f\u00fcllen Sie nur zwei Drittel Wasser in 80 Grad.<br \/>\nProduktmerkmale: Die W\u00e4rmflasche wurde innerhalb von 24 Stunden vor dem Verlassen der Fabrik durchgef\u00fchrt. Dar\u00fcber hinaus kann das Produkt die W\u00e4rme f\u00fcr eine extra lange Zeit speichern. Die geriffelte Au\u00dfenfl\u00e4che hilft, die Temperatur des<br \/>\n[Besser Assistent] &#8212; Diese W\u00e4rmflasche kann Gelenkerkrankungen, Muskelschmerzen, Erk\u00e4ltung und Husten, Dysmenorrea und andere \u00fcbliche Schmerzen lindern. Es kann auch eine kalte Kompresse f\u00fcr Menschen mit Fieber oder zur Reduzierung von Schwellungen bei kleinen Verletzungen sein.<br \/>\n[100% Zufriedenheitsgarantie] &#8212; Sie k\u00f6nnen das Produkt und die Verpackung ohne Grund innerhalb von 30 Tagen zur\u00fcckgeben. Wir bieten Ihnen auch 1 Jahr Garantie in Bezug auf Qualit\u00e4tsprobleme an. Eventuelle Probleme k\u00f6nnen per E-Mail kontaktiert werden.<br \/>\n<div class=\"main-cross-sell\" data-asin=\"B08P9NVFCF\">\n\n\t<div class=\"WooZone-cross-sell-loader\">\n\t\t<div>\n\t\t\t<div id=\"floatingBarsG\">\n\t\t\t\t<div class=\"blockG\" id=\"rotateG_01\"><\/div>\n\t\t\t\t<div class=\"blockG\" id=\"rotateG_02\"><\/div>\n\t\t\t\t<div class=\"blockG\" id=\"rotateG_03\"><\/div>\n\t\t\t\t<div class=\"blockG\" id=\"rotateG_04\"><\/div>\n\t\t\t\t<div class=\"blockG\" id=\"rotateG_05\"><\/div>\n\t\t\t\t<div class=\"blockG\" id=\"rotateG_06\"><\/div>\n\t\t\t\t<div class=\"blockG\" id=\"rotateG_07\"><\/div>\n\t\t\t\t<div class=\"blockG\" id=\"rotateG_08\"><\/div>\n\t\t\t<\/div>\n\t\t\t<div class=\"WooZone-cross-sell-loader-text\"><\/div>\n\t\t<\/div>\n\t<\/div>\n\n\t\t\n<\/div>\n<div style=\"clear:both;\"><\/div><\/p>\n","protected":false},"excerpt":{"rendered":"<p>Professionelles Material: geruchloses und recyclebares thermoplastisches Material. Diese Art von thermoplastischem Material kann die W\u00e4rme l\u00e4nger speichern als eine herk\u00f6mmliche Hei\u00dfwasserflasche. Kann als Eisbeutel oder eine Flasche kalt verwendet werden. Bitte beachten Sie, dass dieser nicht zum Erw\u00e4rmen der Mikrowelle geeignet ist.<br \/>\nSicher und einfach zu bedienen: Die W\u00e4rmflasche ist explosionssicher, auslaufsicher, gut f\u00fcr den t\u00e4glichen Gebrauch. Schwangere Frauen und Kinder k\u00f6nnen es sicher verwenden, da es geruchlos ist. Bitte f\u00fcllen Sie nur zwei Drittel Wasser in 80 Grad.<br \/>\nProduktmerkmale: Die W\u00e4rmflasche wurde innerhalb von 24 Stunden vor dem Verlassen der Fabrik durchgef\u00fchrt. Dar\u00fcber hinaus kann das Produkt die W\u00e4rme f\u00fcr eine extra lange Zeit speichern. Die geriffelte Au\u00dfenfl\u00e4che hilft, die Temperatur des<\/p>\n","protected":false},"featured_media":107509,"comment_status":"open","ping_status":"closed","template":"","meta":[],"product_brand":[],"product_cat":[566,6496],"product_tag":[],"class_list":{"0":"post-107508","1":"product","2":"type-product","3":"status-publish","4":"has-post-thumbnail","6":"product_cat-drogerie-koerperpflege","7":"product_cat-wellness","8":"pa_brand-byxas","9":"pa_manufacturer-byxas","11":"first","12":"instock","13":"shipping-taxable","14":"purchasable","15":"product-type-simple","16":"customify-col","17":"product-has-gallery"},"yoast_head":"<!-- This site is optimized with the Yoast SEO plugin v27.3 - https:\/\/yoast.com\/product\/yoast-seo-wordpress\/ -->\n<title>BYXAS W\u00e4rmflasche mit Bezug- 2.0L W\u00e4rmflaschen Auslaufsicher, Bettflasche mit Superweichem Abnehmbaren Bezug, Hand\u2026 - Markt-XXL<\/title>\n<meta name=\"description\" content=\"Markt-XXL BYXAS W\u00e4rmflasche mit Bezug- 2.0L W\u00e4rmflaschen Auslaufsicher, Bettflasche mit Superweichem Abnehmbaren Bezug, Hand\u2026\" \/>\n<meta name=\"robots\" content=\"index, follow, max-snippet:-1, max-image-preview:large, max-video-preview:-1\" \/>\n<link rel=\"canonical\" href=\"https:\/\/marktxxl.de\/markt\/produkt\/byxas-waermflasche-mit-einschubtasche\/\" \/>\n<meta property=\"og:locale\" content=\"de_DE\" \/>\n<meta property=\"og:type\" content=\"article\" \/>\n<meta property=\"og:title\" content=\"BYXAS W\u00e4rmflasche mit Bezug- 2.0L W\u00e4rmflaschen Auslaufsicher, Bettflasche mit Superweichem Abnehmbaren Bezug, Hand\u2026 - Markt-XXL\" \/>\n<meta property=\"og:description\" content=\"Markt-XXL BYXAS W\u00e4rmflasche mit Bezug- 2.0L W\u00e4rmflaschen Auslaufsicher, Bettflasche mit Superweichem Abnehmbaren Bezug, Hand\u2026\" \/>\n<meta property=\"og:url\" content=\"https:\/\/marktxxl.de\/markt\/produkt\/byxas-waermflasche-mit-einschubtasche\/\" \/>\n<meta property=\"og:site_name\" content=\"Markt-XXL\" \/>\n<meta property=\"article:modified_time\" content=\"2023-04-10T01:32:57+00:00\" \/>\n<meta property=\"og:image\" content=\"https:\/\/m.media-amazon.com\/images\/I\/41Jo-8koYPL._SL500_.jpg\" \/>\n\t<meta property=\"og:image:width\" content=\"500\" \/>\n\t<meta property=\"og:image:height\" content=\"500\" \/>\n\t<meta property=\"og:image:type\" content=\"image\/jpeg\" \/>\n<meta name=\"twitter:card\" content=\"summary_large_image\" \/>\n<meta name=\"twitter:label1\" content=\"Gesch\u00e4tzte Lesezeit\" \/>\n\t<meta name=\"twitter:data1\" content=\"1\u00a0Minute\" \/>\n<script type=\"application\/ld+json\" class=\"yoast-schema-graph\">{\"@context\":\"https:\\\/\\\/schema.org\",\"@graph\":[{\"@type\":\"WebPage\",\"@id\":\"https:\\\/\\\/marktxxl.de\\\/markt\\\/produkt\\\/byxas-waermflasche-mit-einschubtasche\\\/\",\"url\":\"https:\\\/\\\/marktxxl.de\\\/markt\\\/produkt\\\/byxas-waermflasche-mit-einschubtasche\\\/\",\"name\":\"BYXAS W\u00e4rmflasche mit Bezug- 2.0L W\u00e4rmflaschen Auslaufsicher, Bettflasche mit Superweichem Abnehmbaren Bezug, Hand\u2026 - Markt-XXL\",\"isPartOf\":{\"@id\":\"https:\\\/\\\/marktxxl.de\\\/markt\\\/#website\"},\"primaryImageOfPage\":{\"@id\":\"https:\\\/\\\/marktxxl.de\\\/markt\\\/produkt\\\/byxas-waermflasche-mit-einschubtasche\\\/#primaryimage\"},\"image\":{\"@id\":\"https:\\\/\\\/marktxxl.de\\\/markt\\\/produkt\\\/byxas-waermflasche-mit-einschubtasche\\\/#primaryimage\"},\"thumbnailUrl\":\"https:\\\/\\\/m.media-amazon.com\\\/images\\\/I\\\/41Jo-8koYPL._SL500_.jpg\",\"datePublished\":\"2022-02-26T15:45:51+00:00\",\"dateModified\":\"2023-04-10T01:32:57+00:00\",\"description\":\"Markt-XXL BYXAS W\u00e4rmflasche mit Bezug- 2.0L W\u00e4rmflaschen Auslaufsicher, Bettflasche mit Superweichem Abnehmbaren Bezug, Hand\u2026\",\"breadcrumb\":{\"@id\":\"https:\\\/\\\/marktxxl.de\\\/markt\\\/produkt\\\/byxas-waermflasche-mit-einschubtasche\\\/#breadcrumb\"},\"inLanguage\":\"de\",\"potentialAction\":[{\"@type\":\"ReadAction\",\"target\":[\"https:\\\/\\\/marktxxl.de\\\/markt\\\/produkt\\\/byxas-waermflasche-mit-einschubtasche\\\/\"]}]},{\"@type\":\"ImageObject\",\"inLanguage\":\"de\",\"@id\":\"https:\\\/\\\/marktxxl.de\\\/markt\\\/produkt\\\/byxas-waermflasche-mit-einschubtasche\\\/#primaryimage\",\"url\":\"https:\\\/\\\/m.media-amazon.com\\\/images\\\/I\\\/41Jo-8koYPL._SL500_.jpg\",\"contentUrl\":\"https:\\\/\\\/m.media-amazon.com\\\/images\\\/I\\\/41Jo-8koYPL._SL500_.jpg\",\"width\":500,\"height\":500},{\"@type\":\"BreadcrumbList\",\"@id\":\"https:\\\/\\\/marktxxl.de\\\/markt\\\/produkt\\\/byxas-waermflasche-mit-einschubtasche\\\/#breadcrumb\",\"itemListElement\":[{\"@type\":\"ListItem\",\"position\":1,\"name\":\"Startseite\",\"item\":\"https:\\\/\\\/marktxxl.de\\\/markt\\\/\"},{\"@type\":\"ListItem\",\"position\":2,\"name\":\"Markt\",\"item\":\"https:\\\/\\\/marktxxl.de\\\/markt\\\/\"},{\"@type\":\"ListItem\",\"position\":3,\"name\":\"BYXAS W\u00e4rmflasche mit Bezug- 2.0L W\u00e4rmflaschen Auslaufsicher, Bettflasche mit Superweichem Abnehmbaren Bezug, Hand\u2026\"}]},{\"@type\":\"WebSite\",\"@id\":\"https:\\\/\\\/marktxxl.de\\\/markt\\\/#website\",\"url\":\"https:\\\/\\\/marktxxl.de\\\/markt\\\/\",\"name\":\"Markt-XXL\",\"description\":\"Ihr Markt Online\",\"publisher\":{\"@id\":\"https:\\\/\\\/marktxxl.de\\\/markt\\\/#organization\"},\"potentialAction\":[{\"@type\":\"SearchAction\",\"target\":{\"@type\":\"EntryPoint\",\"urlTemplate\":\"https:\\\/\\\/marktxxl.de\\\/markt\\\/?s={search_term_string}\"},\"query-input\":{\"@type\":\"PropertyValueSpecification\",\"valueRequired\":true,\"valueName\":\"search_term_string\"}}],\"inLanguage\":\"de\"},{\"@type\":\"Organization\",\"@id\":\"https:\\\/\\\/marktxxl.de\\\/markt\\\/#organization\",\"name\":\"Markt-XXL\",\"url\":\"https:\\\/\\\/marktxxl.de\\\/markt\\\/\",\"logo\":{\"@type\":\"ImageObject\",\"inLanguage\":\"de\",\"@id\":\"https:\\\/\\\/marktxxl.de\\\/markt\\\/#\\\/schema\\\/logo\\\/image\\\/\",\"url\":\"https:\\\/\\\/marktxxl.de\\\/markt\\\/wp-content\\\/uploads\\\/sites\\\/3\\\/2020\\\/12\\\/logo.png\",\"contentUrl\":\"https:\\\/\\\/marktxxl.de\\\/markt\\\/wp-content\\\/uploads\\\/sites\\\/3\\\/2020\\\/12\\\/logo.png\",\"width\":200,\"height\":70,\"caption\":\"Markt-XXL\"},\"image\":{\"@id\":\"https:\\\/\\\/marktxxl.de\\\/markt\\\/#\\\/schema\\\/logo\\\/image\\\/\"}}]}<\/script>\n<!-- \/ Yoast SEO plugin. -->","yoast_head_json":{"title":"BYXAS W\u00e4rmflasche mit Bezug- 2.0L W\u00e4rmflaschen Auslaufsicher, Bettflasche mit Superweichem Abnehmbaren Bezug, Hand\u2026 - Markt-XXL","description":"Markt-XXL BYXAS W\u00e4rmflasche mit Bezug- 2.0L W\u00e4rmflaschen Auslaufsicher, Bettflasche mit Superweichem Abnehmbaren Bezug, Hand\u2026","robots":{"index":"index","follow":"follow","max-snippet":"max-snippet:-1","max-image-preview":"max-image-preview:large","max-video-preview":"max-video-preview:-1"},"canonical":"https:\/\/marktxxl.de\/markt\/produkt\/byxas-waermflasche-mit-einschubtasche\/","og_locale":"de_DE","og_type":"article","og_title":"BYXAS W\u00e4rmflasche mit Bezug- 2.0L W\u00e4rmflaschen Auslaufsicher, Bettflasche mit Superweichem Abnehmbaren Bezug, Hand\u2026 - Markt-XXL","og_description":"Markt-XXL BYXAS W\u00e4rmflasche mit Bezug- 2.0L W\u00e4rmflaschen Auslaufsicher, Bettflasche mit Superweichem Abnehmbaren Bezug, Hand\u2026","og_url":"https:\/\/marktxxl.de\/markt\/produkt\/byxas-waermflasche-mit-einschubtasche\/","og_site_name":"Markt-XXL","article_modified_time":"2023-04-10T01:32:57+00:00","og_image":[{"width":500,"height":500,"url":"https:\/\/m.media-amazon.com\/images\/I\/41Jo-8koYPL._SL500_.jpg","type":"image\/jpeg"}],"twitter_card":"summary_large_image","twitter_misc":{"Gesch\u00e4tzte Lesezeit":"1\u00a0Minute"},"schema":{"@context":"https:\/\/schema.org","@graph":[{"@type":"WebPage","@id":"https:\/\/marktxxl.de\/markt\/produkt\/byxas-waermflasche-mit-einschubtasche\/","url":"https:\/\/marktxxl.de\/markt\/produkt\/byxas-waermflasche-mit-einschubtasche\/","name":"BYXAS W\u00e4rmflasche mit Bezug- 2.0L W\u00e4rmflaschen Auslaufsicher, Bettflasche mit Superweichem Abnehmbaren Bezug, Hand\u2026 - Markt-XXL","isPartOf":{"@id":"https:\/\/marktxxl.de\/markt\/#website"},"primaryImageOfPage":{"@id":"https:\/\/marktxxl.de\/markt\/produkt\/byxas-waermflasche-mit-einschubtasche\/#primaryimage"},"image":{"@id":"https:\/\/marktxxl.de\/markt\/produkt\/byxas-waermflasche-mit-einschubtasche\/#primaryimage"},"thumbnailUrl":"https:\/\/m.media-amazon.com\/images\/I\/41Jo-8koYPL._SL500_.jpg","datePublished":"2022-02-26T15:45:51+00:00","dateModified":"2023-04-10T01:32:57+00:00","description":"Markt-XXL BYXAS W\u00e4rmflasche mit Bezug- 2.0L W\u00e4rmflaschen Auslaufsicher, Bettflasche mit Superweichem Abnehmbaren Bezug, Hand\u2026","breadcrumb":{"@id":"https:\/\/marktxxl.de\/markt\/produkt\/byxas-waermflasche-mit-einschubtasche\/#breadcrumb"},"inLanguage":"de","potentialAction":[{"@type":"ReadAction","target":["https:\/\/marktxxl.de\/markt\/produkt\/byxas-waermflasche-mit-einschubtasche\/"]}]},{"@type":"ImageObject","inLanguage":"de","@id":"https:\/\/marktxxl.de\/markt\/produkt\/byxas-waermflasche-mit-einschubtasche\/#primaryimage","url":"https:\/\/m.media-amazon.com\/images\/I\/41Jo-8koYPL._SL500_.jpg","contentUrl":"https:\/\/m.media-amazon.com\/images\/I\/41Jo-8koYPL._SL500_.jpg","width":500,"height":500},{"@type":"BreadcrumbList","@id":"https:\/\/marktxxl.de\/markt\/produkt\/byxas-waermflasche-mit-einschubtasche\/#breadcrumb","itemListElement":[{"@type":"ListItem","position":1,"name":"Startseite","item":"https:\/\/marktxxl.de\/markt\/"},{"@type":"ListItem","position":2,"name":"Markt","item":"https:\/\/marktxxl.de\/markt\/"},{"@type":"ListItem","position":3,"name":"BYXAS W\u00e4rmflasche mit Bezug- 2.0L W\u00e4rmflaschen Auslaufsicher, Bettflasche mit Superweichem Abnehmbaren Bezug, Hand\u2026"}]},{"@type":"WebSite","@id":"https:\/\/marktxxl.de\/markt\/#website","url":"https:\/\/marktxxl.de\/markt\/","name":"Markt-XXL","description":"Ihr Markt Online","publisher":{"@id":"https:\/\/marktxxl.de\/markt\/#organization"},"potentialAction":[{"@type":"SearchAction","target":{"@type":"EntryPoint","urlTemplate":"https:\/\/marktxxl.de\/markt\/?s={search_term_string}"},"query-input":{"@type":"PropertyValueSpecification","valueRequired":true,"valueName":"search_term_string"}}],"inLanguage":"de"},{"@type":"Organization","@id":"https:\/\/marktxxl.de\/markt\/#organization","name":"Markt-XXL","url":"https:\/\/marktxxl.de\/markt\/","logo":{"@type":"ImageObject","inLanguage":"de","@id":"https:\/\/marktxxl.de\/markt\/#\/schema\/logo\/image\/","url":"https:\/\/marktxxl.de\/markt\/wp-content\/uploads\/sites\/3\/2020\/12\/logo.png","contentUrl":"https:\/\/marktxxl.de\/markt\/wp-content\/uploads\/sites\/3\/2020\/12\/logo.png","width":200,"height":70,"caption":"Markt-XXL"},"image":{"@id":"https:\/\/marktxxl.de\/markt\/#\/schema\/logo\/image\/"}}]}},"_links":{"self":[{"href":"https:\/\/marktxxl.de\/markt\/wp-json\/wp\/v2\/product\/107508","targetHints":{"allow":["GET"]}}],"collection":[{"href":"https:\/\/marktxxl.de\/markt\/wp-json\/wp\/v2\/product"}],"about":[{"href":"https:\/\/marktxxl.de\/markt\/wp-json\/wp\/v2\/types\/product"}],"replies":[{"embeddable":true,"href":"https:\/\/marktxxl.de\/markt\/wp-json\/wp\/v2\/comments?post=107508"}],"wp:featuredmedia":[{"embeddable":true,"href":"https:\/\/marktxxl.de\/markt\/wp-json\/wp\/v2\/media\/107509"}],"wp:attachment":[{"href":"https:\/\/marktxxl.de\/markt\/wp-json\/wp\/v2\/media?parent=107508"}],"wp:term":[{"taxonomy":"product_brand","embeddable":true,"href":"https:\/\/marktxxl.de\/markt\/wp-json\/wp\/v2\/product_brand?post=107508"},{"taxonomy":"product_cat","embeddable":true,"href":"https:\/\/marktxxl.de\/markt\/wp-json\/wp\/v2\/product_cat?post=107508"},{"taxonomy":"product_tag","embeddable":true,"href":"https:\/\/marktxxl.de\/markt\/wp-json\/wp\/v2\/product_tag?post=107508"}],"curies":[{"name":"wp","href":"https:\/\/api.w.org\/{rel}","templated":true}]}}