{"id":107236,"date":"2022-02-26T16:34:22","date_gmt":"2022-02-26T15:34:22","guid":{"rendered":"https:\/\/marktxxl.de\/markt\/produkt\/foretoy-schlafmaske-fuer-frauen-herren-3d-konturierte-schalen-augenmaske-100-lichtblockierende-schlafbrille-augenbinde-weich-und-bequem-schwarz-schlafmaske-fuer-nickerchen-reisen-schichtarbeit\/"},"modified":"2023-04-10T03:32:49","modified_gmt":"2023-04-10T01:32:49","slug":"foretoy-schlafmaske-fuer-frauen-herren-3d-konturierte-schalen-augenmaske-100-lichtblockierende-schlafbrille-augenbinde-weich-und-bequem-schwarz-schlafmaske-fuer-nickerchen-reisen-schichtarbeit","status":"publish","type":"product","link":"https:\/\/marktxxl.de\/markt\/produkt\/foretoy-schlafmaske-fuer-frauen-herren-3d-konturierte-schalen-augenmaske-100-lichtblockierende-schlafbrille-augenbinde-weich-und-bequem-schwarz-schlafmaske-fuer-nickerchen-reisen-schichtarbeit\/","title":{"rendered":"FORETOY Schlafmaske f\u00fcr Frauen Herren, 3D Konturierte Schalen Augenmaske, 100% lichtblockierende Schlafbrille Augenbinde\u2026"},"content":{"rendered":"<p>\ud83c\udf12\u3010\ud835\udddb\ud835\uddfc\ud835\uddf0\ud835\uddf5\ud835\ude04\ud835\uddf2\ud835\uddff\ud835\ude01\ud835\uddf6\ud835\uddf4\ud835\uddf2\ud835\ude00 \ud835\udde0\ud835\uddee\ud835\ude01\ud835\uddf2\ud835\uddff\ud835\uddf6\ud835\uddee\ud835\uddf9\u3011 Die FORETOY schlafmaske besteht aus Memory-Schaum mit geringem R\u00fcckprall, einem superweichen und bequemen Stoff.<br \/>\n\u2728\u3010\ud835\udfef\ud835\uddd7-\ud835\uddd7\ud835\uddf2\ud835\ude00\ud835\uddf6\ud835\uddf4\ud835\uddfb\u3011 Der Augenraum ist breiter und tiefer als bei anderen flachen Augenmasken (Seidenaugenmasken dr\u00fccken die Augen), wodurch der Druck beim Tragen von Augenmasken f\u00fcr lange Zeit verringert wird.<br \/>\n\ud83c\udf11\u3010\ud835\udfed\ud835\udfec\ud835\udfec% \ud835\udddf\ud835\uddf6\ud835\uddf0\ud835\uddf5\ud835\ude01-\ud835\uddd5\ud835\uddf9\ud835\uddfc\ud835\uddf0\ud835\uddf8\ud835\uddf6\ud835\uddf2\ud835\uddff\ud835\ude02\ud835\uddfb\ud835\uddf4\u3011 Nach langj\u00e4hriger Forschung und Daten haben wir eine ergonomische Schlafaugenmaske entwickelt, die die Beschattung um 98.6% erh\u00f6hen kann, das Licht unter der Nase effektiv blockiert und vollst\u00e4ndige Dunkelheit erreicht.<br \/>\n\ud83c\udf1f\u3010\ud835\udde9\ud835\uddf2\ud835\uddff\ud835\uddef\ud835\uddf2\ud835\ude00\ud835\ude00\ud835\uddf2\ud835\uddff\ud835\ude01\ud835\uddf2\ud835\uddff \ud835\ude03\ud835\uddf2\ud835\uddff\ud835\ude00\ud835\ude01\ud835\uddf2\ud835\uddf9\ud835\uddf9\ud835\uddef\ud835\uddee\ud835\uddff\ud835\uddf2\ud835\uddff \ud835\udde5\ud835\uddf6\ud835\uddf2\ud835\uddfa\ud835\uddf2\ud835\uddfb\u3011 f\u00fcr verschiedene Kopfumf\u00e4nge geeignet, in verschiedenen L\u00e4ngen verstellbar und einfach einzustellen, ohne die Haare einzuklemmen. Geeignet f\u00fcr Frauen \/Herren\/Kinder.<br \/>\n\ud83c\udf1b\u3010\ud835\uddd4\ud835\uddfb\ud835\ude04\ud835\uddf2\ud835\uddfb\ud835\uddf1\ud835\ude02\ud835\uddfb\ud835\uddf4\ud835\ude00\ud835\uddef\ud835\uddf2\ud835\uddff\ud835\uddf2\ud835\uddf6\ud835\uddf0\ud835\uddf5\u3011 Unsere schlafmaske eignet sich sehr gut f\u00fcr Meditation, Yoga, Reisen, Nickerchen und Schlaflosigkeit. Geeignet f\u00fcr verschiedene Anl\u00e4sse wie Indoor, Outdoor und Camping.<br \/>\n\ud83d\udcab\u3010\ud835\udddb\ud835\uddf6\ud835\uddfb\ud835\ude04\ud835\uddf2\ud835\uddf6\ud835\ude00\u3011 Um das Produkt haltbarer und stabiler zu machen, empfehlen wir dringend: Vor dem Tragen mit klarem Wasser von Hand waschen und dann an der Luft trocknen, nicht auswringen. Verwenden Sie nicht die Mikrowelle oder den Trockner zum Trocknen.<br \/>\n\ud83c\udf1c\u3010\ud835\udded\ud835\ude02\ud835\uddf3\ud835\uddff\ud835\uddf6\ud835\uddf2\ud835\uddf1\ud835\uddf2\ud835\uddfb\ud835\uddf5\ud835\uddf2\ud835\uddf6\ud835\ude01\ud835\ude00\ud835\uddf4\ud835\uddee\ud835\uddff\ud835\uddee\ud835\uddfb\ud835\ude01\ud835\uddf6\ud835\uddf2\u3011Ein guter Schlaf ist definitiv das beste Geschenk f\u00fcr Familie und Freunde. Wir bieten lebenslangen R\u00fcckgabe- und Umtauschservice sowie einen 24-Stunden-Kundenservice. Wenn Sie mit unserer FORETOY Schlafaugenmaske nicht zufrieden sind, k\u00f6nnen Sie sich gerne an uns wenden!<br \/>\n<div class=\"main-cross-sell\" data-asin=\"B09HZM55XV\">\n\n\t<div class=\"WooZone-cross-sell-loader\">\n\t\t<div>\n\t\t\t<div id=\"floatingBarsG\">\n\t\t\t\t<div class=\"blockG\" id=\"rotateG_01\"><\/div>\n\t\t\t\t<div class=\"blockG\" id=\"rotateG_02\"><\/div>\n\t\t\t\t<div class=\"blockG\" id=\"rotateG_03\"><\/div>\n\t\t\t\t<div class=\"blockG\" id=\"rotateG_04\"><\/div>\n\t\t\t\t<div class=\"blockG\" id=\"rotateG_05\"><\/div>\n\t\t\t\t<div class=\"blockG\" id=\"rotateG_06\"><\/div>\n\t\t\t\t<div class=\"blockG\" id=\"rotateG_07\"><\/div>\n\t\t\t\t<div class=\"blockG\" id=\"rotateG_08\"><\/div>\n\t\t\t<\/div>\n\t\t\t<div class=\"WooZone-cross-sell-loader-text\"><\/div>\n\t\t<\/div>\n\t<\/div>\n\n\t\t\n<\/div>\n<div style=\"clear:both;\"><\/div><\/p>\n","protected":false},"excerpt":{"rendered":"<p>\ud83c\udf12\u3010\ud835\udddb\ud835\uddfc\ud835\uddf0\ud835\uddf5\ud835\ude04\ud835\uddf2\ud835\uddff\ud835\ude01\ud835\uddf6\ud835\uddf4\ud835\uddf2\ud835\ude00 \ud835\udde0\ud835\uddee\ud835\ude01\ud835\uddf2\ud835\uddff\ud835\uddf6\ud835\uddee\ud835\uddf9\u3011 Die FORETOY schlafmaske besteht aus Memory-Schaum mit geringem R\u00fcckprall, einem superweichen und bequemen Stoff.<br \/>\n\u2728\u3010\ud835\udfef\ud835\uddd7-\ud835\uddd7\ud835\uddf2\ud835\ude00\ud835\uddf6\ud835\uddf4\ud835\uddfb\u3011 Der Augenraum ist breiter und tiefer als bei anderen flachen Augenmasken (Seidenaugenmasken dr\u00fccken die Augen), wodurch der Druck beim Tragen von Augenmasken f\u00fcr lange Zeit verringert wird.<br \/>\n\ud83c\udf11\u3010\ud835\udfed\ud835\udfec\ud835\udfec% \ud835\udddf\ud835\uddf6\ud835\uddf0\ud835\uddf5\ud835\ude01-\ud835\uddd5\ud835\uddf9\ud835\uddfc\ud835\uddf0\ud835\uddf8\ud835\uddf6\ud835\uddf2\ud835\uddff\ud835\ude02\ud835\uddfb\ud835\uddf4\u3011 Nach langj\u00e4hriger Forschung und Daten haben wir eine ergonomische Schlafaugenmaske entwickelt, die die Beschattung um 98.6% erh\u00f6hen kann, das Licht unter der Nase effektiv blockiert und vollst\u00e4ndige Dunkelheit erreicht.<\/p>\n","protected":false},"featured_media":107237,"comment_status":"open","ping_status":"closed","template":"","meta":[],"product_brand":[],"product_cat":[566,5846],"product_tag":[],"class_list":{"0":"post-107236","1":"product","2":"type-product","3":"status-publish","4":"has-post-thumbnail","6":"product_cat-drogerie-koerperpflege","7":"product_cat-medizin-erste-hilfe","8":"pa_brand-foretoy","9":"pa_manufacturer-foretoy","11":"first","12":"instock","13":"shipping-taxable","14":"purchasable","15":"product-type-simple","16":"customify-col","17":"product-has-gallery"},"yoast_head":"<!-- This site is optimized with the Yoast SEO plugin v27.4 - https:\/\/yoast.com\/product\/yoast-seo-wordpress\/ -->\n<title>FORETOY Schlafmaske f\u00fcr Frauen Herren, 3D Konturierte Schalen Augenmaske, 100% lichtblockierende Schlafbrille Augenbinde\u2026 - Markt-XXL<\/title>\n<meta name=\"description\" content=\"Markt-XXL FORETOY Schlafmaske f\u00fcr Frauen Herren, 3D Konturierte Schalen Augenmaske, 100% lichtblockierende Schlafbrille Augenbinde\u2026\" \/>\n<meta name=\"robots\" content=\"index, follow, max-snippet:-1, max-image-preview:large, max-video-preview:-1\" \/>\n<link rel=\"canonical\" href=\"https:\/\/marktxxl.de\/markt\/produkt\/foretoy-schlafmaske-fuer-frauen-herren-3d-konturierte-schalen-augenmaske-100-lichtblockierende-schlafbrille-augenbinde-weich-und-bequem-schwarz-schlafmaske-fuer-nickerchen-reisen-schichtarbeit\/\" \/>\n<meta property=\"og:locale\" content=\"de_DE\" \/>\n<meta property=\"og:type\" content=\"article\" \/>\n<meta property=\"og:title\" content=\"FORETOY Schlafmaske f\u00fcr Frauen Herren, 3D Konturierte Schalen Augenmaske, 100% lichtblockierende Schlafbrille Augenbinde\u2026 - Markt-XXL\" \/>\n<meta property=\"og:description\" content=\"Markt-XXL FORETOY Schlafmaske f\u00fcr Frauen Herren, 3D Konturierte Schalen Augenmaske, 100% lichtblockierende Schlafbrille Augenbinde\u2026\" \/>\n<meta property=\"og:url\" content=\"https:\/\/marktxxl.de\/markt\/produkt\/foretoy-schlafmaske-fuer-frauen-herren-3d-konturierte-schalen-augenmaske-100-lichtblockierende-schlafbrille-augenbinde-weich-und-bequem-schwarz-schlafmaske-fuer-nickerchen-reisen-schichtarbeit\/\" \/>\n<meta property=\"og:site_name\" content=\"Markt-XXL\" \/>\n<meta property=\"article:modified_time\" content=\"2023-04-10T01:32:49+00:00\" \/>\n<meta property=\"og:image\" content=\"https:\/\/m.media-amazon.com\/images\/I\/41HcCsS0LNL._SL500_.jpg\" \/>\n\t<meta property=\"og:image:width\" content=\"500\" \/>\n\t<meta property=\"og:image:height\" content=\"500\" \/>\n\t<meta property=\"og:image:type\" content=\"image\/jpeg\" \/>\n<meta name=\"twitter:card\" content=\"summary_large_image\" \/>\n<meta name=\"twitter:label1\" content=\"Gesch\u00e4tzte Lesezeit\" \/>\n\t<meta name=\"twitter:data1\" content=\"1\u00a0Minute\" \/>\n<script type=\"application\/ld+json\" class=\"yoast-schema-graph\">{\"@context\":\"https:\\\/\\\/schema.org\",\"@graph\":[{\"@type\":\"WebPage\",\"@id\":\"https:\\\/\\\/marktxxl.de\\\/markt\\\/produkt\\\/foretoy-schlafmaske-fuer-frauen-herren-3d-konturierte-schalen-augenmaske-100-lichtblockierende-schlafbrille-augenbinde-weich-und-bequem-schwarz-schlafmaske-fuer-nickerchen-reisen-schichtarbeit\\\/\",\"url\":\"https:\\\/\\\/marktxxl.de\\\/markt\\\/produkt\\\/foretoy-schlafmaske-fuer-frauen-herren-3d-konturierte-schalen-augenmaske-100-lichtblockierende-schlafbrille-augenbinde-weich-und-bequem-schwarz-schlafmaske-fuer-nickerchen-reisen-schichtarbeit\\\/\",\"name\":\"FORETOY Schlafmaske f\u00fcr Frauen Herren, 3D Konturierte Schalen Augenmaske, 100% lichtblockierende Schlafbrille Augenbinde\u2026 - Markt-XXL\",\"isPartOf\":{\"@id\":\"https:\\\/\\\/marktxxl.de\\\/markt\\\/#website\"},\"primaryImageOfPage\":{\"@id\":\"https:\\\/\\\/marktxxl.de\\\/markt\\\/produkt\\\/foretoy-schlafmaske-fuer-frauen-herren-3d-konturierte-schalen-augenmaske-100-lichtblockierende-schlafbrille-augenbinde-weich-und-bequem-schwarz-schlafmaske-fuer-nickerchen-reisen-schichtarbeit\\\/#primaryimage\"},\"image\":{\"@id\":\"https:\\\/\\\/marktxxl.de\\\/markt\\\/produkt\\\/foretoy-schlafmaske-fuer-frauen-herren-3d-konturierte-schalen-augenmaske-100-lichtblockierende-schlafbrille-augenbinde-weich-und-bequem-schwarz-schlafmaske-fuer-nickerchen-reisen-schichtarbeit\\\/#primaryimage\"},\"thumbnailUrl\":\"https:\\\/\\\/m.media-amazon.com\\\/images\\\/I\\\/41HcCsS0LNL._SL500_.jpg\",\"datePublished\":\"2022-02-26T15:34:22+00:00\",\"dateModified\":\"2023-04-10T01:32:49+00:00\",\"description\":\"Markt-XXL FORETOY Schlafmaske f\u00fcr Frauen Herren, 3D Konturierte Schalen Augenmaske, 100% lichtblockierende Schlafbrille Augenbinde\u2026\",\"breadcrumb\":{\"@id\":\"https:\\\/\\\/marktxxl.de\\\/markt\\\/produkt\\\/foretoy-schlafmaske-fuer-frauen-herren-3d-konturierte-schalen-augenmaske-100-lichtblockierende-schlafbrille-augenbinde-weich-und-bequem-schwarz-schlafmaske-fuer-nickerchen-reisen-schichtarbeit\\\/#breadcrumb\"},\"inLanguage\":\"de\",\"potentialAction\":[{\"@type\":\"ReadAction\",\"target\":[\"https:\\\/\\\/marktxxl.de\\\/markt\\\/produkt\\\/foretoy-schlafmaske-fuer-frauen-herren-3d-konturierte-schalen-augenmaske-100-lichtblockierende-schlafbrille-augenbinde-weich-und-bequem-schwarz-schlafmaske-fuer-nickerchen-reisen-schichtarbeit\\\/\"]}]},{\"@type\":\"ImageObject\",\"inLanguage\":\"de\",\"@id\":\"https:\\\/\\\/marktxxl.de\\\/markt\\\/produkt\\\/foretoy-schlafmaske-fuer-frauen-herren-3d-konturierte-schalen-augenmaske-100-lichtblockierende-schlafbrille-augenbinde-weich-und-bequem-schwarz-schlafmaske-fuer-nickerchen-reisen-schichtarbeit\\\/#primaryimage\",\"url\":\"https:\\\/\\\/m.media-amazon.com\\\/images\\\/I\\\/41HcCsS0LNL._SL500_.jpg\",\"contentUrl\":\"https:\\\/\\\/m.media-amazon.com\\\/images\\\/I\\\/41HcCsS0LNL._SL500_.jpg\",\"width\":500,\"height\":500},{\"@type\":\"BreadcrumbList\",\"@id\":\"https:\\\/\\\/marktxxl.de\\\/markt\\\/produkt\\\/foretoy-schlafmaske-fuer-frauen-herren-3d-konturierte-schalen-augenmaske-100-lichtblockierende-schlafbrille-augenbinde-weich-und-bequem-schwarz-schlafmaske-fuer-nickerchen-reisen-schichtarbeit\\\/#breadcrumb\",\"itemListElement\":[{\"@type\":\"ListItem\",\"position\":1,\"name\":\"Startseite\",\"item\":\"https:\\\/\\\/marktxxl.de\\\/markt\\\/\"},{\"@type\":\"ListItem\",\"position\":2,\"name\":\"Markt\",\"item\":\"https:\\\/\\\/marktxxl.de\\\/markt\\\/\"},{\"@type\":\"ListItem\",\"position\":3,\"name\":\"FORETOY Schlafmaske f\u00fcr Frauen Herren, 3D Konturierte Schalen Augenmaske, 100% lichtblockierende Schlafbrille Augenbinde\u2026\"}]},{\"@type\":\"WebSite\",\"@id\":\"https:\\\/\\\/marktxxl.de\\\/markt\\\/#website\",\"url\":\"https:\\\/\\\/marktxxl.de\\\/markt\\\/\",\"name\":\"Markt-XXL\",\"description\":\"Ihr Markt Online\",\"publisher\":{\"@id\":\"https:\\\/\\\/marktxxl.de\\\/markt\\\/#organization\"},\"potentialAction\":[{\"@type\":\"SearchAction\",\"target\":{\"@type\":\"EntryPoint\",\"urlTemplate\":\"https:\\\/\\\/marktxxl.de\\\/markt\\\/?s={search_term_string}\"},\"query-input\":{\"@type\":\"PropertyValueSpecification\",\"valueRequired\":true,\"valueName\":\"search_term_string\"}}],\"inLanguage\":\"de\"},{\"@type\":\"Organization\",\"@id\":\"https:\\\/\\\/marktxxl.de\\\/markt\\\/#organization\",\"name\":\"Markt-XXL\",\"url\":\"https:\\\/\\\/marktxxl.de\\\/markt\\\/\",\"logo\":{\"@type\":\"ImageObject\",\"inLanguage\":\"de\",\"@id\":\"https:\\\/\\\/marktxxl.de\\\/markt\\\/#\\\/schema\\\/logo\\\/image\\\/\",\"url\":\"https:\\\/\\\/marktxxl.de\\\/markt\\\/wp-content\\\/uploads\\\/sites\\\/3\\\/2020\\\/12\\\/logo.png\",\"contentUrl\":\"https:\\\/\\\/marktxxl.de\\\/markt\\\/wp-content\\\/uploads\\\/sites\\\/3\\\/2020\\\/12\\\/logo.png\",\"width\":200,\"height\":70,\"caption\":\"Markt-XXL\"},\"image\":{\"@id\":\"https:\\\/\\\/marktxxl.de\\\/markt\\\/#\\\/schema\\\/logo\\\/image\\\/\"}}]}<\/script>\n<!-- \/ Yoast SEO plugin. -->","yoast_head_json":{"title":"FORETOY Schlafmaske f\u00fcr Frauen Herren, 3D Konturierte Schalen Augenmaske, 100% lichtblockierende Schlafbrille Augenbinde\u2026 - Markt-XXL","description":"Markt-XXL FORETOY Schlafmaske f\u00fcr Frauen Herren, 3D Konturierte Schalen Augenmaske, 100% lichtblockierende Schlafbrille Augenbinde\u2026","robots":{"index":"index","follow":"follow","max-snippet":"max-snippet:-1","max-image-preview":"max-image-preview:large","max-video-preview":"max-video-preview:-1"},"canonical":"https:\/\/marktxxl.de\/markt\/produkt\/foretoy-schlafmaske-fuer-frauen-herren-3d-konturierte-schalen-augenmaske-100-lichtblockierende-schlafbrille-augenbinde-weich-und-bequem-schwarz-schlafmaske-fuer-nickerchen-reisen-schichtarbeit\/","og_locale":"de_DE","og_type":"article","og_title":"FORETOY Schlafmaske f\u00fcr Frauen Herren, 3D Konturierte Schalen Augenmaske, 100% lichtblockierende Schlafbrille Augenbinde\u2026 - Markt-XXL","og_description":"Markt-XXL FORETOY Schlafmaske f\u00fcr Frauen Herren, 3D Konturierte Schalen Augenmaske, 100% lichtblockierende Schlafbrille Augenbinde\u2026","og_url":"https:\/\/marktxxl.de\/markt\/produkt\/foretoy-schlafmaske-fuer-frauen-herren-3d-konturierte-schalen-augenmaske-100-lichtblockierende-schlafbrille-augenbinde-weich-und-bequem-schwarz-schlafmaske-fuer-nickerchen-reisen-schichtarbeit\/","og_site_name":"Markt-XXL","article_modified_time":"2023-04-10T01:32:49+00:00","og_image":[{"width":500,"height":500,"url":"https:\/\/m.media-amazon.com\/images\/I\/41HcCsS0LNL._SL500_.jpg","type":"image\/jpeg"}],"twitter_card":"summary_large_image","twitter_misc":{"Gesch\u00e4tzte Lesezeit":"1\u00a0Minute"},"schema":{"@context":"https:\/\/schema.org","@graph":[{"@type":"WebPage","@id":"https:\/\/marktxxl.de\/markt\/produkt\/foretoy-schlafmaske-fuer-frauen-herren-3d-konturierte-schalen-augenmaske-100-lichtblockierende-schlafbrille-augenbinde-weich-und-bequem-schwarz-schlafmaske-fuer-nickerchen-reisen-schichtarbeit\/","url":"https:\/\/marktxxl.de\/markt\/produkt\/foretoy-schlafmaske-fuer-frauen-herren-3d-konturierte-schalen-augenmaske-100-lichtblockierende-schlafbrille-augenbinde-weich-und-bequem-schwarz-schlafmaske-fuer-nickerchen-reisen-schichtarbeit\/","name":"FORETOY Schlafmaske f\u00fcr Frauen Herren, 3D Konturierte Schalen Augenmaske, 100% lichtblockierende Schlafbrille Augenbinde\u2026 - Markt-XXL","isPartOf":{"@id":"https:\/\/marktxxl.de\/markt\/#website"},"primaryImageOfPage":{"@id":"https:\/\/marktxxl.de\/markt\/produkt\/foretoy-schlafmaske-fuer-frauen-herren-3d-konturierte-schalen-augenmaske-100-lichtblockierende-schlafbrille-augenbinde-weich-und-bequem-schwarz-schlafmaske-fuer-nickerchen-reisen-schichtarbeit\/#primaryimage"},"image":{"@id":"https:\/\/marktxxl.de\/markt\/produkt\/foretoy-schlafmaske-fuer-frauen-herren-3d-konturierte-schalen-augenmaske-100-lichtblockierende-schlafbrille-augenbinde-weich-und-bequem-schwarz-schlafmaske-fuer-nickerchen-reisen-schichtarbeit\/#primaryimage"},"thumbnailUrl":"https:\/\/m.media-amazon.com\/images\/I\/41HcCsS0LNL._SL500_.jpg","datePublished":"2022-02-26T15:34:22+00:00","dateModified":"2023-04-10T01:32:49+00:00","description":"Markt-XXL FORETOY Schlafmaske f\u00fcr Frauen Herren, 3D Konturierte Schalen Augenmaske, 100% lichtblockierende Schlafbrille Augenbinde\u2026","breadcrumb":{"@id":"https:\/\/marktxxl.de\/markt\/produkt\/foretoy-schlafmaske-fuer-frauen-herren-3d-konturierte-schalen-augenmaske-100-lichtblockierende-schlafbrille-augenbinde-weich-und-bequem-schwarz-schlafmaske-fuer-nickerchen-reisen-schichtarbeit\/#breadcrumb"},"inLanguage":"de","potentialAction":[{"@type":"ReadAction","target":["https:\/\/marktxxl.de\/markt\/produkt\/foretoy-schlafmaske-fuer-frauen-herren-3d-konturierte-schalen-augenmaske-100-lichtblockierende-schlafbrille-augenbinde-weich-und-bequem-schwarz-schlafmaske-fuer-nickerchen-reisen-schichtarbeit\/"]}]},{"@type":"ImageObject","inLanguage":"de","@id":"https:\/\/marktxxl.de\/markt\/produkt\/foretoy-schlafmaske-fuer-frauen-herren-3d-konturierte-schalen-augenmaske-100-lichtblockierende-schlafbrille-augenbinde-weich-und-bequem-schwarz-schlafmaske-fuer-nickerchen-reisen-schichtarbeit\/#primaryimage","url":"https:\/\/m.media-amazon.com\/images\/I\/41HcCsS0LNL._SL500_.jpg","contentUrl":"https:\/\/m.media-amazon.com\/images\/I\/41HcCsS0LNL._SL500_.jpg","width":500,"height":500},{"@type":"BreadcrumbList","@id":"https:\/\/marktxxl.de\/markt\/produkt\/foretoy-schlafmaske-fuer-frauen-herren-3d-konturierte-schalen-augenmaske-100-lichtblockierende-schlafbrille-augenbinde-weich-und-bequem-schwarz-schlafmaske-fuer-nickerchen-reisen-schichtarbeit\/#breadcrumb","itemListElement":[{"@type":"ListItem","position":1,"name":"Startseite","item":"https:\/\/marktxxl.de\/markt\/"},{"@type":"ListItem","position":2,"name":"Markt","item":"https:\/\/marktxxl.de\/markt\/"},{"@type":"ListItem","position":3,"name":"FORETOY Schlafmaske f\u00fcr Frauen Herren, 3D Konturierte Schalen Augenmaske, 100% lichtblockierende Schlafbrille Augenbinde\u2026"}]},{"@type":"WebSite","@id":"https:\/\/marktxxl.de\/markt\/#website","url":"https:\/\/marktxxl.de\/markt\/","name":"Markt-XXL","description":"Ihr Markt Online","publisher":{"@id":"https:\/\/marktxxl.de\/markt\/#organization"},"potentialAction":[{"@type":"SearchAction","target":{"@type":"EntryPoint","urlTemplate":"https:\/\/marktxxl.de\/markt\/?s={search_term_string}"},"query-input":{"@type":"PropertyValueSpecification","valueRequired":true,"valueName":"search_term_string"}}],"inLanguage":"de"},{"@type":"Organization","@id":"https:\/\/marktxxl.de\/markt\/#organization","name":"Markt-XXL","url":"https:\/\/marktxxl.de\/markt\/","logo":{"@type":"ImageObject","inLanguage":"de","@id":"https:\/\/marktxxl.de\/markt\/#\/schema\/logo\/image\/","url":"https:\/\/marktxxl.de\/markt\/wp-content\/uploads\/sites\/3\/2020\/12\/logo.png","contentUrl":"https:\/\/marktxxl.de\/markt\/wp-content\/uploads\/sites\/3\/2020\/12\/logo.png","width":200,"height":70,"caption":"Markt-XXL"},"image":{"@id":"https:\/\/marktxxl.de\/markt\/#\/schema\/logo\/image\/"}}]}},"_links":{"self":[{"href":"https:\/\/marktxxl.de\/markt\/wp-json\/wp\/v2\/product\/107236","targetHints":{"allow":["GET"]}}],"collection":[{"href":"https:\/\/marktxxl.de\/markt\/wp-json\/wp\/v2\/product"}],"about":[{"href":"https:\/\/marktxxl.de\/markt\/wp-json\/wp\/v2\/types\/product"}],"replies":[{"embeddable":true,"href":"https:\/\/marktxxl.de\/markt\/wp-json\/wp\/v2\/comments?post=107236"}],"wp:featuredmedia":[{"embeddable":true,"href":"https:\/\/marktxxl.de\/markt\/wp-json\/wp\/v2\/media\/107237"}],"wp:attachment":[{"href":"https:\/\/marktxxl.de\/markt\/wp-json\/wp\/v2\/media?parent=107236"}],"wp:term":[{"taxonomy":"product_brand","embeddable":true,"href":"https:\/\/marktxxl.de\/markt\/wp-json\/wp\/v2\/product_brand?post=107236"},{"taxonomy":"product_cat","embeddable":true,"href":"https:\/\/marktxxl.de\/markt\/wp-json\/wp\/v2\/product_cat?post=107236"},{"taxonomy":"product_tag","embeddable":true,"href":"https:\/\/marktxxl.de\/markt\/wp-json\/wp\/v2\/product_tag?post=107236"}],"curies":[{"name":"wp","href":"https:\/\/api.w.org\/{rel}","templated":true}]}}