{"id":106983,"date":"2022-02-26T16:06:03","date_gmt":"2022-02-26T15:06:03","guid":{"rendered":"https:\/\/marktxxl.de\/markt\/produkt\/gaming-mauspad-xxl-800-x-300mm-rgb-mousepad-gross-mit-14-beleuchtungs-modi-7-led-farben-vernaehte-kanten-wasserdicht-anti-rutsch-fuer-gaming-pc-laptopverbessert-praezision-komplett-schwarz\/"},"modified":"2023-04-10T03:32:43","modified_gmt":"2023-04-10T01:32:43","slug":"gaming-mauspad-xxl-800-x-300mm-rgb-mousepad-gross-mit-14-beleuchtungs-modi-7-led-farben-vernaehte-kanten-wasserdicht-anti-rutsch-fuer-gaming-pc-laptopverbessert-praezision-komplett-schwarz","status":"publish","type":"product","link":"https:\/\/marktxxl.de\/markt\/produkt\/gaming-mauspad-xxl-800-x-300mm-rgb-mousepad-gross-mit-14-beleuchtungs-modi-7-led-farben-vernaehte-kanten-wasserdicht-anti-rutsch-fuer-gaming-pc-laptopverbessert-praezision-komplett-schwarz\/","title":{"rendered":"Gaming Mauspad XXL 800 x 300mm RGB Mousepad gro\u00df mit 14 Beleuchtungs Modi 7 LED Farben Vern\u00e4hte Kanten Wasserdicht Anti\u2026"},"content":{"rendered":"<p>\u3010Einzigartige Vorteile\u3011 Dieses Gaming-Mauspad verf\u00fcgt \u00fcber 14 Beleuchtungsmodi. 7 statische Lichtmodi, abwechselnde Welle, synchronisierende Welle, abwechselnder Blitz, abwechselnder Rotwechsel, Licht aus, Atmung synchronisieren, abwechselnde Atmung. Es lenkt nicht zu sehr ab, wenn Sie spielen\/arbeiten.<br \/>\n\u3010Anti-Rutsch-Gummibasis\u3011 Naturkautschuk-strukturierte Unterseite bleibt stabil. Es kommt auch mit einer Textur, die diese F\u00e4higkeit noch weiter verst\u00e4rkt. Gaming-Mauspad, das auch w\u00e4hrend der intensivsten Gaming-Session fest auf Ihrem Schreibtisch ruht.<br \/>\n\u3010Ultra glatte und wasserdichte Oberfl\u00e4che\u3011 Das erweiterte Mauspad verf\u00fcgt \u00fcber ein glattes, textilgewebtes Design f\u00fcr extrem pr\u00e4zise Maussteuerung und ein sanftes Gleiten. Wasserdichtes Material kann Sch\u00e4den verhindern, Sie m\u00fcssen nicht in Panik geraten, wenn Sie Ihr Getr\u00e4nk unweigerlich versch\u00fctten.<br \/>\n\u3010Gro\u00dfe Gr\u00f6\u00dfe\u3011 mit den Ma\u00dfen 800 x 300 mm \/ 31,5 \u00d7 11. 8 Zoll, das RGB-Mauspad funktioniert mit allen Tastaturen und M\u00e4usen und bietet dennoch viel Bewegungsraum. Die Dicke betr\u00e4gt 0,2 Zoll und ist dick genug, um ein Handgelenk zu st\u00fctzen, was den Komfort Ihres Handgelenks gew\u00e4hrleistet.<br \/>\n\u3010Einfach zu bedienen\u3011Plug and Play, kein Treiber erforderlich. Eine Taste, einmal dr\u00fccken, um den Beleuchtungsmodus zu \u00e4ndern, zweimal dr\u00fccken, um die Helligkeit zu \u00e4ndern, etwa 3 Sekunden gedr\u00fcckt halten, um ein- \/ auszuschalten. Das Mauspad schaltet sich wieder mit dem Beleuchtungsmodus ein, den Sie zuvor hatten, eine erneute Auswahl ist nicht erforderlich.<br \/>\n\u3010Der UtechSmart\u3011immer noch nicht \u00fcberzeugt von unserer Qualit\u00e4t? Wir unterst\u00fctzen sie mit 18 Monaten! Wenn Sie mit unserem Gaming-Mauspad nicht zufrieden sind, wenden Sie sich bitte direkt an uns. Wir bieten Ihnen einen hochwertigen Service.<br \/>\n<div class=\"main-cross-sell\" data-asin=\"B09QG4HPC7\">\n\n\t<div class=\"WooZone-cross-sell-loader\">\n\t\t<div>\n\t\t\t<div id=\"floatingBarsG\">\n\t\t\t\t<div class=\"blockG\" id=\"rotateG_01\"><\/div>\n\t\t\t\t<div class=\"blockG\" id=\"rotateG_02\"><\/div>\n\t\t\t\t<div class=\"blockG\" id=\"rotateG_03\"><\/div>\n\t\t\t\t<div class=\"blockG\" id=\"rotateG_04\"><\/div>\n\t\t\t\t<div class=\"blockG\" id=\"rotateG_05\"><\/div>\n\t\t\t\t<div class=\"blockG\" id=\"rotateG_06\"><\/div>\n\t\t\t\t<div class=\"blockG\" id=\"rotateG_07\"><\/div>\n\t\t\t\t<div class=\"blockG\" id=\"rotateG_08\"><\/div>\n\t\t\t<\/div>\n\t\t\t<div class=\"WooZone-cross-sell-loader-text\"><\/div>\n\t\t<\/div>\n\t<\/div>\n\n\t\t\n<\/div>\n<div style=\"clear:both;\"><\/div><\/p>\n","protected":false},"excerpt":{"rendered":"<p>\u3010Einzigartige Vorteile\u3011 Dieses Gaming-Mauspad verf\u00fcgt \u00fcber 14 Beleuchtungsmodi. 7 statische Lichtmodi, abwechselnde Welle, synchronisierende Welle, abwechselnder Blitz, abwechselnder Rotwechsel, Licht aus, Atmung synchronisieren, abwechselnde Atmung. Es lenkt nicht zu sehr ab, wenn Sie spielen\/arbeiten.<br \/>\n\u3010Anti-Rutsch-Gummibasis\u3011 Naturkautschuk-strukturierte Unterseite bleibt stabil. Es kommt auch mit einer Textur, die diese F\u00e4higkeit noch weiter verst\u00e4rkt. Gaming-Mauspad, das auch w\u00e4hrend der intensivsten Gaming-Session fest auf Ihrem Schreibtisch ruht.<br \/>\n\u3010Ultra glatte und wasserdichte Oberfl\u00e4che\u3011 Das erweiterte Mauspad verf\u00fcgt \u00fcber ein glattes, textilgewebtes Design f\u00fcr extrem pr\u00e4zise Maussteuerung und ein sanftes Gleiten. Wasserdichtes Material kann Sch\u00e4den verhindern, Sie m\u00fcssen nicht in Panik geraten, wenn Sie Ihr Getr\u00e4nk unweigerlich versch\u00fctten.<\/p>\n","protected":false},"featured_media":106984,"comment_status":"open","ping_status":"closed","template":"","meta":[],"product_brand":[],"product_cat":[863],"product_tag":[],"class_list":{"0":"post-106983","1":"product","2":"type-product","3":"status-publish","4":"has-post-thumbnail","6":"product_cat-computer-zubehoer","7":"pa_brand-owege","8":"pa_color-schwarz-xxl","9":"pa_height-0-1574803148-zoll","10":"pa_length-11-81102361-zoll","11":"pa_manufacturer-owege","12":"pa_model-gmak01xxl","13":"pa_size-xxl","14":"pa_warranty-1-year-warranty-against-manufacturer-defects","15":"pa_weight-1-433004703-pfund","16":"pa_width-31-49606296-zoll","18":"first","19":"instock","20":"shipping-taxable","21":"purchasable","22":"product-type-simple","23":"customify-col","24":"product-has-gallery"},"yoast_head":"<!-- This site is optimized with the Yoast SEO plugin v27.3 - https:\/\/yoast.com\/product\/yoast-seo-wordpress\/ -->\n<title>Gaming Mauspad XXL 800 x 300mm RGB Mousepad gro\u00df mit 14 Beleuchtungs Modi 7 LED Farben Vern\u00e4hte Kanten Wasserdicht Anti\u2026 - Markt-XXL<\/title>\n<meta name=\"description\" content=\"Markt-XXL Gaming Mauspad XXL 800 x 300mm RGB Mousepad gro\u00df mit 14 Beleuchtungs Modi 7 LED Farben Vern\u00e4hte Kanten Wasserdicht Anti\u2026\" \/>\n<meta name=\"robots\" content=\"index, follow, max-snippet:-1, max-image-preview:large, max-video-preview:-1\" \/>\n<link rel=\"canonical\" href=\"https:\/\/marktxxl.de\/markt\/produkt\/gaming-mauspad-xxl-800-x-300mm-rgb-mousepad-gross-mit-14-beleuchtungs-modi-7-led-farben-vernaehte-kanten-wasserdicht-anti-rutsch-fuer-gaming-pc-laptopverbessert-praezision-komplett-schwarz\/\" \/>\n<meta property=\"og:locale\" content=\"de_DE\" \/>\n<meta property=\"og:type\" content=\"article\" \/>\n<meta property=\"og:title\" content=\"Gaming Mauspad XXL 800 x 300mm RGB Mousepad gro\u00df mit 14 Beleuchtungs Modi 7 LED Farben Vern\u00e4hte Kanten Wasserdicht Anti\u2026 - Markt-XXL\" \/>\n<meta property=\"og:description\" content=\"Markt-XXL Gaming Mauspad XXL 800 x 300mm RGB Mousepad gro\u00df mit 14 Beleuchtungs Modi 7 LED Farben Vern\u00e4hte Kanten Wasserdicht Anti\u2026\" \/>\n<meta property=\"og:url\" content=\"https:\/\/marktxxl.de\/markt\/produkt\/gaming-mauspad-xxl-800-x-300mm-rgb-mousepad-gross-mit-14-beleuchtungs-modi-7-led-farben-vernaehte-kanten-wasserdicht-anti-rutsch-fuer-gaming-pc-laptopverbessert-praezision-komplett-schwarz\/\" \/>\n<meta property=\"og:site_name\" content=\"Markt-XXL\" \/>\n<meta property=\"article:modified_time\" content=\"2023-04-10T01:32:43+00:00\" \/>\n<meta property=\"og:image\" content=\"https:\/\/m.media-amazon.com\/images\/I\/41ox5hyIkaL._SL500_.jpg\" \/>\n\t<meta property=\"og:image:width\" content=\"500\" \/>\n\t<meta property=\"og:image:height\" content=\"500\" \/>\n\t<meta property=\"og:image:type\" content=\"image\/jpeg\" \/>\n<meta name=\"twitter:card\" content=\"summary_large_image\" \/>\n<meta name=\"twitter:label1\" content=\"Gesch\u00e4tzte Lesezeit\" \/>\n\t<meta name=\"twitter:data1\" content=\"1\u00a0Minute\" \/>\n<script type=\"application\/ld+json\" class=\"yoast-schema-graph\">{\"@context\":\"https:\\\/\\\/schema.org\",\"@graph\":[{\"@type\":\"WebPage\",\"@id\":\"https:\\\/\\\/marktxxl.de\\\/markt\\\/produkt\\\/gaming-mauspad-xxl-800-x-300mm-rgb-mousepad-gross-mit-14-beleuchtungs-modi-7-led-farben-vernaehte-kanten-wasserdicht-anti-rutsch-fuer-gaming-pc-laptopverbessert-praezision-komplett-schwarz\\\/\",\"url\":\"https:\\\/\\\/marktxxl.de\\\/markt\\\/produkt\\\/gaming-mauspad-xxl-800-x-300mm-rgb-mousepad-gross-mit-14-beleuchtungs-modi-7-led-farben-vernaehte-kanten-wasserdicht-anti-rutsch-fuer-gaming-pc-laptopverbessert-praezision-komplett-schwarz\\\/\",\"name\":\"Gaming Mauspad XXL 800 x 300mm RGB Mousepad gro\u00df mit 14 Beleuchtungs Modi 7 LED Farben Vern\u00e4hte Kanten Wasserdicht Anti\u2026 - Markt-XXL\",\"isPartOf\":{\"@id\":\"https:\\\/\\\/marktxxl.de\\\/markt\\\/#website\"},\"primaryImageOfPage\":{\"@id\":\"https:\\\/\\\/marktxxl.de\\\/markt\\\/produkt\\\/gaming-mauspad-xxl-800-x-300mm-rgb-mousepad-gross-mit-14-beleuchtungs-modi-7-led-farben-vernaehte-kanten-wasserdicht-anti-rutsch-fuer-gaming-pc-laptopverbessert-praezision-komplett-schwarz\\\/#primaryimage\"},\"image\":{\"@id\":\"https:\\\/\\\/marktxxl.de\\\/markt\\\/produkt\\\/gaming-mauspad-xxl-800-x-300mm-rgb-mousepad-gross-mit-14-beleuchtungs-modi-7-led-farben-vernaehte-kanten-wasserdicht-anti-rutsch-fuer-gaming-pc-laptopverbessert-praezision-komplett-schwarz\\\/#primaryimage\"},\"thumbnailUrl\":\"https:\\\/\\\/m.media-amazon.com\\\/images\\\/I\\\/41ox5hyIkaL._SL500_.jpg\",\"datePublished\":\"2022-02-26T15:06:03+00:00\",\"dateModified\":\"2023-04-10T01:32:43+00:00\",\"description\":\"Markt-XXL Gaming Mauspad XXL 800 x 300mm RGB Mousepad gro\u00df mit 14 Beleuchtungs Modi 7 LED Farben Vern\u00e4hte Kanten Wasserdicht Anti\u2026\",\"breadcrumb\":{\"@id\":\"https:\\\/\\\/marktxxl.de\\\/markt\\\/produkt\\\/gaming-mauspad-xxl-800-x-300mm-rgb-mousepad-gross-mit-14-beleuchtungs-modi-7-led-farben-vernaehte-kanten-wasserdicht-anti-rutsch-fuer-gaming-pc-laptopverbessert-praezision-komplett-schwarz\\\/#breadcrumb\"},\"inLanguage\":\"de\",\"potentialAction\":[{\"@type\":\"ReadAction\",\"target\":[\"https:\\\/\\\/marktxxl.de\\\/markt\\\/produkt\\\/gaming-mauspad-xxl-800-x-300mm-rgb-mousepad-gross-mit-14-beleuchtungs-modi-7-led-farben-vernaehte-kanten-wasserdicht-anti-rutsch-fuer-gaming-pc-laptopverbessert-praezision-komplett-schwarz\\\/\"]}]},{\"@type\":\"ImageObject\",\"inLanguage\":\"de\",\"@id\":\"https:\\\/\\\/marktxxl.de\\\/markt\\\/produkt\\\/gaming-mauspad-xxl-800-x-300mm-rgb-mousepad-gross-mit-14-beleuchtungs-modi-7-led-farben-vernaehte-kanten-wasserdicht-anti-rutsch-fuer-gaming-pc-laptopverbessert-praezision-komplett-schwarz\\\/#primaryimage\",\"url\":\"https:\\\/\\\/m.media-amazon.com\\\/images\\\/I\\\/41ox5hyIkaL._SL500_.jpg\",\"contentUrl\":\"https:\\\/\\\/m.media-amazon.com\\\/images\\\/I\\\/41ox5hyIkaL._SL500_.jpg\",\"width\":500,\"height\":500},{\"@type\":\"BreadcrumbList\",\"@id\":\"https:\\\/\\\/marktxxl.de\\\/markt\\\/produkt\\\/gaming-mauspad-xxl-800-x-300mm-rgb-mousepad-gross-mit-14-beleuchtungs-modi-7-led-farben-vernaehte-kanten-wasserdicht-anti-rutsch-fuer-gaming-pc-laptopverbessert-praezision-komplett-schwarz\\\/#breadcrumb\",\"itemListElement\":[{\"@type\":\"ListItem\",\"position\":1,\"name\":\"Startseite\",\"item\":\"https:\\\/\\\/marktxxl.de\\\/markt\\\/\"},{\"@type\":\"ListItem\",\"position\":2,\"name\":\"Markt\",\"item\":\"https:\\\/\\\/marktxxl.de\\\/markt\\\/\"},{\"@type\":\"ListItem\",\"position\":3,\"name\":\"Gaming Mauspad XXL 800 x 300mm RGB Mousepad gro\u00df mit 14 Beleuchtungs Modi 7 LED Farben Vern\u00e4hte Kanten Wasserdicht Anti\u2026\"}]},{\"@type\":\"WebSite\",\"@id\":\"https:\\\/\\\/marktxxl.de\\\/markt\\\/#website\",\"url\":\"https:\\\/\\\/marktxxl.de\\\/markt\\\/\",\"name\":\"Markt-XXL\",\"description\":\"Ihr Markt Online\",\"publisher\":{\"@id\":\"https:\\\/\\\/marktxxl.de\\\/markt\\\/#organization\"},\"potentialAction\":[{\"@type\":\"SearchAction\",\"target\":{\"@type\":\"EntryPoint\",\"urlTemplate\":\"https:\\\/\\\/marktxxl.de\\\/markt\\\/?s={search_term_string}\"},\"query-input\":{\"@type\":\"PropertyValueSpecification\",\"valueRequired\":true,\"valueName\":\"search_term_string\"}}],\"inLanguage\":\"de\"},{\"@type\":\"Organization\",\"@id\":\"https:\\\/\\\/marktxxl.de\\\/markt\\\/#organization\",\"name\":\"Markt-XXL\",\"url\":\"https:\\\/\\\/marktxxl.de\\\/markt\\\/\",\"logo\":{\"@type\":\"ImageObject\",\"inLanguage\":\"de\",\"@id\":\"https:\\\/\\\/marktxxl.de\\\/markt\\\/#\\\/schema\\\/logo\\\/image\\\/\",\"url\":\"https:\\\/\\\/marktxxl.de\\\/markt\\\/wp-content\\\/uploads\\\/sites\\\/3\\\/2020\\\/12\\\/logo.png\",\"contentUrl\":\"https:\\\/\\\/marktxxl.de\\\/markt\\\/wp-content\\\/uploads\\\/sites\\\/3\\\/2020\\\/12\\\/logo.png\",\"width\":200,\"height\":70,\"caption\":\"Markt-XXL\"},\"image\":{\"@id\":\"https:\\\/\\\/marktxxl.de\\\/markt\\\/#\\\/schema\\\/logo\\\/image\\\/\"}}]}<\/script>\n<!-- \/ Yoast SEO plugin. -->","yoast_head_json":{"title":"Gaming Mauspad XXL 800 x 300mm RGB Mousepad gro\u00df mit 14 Beleuchtungs Modi 7 LED Farben Vern\u00e4hte Kanten Wasserdicht Anti\u2026 - Markt-XXL","description":"Markt-XXL Gaming Mauspad XXL 800 x 300mm RGB Mousepad gro\u00df mit 14 Beleuchtungs Modi 7 LED Farben Vern\u00e4hte Kanten Wasserdicht Anti\u2026","robots":{"index":"index","follow":"follow","max-snippet":"max-snippet:-1","max-image-preview":"max-image-preview:large","max-video-preview":"max-video-preview:-1"},"canonical":"https:\/\/marktxxl.de\/markt\/produkt\/gaming-mauspad-xxl-800-x-300mm-rgb-mousepad-gross-mit-14-beleuchtungs-modi-7-led-farben-vernaehte-kanten-wasserdicht-anti-rutsch-fuer-gaming-pc-laptopverbessert-praezision-komplett-schwarz\/","og_locale":"de_DE","og_type":"article","og_title":"Gaming Mauspad XXL 800 x 300mm RGB Mousepad gro\u00df mit 14 Beleuchtungs Modi 7 LED Farben Vern\u00e4hte Kanten Wasserdicht Anti\u2026 - Markt-XXL","og_description":"Markt-XXL Gaming Mauspad XXL 800 x 300mm RGB Mousepad gro\u00df mit 14 Beleuchtungs Modi 7 LED Farben Vern\u00e4hte Kanten Wasserdicht Anti\u2026","og_url":"https:\/\/marktxxl.de\/markt\/produkt\/gaming-mauspad-xxl-800-x-300mm-rgb-mousepad-gross-mit-14-beleuchtungs-modi-7-led-farben-vernaehte-kanten-wasserdicht-anti-rutsch-fuer-gaming-pc-laptopverbessert-praezision-komplett-schwarz\/","og_site_name":"Markt-XXL","article_modified_time":"2023-04-10T01:32:43+00:00","og_image":[{"width":500,"height":500,"url":"https:\/\/m.media-amazon.com\/images\/I\/41ox5hyIkaL._SL500_.jpg","type":"image\/jpeg"}],"twitter_card":"summary_large_image","twitter_misc":{"Gesch\u00e4tzte Lesezeit":"1\u00a0Minute"},"schema":{"@context":"https:\/\/schema.org","@graph":[{"@type":"WebPage","@id":"https:\/\/marktxxl.de\/markt\/produkt\/gaming-mauspad-xxl-800-x-300mm-rgb-mousepad-gross-mit-14-beleuchtungs-modi-7-led-farben-vernaehte-kanten-wasserdicht-anti-rutsch-fuer-gaming-pc-laptopverbessert-praezision-komplett-schwarz\/","url":"https:\/\/marktxxl.de\/markt\/produkt\/gaming-mauspad-xxl-800-x-300mm-rgb-mousepad-gross-mit-14-beleuchtungs-modi-7-led-farben-vernaehte-kanten-wasserdicht-anti-rutsch-fuer-gaming-pc-laptopverbessert-praezision-komplett-schwarz\/","name":"Gaming Mauspad XXL 800 x 300mm RGB Mousepad gro\u00df mit 14 Beleuchtungs Modi 7 LED Farben Vern\u00e4hte Kanten Wasserdicht Anti\u2026 - Markt-XXL","isPartOf":{"@id":"https:\/\/marktxxl.de\/markt\/#website"},"primaryImageOfPage":{"@id":"https:\/\/marktxxl.de\/markt\/produkt\/gaming-mauspad-xxl-800-x-300mm-rgb-mousepad-gross-mit-14-beleuchtungs-modi-7-led-farben-vernaehte-kanten-wasserdicht-anti-rutsch-fuer-gaming-pc-laptopverbessert-praezision-komplett-schwarz\/#primaryimage"},"image":{"@id":"https:\/\/marktxxl.de\/markt\/produkt\/gaming-mauspad-xxl-800-x-300mm-rgb-mousepad-gross-mit-14-beleuchtungs-modi-7-led-farben-vernaehte-kanten-wasserdicht-anti-rutsch-fuer-gaming-pc-laptopverbessert-praezision-komplett-schwarz\/#primaryimage"},"thumbnailUrl":"https:\/\/m.media-amazon.com\/images\/I\/41ox5hyIkaL._SL500_.jpg","datePublished":"2022-02-26T15:06:03+00:00","dateModified":"2023-04-10T01:32:43+00:00","description":"Markt-XXL Gaming Mauspad XXL 800 x 300mm RGB Mousepad gro\u00df mit 14 Beleuchtungs Modi 7 LED Farben Vern\u00e4hte Kanten Wasserdicht Anti\u2026","breadcrumb":{"@id":"https:\/\/marktxxl.de\/markt\/produkt\/gaming-mauspad-xxl-800-x-300mm-rgb-mousepad-gross-mit-14-beleuchtungs-modi-7-led-farben-vernaehte-kanten-wasserdicht-anti-rutsch-fuer-gaming-pc-laptopverbessert-praezision-komplett-schwarz\/#breadcrumb"},"inLanguage":"de","potentialAction":[{"@type":"ReadAction","target":["https:\/\/marktxxl.de\/markt\/produkt\/gaming-mauspad-xxl-800-x-300mm-rgb-mousepad-gross-mit-14-beleuchtungs-modi-7-led-farben-vernaehte-kanten-wasserdicht-anti-rutsch-fuer-gaming-pc-laptopverbessert-praezision-komplett-schwarz\/"]}]},{"@type":"ImageObject","inLanguage":"de","@id":"https:\/\/marktxxl.de\/markt\/produkt\/gaming-mauspad-xxl-800-x-300mm-rgb-mousepad-gross-mit-14-beleuchtungs-modi-7-led-farben-vernaehte-kanten-wasserdicht-anti-rutsch-fuer-gaming-pc-laptopverbessert-praezision-komplett-schwarz\/#primaryimage","url":"https:\/\/m.media-amazon.com\/images\/I\/41ox5hyIkaL._SL500_.jpg","contentUrl":"https:\/\/m.media-amazon.com\/images\/I\/41ox5hyIkaL._SL500_.jpg","width":500,"height":500},{"@type":"BreadcrumbList","@id":"https:\/\/marktxxl.de\/markt\/produkt\/gaming-mauspad-xxl-800-x-300mm-rgb-mousepad-gross-mit-14-beleuchtungs-modi-7-led-farben-vernaehte-kanten-wasserdicht-anti-rutsch-fuer-gaming-pc-laptopverbessert-praezision-komplett-schwarz\/#breadcrumb","itemListElement":[{"@type":"ListItem","position":1,"name":"Startseite","item":"https:\/\/marktxxl.de\/markt\/"},{"@type":"ListItem","position":2,"name":"Markt","item":"https:\/\/marktxxl.de\/markt\/"},{"@type":"ListItem","position":3,"name":"Gaming Mauspad XXL 800 x 300mm RGB Mousepad gro\u00df mit 14 Beleuchtungs Modi 7 LED Farben Vern\u00e4hte Kanten Wasserdicht Anti\u2026"}]},{"@type":"WebSite","@id":"https:\/\/marktxxl.de\/markt\/#website","url":"https:\/\/marktxxl.de\/markt\/","name":"Markt-XXL","description":"Ihr Markt Online","publisher":{"@id":"https:\/\/marktxxl.de\/markt\/#organization"},"potentialAction":[{"@type":"SearchAction","target":{"@type":"EntryPoint","urlTemplate":"https:\/\/marktxxl.de\/markt\/?s={search_term_string}"},"query-input":{"@type":"PropertyValueSpecification","valueRequired":true,"valueName":"search_term_string"}}],"inLanguage":"de"},{"@type":"Organization","@id":"https:\/\/marktxxl.de\/markt\/#organization","name":"Markt-XXL","url":"https:\/\/marktxxl.de\/markt\/","logo":{"@type":"ImageObject","inLanguage":"de","@id":"https:\/\/marktxxl.de\/markt\/#\/schema\/logo\/image\/","url":"https:\/\/marktxxl.de\/markt\/wp-content\/uploads\/sites\/3\/2020\/12\/logo.png","contentUrl":"https:\/\/marktxxl.de\/markt\/wp-content\/uploads\/sites\/3\/2020\/12\/logo.png","width":200,"height":70,"caption":"Markt-XXL"},"image":{"@id":"https:\/\/marktxxl.de\/markt\/#\/schema\/logo\/image\/"}}]}},"_links":{"self":[{"href":"https:\/\/marktxxl.de\/markt\/wp-json\/wp\/v2\/product\/106983","targetHints":{"allow":["GET"]}}],"collection":[{"href":"https:\/\/marktxxl.de\/markt\/wp-json\/wp\/v2\/product"}],"about":[{"href":"https:\/\/marktxxl.de\/markt\/wp-json\/wp\/v2\/types\/product"}],"replies":[{"embeddable":true,"href":"https:\/\/marktxxl.de\/markt\/wp-json\/wp\/v2\/comments?post=106983"}],"wp:featuredmedia":[{"embeddable":true,"href":"https:\/\/marktxxl.de\/markt\/wp-json\/wp\/v2\/media\/106984"}],"wp:attachment":[{"href":"https:\/\/marktxxl.de\/markt\/wp-json\/wp\/v2\/media?parent=106983"}],"wp:term":[{"taxonomy":"product_brand","embeddable":true,"href":"https:\/\/marktxxl.de\/markt\/wp-json\/wp\/v2\/product_brand?post=106983"},{"taxonomy":"product_cat","embeddable":true,"href":"https:\/\/marktxxl.de\/markt\/wp-json\/wp\/v2\/product_cat?post=106983"},{"taxonomy":"product_tag","embeddable":true,"href":"https:\/\/marktxxl.de\/markt\/wp-json\/wp\/v2\/product_tag?post=106983"}],"curies":[{"name":"wp","href":"https:\/\/api.w.org\/{rel}","templated":true}]}}