{"id":106863,"date":"2022-02-26T16:00:59","date_gmt":"2022-02-26T15:00:59","guid":{"rendered":"https:\/\/marktxxl.de\/markt\/produkt\/sheengo-wiederaufbereitet-963xl-druckerpatronen-kompatible-fuer-hp-963xl-multipack-963-xl-fuer-hp-officejet-pro-9012-9010-9020-9014-9015-9016-9018-9019-9022-9025-schwarz-cyan-magenta-gelb-4er-pac\/"},"modified":"2023-04-09T03:06:33","modified_gmt":"2023-04-09T01:06:33","slug":"sheengo-wiederaufbereitet-963xl-druckerpatronen-kompatible-fuer-hp-963xl-multipack-963-xl-fuer-hp-officejet-pro-9012-9010-9020-9014-9015-9016-9018-9019-9022-9025-schwarz-cyan-magenta-gelb-4er-pac","status":"publish","type":"product","link":"https:\/\/marktxxl.de\/markt\/produkt\/sheengo-wiederaufbereitet-963xl-druckerpatronen-kompatible-fuer-hp-963xl-multipack-963-xl-fuer-hp-officejet-pro-9012-9010-9020-9014-9015-9016-9018-9019-9022-9025-schwarz-cyan-magenta-gelb-4er-pac\/","title":{"rendered":"Wiederaufbereitet 963XL Druckerpatronen Kompatible f\u00fcr HP 963XL Multipack 963 XL f\u00fcr HP OfficeJet Pro 9012 9012e 9010\u2026"},"content":{"rendered":"<p>SHEENGO 963XL Wiederaufbereitet Druckerpatronen Kompatible f\u00fcr HP 963XL Multipack 963 Druckerpatronen<br \/>\nPackungsinhalt: 1 963XL Schwarz, 1 963XL Cyan, 1 963XL Magenta, 1 963XL Gelb (4er-Pack,Nicht original)<br \/>\nKompatible Drucker: Kompatible f\u00fcr HP OfficeJet Pro 9010, Kompatible f\u00fcr HP OfficeJet Pro 9012, Kompatible f\u00fcr HP OfficeJet Pro 9020 9014 9015 9016 9018 9019 9022 9025 Serie Drucker<br \/>\nGesch\u00e4tzte Seitenleistung: 2000 Seiten Pro 963XL Schwarz Patronen; 1600 Seiten Pro 963 XL Farbpatrone (Bei 5% Deckung)<br \/>\nAlle SHEENGO 963XL Multipack Druckerpatronen, die f\u00fcr HP OfficeJet Pro 9012 Patronen kompatibel sind, wurden strengen Tests unterzogen. Stellen Sie sicher, dass Sie Ihren Kunden Tintenpatronen in zuverl\u00e4ssiger Qualit\u00e4t zur Verf\u00fcgung stellen<br \/>\n<div class=\"main-cross-sell\" data-asin=\"B09NFNG2FY\">\n\n\t<div class=\"WooZone-cross-sell-loader\">\n\t\t<div>\n\t\t\t<div id=\"floatingBarsG\">\n\t\t\t\t<div class=\"blockG\" id=\"rotateG_01\"><\/div>\n\t\t\t\t<div class=\"blockG\" id=\"rotateG_02\"><\/div>\n\t\t\t\t<div class=\"blockG\" id=\"rotateG_03\"><\/div>\n\t\t\t\t<div class=\"blockG\" id=\"rotateG_04\"><\/div>\n\t\t\t\t<div class=\"blockG\" id=\"rotateG_05\"><\/div>\n\t\t\t\t<div class=\"blockG\" id=\"rotateG_06\"><\/div>\n\t\t\t\t<div class=\"blockG\" id=\"rotateG_07\"><\/div>\n\t\t\t\t<div class=\"blockG\" id=\"rotateG_08\"><\/div>\n\t\t\t<\/div>\n\t\t\t<div class=\"WooZone-cross-sell-loader-text\"><\/div>\n\t\t<\/div>\n\t<\/div>\n\n\t\t\n<\/div>\n<div style=\"clear:both;\"><\/div><\/p>\n","protected":false},"excerpt":{"rendered":"<p>SHEENGO 963XL Wiederaufbereitet Druckerpatronen Kompatible f\u00fcr HP 963XL Multipack 963 Druckerpatronen<br \/>\nPackungsinhalt: 1 963XL Schwarz, 1 963XL Cyan, 1 963XL Magenta, 1 963XL Gelb (4er-Pack,Nicht original)<br \/>\nKompatible Drucker: Kompatible f\u00fcr HP OfficeJet Pro 9010, Kompatible f\u00fcr HP OfficeJet Pro 9012, Kompatible f\u00fcr HP OfficeJet Pro 9020 9014 9015 9016 9018 9019 9022 9025 Serie Drucker<\/p>\n","protected":false},"featured_media":106864,"comment_status":"open","ping_status":"closed","template":"","meta":[],"product_brand":[],"product_cat":[863],"product_tag":[],"class_list":{"0":"post-106863","1":"product","2":"type-product","3":"status-publish","4":"has-post-thumbnail","6":"product_cat-computer-zubehoer","7":"pa_brand-sheengo","8":"pa_color-schwarz-cyan-magenta-gelb","9":"pa_manufacturer-sheengo-fuer-hp-963xl-multipack-officejet-pro-9010","10":"pa_model-963xl-multipack-officejet-pro-9012-9010","12":"first","13":"instock","14":"shipping-taxable","15":"purchasable","16":"product-type-simple","17":"customify-col","18":"product-has-gallery"},"yoast_head":"<!-- This site is optimized with the Yoast SEO plugin v27.4 - https:\/\/yoast.com\/product\/yoast-seo-wordpress\/ -->\n<title>Wiederaufbereitet 963XL Druckerpatronen Kompatible f\u00fcr HP 963XL Multipack 963 XL f\u00fcr HP OfficeJet Pro 9012 9012e 9010\u2026 - Markt-XXL<\/title>\n<meta name=\"description\" content=\"Markt-XXL Wiederaufbereitet 963XL Druckerpatronen Kompatible f\u00fcr HP 963XL Multipack 963 XL f\u00fcr HP OfficeJet Pro 9012 9012e 9010\u2026\" \/>\n<meta name=\"robots\" content=\"index, follow, max-snippet:-1, max-image-preview:large, max-video-preview:-1\" \/>\n<link rel=\"canonical\" href=\"https:\/\/marktxxl.de\/markt\/produkt\/sheengo-wiederaufbereitet-963xl-druckerpatronen-kompatible-fuer-hp-963xl-multipack-963-xl-fuer-hp-officejet-pro-9012-9010-9020-9014-9015-9016-9018-9019-9022-9025-schwarz-cyan-magenta-gelb-4er-pac\/\" \/>\n<meta property=\"og:locale\" content=\"de_DE\" \/>\n<meta property=\"og:type\" content=\"article\" \/>\n<meta property=\"og:title\" content=\"Wiederaufbereitet 963XL Druckerpatronen Kompatible f\u00fcr HP 963XL Multipack 963 XL f\u00fcr HP OfficeJet Pro 9012 9012e 9010\u2026 - Markt-XXL\" \/>\n<meta property=\"og:description\" content=\"Markt-XXL Wiederaufbereitet 963XL Druckerpatronen Kompatible f\u00fcr HP 963XL Multipack 963 XL f\u00fcr HP OfficeJet Pro 9012 9012e 9010\u2026\" \/>\n<meta property=\"og:url\" content=\"https:\/\/marktxxl.de\/markt\/produkt\/sheengo-wiederaufbereitet-963xl-druckerpatronen-kompatible-fuer-hp-963xl-multipack-963-xl-fuer-hp-officejet-pro-9012-9010-9020-9014-9015-9016-9018-9019-9022-9025-schwarz-cyan-magenta-gelb-4er-pac\/\" \/>\n<meta property=\"og:site_name\" content=\"Markt-XXL\" \/>\n<meta property=\"article:modified_time\" content=\"2023-04-09T01:06:33+00:00\" \/>\n<meta property=\"og:image\" content=\"https:\/\/m.media-amazon.com\/images\/I\/51QyJbuQD8L._SL500_.jpg\" \/>\n\t<meta property=\"og:image:width\" content=\"500\" \/>\n\t<meta property=\"og:image:height\" content=\"500\" \/>\n\t<meta property=\"og:image:type\" content=\"image\/jpeg\" \/>\n<meta name=\"twitter:card\" content=\"summary_large_image\" \/>\n<meta name=\"twitter:label1\" content=\"Gesch\u00e4tzte Lesezeit\" \/>\n\t<meta name=\"twitter:data1\" content=\"1\u00a0Minute\" \/>\n<script type=\"application\/ld+json\" class=\"yoast-schema-graph\">{\"@context\":\"https:\\\/\\\/schema.org\",\"@graph\":[{\"@type\":\"WebPage\",\"@id\":\"https:\\\/\\\/marktxxl.de\\\/markt\\\/produkt\\\/sheengo-wiederaufbereitet-963xl-druckerpatronen-kompatible-fuer-hp-963xl-multipack-963-xl-fuer-hp-officejet-pro-9012-9010-9020-9014-9015-9016-9018-9019-9022-9025-schwarz-cyan-magenta-gelb-4er-pac\\\/\",\"url\":\"https:\\\/\\\/marktxxl.de\\\/markt\\\/produkt\\\/sheengo-wiederaufbereitet-963xl-druckerpatronen-kompatible-fuer-hp-963xl-multipack-963-xl-fuer-hp-officejet-pro-9012-9010-9020-9014-9015-9016-9018-9019-9022-9025-schwarz-cyan-magenta-gelb-4er-pac\\\/\",\"name\":\"Wiederaufbereitet 963XL Druckerpatronen Kompatible f\u00fcr HP 963XL Multipack 963 XL f\u00fcr HP OfficeJet Pro 9012 9012e 9010\u2026 - Markt-XXL\",\"isPartOf\":{\"@id\":\"https:\\\/\\\/marktxxl.de\\\/markt\\\/#website\"},\"primaryImageOfPage\":{\"@id\":\"https:\\\/\\\/marktxxl.de\\\/markt\\\/produkt\\\/sheengo-wiederaufbereitet-963xl-druckerpatronen-kompatible-fuer-hp-963xl-multipack-963-xl-fuer-hp-officejet-pro-9012-9010-9020-9014-9015-9016-9018-9019-9022-9025-schwarz-cyan-magenta-gelb-4er-pac\\\/#primaryimage\"},\"image\":{\"@id\":\"https:\\\/\\\/marktxxl.de\\\/markt\\\/produkt\\\/sheengo-wiederaufbereitet-963xl-druckerpatronen-kompatible-fuer-hp-963xl-multipack-963-xl-fuer-hp-officejet-pro-9012-9010-9020-9014-9015-9016-9018-9019-9022-9025-schwarz-cyan-magenta-gelb-4er-pac\\\/#primaryimage\"},\"thumbnailUrl\":\"https:\\\/\\\/m.media-amazon.com\\\/images\\\/I\\\/51QyJbuQD8L._SL500_.jpg\",\"datePublished\":\"2022-02-26T15:00:59+00:00\",\"dateModified\":\"2023-04-09T01:06:33+00:00\",\"description\":\"Markt-XXL Wiederaufbereitet 963XL Druckerpatronen Kompatible f\u00fcr HP 963XL Multipack 963 XL f\u00fcr HP OfficeJet Pro 9012 9012e 9010\u2026\",\"breadcrumb\":{\"@id\":\"https:\\\/\\\/marktxxl.de\\\/markt\\\/produkt\\\/sheengo-wiederaufbereitet-963xl-druckerpatronen-kompatible-fuer-hp-963xl-multipack-963-xl-fuer-hp-officejet-pro-9012-9010-9020-9014-9015-9016-9018-9019-9022-9025-schwarz-cyan-magenta-gelb-4er-pac\\\/#breadcrumb\"},\"inLanguage\":\"de\",\"potentialAction\":[{\"@type\":\"ReadAction\",\"target\":[\"https:\\\/\\\/marktxxl.de\\\/markt\\\/produkt\\\/sheengo-wiederaufbereitet-963xl-druckerpatronen-kompatible-fuer-hp-963xl-multipack-963-xl-fuer-hp-officejet-pro-9012-9010-9020-9014-9015-9016-9018-9019-9022-9025-schwarz-cyan-magenta-gelb-4er-pac\\\/\"]}]},{\"@type\":\"ImageObject\",\"inLanguage\":\"de\",\"@id\":\"https:\\\/\\\/marktxxl.de\\\/markt\\\/produkt\\\/sheengo-wiederaufbereitet-963xl-druckerpatronen-kompatible-fuer-hp-963xl-multipack-963-xl-fuer-hp-officejet-pro-9012-9010-9020-9014-9015-9016-9018-9019-9022-9025-schwarz-cyan-magenta-gelb-4er-pac\\\/#primaryimage\",\"url\":\"https:\\\/\\\/m.media-amazon.com\\\/images\\\/I\\\/51QyJbuQD8L._SL500_.jpg\",\"contentUrl\":\"https:\\\/\\\/m.media-amazon.com\\\/images\\\/I\\\/51QyJbuQD8L._SL500_.jpg\",\"width\":500,\"height\":500},{\"@type\":\"BreadcrumbList\",\"@id\":\"https:\\\/\\\/marktxxl.de\\\/markt\\\/produkt\\\/sheengo-wiederaufbereitet-963xl-druckerpatronen-kompatible-fuer-hp-963xl-multipack-963-xl-fuer-hp-officejet-pro-9012-9010-9020-9014-9015-9016-9018-9019-9022-9025-schwarz-cyan-magenta-gelb-4er-pac\\\/#breadcrumb\",\"itemListElement\":[{\"@type\":\"ListItem\",\"position\":1,\"name\":\"Startseite\",\"item\":\"https:\\\/\\\/marktxxl.de\\\/markt\\\/\"},{\"@type\":\"ListItem\",\"position\":2,\"name\":\"Markt\",\"item\":\"https:\\\/\\\/marktxxl.de\\\/markt\\\/\"},{\"@type\":\"ListItem\",\"position\":3,\"name\":\"Wiederaufbereitet 963XL Druckerpatronen Kompatible f\u00fcr HP 963XL Multipack 963 XL f\u00fcr HP OfficeJet Pro 9012 9012e 9010\u2026\"}]},{\"@type\":\"WebSite\",\"@id\":\"https:\\\/\\\/marktxxl.de\\\/markt\\\/#website\",\"url\":\"https:\\\/\\\/marktxxl.de\\\/markt\\\/\",\"name\":\"Markt-XXL\",\"description\":\"Ihr Markt Online\",\"publisher\":{\"@id\":\"https:\\\/\\\/marktxxl.de\\\/markt\\\/#organization\"},\"potentialAction\":[{\"@type\":\"SearchAction\",\"target\":{\"@type\":\"EntryPoint\",\"urlTemplate\":\"https:\\\/\\\/marktxxl.de\\\/markt\\\/?s={search_term_string}\"},\"query-input\":{\"@type\":\"PropertyValueSpecification\",\"valueRequired\":true,\"valueName\":\"search_term_string\"}}],\"inLanguage\":\"de\"},{\"@type\":\"Organization\",\"@id\":\"https:\\\/\\\/marktxxl.de\\\/markt\\\/#organization\",\"name\":\"Markt-XXL\",\"url\":\"https:\\\/\\\/marktxxl.de\\\/markt\\\/\",\"logo\":{\"@type\":\"ImageObject\",\"inLanguage\":\"de\",\"@id\":\"https:\\\/\\\/marktxxl.de\\\/markt\\\/#\\\/schema\\\/logo\\\/image\\\/\",\"url\":\"https:\\\/\\\/marktxxl.de\\\/markt\\\/wp-content\\\/uploads\\\/sites\\\/3\\\/2020\\\/12\\\/logo.png\",\"contentUrl\":\"https:\\\/\\\/marktxxl.de\\\/markt\\\/wp-content\\\/uploads\\\/sites\\\/3\\\/2020\\\/12\\\/logo.png\",\"width\":200,\"height\":70,\"caption\":\"Markt-XXL\"},\"image\":{\"@id\":\"https:\\\/\\\/marktxxl.de\\\/markt\\\/#\\\/schema\\\/logo\\\/image\\\/\"}}]}<\/script>\n<!-- \/ Yoast SEO plugin. -->","yoast_head_json":{"title":"Wiederaufbereitet 963XL Druckerpatronen Kompatible f\u00fcr HP 963XL Multipack 963 XL f\u00fcr HP OfficeJet Pro 9012 9012e 9010\u2026 - Markt-XXL","description":"Markt-XXL Wiederaufbereitet 963XL Druckerpatronen Kompatible f\u00fcr HP 963XL Multipack 963 XL f\u00fcr HP OfficeJet Pro 9012 9012e 9010\u2026","robots":{"index":"index","follow":"follow","max-snippet":"max-snippet:-1","max-image-preview":"max-image-preview:large","max-video-preview":"max-video-preview:-1"},"canonical":"https:\/\/marktxxl.de\/markt\/produkt\/sheengo-wiederaufbereitet-963xl-druckerpatronen-kompatible-fuer-hp-963xl-multipack-963-xl-fuer-hp-officejet-pro-9012-9010-9020-9014-9015-9016-9018-9019-9022-9025-schwarz-cyan-magenta-gelb-4er-pac\/","og_locale":"de_DE","og_type":"article","og_title":"Wiederaufbereitet 963XL Druckerpatronen Kompatible f\u00fcr HP 963XL Multipack 963 XL f\u00fcr HP OfficeJet Pro 9012 9012e 9010\u2026 - Markt-XXL","og_description":"Markt-XXL Wiederaufbereitet 963XL Druckerpatronen Kompatible f\u00fcr HP 963XL Multipack 963 XL f\u00fcr HP OfficeJet Pro 9012 9012e 9010\u2026","og_url":"https:\/\/marktxxl.de\/markt\/produkt\/sheengo-wiederaufbereitet-963xl-druckerpatronen-kompatible-fuer-hp-963xl-multipack-963-xl-fuer-hp-officejet-pro-9012-9010-9020-9014-9015-9016-9018-9019-9022-9025-schwarz-cyan-magenta-gelb-4er-pac\/","og_site_name":"Markt-XXL","article_modified_time":"2023-04-09T01:06:33+00:00","og_image":[{"width":500,"height":500,"url":"https:\/\/m.media-amazon.com\/images\/I\/51QyJbuQD8L._SL500_.jpg","type":"image\/jpeg"}],"twitter_card":"summary_large_image","twitter_misc":{"Gesch\u00e4tzte Lesezeit":"1\u00a0Minute"},"schema":{"@context":"https:\/\/schema.org","@graph":[{"@type":"WebPage","@id":"https:\/\/marktxxl.de\/markt\/produkt\/sheengo-wiederaufbereitet-963xl-druckerpatronen-kompatible-fuer-hp-963xl-multipack-963-xl-fuer-hp-officejet-pro-9012-9010-9020-9014-9015-9016-9018-9019-9022-9025-schwarz-cyan-magenta-gelb-4er-pac\/","url":"https:\/\/marktxxl.de\/markt\/produkt\/sheengo-wiederaufbereitet-963xl-druckerpatronen-kompatible-fuer-hp-963xl-multipack-963-xl-fuer-hp-officejet-pro-9012-9010-9020-9014-9015-9016-9018-9019-9022-9025-schwarz-cyan-magenta-gelb-4er-pac\/","name":"Wiederaufbereitet 963XL Druckerpatronen Kompatible f\u00fcr HP 963XL Multipack 963 XL f\u00fcr HP OfficeJet Pro 9012 9012e 9010\u2026 - Markt-XXL","isPartOf":{"@id":"https:\/\/marktxxl.de\/markt\/#website"},"primaryImageOfPage":{"@id":"https:\/\/marktxxl.de\/markt\/produkt\/sheengo-wiederaufbereitet-963xl-druckerpatronen-kompatible-fuer-hp-963xl-multipack-963-xl-fuer-hp-officejet-pro-9012-9010-9020-9014-9015-9016-9018-9019-9022-9025-schwarz-cyan-magenta-gelb-4er-pac\/#primaryimage"},"image":{"@id":"https:\/\/marktxxl.de\/markt\/produkt\/sheengo-wiederaufbereitet-963xl-druckerpatronen-kompatible-fuer-hp-963xl-multipack-963-xl-fuer-hp-officejet-pro-9012-9010-9020-9014-9015-9016-9018-9019-9022-9025-schwarz-cyan-magenta-gelb-4er-pac\/#primaryimage"},"thumbnailUrl":"https:\/\/m.media-amazon.com\/images\/I\/51QyJbuQD8L._SL500_.jpg","datePublished":"2022-02-26T15:00:59+00:00","dateModified":"2023-04-09T01:06:33+00:00","description":"Markt-XXL Wiederaufbereitet 963XL Druckerpatronen Kompatible f\u00fcr HP 963XL Multipack 963 XL f\u00fcr HP OfficeJet Pro 9012 9012e 9010\u2026","breadcrumb":{"@id":"https:\/\/marktxxl.de\/markt\/produkt\/sheengo-wiederaufbereitet-963xl-druckerpatronen-kompatible-fuer-hp-963xl-multipack-963-xl-fuer-hp-officejet-pro-9012-9010-9020-9014-9015-9016-9018-9019-9022-9025-schwarz-cyan-magenta-gelb-4er-pac\/#breadcrumb"},"inLanguage":"de","potentialAction":[{"@type":"ReadAction","target":["https:\/\/marktxxl.de\/markt\/produkt\/sheengo-wiederaufbereitet-963xl-druckerpatronen-kompatible-fuer-hp-963xl-multipack-963-xl-fuer-hp-officejet-pro-9012-9010-9020-9014-9015-9016-9018-9019-9022-9025-schwarz-cyan-magenta-gelb-4er-pac\/"]}]},{"@type":"ImageObject","inLanguage":"de","@id":"https:\/\/marktxxl.de\/markt\/produkt\/sheengo-wiederaufbereitet-963xl-druckerpatronen-kompatible-fuer-hp-963xl-multipack-963-xl-fuer-hp-officejet-pro-9012-9010-9020-9014-9015-9016-9018-9019-9022-9025-schwarz-cyan-magenta-gelb-4er-pac\/#primaryimage","url":"https:\/\/m.media-amazon.com\/images\/I\/51QyJbuQD8L._SL500_.jpg","contentUrl":"https:\/\/m.media-amazon.com\/images\/I\/51QyJbuQD8L._SL500_.jpg","width":500,"height":500},{"@type":"BreadcrumbList","@id":"https:\/\/marktxxl.de\/markt\/produkt\/sheengo-wiederaufbereitet-963xl-druckerpatronen-kompatible-fuer-hp-963xl-multipack-963-xl-fuer-hp-officejet-pro-9012-9010-9020-9014-9015-9016-9018-9019-9022-9025-schwarz-cyan-magenta-gelb-4er-pac\/#breadcrumb","itemListElement":[{"@type":"ListItem","position":1,"name":"Startseite","item":"https:\/\/marktxxl.de\/markt\/"},{"@type":"ListItem","position":2,"name":"Markt","item":"https:\/\/marktxxl.de\/markt\/"},{"@type":"ListItem","position":3,"name":"Wiederaufbereitet 963XL Druckerpatronen Kompatible f\u00fcr HP 963XL Multipack 963 XL f\u00fcr HP OfficeJet Pro 9012 9012e 9010\u2026"}]},{"@type":"WebSite","@id":"https:\/\/marktxxl.de\/markt\/#website","url":"https:\/\/marktxxl.de\/markt\/","name":"Markt-XXL","description":"Ihr Markt Online","publisher":{"@id":"https:\/\/marktxxl.de\/markt\/#organization"},"potentialAction":[{"@type":"SearchAction","target":{"@type":"EntryPoint","urlTemplate":"https:\/\/marktxxl.de\/markt\/?s={search_term_string}"},"query-input":{"@type":"PropertyValueSpecification","valueRequired":true,"valueName":"search_term_string"}}],"inLanguage":"de"},{"@type":"Organization","@id":"https:\/\/marktxxl.de\/markt\/#organization","name":"Markt-XXL","url":"https:\/\/marktxxl.de\/markt\/","logo":{"@type":"ImageObject","inLanguage":"de","@id":"https:\/\/marktxxl.de\/markt\/#\/schema\/logo\/image\/","url":"https:\/\/marktxxl.de\/markt\/wp-content\/uploads\/sites\/3\/2020\/12\/logo.png","contentUrl":"https:\/\/marktxxl.de\/markt\/wp-content\/uploads\/sites\/3\/2020\/12\/logo.png","width":200,"height":70,"caption":"Markt-XXL"},"image":{"@id":"https:\/\/marktxxl.de\/markt\/#\/schema\/logo\/image\/"}}]}},"_links":{"self":[{"href":"https:\/\/marktxxl.de\/markt\/wp-json\/wp\/v2\/product\/106863","targetHints":{"allow":["GET"]}}],"collection":[{"href":"https:\/\/marktxxl.de\/markt\/wp-json\/wp\/v2\/product"}],"about":[{"href":"https:\/\/marktxxl.de\/markt\/wp-json\/wp\/v2\/types\/product"}],"replies":[{"embeddable":true,"href":"https:\/\/marktxxl.de\/markt\/wp-json\/wp\/v2\/comments?post=106863"}],"wp:featuredmedia":[{"embeddable":true,"href":"https:\/\/marktxxl.de\/markt\/wp-json\/wp\/v2\/media\/106864"}],"wp:attachment":[{"href":"https:\/\/marktxxl.de\/markt\/wp-json\/wp\/v2\/media?parent=106863"}],"wp:term":[{"taxonomy":"product_brand","embeddable":true,"href":"https:\/\/marktxxl.de\/markt\/wp-json\/wp\/v2\/product_brand?post=106863"},{"taxonomy":"product_cat","embeddable":true,"href":"https:\/\/marktxxl.de\/markt\/wp-json\/wp\/v2\/product_cat?post=106863"},{"taxonomy":"product_tag","embeddable":true,"href":"https:\/\/marktxxl.de\/markt\/wp-json\/wp\/v2\/product_tag?post=106863"}],"curies":[{"name":"wp","href":"https:\/\/api.w.org\/{rel}","templated":true}]}}