{"id":106817,"date":"2022-02-26T15:58:00","date_gmt":"2022-02-26T14:58:00","guid":{"rendered":"https:\/\/marktxxl.de\/markt\/produkt\/usb-kamera-adapter2-in-1-light-ning-zu-usb-otg-adapter-mit-ladeanschluss-kompatibel-mit-i-phone-13-12-11-xr-x-xs-8-7-6-6s-und-i-padios13-15\/"},"modified":"2023-04-09T03:06:33","modified_gmt":"2023-04-09T01:06:33","slug":"usb-kamera-adapter2-in-1-light-ning-zu-usb-otg-adapter-mit-ladeanschluss-kompatibel-mit-i-phone-13-12-11-xr-x-xs-8-7-6-6s-und-i-padios13-15","status":"publish","type":"product","link":"https:\/\/marktxxl.de\/markt\/produkt\/usb-kamera-adapter2-in-1-light-ning-zu-usb-otg-adapter-mit-ladeanschluss-kompatibel-mit-i-phone-13-12-11-xr-x-xs-8-7-6-6s-und-i-padios13-15\/","title":{"rendered":"USB Kamera Adapter,2 in 1 Light-ning-zu USB OTG Adapter mit Ladeanschluss Kompatibel mit i-Phone 13\/12\/11\/XR\/X\/XS\/8\/7\/6\u2026"},"content":{"rendered":"<p>\u30102 in 1\u3011This adapter has 2 ports, 1x USB port, 1x Light-ning charging port. Use this adapter cable to connect with your digital camera and iOS phone\/pad. Your phone\/pad will automatically detect the camera and be granted access to import or export photos and videos. It supports standard photo formats like JPEG and RAW, as well as SD and HD video formats like H.264 and MPEG-4. . Support all I-Phone with iOS 13 and above Compatible with Phone 13\/12\/11\/X\/8\/7\/6\/ and Pad Air\/Mini\/Pro. mehr.<br \/>\nF\u00fcr das neueste iOS 13\u3011 Mit diesem Lighting to USB-Adapter f\u00fcr das neueste iOS 13 k\u00f6nnen Sie mit unserem Lighting USB 3.0-Adapter Fotos \/ Videos \/ Dateien (Word \/ PPT \/ Excel) \/ Audio \u00fcber die App &#8216;Files&#8217; importieren. Unter iOS 12 und fr\u00fcheren Versionen k\u00f6nnen Fotos oder Videos von der Kamera auf Ihr Phone \/ Pad \u00fcbertragen werden.<br \/>\n[USB-OTG-Adapter f\u00fcr i-Phone i-Pad] Funktioniert perfekt mit verschiedenen USB-basierten Peripherieger\u00e4ten, deren Arbeitsstrom 100mA nicht \u00fcberschreitet, wie Ethernet-Adapter, Audio-Interfaces, MIDI-Interfaces, Kartenleser, MIDI-Keyboards, Digitalkameras, E-Drums , E-Piano, Taschenlampe, PC-Tastatur, kabellose Tastaturen, kabellose Maus, Mixer Audio DAC, Mojo DAC, Musiktastatur PAD, Soundbox, USB-Headset, USB-Soundkarte,<br \/>\n\u3010Schnellladung\u3011 Dieser Light-ning USB Phone Adapter hat einen Ladeanschluss f\u00fcr das Telefon. Aufladen, \u00dcberpr\u00fcfen von Fotos oder Videos von USB-Ger\u00e4ten kann gleichzeitig bearbeitet werden. Machen Sie sich keine Sorgen mehr, dass der Akku Ihres Telefons leer ist.<br \/>\n<div class=\"main-cross-sell\" data-asin=\"B09QLZTG55\">\n\n\t<div class=\"WooZone-cross-sell-loader\">\n\t\t<div>\n\t\t\t<div id=\"floatingBarsG\">\n\t\t\t\t<div class=\"blockG\" id=\"rotateG_01\"><\/div>\n\t\t\t\t<div class=\"blockG\" id=\"rotateG_02\"><\/div>\n\t\t\t\t<div class=\"blockG\" id=\"rotateG_03\"><\/div>\n\t\t\t\t<div class=\"blockG\" id=\"rotateG_04\"><\/div>\n\t\t\t\t<div class=\"blockG\" id=\"rotateG_05\"><\/div>\n\t\t\t\t<div class=\"blockG\" id=\"rotateG_06\"><\/div>\n\t\t\t\t<div class=\"blockG\" id=\"rotateG_07\"><\/div>\n\t\t\t\t<div class=\"blockG\" id=\"rotateG_08\"><\/div>\n\t\t\t<\/div>\n\t\t\t<div class=\"WooZone-cross-sell-loader-text\"><\/div>\n\t\t<\/div>\n\t<\/div>\n\n\t\t\n<\/div>\n<div style=\"clear:both;\"><\/div><\/p>\n","protected":false},"excerpt":{"rendered":"<p>\u30102 in 1\u3011This adapter has 2 ports, 1x USB port, 1x Light-ning charging port. Use this adapter cable to connect with your digital camera and iOS phone\/pad. Your phone\/pad will automatically detect the camera and be granted access to import or export photos and videos. It supports standard photo formats like JPEG and RAW, as well as SD and HD video formats like H.264 and MPEG-4. . Support all I-Phone with iOS 13 and above Compatible with Phone 13\/12\/11\/X\/8\/7\/6\/ and Pad Air\/Mini\/Pro. mehr.<br \/>\nF\u00fcr das neueste iOS 13\u3011 Mit diesem Lighting to USB-Adapter f\u00fcr das neueste iOS 13 k\u00f6nnen Sie mit unserem Lighting USB 3.0-Adapter Fotos \/ Videos \/ Dateien (Word \/ PPT \/ Excel) \/ Audio \u00fcber die App &#8216;Files&#8217; importieren. Unter iOS 12 und fr\u00fcheren Versionen k\u00f6nnen Fotos oder Videos von der Kamera auf Ihr Phone \/ Pad \u00fcbertragen werden.<br \/>\n[USB-OTG-Adapter f\u00fcr i-Phone i-Pad] Funktioniert perfekt mit verschiedenen USB-basierten Peripherieger\u00e4ten, deren Arbeitsstrom 100mA nicht \u00fcberschreitet, wie Ethernet-Adapter, Audio-Interfaces, MIDI-Interfaces, Kartenleser, MIDI-Keyboards, Digitalkameras, E-Drums , E-Piano, Taschenlampe, PC-Tastatur, kabellose Tastaturen, kabellose Maus, Mixer Audio DAC, Mojo DAC, Musiktastatur PAD, Soundbox, USB-Headset, USB-Soundkarte,<\/p>\n","protected":false},"featured_media":106818,"comment_status":"open","ping_status":"closed","template":"","meta":[],"product_brand":[],"product_cat":[863],"product_tag":[],"class_list":{"0":"post-106817","1":"product","2":"type-product","3":"status-publish","4":"has-post-thumbnail","6":"product_cat-computer-zubehoer","7":"pa_brand-luowan","8":"pa_manufacturer-qwq","10":"first","11":"instock","12":"shipping-taxable","13":"purchasable","14":"product-type-simple","15":"customify-col","16":"product-has-gallery"},"yoast_head":"<!-- This site is optimized with the Yoast SEO plugin v27.4 - https:\/\/yoast.com\/product\/yoast-seo-wordpress\/ -->\n<title>USB Kamera Adapter,2 in 1 Light-ning-zu USB OTG Adapter mit Ladeanschluss Kompatibel mit i-Phone 13\/12\/11\/XR\/X\/XS\/8\/7\/6\u2026 - Markt-XXL<\/title>\n<meta name=\"description\" content=\"Markt-XXL USB Kamera Adapter,2 in 1 Light-ning-zu USB OTG Adapter mit Ladeanschluss Kompatibel mit i-Phone 13\/12\/11\/XR\/X\/XS\/8\/7\/6\u2026\" \/>\n<meta name=\"robots\" content=\"index, follow, max-snippet:-1, max-image-preview:large, max-video-preview:-1\" \/>\n<link rel=\"canonical\" href=\"https:\/\/marktxxl.de\/markt\/produkt\/usb-kamera-adapter2-in-1-light-ning-zu-usb-otg-adapter-mit-ladeanschluss-kompatibel-mit-i-phone-13-12-11-xr-x-xs-8-7-6-6s-und-i-padios13-15\/\" \/>\n<meta property=\"og:locale\" content=\"de_DE\" \/>\n<meta property=\"og:type\" content=\"article\" \/>\n<meta property=\"og:title\" content=\"USB Kamera Adapter,2 in 1 Light-ning-zu USB OTG Adapter mit Ladeanschluss Kompatibel mit i-Phone 13\/12\/11\/XR\/X\/XS\/8\/7\/6\u2026 - Markt-XXL\" \/>\n<meta property=\"og:description\" content=\"Markt-XXL USB Kamera Adapter,2 in 1 Light-ning-zu USB OTG Adapter mit Ladeanschluss Kompatibel mit i-Phone 13\/12\/11\/XR\/X\/XS\/8\/7\/6\u2026\" \/>\n<meta property=\"og:url\" content=\"https:\/\/marktxxl.de\/markt\/produkt\/usb-kamera-adapter2-in-1-light-ning-zu-usb-otg-adapter-mit-ladeanschluss-kompatibel-mit-i-phone-13-12-11-xr-x-xs-8-7-6-6s-und-i-padios13-15\/\" \/>\n<meta property=\"og:site_name\" content=\"Markt-XXL\" \/>\n<meta property=\"article:modified_time\" content=\"2023-04-09T01:06:33+00:00\" \/>\n<meta property=\"og:image\" content=\"https:\/\/m.media-amazon.com\/images\/I\/41opp6Z5NvL._SL500_.jpg\" \/>\n\t<meta property=\"og:image:width\" content=\"500\" \/>\n\t<meta property=\"og:image:height\" content=\"499\" \/>\n\t<meta property=\"og:image:type\" content=\"image\/jpeg\" \/>\n<meta name=\"twitter:card\" content=\"summary_large_image\" \/>\n<meta name=\"twitter:label1\" content=\"Gesch\u00e4tzte Lesezeit\" \/>\n\t<meta name=\"twitter:data1\" content=\"1\u00a0Minute\" \/>\n<script type=\"application\/ld+json\" class=\"yoast-schema-graph\">{\"@context\":\"https:\\\/\\\/schema.org\",\"@graph\":[{\"@type\":\"WebPage\",\"@id\":\"https:\\\/\\\/marktxxl.de\\\/markt\\\/produkt\\\/usb-kamera-adapter2-in-1-light-ning-zu-usb-otg-adapter-mit-ladeanschluss-kompatibel-mit-i-phone-13-12-11-xr-x-xs-8-7-6-6s-und-i-padios13-15\\\/\",\"url\":\"https:\\\/\\\/marktxxl.de\\\/markt\\\/produkt\\\/usb-kamera-adapter2-in-1-light-ning-zu-usb-otg-adapter-mit-ladeanschluss-kompatibel-mit-i-phone-13-12-11-xr-x-xs-8-7-6-6s-und-i-padios13-15\\\/\",\"name\":\"USB Kamera Adapter,2 in 1 Light-ning-zu USB OTG Adapter mit Ladeanschluss Kompatibel mit i-Phone 13\\\/12\\\/11\\\/XR\\\/X\\\/XS\\\/8\\\/7\\\/6\u2026 - Markt-XXL\",\"isPartOf\":{\"@id\":\"https:\\\/\\\/marktxxl.de\\\/markt\\\/#website\"},\"primaryImageOfPage\":{\"@id\":\"https:\\\/\\\/marktxxl.de\\\/markt\\\/produkt\\\/usb-kamera-adapter2-in-1-light-ning-zu-usb-otg-adapter-mit-ladeanschluss-kompatibel-mit-i-phone-13-12-11-xr-x-xs-8-7-6-6s-und-i-padios13-15\\\/#primaryimage\"},\"image\":{\"@id\":\"https:\\\/\\\/marktxxl.de\\\/markt\\\/produkt\\\/usb-kamera-adapter2-in-1-light-ning-zu-usb-otg-adapter-mit-ladeanschluss-kompatibel-mit-i-phone-13-12-11-xr-x-xs-8-7-6-6s-und-i-padios13-15\\\/#primaryimage\"},\"thumbnailUrl\":\"https:\\\/\\\/m.media-amazon.com\\\/images\\\/I\\\/41opp6Z5NvL._SL500_.jpg\",\"datePublished\":\"2022-02-26T14:58:00+00:00\",\"dateModified\":\"2023-04-09T01:06:33+00:00\",\"description\":\"Markt-XXL USB Kamera Adapter,2 in 1 Light-ning-zu USB OTG Adapter mit Ladeanschluss Kompatibel mit i-Phone 13\\\/12\\\/11\\\/XR\\\/X\\\/XS\\\/8\\\/7\\\/6\u2026\",\"breadcrumb\":{\"@id\":\"https:\\\/\\\/marktxxl.de\\\/markt\\\/produkt\\\/usb-kamera-adapter2-in-1-light-ning-zu-usb-otg-adapter-mit-ladeanschluss-kompatibel-mit-i-phone-13-12-11-xr-x-xs-8-7-6-6s-und-i-padios13-15\\\/#breadcrumb\"},\"inLanguage\":\"de\",\"potentialAction\":[{\"@type\":\"ReadAction\",\"target\":[\"https:\\\/\\\/marktxxl.de\\\/markt\\\/produkt\\\/usb-kamera-adapter2-in-1-light-ning-zu-usb-otg-adapter-mit-ladeanschluss-kompatibel-mit-i-phone-13-12-11-xr-x-xs-8-7-6-6s-und-i-padios13-15\\\/\"]}]},{\"@type\":\"ImageObject\",\"inLanguage\":\"de\",\"@id\":\"https:\\\/\\\/marktxxl.de\\\/markt\\\/produkt\\\/usb-kamera-adapter2-in-1-light-ning-zu-usb-otg-adapter-mit-ladeanschluss-kompatibel-mit-i-phone-13-12-11-xr-x-xs-8-7-6-6s-und-i-padios13-15\\\/#primaryimage\",\"url\":\"https:\\\/\\\/m.media-amazon.com\\\/images\\\/I\\\/41opp6Z5NvL._SL500_.jpg\",\"contentUrl\":\"https:\\\/\\\/m.media-amazon.com\\\/images\\\/I\\\/41opp6Z5NvL._SL500_.jpg\",\"width\":500,\"height\":499},{\"@type\":\"BreadcrumbList\",\"@id\":\"https:\\\/\\\/marktxxl.de\\\/markt\\\/produkt\\\/usb-kamera-adapter2-in-1-light-ning-zu-usb-otg-adapter-mit-ladeanschluss-kompatibel-mit-i-phone-13-12-11-xr-x-xs-8-7-6-6s-und-i-padios13-15\\\/#breadcrumb\",\"itemListElement\":[{\"@type\":\"ListItem\",\"position\":1,\"name\":\"Startseite\",\"item\":\"https:\\\/\\\/marktxxl.de\\\/markt\\\/\"},{\"@type\":\"ListItem\",\"position\":2,\"name\":\"Markt\",\"item\":\"https:\\\/\\\/marktxxl.de\\\/markt\\\/\"},{\"@type\":\"ListItem\",\"position\":3,\"name\":\"USB Kamera Adapter,2 in 1 Light-ning-zu USB OTG Adapter mit Ladeanschluss Kompatibel mit i-Phone 13\\\/12\\\/11\\\/XR\\\/X\\\/XS\\\/8\\\/7\\\/6\u2026\"}]},{\"@type\":\"WebSite\",\"@id\":\"https:\\\/\\\/marktxxl.de\\\/markt\\\/#website\",\"url\":\"https:\\\/\\\/marktxxl.de\\\/markt\\\/\",\"name\":\"Markt-XXL\",\"description\":\"Ihr Markt Online\",\"publisher\":{\"@id\":\"https:\\\/\\\/marktxxl.de\\\/markt\\\/#organization\"},\"potentialAction\":[{\"@type\":\"SearchAction\",\"target\":{\"@type\":\"EntryPoint\",\"urlTemplate\":\"https:\\\/\\\/marktxxl.de\\\/markt\\\/?s={search_term_string}\"},\"query-input\":{\"@type\":\"PropertyValueSpecification\",\"valueRequired\":true,\"valueName\":\"search_term_string\"}}],\"inLanguage\":\"de\"},{\"@type\":\"Organization\",\"@id\":\"https:\\\/\\\/marktxxl.de\\\/markt\\\/#organization\",\"name\":\"Markt-XXL\",\"url\":\"https:\\\/\\\/marktxxl.de\\\/markt\\\/\",\"logo\":{\"@type\":\"ImageObject\",\"inLanguage\":\"de\",\"@id\":\"https:\\\/\\\/marktxxl.de\\\/markt\\\/#\\\/schema\\\/logo\\\/image\\\/\",\"url\":\"https:\\\/\\\/marktxxl.de\\\/markt\\\/wp-content\\\/uploads\\\/sites\\\/3\\\/2020\\\/12\\\/logo.png\",\"contentUrl\":\"https:\\\/\\\/marktxxl.de\\\/markt\\\/wp-content\\\/uploads\\\/sites\\\/3\\\/2020\\\/12\\\/logo.png\",\"width\":200,\"height\":70,\"caption\":\"Markt-XXL\"},\"image\":{\"@id\":\"https:\\\/\\\/marktxxl.de\\\/markt\\\/#\\\/schema\\\/logo\\\/image\\\/\"}}]}<\/script>\n<!-- \/ Yoast SEO plugin. -->","yoast_head_json":{"title":"USB Kamera Adapter,2 in 1 Light-ning-zu USB OTG Adapter mit Ladeanschluss Kompatibel mit i-Phone 13\/12\/11\/XR\/X\/XS\/8\/7\/6\u2026 - Markt-XXL","description":"Markt-XXL USB Kamera Adapter,2 in 1 Light-ning-zu USB OTG Adapter mit Ladeanschluss Kompatibel mit i-Phone 13\/12\/11\/XR\/X\/XS\/8\/7\/6\u2026","robots":{"index":"index","follow":"follow","max-snippet":"max-snippet:-1","max-image-preview":"max-image-preview:large","max-video-preview":"max-video-preview:-1"},"canonical":"https:\/\/marktxxl.de\/markt\/produkt\/usb-kamera-adapter2-in-1-light-ning-zu-usb-otg-adapter-mit-ladeanschluss-kompatibel-mit-i-phone-13-12-11-xr-x-xs-8-7-6-6s-und-i-padios13-15\/","og_locale":"de_DE","og_type":"article","og_title":"USB Kamera Adapter,2 in 1 Light-ning-zu USB OTG Adapter mit Ladeanschluss Kompatibel mit i-Phone 13\/12\/11\/XR\/X\/XS\/8\/7\/6\u2026 - Markt-XXL","og_description":"Markt-XXL USB Kamera Adapter,2 in 1 Light-ning-zu USB OTG Adapter mit Ladeanschluss Kompatibel mit i-Phone 13\/12\/11\/XR\/X\/XS\/8\/7\/6\u2026","og_url":"https:\/\/marktxxl.de\/markt\/produkt\/usb-kamera-adapter2-in-1-light-ning-zu-usb-otg-adapter-mit-ladeanschluss-kompatibel-mit-i-phone-13-12-11-xr-x-xs-8-7-6-6s-und-i-padios13-15\/","og_site_name":"Markt-XXL","article_modified_time":"2023-04-09T01:06:33+00:00","og_image":[{"width":500,"height":499,"url":"https:\/\/m.media-amazon.com\/images\/I\/41opp6Z5NvL._SL500_.jpg","type":"image\/jpeg"}],"twitter_card":"summary_large_image","twitter_misc":{"Gesch\u00e4tzte Lesezeit":"1\u00a0Minute"},"schema":{"@context":"https:\/\/schema.org","@graph":[{"@type":"WebPage","@id":"https:\/\/marktxxl.de\/markt\/produkt\/usb-kamera-adapter2-in-1-light-ning-zu-usb-otg-adapter-mit-ladeanschluss-kompatibel-mit-i-phone-13-12-11-xr-x-xs-8-7-6-6s-und-i-padios13-15\/","url":"https:\/\/marktxxl.de\/markt\/produkt\/usb-kamera-adapter2-in-1-light-ning-zu-usb-otg-adapter-mit-ladeanschluss-kompatibel-mit-i-phone-13-12-11-xr-x-xs-8-7-6-6s-und-i-padios13-15\/","name":"USB Kamera Adapter,2 in 1 Light-ning-zu USB OTG Adapter mit Ladeanschluss Kompatibel mit i-Phone 13\/12\/11\/XR\/X\/XS\/8\/7\/6\u2026 - Markt-XXL","isPartOf":{"@id":"https:\/\/marktxxl.de\/markt\/#website"},"primaryImageOfPage":{"@id":"https:\/\/marktxxl.de\/markt\/produkt\/usb-kamera-adapter2-in-1-light-ning-zu-usb-otg-adapter-mit-ladeanschluss-kompatibel-mit-i-phone-13-12-11-xr-x-xs-8-7-6-6s-und-i-padios13-15\/#primaryimage"},"image":{"@id":"https:\/\/marktxxl.de\/markt\/produkt\/usb-kamera-adapter2-in-1-light-ning-zu-usb-otg-adapter-mit-ladeanschluss-kompatibel-mit-i-phone-13-12-11-xr-x-xs-8-7-6-6s-und-i-padios13-15\/#primaryimage"},"thumbnailUrl":"https:\/\/m.media-amazon.com\/images\/I\/41opp6Z5NvL._SL500_.jpg","datePublished":"2022-02-26T14:58:00+00:00","dateModified":"2023-04-09T01:06:33+00:00","description":"Markt-XXL USB Kamera Adapter,2 in 1 Light-ning-zu USB OTG Adapter mit Ladeanschluss Kompatibel mit i-Phone 13\/12\/11\/XR\/X\/XS\/8\/7\/6\u2026","breadcrumb":{"@id":"https:\/\/marktxxl.de\/markt\/produkt\/usb-kamera-adapter2-in-1-light-ning-zu-usb-otg-adapter-mit-ladeanschluss-kompatibel-mit-i-phone-13-12-11-xr-x-xs-8-7-6-6s-und-i-padios13-15\/#breadcrumb"},"inLanguage":"de","potentialAction":[{"@type":"ReadAction","target":["https:\/\/marktxxl.de\/markt\/produkt\/usb-kamera-adapter2-in-1-light-ning-zu-usb-otg-adapter-mit-ladeanschluss-kompatibel-mit-i-phone-13-12-11-xr-x-xs-8-7-6-6s-und-i-padios13-15\/"]}]},{"@type":"ImageObject","inLanguage":"de","@id":"https:\/\/marktxxl.de\/markt\/produkt\/usb-kamera-adapter2-in-1-light-ning-zu-usb-otg-adapter-mit-ladeanschluss-kompatibel-mit-i-phone-13-12-11-xr-x-xs-8-7-6-6s-und-i-padios13-15\/#primaryimage","url":"https:\/\/m.media-amazon.com\/images\/I\/41opp6Z5NvL._SL500_.jpg","contentUrl":"https:\/\/m.media-amazon.com\/images\/I\/41opp6Z5NvL._SL500_.jpg","width":500,"height":499},{"@type":"BreadcrumbList","@id":"https:\/\/marktxxl.de\/markt\/produkt\/usb-kamera-adapter2-in-1-light-ning-zu-usb-otg-adapter-mit-ladeanschluss-kompatibel-mit-i-phone-13-12-11-xr-x-xs-8-7-6-6s-und-i-padios13-15\/#breadcrumb","itemListElement":[{"@type":"ListItem","position":1,"name":"Startseite","item":"https:\/\/marktxxl.de\/markt\/"},{"@type":"ListItem","position":2,"name":"Markt","item":"https:\/\/marktxxl.de\/markt\/"},{"@type":"ListItem","position":3,"name":"USB Kamera Adapter,2 in 1 Light-ning-zu USB OTG Adapter mit Ladeanschluss Kompatibel mit i-Phone 13\/12\/11\/XR\/X\/XS\/8\/7\/6\u2026"}]},{"@type":"WebSite","@id":"https:\/\/marktxxl.de\/markt\/#website","url":"https:\/\/marktxxl.de\/markt\/","name":"Markt-XXL","description":"Ihr Markt Online","publisher":{"@id":"https:\/\/marktxxl.de\/markt\/#organization"},"potentialAction":[{"@type":"SearchAction","target":{"@type":"EntryPoint","urlTemplate":"https:\/\/marktxxl.de\/markt\/?s={search_term_string}"},"query-input":{"@type":"PropertyValueSpecification","valueRequired":true,"valueName":"search_term_string"}}],"inLanguage":"de"},{"@type":"Organization","@id":"https:\/\/marktxxl.de\/markt\/#organization","name":"Markt-XXL","url":"https:\/\/marktxxl.de\/markt\/","logo":{"@type":"ImageObject","inLanguage":"de","@id":"https:\/\/marktxxl.de\/markt\/#\/schema\/logo\/image\/","url":"https:\/\/marktxxl.de\/markt\/wp-content\/uploads\/sites\/3\/2020\/12\/logo.png","contentUrl":"https:\/\/marktxxl.de\/markt\/wp-content\/uploads\/sites\/3\/2020\/12\/logo.png","width":200,"height":70,"caption":"Markt-XXL"},"image":{"@id":"https:\/\/marktxxl.de\/markt\/#\/schema\/logo\/image\/"}}]}},"_links":{"self":[{"href":"https:\/\/marktxxl.de\/markt\/wp-json\/wp\/v2\/product\/106817","targetHints":{"allow":["GET"]}}],"collection":[{"href":"https:\/\/marktxxl.de\/markt\/wp-json\/wp\/v2\/product"}],"about":[{"href":"https:\/\/marktxxl.de\/markt\/wp-json\/wp\/v2\/types\/product"}],"replies":[{"embeddable":true,"href":"https:\/\/marktxxl.de\/markt\/wp-json\/wp\/v2\/comments?post=106817"}],"wp:featuredmedia":[{"embeddable":true,"href":"https:\/\/marktxxl.de\/markt\/wp-json\/wp\/v2\/media\/106818"}],"wp:attachment":[{"href":"https:\/\/marktxxl.de\/markt\/wp-json\/wp\/v2\/media?parent=106817"}],"wp:term":[{"taxonomy":"product_brand","embeddable":true,"href":"https:\/\/marktxxl.de\/markt\/wp-json\/wp\/v2\/product_brand?post=106817"},{"taxonomy":"product_cat","embeddable":true,"href":"https:\/\/marktxxl.de\/markt\/wp-json\/wp\/v2\/product_cat?post=106817"},{"taxonomy":"product_tag","embeddable":true,"href":"https:\/\/marktxxl.de\/markt\/wp-json\/wp\/v2\/product_tag?post=106817"}],"curies":[{"name":"wp","href":"https:\/\/api.w.org\/{rel}","templated":true}]}}