{"id":106732,"date":"2022-02-26T15:54:52","date_gmt":"2022-02-26T14:54:52","guid":{"rendered":"https:\/\/marktxxl.de\/markt\/produkt\/15-6-zoll-laptop-notebook-computer-pc-19201080-fhd-screen-8gb-ddr3-128gb-emmc-windows-10-pro-laptops-computer-intel-celeron-quad-core-j4115-1-8ghz-usb-3-0-wifi\/"},"modified":"2023-04-09T03:06:31","modified_gmt":"2023-04-09T01:06:31","slug":"15-6-zoll-laptop-notebook-computer-pc-19201080-fhd-screen-8gb-ddr3-128gb-emmc-windows-10-pro-laptops-computer-intel-celeron-quad-core-j4115-1-8ghz-usb-3-0-wifi","status":"publish","type":"product","link":"https:\/\/marktxxl.de\/markt\/produkt\/15-6-zoll-laptop-notebook-computer-pc-19201080-fhd-screen-8gb-ddr3-128gb-emmc-windows-10-pro-laptops-computer-intel-celeron-quad-core-j4115-1-8ghz-usb-3-0-wifi\/","title":{"rendered":"XDSS 15.6 Zoll Laptop Notebook Computer PC, 1920*1080 FHD Screen, 8GB DDR3 128GB eMMC, Windows 10 Pro Laptops Computer\u2026"},"content":{"rendered":"<p>\u3010Betriebssystem\u3011Auf dem Laptop ist das Betriebssystem Windows 10 Pro vorinstalliert, das eine hervorragende Sicherheitsleistung bietet und eine vereinfachte Benutzeroberfl\u00e4che verbessert die Benutzerfreundlichkeit. (Hinweis: Aufgrund des neuesten Windows-Betriebssystem-Upgrades betr\u00e4gt die maximale Aktualisierungszeit 48 Stunden. Um ein &#8220;langes Warten auf Updates&#8221; zu vermeiden, klicken Sie beim ersten Starten des Assistenten auf &#8220;Bitte \u00fcberspringen Sie die drahtlose Verbindung&#8221;.)<br \/>\n\u3010Leistungsstarke Leistung\u3011 Intel J4115 Quad-Core 64-Bit-Prozessor (bis zu 2,5 GHz, integrierte Intel UHD Graphics 500), die Leistung wurde im Vergleich zu J3455 und N3450 um 50 % verbessert. Umfangreiche Berechnungen und Multitasking sind bequemer. 8 GB RAM + 128 GB SSD-Speicher, schnelle Geschwindigkeit \u00dcbertragung, reibungslose Multitask-Umschaltung, einfacher und stressfreier Zugriff auf Dateien. Es k\u00f6nnen mehr Daten gespeichert werden, was schneller als HDD ist.<br \/>\n\u3010IPS HD Display\u301115,6 Zoll IPS HD Display mit einer Aufl\u00f6sung von 1920 * 1080 bietet ein besseres Erlebnis, egal ob beim Ansehen von Videos oder im t\u00e4glichen Gebrauch. Auch im Au\u00dfeneinsatz k\u00f6nnen satte Farben klare Freude bereiten. Dar\u00fcber hinaus ist das Farblicht bei Verwendung des Nachtmodus und der Farbanpassung in der Nacht weich und blendet nicht, sodass Sie jedes Mal, wenn Sie es ansehen, eine visuelle Zufriedenheit erzielen k\u00f6nnen.<br \/>\n\u3010Akku und Schnittstelle\u3011Ein Laptop mit einem 50WH Hochleistungsakku kann ohne Aufladung l\u00e4nger arbeiten. Der Laptop wiegt nur 1,5 Kg und ist nur 0,65 Zoll dick. Es verf\u00fcgt \u00fcber 6 Anschl\u00fcsse, 1*DC (Stromanschluss), 1*MicroSD (TF) Kartensteckplatz, 1*USB3.0, 1*USB2.0, 1*MINI HDMI, 1*3,5mm Kopfh\u00f6rerbuchse. Von USB \u00fcber die Stromversorgung bis hin zur Batterie haben wir wiederholt Tests durchgef\u00fchrt, um eine lang anhaltende Leistung und besseren Komfort und Bequemlichkeit zu gew\u00e4hrleisten.<br \/>\n\u3010Sprache\u3011Der Laptop ist mit einer amerikanischen QWERTY-Tastatur ausgestattet, und ein Tastaturfilm mit deutschen Schriftzeichen wird als Geschenk pr\u00e4sentiert. Wenn Sie an eine deutsche Tastatur gew\u00f6hnt sind, verwenden Sie bitte den deutschen Tastaturfilm in der Box. Im deutschen System werden alle Zeichen auf der Tastatur gem\u00e4\u00df den Gewohnheiten der deutschen Benutzer zugewiesen. Wenn Sie weitere Fragen zur Verwendung haben, wenden Sie sich bitte \u00fcber Amazon an uns.<br \/>\n<div class=\"main-cross-sell\" data-asin=\"B09NBF7F26\">\n\n\t<div class=\"WooZone-cross-sell-loader\">\n\t\t<div>\n\t\t\t<div id=\"floatingBarsG\">\n\t\t\t\t<div class=\"blockG\" id=\"rotateG_01\"><\/div>\n\t\t\t\t<div class=\"blockG\" id=\"rotateG_02\"><\/div>\n\t\t\t\t<div class=\"blockG\" id=\"rotateG_03\"><\/div>\n\t\t\t\t<div class=\"blockG\" id=\"rotateG_04\"><\/div>\n\t\t\t\t<div class=\"blockG\" id=\"rotateG_05\"><\/div>\n\t\t\t\t<div class=\"blockG\" id=\"rotateG_06\"><\/div>\n\t\t\t\t<div class=\"blockG\" id=\"rotateG_07\"><\/div>\n\t\t\t\t<div class=\"blockG\" id=\"rotateG_08\"><\/div>\n\t\t\t<\/div>\n\t\t\t<div class=\"WooZone-cross-sell-loader-text\"><\/div>\n\t\t<\/div>\n\t<\/div>\n\n\t\t\n<\/div>\n<div style=\"clear:both;\"><\/div><\/p>\n","protected":false},"excerpt":{"rendered":"<p>\u3010Betriebssystem\u3011Auf dem Laptop ist das Betriebssystem Windows 10 Pro vorinstalliert, das eine hervorragende Sicherheitsleistung bietet und eine vereinfachte Benutzeroberfl\u00e4che verbessert die Benutzerfreundlichkeit. (Hinweis: Aufgrund des neuesten Windows-Betriebssystem-Upgrades betr\u00e4gt die maximale Aktualisierungszeit 48 Stunden. Um ein &#8220;langes Warten auf Updates&#8221; zu vermeiden, klicken Sie beim ersten Starten des Assistenten auf &#8220;Bitte \u00fcberspringen Sie die drahtlose Verbindung&#8221;.)<br \/>\n\u3010Leistungsstarke Leistung\u3011 Intel J4115 Quad-Core 64-Bit-Prozessor (bis zu 2,5 GHz, integrierte Intel UHD Graphics 500), die Leistung wurde im Vergleich zu J3455 und N3450 um 50 % verbessert. Umfangreiche Berechnungen und Multitasking sind bequemer. 8 GB RAM + 128 GB SSD-Speicher, schnelle Geschwindigkeit \u00dcbertragung, reibungslose Multitask-Umschaltung, einfacher und stressfreier Zugriff auf Dateien. Es k\u00f6nnen mehr Daten gespeichert werden, was schneller als HDD ist.<br \/>\n\u3010IPS HD Display\u301115,6 Zoll IPS HD Display mit einer Aufl\u00f6sung von 1920 * 1080 bietet ein besseres Erlebnis, egal ob beim Ansehen von Videos oder im t\u00e4glichen Gebrauch. Auch im Au\u00dfeneinsatz k\u00f6nnen satte Farben klare Freude bereiten. Dar\u00fcber hinaus ist das Farblicht bei Verwendung des Nachtmodus und der Farbanpassung in der Nacht weich und blendet nicht, sodass Sie jedes Mal, wenn Sie es ansehen, eine visuelle Zufriedenheit erzielen k\u00f6nnen.<\/p>\n","protected":false},"featured_media":106733,"comment_status":"open","ping_status":"closed","template":"","meta":[],"product_brand":[],"product_cat":[863],"product_tag":[],"class_list":{"0":"post-106732","1":"product","2":"type-product","3":"status-publish","4":"has-post-thumbnail","6":"product_cat-computer-zubehoer","7":"pa_brand-xdss","8":"pa_color-silver","9":"pa_manufacturer-xdss","10":"pa_model-x6","11":"pa_weight-3-30693393-pfund","13":"first","14":"instock","15":"shipping-taxable","16":"purchasable","17":"product-type-simple","18":"customify-col","19":"product-has-gallery"},"yoast_head":"<!-- This site is optimized with the Yoast SEO plugin v27.4 - https:\/\/yoast.com\/product\/yoast-seo-wordpress\/ -->\n<title>XDSS 15.6 Zoll Laptop Notebook Computer PC, 1920*1080 FHD Screen, 8GB DDR3 128GB eMMC, Windows 10 Pro Laptops Computer\u2026 - Markt-XXL<\/title>\n<meta name=\"description\" content=\"Markt-XXL XDSS 15.6 Zoll Laptop Notebook Computer PC, 1920*1080 FHD Screen, 8GB DDR3 128GB eMMC, Windows 10 Pro Laptops Computer\u2026\" \/>\n<meta name=\"robots\" content=\"index, follow, max-snippet:-1, max-image-preview:large, max-video-preview:-1\" \/>\n<link rel=\"canonical\" href=\"https:\/\/marktxxl.de\/markt\/produkt\/15-6-zoll-laptop-notebook-computer-pc-19201080-fhd-screen-8gb-ddr3-128gb-emmc-windows-10-pro-laptops-computer-intel-celeron-quad-core-j4115-1-8ghz-usb-3-0-wifi\/\" \/>\n<meta property=\"og:locale\" content=\"de_DE\" \/>\n<meta property=\"og:type\" content=\"article\" \/>\n<meta property=\"og:title\" content=\"XDSS 15.6 Zoll Laptop Notebook Computer PC, 1920*1080 FHD Screen, 8GB DDR3 128GB eMMC, Windows 10 Pro Laptops Computer\u2026 - Markt-XXL\" \/>\n<meta property=\"og:description\" content=\"Markt-XXL XDSS 15.6 Zoll Laptop Notebook Computer PC, 1920*1080 FHD Screen, 8GB DDR3 128GB eMMC, Windows 10 Pro Laptops Computer\u2026\" \/>\n<meta property=\"og:url\" content=\"https:\/\/marktxxl.de\/markt\/produkt\/15-6-zoll-laptop-notebook-computer-pc-19201080-fhd-screen-8gb-ddr3-128gb-emmc-windows-10-pro-laptops-computer-intel-celeron-quad-core-j4115-1-8ghz-usb-3-0-wifi\/\" \/>\n<meta property=\"og:site_name\" content=\"Markt-XXL\" \/>\n<meta property=\"article:modified_time\" content=\"2023-04-09T01:06:31+00:00\" \/>\n<meta property=\"og:image\" content=\"https:\/\/m.media-amazon.com\/images\/I\/31o0J++pUzL._SL500_.jpg\" \/>\n\t<meta property=\"og:image:width\" content=\"500\" \/>\n\t<meta property=\"og:image:height\" content=\"500\" \/>\n\t<meta property=\"og:image:type\" content=\"image\/jpeg\" \/>\n<meta name=\"twitter:card\" content=\"summary_large_image\" \/>\n<meta name=\"twitter:label1\" content=\"Gesch\u00e4tzte Lesezeit\" \/>\n\t<meta name=\"twitter:data1\" content=\"2\u00a0Minuten\" \/>\n<script type=\"application\/ld+json\" class=\"yoast-schema-graph\">{\"@context\":\"https:\\\/\\\/schema.org\",\"@graph\":[{\"@type\":\"WebPage\",\"@id\":\"https:\\\/\\\/marktxxl.de\\\/markt\\\/produkt\\\/15-6-zoll-laptop-notebook-computer-pc-19201080-fhd-screen-8gb-ddr3-128gb-emmc-windows-10-pro-laptops-computer-intel-celeron-quad-core-j4115-1-8ghz-usb-3-0-wifi\\\/\",\"url\":\"https:\\\/\\\/marktxxl.de\\\/markt\\\/produkt\\\/15-6-zoll-laptop-notebook-computer-pc-19201080-fhd-screen-8gb-ddr3-128gb-emmc-windows-10-pro-laptops-computer-intel-celeron-quad-core-j4115-1-8ghz-usb-3-0-wifi\\\/\",\"name\":\"XDSS 15.6 Zoll Laptop Notebook Computer PC, 1920*1080 FHD Screen, 8GB DDR3 128GB eMMC, Windows 10 Pro Laptops Computer\u2026 - Markt-XXL\",\"isPartOf\":{\"@id\":\"https:\\\/\\\/marktxxl.de\\\/markt\\\/#website\"},\"primaryImageOfPage\":{\"@id\":\"https:\\\/\\\/marktxxl.de\\\/markt\\\/produkt\\\/15-6-zoll-laptop-notebook-computer-pc-19201080-fhd-screen-8gb-ddr3-128gb-emmc-windows-10-pro-laptops-computer-intel-celeron-quad-core-j4115-1-8ghz-usb-3-0-wifi\\\/#primaryimage\"},\"image\":{\"@id\":\"https:\\\/\\\/marktxxl.de\\\/markt\\\/produkt\\\/15-6-zoll-laptop-notebook-computer-pc-19201080-fhd-screen-8gb-ddr3-128gb-emmc-windows-10-pro-laptops-computer-intel-celeron-quad-core-j4115-1-8ghz-usb-3-0-wifi\\\/#primaryimage\"},\"thumbnailUrl\":\"https:\\\/\\\/m.media-amazon.com\\\/images\\\/I\\\/31o0J++pUzL._SL500_.jpg\",\"datePublished\":\"2022-02-26T14:54:52+00:00\",\"dateModified\":\"2023-04-09T01:06:31+00:00\",\"description\":\"Markt-XXL XDSS 15.6 Zoll Laptop Notebook Computer PC, 1920*1080 FHD Screen, 8GB DDR3 128GB eMMC, Windows 10 Pro Laptops Computer\u2026\",\"breadcrumb\":{\"@id\":\"https:\\\/\\\/marktxxl.de\\\/markt\\\/produkt\\\/15-6-zoll-laptop-notebook-computer-pc-19201080-fhd-screen-8gb-ddr3-128gb-emmc-windows-10-pro-laptops-computer-intel-celeron-quad-core-j4115-1-8ghz-usb-3-0-wifi\\\/#breadcrumb\"},\"inLanguage\":\"de\",\"potentialAction\":[{\"@type\":\"ReadAction\",\"target\":[\"https:\\\/\\\/marktxxl.de\\\/markt\\\/produkt\\\/15-6-zoll-laptop-notebook-computer-pc-19201080-fhd-screen-8gb-ddr3-128gb-emmc-windows-10-pro-laptops-computer-intel-celeron-quad-core-j4115-1-8ghz-usb-3-0-wifi\\\/\"]}]},{\"@type\":\"ImageObject\",\"inLanguage\":\"de\",\"@id\":\"https:\\\/\\\/marktxxl.de\\\/markt\\\/produkt\\\/15-6-zoll-laptop-notebook-computer-pc-19201080-fhd-screen-8gb-ddr3-128gb-emmc-windows-10-pro-laptops-computer-intel-celeron-quad-core-j4115-1-8ghz-usb-3-0-wifi\\\/#primaryimage\",\"url\":\"https:\\\/\\\/m.media-amazon.com\\\/images\\\/I\\\/31o0J++pUzL._SL500_.jpg\",\"contentUrl\":\"https:\\\/\\\/m.media-amazon.com\\\/images\\\/I\\\/31o0J++pUzL._SL500_.jpg\",\"width\":500,\"height\":500},{\"@type\":\"BreadcrumbList\",\"@id\":\"https:\\\/\\\/marktxxl.de\\\/markt\\\/produkt\\\/15-6-zoll-laptop-notebook-computer-pc-19201080-fhd-screen-8gb-ddr3-128gb-emmc-windows-10-pro-laptops-computer-intel-celeron-quad-core-j4115-1-8ghz-usb-3-0-wifi\\\/#breadcrumb\",\"itemListElement\":[{\"@type\":\"ListItem\",\"position\":1,\"name\":\"Startseite\",\"item\":\"https:\\\/\\\/marktxxl.de\\\/markt\\\/\"},{\"@type\":\"ListItem\",\"position\":2,\"name\":\"Markt\",\"item\":\"https:\\\/\\\/marktxxl.de\\\/markt\\\/\"},{\"@type\":\"ListItem\",\"position\":3,\"name\":\"XDSS 15.6 Zoll Laptop Notebook Computer PC, 1920*1080 FHD Screen, 8GB DDR3 128GB eMMC, Windows 10 Pro Laptops Computer\u2026\"}]},{\"@type\":\"WebSite\",\"@id\":\"https:\\\/\\\/marktxxl.de\\\/markt\\\/#website\",\"url\":\"https:\\\/\\\/marktxxl.de\\\/markt\\\/\",\"name\":\"Markt-XXL\",\"description\":\"Ihr Markt Online\",\"publisher\":{\"@id\":\"https:\\\/\\\/marktxxl.de\\\/markt\\\/#organization\"},\"potentialAction\":[{\"@type\":\"SearchAction\",\"target\":{\"@type\":\"EntryPoint\",\"urlTemplate\":\"https:\\\/\\\/marktxxl.de\\\/markt\\\/?s={search_term_string}\"},\"query-input\":{\"@type\":\"PropertyValueSpecification\",\"valueRequired\":true,\"valueName\":\"search_term_string\"}}],\"inLanguage\":\"de\"},{\"@type\":\"Organization\",\"@id\":\"https:\\\/\\\/marktxxl.de\\\/markt\\\/#organization\",\"name\":\"Markt-XXL\",\"url\":\"https:\\\/\\\/marktxxl.de\\\/markt\\\/\",\"logo\":{\"@type\":\"ImageObject\",\"inLanguage\":\"de\",\"@id\":\"https:\\\/\\\/marktxxl.de\\\/markt\\\/#\\\/schema\\\/logo\\\/image\\\/\",\"url\":\"https:\\\/\\\/marktxxl.de\\\/markt\\\/wp-content\\\/uploads\\\/sites\\\/3\\\/2020\\\/12\\\/logo.png\",\"contentUrl\":\"https:\\\/\\\/marktxxl.de\\\/markt\\\/wp-content\\\/uploads\\\/sites\\\/3\\\/2020\\\/12\\\/logo.png\",\"width\":200,\"height\":70,\"caption\":\"Markt-XXL\"},\"image\":{\"@id\":\"https:\\\/\\\/marktxxl.de\\\/markt\\\/#\\\/schema\\\/logo\\\/image\\\/\"}}]}<\/script>\n<!-- \/ Yoast SEO plugin. -->","yoast_head_json":{"title":"XDSS 15.6 Zoll Laptop Notebook Computer PC, 1920*1080 FHD Screen, 8GB DDR3 128GB eMMC, Windows 10 Pro Laptops Computer\u2026 - Markt-XXL","description":"Markt-XXL XDSS 15.6 Zoll Laptop Notebook Computer PC, 1920*1080 FHD Screen, 8GB DDR3 128GB eMMC, Windows 10 Pro Laptops Computer\u2026","robots":{"index":"index","follow":"follow","max-snippet":"max-snippet:-1","max-image-preview":"max-image-preview:large","max-video-preview":"max-video-preview:-1"},"canonical":"https:\/\/marktxxl.de\/markt\/produkt\/15-6-zoll-laptop-notebook-computer-pc-19201080-fhd-screen-8gb-ddr3-128gb-emmc-windows-10-pro-laptops-computer-intel-celeron-quad-core-j4115-1-8ghz-usb-3-0-wifi\/","og_locale":"de_DE","og_type":"article","og_title":"XDSS 15.6 Zoll Laptop Notebook Computer PC, 1920*1080 FHD Screen, 8GB DDR3 128GB eMMC, Windows 10 Pro Laptops Computer\u2026 - Markt-XXL","og_description":"Markt-XXL XDSS 15.6 Zoll Laptop Notebook Computer PC, 1920*1080 FHD Screen, 8GB DDR3 128GB eMMC, Windows 10 Pro Laptops Computer\u2026","og_url":"https:\/\/marktxxl.de\/markt\/produkt\/15-6-zoll-laptop-notebook-computer-pc-19201080-fhd-screen-8gb-ddr3-128gb-emmc-windows-10-pro-laptops-computer-intel-celeron-quad-core-j4115-1-8ghz-usb-3-0-wifi\/","og_site_name":"Markt-XXL","article_modified_time":"2023-04-09T01:06:31+00:00","og_image":[{"width":500,"height":500,"url":"https:\/\/m.media-amazon.com\/images\/I\/31o0J++pUzL._SL500_.jpg","type":"image\/jpeg"}],"twitter_card":"summary_large_image","twitter_misc":{"Gesch\u00e4tzte Lesezeit":"2\u00a0Minuten"},"schema":{"@context":"https:\/\/schema.org","@graph":[{"@type":"WebPage","@id":"https:\/\/marktxxl.de\/markt\/produkt\/15-6-zoll-laptop-notebook-computer-pc-19201080-fhd-screen-8gb-ddr3-128gb-emmc-windows-10-pro-laptops-computer-intel-celeron-quad-core-j4115-1-8ghz-usb-3-0-wifi\/","url":"https:\/\/marktxxl.de\/markt\/produkt\/15-6-zoll-laptop-notebook-computer-pc-19201080-fhd-screen-8gb-ddr3-128gb-emmc-windows-10-pro-laptops-computer-intel-celeron-quad-core-j4115-1-8ghz-usb-3-0-wifi\/","name":"XDSS 15.6 Zoll Laptop Notebook Computer PC, 1920*1080 FHD Screen, 8GB DDR3 128GB eMMC, Windows 10 Pro Laptops Computer\u2026 - Markt-XXL","isPartOf":{"@id":"https:\/\/marktxxl.de\/markt\/#website"},"primaryImageOfPage":{"@id":"https:\/\/marktxxl.de\/markt\/produkt\/15-6-zoll-laptop-notebook-computer-pc-19201080-fhd-screen-8gb-ddr3-128gb-emmc-windows-10-pro-laptops-computer-intel-celeron-quad-core-j4115-1-8ghz-usb-3-0-wifi\/#primaryimage"},"image":{"@id":"https:\/\/marktxxl.de\/markt\/produkt\/15-6-zoll-laptop-notebook-computer-pc-19201080-fhd-screen-8gb-ddr3-128gb-emmc-windows-10-pro-laptops-computer-intel-celeron-quad-core-j4115-1-8ghz-usb-3-0-wifi\/#primaryimage"},"thumbnailUrl":"https:\/\/m.media-amazon.com\/images\/I\/31o0J++pUzL._SL500_.jpg","datePublished":"2022-02-26T14:54:52+00:00","dateModified":"2023-04-09T01:06:31+00:00","description":"Markt-XXL XDSS 15.6 Zoll Laptop Notebook Computer PC, 1920*1080 FHD Screen, 8GB DDR3 128GB eMMC, Windows 10 Pro Laptops Computer\u2026","breadcrumb":{"@id":"https:\/\/marktxxl.de\/markt\/produkt\/15-6-zoll-laptop-notebook-computer-pc-19201080-fhd-screen-8gb-ddr3-128gb-emmc-windows-10-pro-laptops-computer-intel-celeron-quad-core-j4115-1-8ghz-usb-3-0-wifi\/#breadcrumb"},"inLanguage":"de","potentialAction":[{"@type":"ReadAction","target":["https:\/\/marktxxl.de\/markt\/produkt\/15-6-zoll-laptop-notebook-computer-pc-19201080-fhd-screen-8gb-ddr3-128gb-emmc-windows-10-pro-laptops-computer-intel-celeron-quad-core-j4115-1-8ghz-usb-3-0-wifi\/"]}]},{"@type":"ImageObject","inLanguage":"de","@id":"https:\/\/marktxxl.de\/markt\/produkt\/15-6-zoll-laptop-notebook-computer-pc-19201080-fhd-screen-8gb-ddr3-128gb-emmc-windows-10-pro-laptops-computer-intel-celeron-quad-core-j4115-1-8ghz-usb-3-0-wifi\/#primaryimage","url":"https:\/\/m.media-amazon.com\/images\/I\/31o0J++pUzL._SL500_.jpg","contentUrl":"https:\/\/m.media-amazon.com\/images\/I\/31o0J++pUzL._SL500_.jpg","width":500,"height":500},{"@type":"BreadcrumbList","@id":"https:\/\/marktxxl.de\/markt\/produkt\/15-6-zoll-laptop-notebook-computer-pc-19201080-fhd-screen-8gb-ddr3-128gb-emmc-windows-10-pro-laptops-computer-intel-celeron-quad-core-j4115-1-8ghz-usb-3-0-wifi\/#breadcrumb","itemListElement":[{"@type":"ListItem","position":1,"name":"Startseite","item":"https:\/\/marktxxl.de\/markt\/"},{"@type":"ListItem","position":2,"name":"Markt","item":"https:\/\/marktxxl.de\/markt\/"},{"@type":"ListItem","position":3,"name":"XDSS 15.6 Zoll Laptop Notebook Computer PC, 1920*1080 FHD Screen, 8GB DDR3 128GB eMMC, Windows 10 Pro Laptops Computer\u2026"}]},{"@type":"WebSite","@id":"https:\/\/marktxxl.de\/markt\/#website","url":"https:\/\/marktxxl.de\/markt\/","name":"Markt-XXL","description":"Ihr Markt Online","publisher":{"@id":"https:\/\/marktxxl.de\/markt\/#organization"},"potentialAction":[{"@type":"SearchAction","target":{"@type":"EntryPoint","urlTemplate":"https:\/\/marktxxl.de\/markt\/?s={search_term_string}"},"query-input":{"@type":"PropertyValueSpecification","valueRequired":true,"valueName":"search_term_string"}}],"inLanguage":"de"},{"@type":"Organization","@id":"https:\/\/marktxxl.de\/markt\/#organization","name":"Markt-XXL","url":"https:\/\/marktxxl.de\/markt\/","logo":{"@type":"ImageObject","inLanguage":"de","@id":"https:\/\/marktxxl.de\/markt\/#\/schema\/logo\/image\/","url":"https:\/\/marktxxl.de\/markt\/wp-content\/uploads\/sites\/3\/2020\/12\/logo.png","contentUrl":"https:\/\/marktxxl.de\/markt\/wp-content\/uploads\/sites\/3\/2020\/12\/logo.png","width":200,"height":70,"caption":"Markt-XXL"},"image":{"@id":"https:\/\/marktxxl.de\/markt\/#\/schema\/logo\/image\/"}}]}},"_links":{"self":[{"href":"https:\/\/marktxxl.de\/markt\/wp-json\/wp\/v2\/product\/106732","targetHints":{"allow":["GET"]}}],"collection":[{"href":"https:\/\/marktxxl.de\/markt\/wp-json\/wp\/v2\/product"}],"about":[{"href":"https:\/\/marktxxl.de\/markt\/wp-json\/wp\/v2\/types\/product"}],"replies":[{"embeddable":true,"href":"https:\/\/marktxxl.de\/markt\/wp-json\/wp\/v2\/comments?post=106732"}],"wp:featuredmedia":[{"embeddable":true,"href":"https:\/\/marktxxl.de\/markt\/wp-json\/wp\/v2\/media\/106733"}],"wp:attachment":[{"href":"https:\/\/marktxxl.de\/markt\/wp-json\/wp\/v2\/media?parent=106732"}],"wp:term":[{"taxonomy":"product_brand","embeddable":true,"href":"https:\/\/marktxxl.de\/markt\/wp-json\/wp\/v2\/product_brand?post=106732"},{"taxonomy":"product_cat","embeddable":true,"href":"https:\/\/marktxxl.de\/markt\/wp-json\/wp\/v2\/product_cat?post=106732"},{"taxonomy":"product_tag","embeddable":true,"href":"https:\/\/marktxxl.de\/markt\/wp-json\/wp\/v2\/product_tag?post=106732"}],"curies":[{"name":"wp","href":"https:\/\/api.w.org\/{rel}","templated":true}]}}